[INFO] cloning repository https://github.com/verrchu/refmail
[INFO] running `Command { std: "git" "-c" "credential.helper=" "-c" "credential.helper=/workspace/cargo-home/bin/git-credential-null" "clone" "--bare" "https://github.com/verrchu/refmail" "/workspace/cache/git-repos/https%3A%2F%2Fgithub.com%2Fverrchu%2Frefmail", kill_on_drop: false }`
[INFO] [stderr] Cloning into bare repository '/workspace/cache/git-repos/https%3A%2F%2Fgithub.com%2Fverrchu%2Frefmail'...
[INFO] running `Command { std: "git" "rev-parse" "HEAD", kill_on_drop: false }`
[INFO] [stdout] 1d7cfc23a1c4d3ba6ee86a94fa89d8fcee573ef2
[INFO] testing verrchu/refmail against 1.75.0 for beta-1.76-1
[INFO] running `Command { std: "git" "clone" "/workspace/cache/git-repos/https%3A%2F%2Fgithub.com%2Fverrchu%2Frefmail" "/workspace/builds/worker-4-tc1/source", kill_on_drop: false }`
[INFO] [stderr] Cloning into '/workspace/builds/worker-4-tc1/source'...
[INFO] [stderr] done.
[INFO] validating manifest of git repo https://github.com/verrchu/refmail on toolchain 1.75.0
[INFO] running `Command { std: CARGO_HOME="/workspace/cargo-home" RUSTUP_HOME="/workspace/rustup-home" "/workspace/cargo-home/bin/cargo" "+1.75.0" "metadata" "--manifest-path" "Cargo.toml" "--no-deps", kill_on_drop: false }`
[INFO] started tweaking git repo https://github.com/verrchu/refmail
[INFO] finished tweaking git repo https://github.com/verrchu/refmail
[INFO] tweaked toml for git repo https://github.com/verrchu/refmail written to /workspace/builds/worker-4-tc1/source/Cargo.toml
[INFO] crate git repo https://github.com/verrchu/refmail already has a lockfile, it will not be regenerated
[INFO] running `Command { std: CARGO_HOME="/workspace/cargo-home" RUSTUP_HOME="/workspace/rustup-home" "/workspace/cargo-home/bin/cargo" "+1.75.0" "fetch" "--manifest-path" "Cargo.toml", kill_on_drop: false }`
[INFO] [stderr]  Downloading crates ...
[INFO] [stderr]   Downloaded test-case-macros v2.2.1
[INFO] [stderr]   Downloaded test-case v2.2.1
[INFO] running `Command { std: "docker" "create" "-v" "/var/lib/crater-agent-workspace/builds/worker-4-tc1/target:/opt/rustwide/target:rw,Z" "-v" "/var/lib/crater-agent-workspace/builds/worker-4-tc1/source:/opt/rustwide/workdir:ro,Z" "-v" "/var/lib/crater-agent-workspace/cargo-home:/opt/rustwide/cargo-home:ro,Z" "-v" "/var/lib/crater-agent-workspace/rustup-home:/opt/rustwide/rustup-home:ro,Z" "-e" "SOURCE_DIR=/opt/rustwide/workdir" "-e" "CARGO_TARGET_DIR=/opt/rustwide/target" "-e" "CARGO_HOME=/opt/rustwide/cargo-home" "-e" "RUSTUP_HOME=/opt/rustwide/rustup-home" "-w" "/opt/rustwide/workdir" "-m" "1610612736" "--user" "0:0" "--network" "none" "ghcr.io/rust-lang/crates-build-env/linux@sha256:2788e3201cd34a07e3172128adcd8b3090168a8e3bcc40d7c032b9dda1df7d1c" "/opt/rustwide/cargo-home/bin/cargo" "+1.75.0" "metadata" "--no-deps" "--format-version=1", kill_on_drop: false }`
[INFO] [stdout] 16aefebcc9dcd1f6c2f82bcc2678a14c163cd6cf2049d587e7e777d6fb3aa151
[INFO] running `Command { std: "docker" "start" "-a" "16aefebcc9dcd1f6c2f82bcc2678a14c163cd6cf2049d587e7e777d6fb3aa151", kill_on_drop: false }`
[INFO] running `Command { std: "docker" "inspect" "16aefebcc9dcd1f6c2f82bcc2678a14c163cd6cf2049d587e7e777d6fb3aa151", kill_on_drop: false }`
[INFO] running `Command { std: "docker" "rm" "-f" "16aefebcc9dcd1f6c2f82bcc2678a14c163cd6cf2049d587e7e777d6fb3aa151", kill_on_drop: false }`
[INFO] [stdout] 16aefebcc9dcd1f6c2f82bcc2678a14c163cd6cf2049d587e7e777d6fb3aa151
[INFO] running `Command { std: "docker" "create" "-v" "/var/lib/crater-agent-workspace/builds/worker-4-tc1/target:/opt/rustwide/target:rw,Z" "-v" "/var/lib/crater-agent-workspace/builds/worker-4-tc1/source:/opt/rustwide/workdir:ro,Z" "-v" "/var/lib/crater-agent-workspace/cargo-home:/opt/rustwide/cargo-home:ro,Z" "-v" "/var/lib/crater-agent-workspace/rustup-home:/opt/rustwide/rustup-home:ro,Z" "-e" "SOURCE_DIR=/opt/rustwide/workdir" "-e" "CARGO_TARGET_DIR=/opt/rustwide/target" "-e" "CARGO_INCREMENTAL=0" "-e" "RUST_BACKTRACE=full" "-e" "RUSTFLAGS=--cap-lints=warn" "-e" "RUSTDOCFLAGS=--cap-lints=warn" "-e" "CARGO_HOME=/opt/rustwide/cargo-home" "-e" "RUSTUP_HOME=/opt/rustwide/rustup-home" "-w" "/opt/rustwide/workdir" "-m" "1610612736" "--user" "0:0" "--network" "none" "ghcr.io/rust-lang/crates-build-env/linux@sha256:2788e3201cd34a07e3172128adcd8b3090168a8e3bcc40d7c032b9dda1df7d1c" "/opt/rustwide/cargo-home/bin/cargo" "+1.75.0" "build" "--frozen" "--message-format=json", kill_on_drop: false }`
[INFO] [stdout] 6d2a58252a61ac32cb927c9f9bb4ab974684bde4f1168ec9acc884831170521d
[INFO] running `Command { std: "docker" "start" "-a" "6d2a58252a61ac32cb927c9f9bb4ab974684bde4f1168ec9acc884831170521d", kill_on_drop: false }`
[INFO] [stderr]    Compiling autocfg v1.1.0
[INFO] [stderr]    Compiling cfg-if v1.0.0
[INFO] [stderr]    Compiling proc-macro2 v1.0.43
[INFO] [stderr]    Compiling unicode-ident v1.0.3
[INFO] [stderr]    Compiling quote v1.0.21
[INFO] [stderr]    Compiling syn v1.0.99
[INFO] [stderr]    Compiling libc v0.2.132
[INFO] [stderr]    Compiling memchr v2.5.0
[INFO] [stderr]    Compiling once_cell v1.13.1
[INFO] [stderr]    Compiling log v0.4.17
[INFO] [stderr]    Compiling cc v1.0.73
[INFO] [stderr]    Compiling version_check v0.9.4
[INFO] [stderr]    Compiling siphasher v0.3.10
[INFO] [stderr]    Compiling serde_derive v1.0.144
[INFO] [stderr]    Compiling serde v1.0.144
[INFO] [stderr]    Compiling pin-project-lite v0.2.9
[INFO] [stderr]    Compiling itoa v1.0.3
[INFO] [stderr]    Compiling fnv v1.0.7
[INFO] [stderr]    Compiling pkg-config v0.3.25
[INFO] [stderr]    Compiling bytes v1.2.1
[INFO] [stderr]    Compiling futures-core v0.3.23
[INFO] [stderr]    Compiling rand_core v0.6.3
[INFO] [stderr]    Compiling regex-syntax v0.6.27
[INFO] [stderr]    Compiling rand v0.8.5
[INFO] [stderr]    Compiling futures-task v0.3.23
[INFO] [stderr]    Compiling bitflags v1.3.2
[INFO] [stderr]    Compiling tracing-core v0.1.29
[INFO] [stderr]    Compiling uncased v0.9.7
[INFO] [stderr]    Compiling tokio v1.20.1
[INFO] [stderr]    Compiling indexmap v1.9.1
[INFO] [stderr]    Compiling slab v0.4.7
[INFO] [stderr]    Compiling num-traits v0.2.15
[INFO] [stderr]    Compiling openssl v0.10.41
[INFO] [stderr]    Compiling hashbrown v0.12.3
[INFO] [stderr]    Compiling futures-util v0.3.23
[INFO] [stderr]    Compiling foreign-types-shared v0.1.1
[INFO] [stderr]    Compiling phf_shared v0.11.1
[INFO] [stderr]    Compiling foreign-types v0.3.2
[INFO] [stderr]    Compiling phf v0.11.1
[INFO] [stderr]    Compiling tracing v0.1.36
[INFO] [stderr]    Compiling aho-corasick v0.7.18
[INFO] [stderr]    Compiling http v0.2.8
[INFO] [stderr]    Compiling phf_generator v0.11.1
[INFO] [stderr]    Compiling num-integer v0.1.45
[INFO] [stderr]    Compiling ryu v1.0.11
[INFO] [stderr]    Compiling phf_codegen v0.11.1
[INFO] [stderr]    Compiling futures-channel v0.3.23
[INFO] [stderr]    Compiling socket2 v0.4.6
[INFO] [stderr]    Compiling num_cpus v1.13.1
[INFO] [stderr]    Compiling mio v0.8.4
[INFO] [stderr]    Compiling ucd-trie v0.1.4
[INFO] [stderr]    Compiling native-tls v0.2.10
[INFO] [stderr]    Compiling httparse v1.7.1
[INFO] [stderr]    Compiling percent-encoding v2.1.0
[INFO] [stderr]    Compiling openssl-sys v0.9.75
[INFO] [stderr]    Compiling tinyvec_macros v0.1.0
[INFO] [stderr]    Compiling matches v0.1.9
[INFO] [stderr]    Compiling futures-io v0.3.23
[INFO] [stderr]    Compiling regex v1.6.0
[INFO] [stderr]    Compiling futures-sink v0.3.23
[INFO] [stderr]    Compiling crossbeam-utils v0.8.11
[INFO] [stderr]    Compiling pin-utils v0.1.0
[INFO] [stderr]    Compiling tinyvec v1.6.0
[INFO] [stderr]    Compiling getrandom v0.2.7
[INFO] [stderr]    Compiling bstr v0.2.17
[INFO] [stderr]    Compiling unic-common v0.9.0
[INFO] [stderr]    Compiling unic-char-range v0.9.0
[INFO] [stderr]    Compiling openssl-probe v0.1.5
[INFO] [stderr]    Compiling same-file v1.0.6
[INFO] [stderr]    Compiling serde_json v1.0.85
[INFO] [stderr]    Compiling lazy_static v1.4.0
[INFO] [stderr]    Compiling try-lock v0.2.3
[INFO] [stderr]    Compiling walkdir v2.3.2
[INFO] [stderr]    Compiling want v0.3.0
[INFO] [stderr]    Compiling parse-zoneinfo v0.3.0
[INFO] [stderr]    Compiling unic-char-property v0.9.0
[INFO] [stderr]    Compiling unic-ucd-version v0.9.0
[INFO] [stderr]    Compiling http-body v0.4.5
[INFO] [stderr]    Compiling chrono-tz-build v0.0.3
[INFO] [stderr]    Compiling unicode-normalization v0.1.21
[INFO] [stderr]    Compiling form_urlencoded v1.0.1
[INFO] [stderr]    Compiling backtrace v0.3.66
[INFO] [stderr]    Compiling thread_local v1.1.4
[INFO] [stderr]    Compiling adler v1.0.2
[INFO] [stderr]    Compiling ppv-lite86 v0.2.16
[INFO] [stderr]    Compiling encoding_rs v0.8.31
[INFO] [stderr]    Compiling tower-service v0.3.2
[INFO] [stderr]    Compiling unicode-bidi v0.3.8
[INFO] [stderr]    Compiling iana-time-zone v0.1.46
[INFO] [stderr]    Compiling httpdate v1.0.2
[INFO] [stderr]    Compiling gimli v0.26.2
[INFO] [stderr]    Compiling miniz_oxide v0.5.3
[INFO] [stderr]    Compiling unic-ucd-segment v0.9.0
[INFO] [stderr]    Compiling chrono-tz v0.6.3
[INFO] [stderr]    Compiling object v0.29.0
[INFO] [stderr]    Compiling rustc-demangle v0.1.21
[INFO] [stderr]    Compiling anyhow v1.0.62
[INFO] [stderr]    Compiling deunicode v0.4.3
[INFO] [stderr]    Compiling rand_chacha v0.3.1
[INFO] [stderr]    Compiling idna v0.2.3
[INFO] [stderr]    Compiling unic-segment v0.9.0
[INFO] [stderr]    Compiling slug v0.1.4
[INFO] [stderr]    Compiling mime v0.3.16
[INFO] [stderr]    Compiling humansize v1.1.1
[INFO] [stderr]    Compiling ansi_term v0.12.1
[INFO] [stderr]    Compiling unsafe-libyaml v0.2.2
[INFO] [stderr]    Compiling ipnet v2.5.0
[INFO] [stderr]    Compiling diff v0.1.13
[INFO] [stderr]    Compiling base64 v0.13.0
[INFO] [stderr]    Compiling dotenv v0.15.0
[INFO] [stderr]    Compiling globset v0.4.9
[INFO] [stderr]    Compiling pretty_assertions v1.2.1
[INFO] [stderr]    Compiling ignore v0.4.18
[INFO] [stderr]    Compiling tokio-util v0.7.3
[INFO] [stderr]    Compiling globwalk v0.8.1
[INFO] [stderr]    Compiling addr2line v0.17.0
[INFO] [stderr]    Compiling thiserror-impl v1.0.32
[INFO] [stderr]    Compiling openssl-macros v0.1.0
[INFO] [stderr]    Compiling h2 v0.3.14
[INFO] [stderr]    Compiling thiserror v1.0.32
[INFO] [stderr]    Compiling pest v2.3.0
[INFO] [stderr]    Compiling pest_meta v2.3.0
[INFO] [stderr]    Compiling pest_generator v2.3.0
[INFO] [stderr]    Compiling hyper v0.14.20
[INFO] [stderr]    Compiling pest_derive v2.3.0
[INFO] [stderr]    Compiling tokio-native-tls v0.3.0
[INFO] [stderr]    Compiling hyper-tls v0.5.0
[INFO] [stderr]    Compiling chrono v0.4.22
[INFO] [stderr]    Compiling serde_urlencoded v0.7.1
[INFO] [stderr]    Compiling url v2.2.2
[INFO] [stderr]    Compiling serde_yaml v0.9.10
[INFO] [stderr]    Compiling reqwest v0.11.11
[INFO] [stderr]    Compiling tera v1.17.0
[INFO] [stderr]    Compiling refmail v0.1.0 (/opt/rustwide/workdir)
[INFO] [stdout] warning: unused import: `url::Url`
[INFO] [stdout]  --> src/sections/conference_talk.rs:8:5
[INFO] [stdout]   |
[INFO] [stdout] 8 | use url::Url;
[INFO] [stdout]   |     ^^^^^^^^
[INFO] [stdout]   |
[INFO] [stdout]   = note: `#[warn(unused_imports)]` on by default
[INFO] [stdout] 
[INFO] [stdout] 
[INFO] [stdout] warning: unused import: `crate::types`
[INFO] [stdout]  --> src/sections/hackathon.rs:1:5
[INFO] [stdout]   |
[INFO] [stdout] 1 | use crate::types;
[INFO] [stdout]   |     ^^^^^^^^^^^^
[INFO] [stdout] 
[INFO] [stdout] 
[INFO] [stdout] warning: unused import: `hackathon::Hackathon`
[INFO] [stdout]  --> src/sections/mod.rs:6:5
[INFO] [stdout]   |
[INFO] [stdout] 6 | use hackathon::Hackathon;
[INFO] [stdout]   |     ^^^^^^^^^^^^^^^^^^^^
[INFO] [stdout] 
[INFO] [stdout] 
[INFO] [stdout] warning: unused imports: `Referee`, `Referrer`
[INFO] [stdout]   --> src/main.rs:11:13
[INFO] [stdout]    |
[INFO] [stdout] 11 | use types::{Referee, Referrer};
[INFO] [stdout]    |             ^^^^^^^  ^^^^^^^^
[INFO] [stdout] 
[INFO] [stdout] 
[INFO] [stdout] warning: associated function `load_from` is never used
[INFO] [stdout]   --> src/config.rs:30:12
[INFO] [stdout]    |
[INFO] [stdout] 19 | impl Config {
[INFO] [stdout]    | ----------- associated function in this implementation
[INFO] [stdout] ...
[INFO] [stdout] 30 |     pub fn load_from(path: impl AsRef<Path>) -> anyhow::Result<Self> {
[INFO] [stdout]    |            ^^^^^^^^^
[INFO] [stdout]    |
[INFO] [stdout]    = note: `#[warn(dead_code)]` on by default
[INFO] [stdout] 
[INFO] [stdout] 
[INFO] [stdout] warning: struct `Background` is never constructed
[INFO] [stdout]   --> src/sections/mod.rs:50:8
[INFO] [stdout]    |
[INFO] [stdout] 50 | struct Background;
[INFO] [stdout]    |        ^^^^^^^^^^
[INFO] [stdout] 
[INFO] [stdout] 
[INFO] [stdout] warning: struct `Acquintance` is never constructed
[INFO] [stdout]   --> src/sections/mod.rs:51:8
[INFO] [stdout]    |
[INFO] [stdout] 51 | struct Acquintance;
[INFO] [stdout]    |        ^^^^^^^^^^^
[INFO] [stdout] 
[INFO] [stdout] 
[INFO] [stdout] warning: struct `Entrepreneurship` is never constructed
[INFO] [stdout]   --> src/sections/mod.rs:53:8
[INFO] [stdout]    |
[INFO] [stdout] 53 | struct Entrepreneurship;
[INFO] [stdout]    |        ^^^^^^^^^^^^^^^^
[INFO] [stdout] 
[INFO] [stdout] 
[INFO] [stdout] warning: struct `Volunteering` is never constructed
[INFO] [stdout]   --> src/sections/mod.rs:54:8
[INFO] [stdout]    |
[INFO] [stdout] 54 | struct Volunteering;
[INFO] [stdout]    |        ^^^^^^^^^^^^
[INFO] [stdout] 
[INFO] [stdout] 
[INFO] [stdout] warning: enum `Publications` is never used
[INFO] [stdout]   --> src/sections/mod.rs:56:6
[INFO] [stdout]    |
[INFO] [stdout] 56 | enum Publications {
[INFO] [stdout]    |      ^^^^^^^^^^^^
[INFO] [stdout] 
[INFO] [stdout] 
[INFO] [stdout] warning: struct `OpenSourceContribution` is never constructed
[INFO] [stdout]   --> src/sections/mod.rs:61:8
[INFO] [stdout]    |
[INFO] [stdout] 61 | struct OpenSourceContribution;
[INFO] [stdout]    |        ^^^^^^^^^^^^^^^^^^^^^^
[INFO] [stdout] 
[INFO] [stdout] 
[INFO] [stdout] warning: struct `ExpertRoles` is never constructed
[INFO] [stdout]   --> src/sections/mod.rs:63:8
[INFO] [stdout]    |
[INFO] [stdout] 63 | struct ExpertRoles;
[INFO] [stdout]    |        ^^^^^^^^^^^
[INFO] [stdout] 
[INFO] [stdout] 
[INFO] [stdout] warning: struct `OpenSourceContributions` is never constructed
[INFO] [stdout]   --> src/sections/mod.rs:65:8
[INFO] [stdout]    |
[INFO] [stdout] 65 | struct OpenSourceContributions;
[INFO] [stdout]    |        ^^^^^^^^^^^^^^^^^^^^^^^
[INFO] [stdout] 
[INFO] [stdout] 
[INFO] [stdout] warning: struct `Olympiads` is never constructed
[INFO] [stdout]   --> src/sections/mod.rs:66:8
[INFO] [stdout]    |
[INFO] [stdout] 66 | struct Olympiads;
[INFO] [stdout]    |        ^^^^^^^^^
[INFO] [stdout] 
[INFO] [stdout] 
[INFO] [stdout] warning: 14 warnings emitted
[INFO] [stdout] 
[INFO] [stdout] 
[INFO] [stderr]     Finished dev [unoptimized + debuginfo] target(s) in 16.28s
[INFO] running `Command { std: "docker" "inspect" "6d2a58252a61ac32cb927c9f9bb4ab974684bde4f1168ec9acc884831170521d", kill_on_drop: false }`
[INFO] running `Command { std: "docker" "rm" "-f" "6d2a58252a61ac32cb927c9f9bb4ab974684bde4f1168ec9acc884831170521d", kill_on_drop: false }`
[INFO] [stdout] 6d2a58252a61ac32cb927c9f9bb4ab974684bde4f1168ec9acc884831170521d
[INFO] running `Command { std: "docker" "create" "-v" "/var/lib/crater-agent-workspace/builds/worker-4-tc1/target:/opt/rustwide/target:rw,Z" "-v" "/var/lib/crater-agent-workspace/builds/worker-4-tc1/source:/opt/rustwide/workdir:ro,Z" "-v" "/var/lib/crater-agent-workspace/cargo-home:/opt/rustwide/cargo-home:ro,Z" "-v" "/var/lib/crater-agent-workspace/rustup-home:/opt/rustwide/rustup-home:ro,Z" "-e" "SOURCE_DIR=/opt/rustwide/workdir" "-e" "CARGO_TARGET_DIR=/opt/rustwide/target" "-e" "CARGO_INCREMENTAL=0" "-e" "RUST_BACKTRACE=full" "-e" "RUSTFLAGS=--cap-lints=warn" "-e" "RUSTDOCFLAGS=--cap-lints=warn" "-e" "CARGO_HOME=/opt/rustwide/cargo-home" "-e" "RUSTUP_HOME=/opt/rustwide/rustup-home" "-w" "/opt/rustwide/workdir" "-m" "1610612736" "--user" "0:0" "--network" "none" "ghcr.io/rust-lang/crates-build-env/linux@sha256:2788e3201cd34a07e3172128adcd8b3090168a8e3bcc40d7c032b9dda1df7d1c" "/opt/rustwide/cargo-home/bin/cargo" "+1.75.0" "test" "--frozen" "--no-run" "--message-format=json", kill_on_drop: false }`
[INFO] [stdout] d098e259892daffcdc19c09d7baed7f4523f252434cba33f586610c938fc1fc7
[INFO] running `Command { std: "docker" "start" "-a" "d098e259892daffcdc19c09d7baed7f4523f252434cba33f586610c938fc1fc7", kill_on_drop: false }`
[INFO] [stderr]    Compiling syn v1.0.99
[INFO] [stderr]    Compiling proc-macro-error-attr v1.0.4
[INFO] [stderr]    Compiling proc-macro-error v1.0.4
[INFO] [stderr]    Compiling serde_derive v1.0.144
[INFO] [stderr]    Compiling thiserror-impl v1.0.32
[INFO] [stderr]    Compiling openssl-macros v0.1.0
[INFO] [stderr]    Compiling test-case-macros v2.2.1
[INFO] [stderr]    Compiling openssl v0.10.41
[INFO] [stderr]    Compiling test-case v2.2.1
[INFO] [stderr]    Compiling thiserror v1.0.32
[INFO] [stderr]    Compiling pest v2.3.0
[INFO] [stderr]    Compiling pest_meta v2.3.0
[INFO] [stderr]    Compiling pest_generator v2.3.0
[INFO] [stderr]    Compiling serde v1.0.144
[INFO] [stderr]    Compiling pest_derive v2.3.0
[INFO] [stderr]    Compiling native-tls v0.2.10
[INFO] [stderr]    Compiling tokio-native-tls v0.3.0
[INFO] [stderr]    Compiling hyper-tls v0.5.0
[INFO] [stderr]    Compiling chrono v0.4.22
[INFO] [stderr]    Compiling serde_json v1.0.85
[INFO] [stderr]    Compiling url v2.2.2
[INFO] [stderr]    Compiling serde_urlencoded v0.7.1
[INFO] [stderr]    Compiling serde_yaml v0.9.10
[INFO] [stderr]    Compiling reqwest v0.11.11
[INFO] [stderr]    Compiling chrono-tz v0.6.3
[INFO] [stderr]    Compiling tera v1.17.0
[INFO] [stderr]    Compiling refmail v0.1.0 (/opt/rustwide/workdir)
[INFO] [stdout] warning: unused import: `url::Url`
[INFO] [stdout]  --> src/sections/conference_talk.rs:8:5
[INFO] [stdout]   |
[INFO] [stdout] 8 | use url::Url;
[INFO] [stdout]   |     ^^^^^^^^
[INFO] [stdout]   |
[INFO] [stdout]   = note: `#[warn(unused_imports)]` on by default
[INFO] [stdout] 
[INFO] [stdout] 
[INFO] [stdout] warning: unused import: `crate::types`
[INFO] [stdout]  --> src/sections/hackathon.rs:1:5
[INFO] [stdout]   |
[INFO] [stdout] 1 | use crate::types;
[INFO] [stdout]   |     ^^^^^^^^^^^^
[INFO] [stdout] 
[INFO] [stdout] 
[INFO] [stdout] warning: unused import: `hackathon::Hackathon`
[INFO] [stdout]  --> src/sections/mod.rs:6:5
[INFO] [stdout]   |
[INFO] [stdout] 6 | use hackathon::Hackathon;
[INFO] [stdout]   |     ^^^^^^^^^^^^^^^^^^^^
[INFO] [stdout] 
[INFO] [stdout] 
[INFO] [stdout] warning: unused imports: `Referee`, `Referrer`
[INFO] [stdout]   --> src/main.rs:11:13
[INFO] [stdout]    |
[INFO] [stdout] 11 | use types::{Referee, Referrer};
[INFO] [stdout]    |             ^^^^^^^  ^^^^^^^^
[INFO] [stdout] 
[INFO] [stdout] 
[INFO] [stdout] warning: struct `Background` is never constructed
[INFO] [stdout]   --> src/sections/mod.rs:50:8
[INFO] [stdout]    |
[INFO] [stdout] 50 | struct Background;
[INFO] [stdout]    |        ^^^^^^^^^^
[INFO] [stdout]    |
[INFO] [stdout]    = note: `#[warn(dead_code)]` on by default
[INFO] [stdout] 
[INFO] [stdout] 
[INFO] [stdout] warning: struct `Acquintance` is never constructed
[INFO] [stdout]   --> src/sections/mod.rs:51:8
[INFO] [stdout]    |
[INFO] [stdout] 51 | struct Acquintance;
[INFO] [stdout]    |        ^^^^^^^^^^^
[INFO] [stdout] 
[INFO] [stdout] 
[INFO] [stdout] warning: struct `Entrepreneurship` is never constructed
[INFO] [stdout]   --> src/sections/mod.rs:53:8
[INFO] [stdout]    |
[INFO] [stdout] 53 | struct Entrepreneurship;
[INFO] [stdout]    |        ^^^^^^^^^^^^^^^^
[INFO] [stdout] 
[INFO] [stdout] 
[INFO] [stdout] warning: struct `Volunteering` is never constructed
[INFO] [stdout]   --> src/sections/mod.rs:54:8
[INFO] [stdout]    |
[INFO] [stdout] 54 | struct Volunteering;
[INFO] [stdout]    |        ^^^^^^^^^^^^
[INFO] [stdout] 
[INFO] [stdout] 
[INFO] [stdout] warning: enum `Publications` is never used
[INFO] [stdout]   --> src/sections/mod.rs:56:6
[INFO] [stdout]    |
[INFO] [stdout] 56 | enum Publications {
[INFO] [stdout]    |      ^^^^^^^^^^^^
[INFO] [stdout] 
[INFO] [stdout] 
[INFO] [stdout] warning: struct `OpenSourceContribution` is never constructed
[INFO] [stdout]   --> src/sections/mod.rs:61:8
[INFO] [stdout]    |
[INFO] [stdout] 61 | struct OpenSourceContribution;
[INFO] [stdout]    |        ^^^^^^^^^^^^^^^^^^^^^^
[INFO] [stdout] 
[INFO] [stdout] 
[INFO] [stdout] warning: struct `ExpertRoles` is never constructed
[INFO] [stdout]   --> src/sections/mod.rs:63:8
[INFO] [stdout]    |
[INFO] [stdout] 63 | struct ExpertRoles;
[INFO] [stdout]    |        ^^^^^^^^^^^
[INFO] [stdout] 
[INFO] [stdout] 
[INFO] [stdout] warning: struct `OpenSourceContributions` is never constructed
[INFO] [stdout]   --> src/sections/mod.rs:65:8
[INFO] [stdout]    |
[INFO] [stdout] 65 | struct OpenSourceContributions;
[INFO] [stdout]    |        ^^^^^^^^^^^^^^^^^^^^^^^
[INFO] [stdout] 
[INFO] [stdout] 
[INFO] [stdout] warning: struct `Olympiads` is never constructed
[INFO] [stdout]   --> src/sections/mod.rs:66:8
[INFO] [stdout]    |
[INFO] [stdout] 66 | struct Olympiads;
[INFO] [stdout]    |        ^^^^^^^^^
[INFO] [stdout] 
[INFO] [stdout] 
[INFO] [stdout] warning: 13 warnings emitted
[INFO] [stdout] 
[INFO] [stdout] 
[INFO] [stderr]     Finished test [unoptimized + debuginfo] target(s) in 12.68s
[INFO] running `Command { std: "docker" "inspect" "d098e259892daffcdc19c09d7baed7f4523f252434cba33f586610c938fc1fc7", kill_on_drop: false }`
[INFO] running `Command { std: "docker" "rm" "-f" "d098e259892daffcdc19c09d7baed7f4523f252434cba33f586610c938fc1fc7", kill_on_drop: false }`
[INFO] [stdout] d098e259892daffcdc19c09d7baed7f4523f252434cba33f586610c938fc1fc7
[INFO] running `Command { std: "docker" "create" "-v" "/var/lib/crater-agent-workspace/builds/worker-4-tc1/target:/opt/rustwide/target:rw,Z" "-v" "/var/lib/crater-agent-workspace/builds/worker-4-tc1/source:/opt/rustwide/workdir:ro,Z" "-v" "/var/lib/crater-agent-workspace/cargo-home:/opt/rustwide/cargo-home:ro,Z" "-v" "/var/lib/crater-agent-workspace/rustup-home:/opt/rustwide/rustup-home:ro,Z" "-e" "SOURCE_DIR=/opt/rustwide/workdir" "-e" "CARGO_TARGET_DIR=/opt/rustwide/target" "-e" "CARGO_INCREMENTAL=0" "-e" "RUST_BACKTRACE=full" "-e" "RUSTFLAGS=--cap-lints=warn" "-e" "RUSTDOCFLAGS=--cap-lints=warn" "-e" "CARGO_HOME=/opt/rustwide/cargo-home" "-e" "RUSTUP_HOME=/opt/rustwide/rustup-home" "-w" "/opt/rustwide/workdir" "-m" "1610612736" "--user" "0:0" "--network" "none" "ghcr.io/rust-lang/crates-build-env/linux@sha256:2788e3201cd34a07e3172128adcd8b3090168a8e3bcc40d7c032b9dda1df7d1c" "/opt/rustwide/cargo-home/bin/cargo" "+1.75.0" "test" "--frozen", kill_on_drop: false }`
[INFO] [stdout] 78ab33b814cb070578f3129b37ec7bc4c6d9a2d1081588d8fdb6d05cb3dc878d
[INFO] running `Command { std: "docker" "start" "-a" "78ab33b814cb070578f3129b37ec7bc4c6d9a2d1081588d8fdb6d05cb3dc878d", kill_on_drop: false }`
[INFO] [stderr] warning: unused import: `url::Url`
[INFO] [stderr]  --> src/sections/conference_talk.rs:8:5
[INFO] [stderr]   |
[INFO] [stderr] 8 | use url::Url;
[INFO] [stderr]   |     ^^^^^^^^
[INFO] [stderr]   |
[INFO] [stderr]   = note: `#[warn(unused_imports)]` on by default
[INFO] [stderr] 
[INFO] [stderr] warning: unused import: `crate::types`
[INFO] [stderr]  --> src/sections/hackathon.rs:1:5
[INFO] [stderr]   |
[INFO] [stderr] 1 | use crate::types;
[INFO] [stderr]   |     ^^^^^^^^^^^^
[INFO] [stderr] 
[INFO] [stderr] warning: unused import: `hackathon::Hackathon`
[INFO] [stderr]  --> src/sections/mod.rs:6:5
[INFO] [stderr]   |
[INFO] [stderr] 6 | use hackathon::Hackathon;
[INFO] [stderr]   |     ^^^^^^^^^^^^^^^^^^^^
[INFO] [stderr] 
[INFO] [stderr] warning: unused imports: `Referee`, `Referrer`
[INFO] [stderr]   --> src/main.rs:11:13
[INFO] [stderr]    |
[INFO] [stderr] 11 | use types::{Referee, Referrer};
[INFO] [stderr]    |             ^^^^^^^  ^^^^^^^^
[INFO] [stderr] 
[INFO] [stderr] warning: struct `Background` is never constructed
[INFO] [stderr]   --> src/sections/mod.rs:50:8
[INFO] [stderr]    |
[INFO] [stderr] 50 | struct Background;
[INFO] [stderr]    |        ^^^^^^^^^^
[INFO] [stderr]    |
[INFO] [stderr]    = note: `#[warn(dead_code)]` on by default
[INFO] [stderr] 
[INFO] [stderr] warning: struct `Acquintance` is never constructed
[INFO] [stderr]   --> src/sections/mod.rs:51:8
[INFO] [stderr]    |
[INFO] [stderr] 51 | struct Acquintance;
[INFO] [stderr]    |        ^^^^^^^^^^^
[INFO] [stderr] 
[INFO] [stderr] warning: struct `Entrepreneurship` is never constructed
[INFO] [stderr]   --> src/sections/mod.rs:53:8
[INFO] [stderr]    |
[INFO] [stderr] 53 | struct Entrepreneurship;
[INFO] [stderr]    |        ^^^^^^^^^^^^^^^^
[INFO] [stderr] 
[INFO] [stderr] warning: struct `Volunteering` is never constructed
[INFO] [stderr]   --> src/sections/mod.rs:54:8
[INFO] [stderr]    |
[INFO] [stderr] 54 | struct Volunteering;
[INFO] [stderr]    |        ^^^^^^^^^^^^
[INFO] [stderr] 
[INFO] [stderr] warning: enum `Publications` is never used
[INFO] [stderr]   --> src/sections/mod.rs:56:6
[INFO] [stderr]    |
[INFO] [stderr] 56 | enum Publications {
[INFO] [stderr]    |      ^^^^^^^^^^^^
[INFO] [stderr] 
[INFO] [stderr] warning: struct `OpenSourceContribution` is never constructed
[INFO] [stderr]   --> src/sections/mod.rs:61:8
[INFO] [stderr]    |
[INFO] [stderr] 61 | struct OpenSourceContribution;
[INFO] [stderr]    |        ^^^^^^^^^^^^^^^^^^^^^^
[INFO] [stderr] 
[INFO] [stderr] warning: struct `ExpertRoles` is never constructed
[INFO] [stderr]   --> src/sections/mod.rs:63:8
[INFO] [stderr]    |
[INFO] [stderr] 63 | struct ExpertRoles;
[INFO] [stderr]    |        ^^^^^^^^^^^
[INFO] [stderr] 
[INFO] [stderr] warning: struct `OpenSourceContributions` is never constructed
[INFO] [stderr]   --> src/sections/mod.rs:65:8
[INFO] [stderr]    |
[INFO] [stderr] 65 | struct OpenSourceContributions;
[INFO] [stderr]    |        ^^^^^^^^^^^^^^^^^^^^^^^
[INFO] [stderr] 
[INFO] [stderr] warning: struct `Olympiads` is never constructed
[INFO] [stderr]   --> src/sections/mod.rs:66:8
[INFO] [stderr]    |
[INFO] [stderr] 66 | struct Olympiads;
[INFO] [stderr]    |        ^^^^^^^^^
[INFO] [stderr] 
[INFO] [stderr] warning: `refmail` (bin "refmail" test) generated 13 warnings (run `cargo fix --bin "refmail" --tests` to apply 4 suggestions)
[INFO] [stderr]     Finished test [unoptimized + debuginfo] target(s) in 0.09s
[INFO] [stderr]      Running unittests bin/call.rs (/opt/rustwide/target/debug/deps/call-cc7226bf14fb970f)
[INFO] [stdout] 
[INFO] [stdout] running 0 tests
[INFO] [stdout] 
[INFO] [stdout] test result: ok. 0 passed; 0 failed; 0 ignored; 0 measured; 0 filtered out; finished in 0.00s
[INFO] [stdout] 
[INFO] [stderr]      Running unittests src/main.rs (/opt/rustwide/target/debug/deps/refmail-544bfdae02e391e6)
[INFO] [stdout] 
[INFO] [stdout] running 1 test
[INFO] [stdout] test sections::conference_talk::tests::test_render::full ... FAILED
[INFO] [stdout] 
[INFO] [stdout] failures:
[INFO] [stdout] 
[INFO] [stdout] ---- sections::conference_talk::tests::test_render::full stdout ----
[INFO] [stdout] thread 'sections::conference_talk::tests::test_render::full' panicked at src/sections/conference_talk.rs:88:64:
[INFO] [stdout] called `Result::unwrap()` on an `Err` value: NotPresent
[INFO] [stdout] stack backtrace:
[INFO] [stdout]    0:     0x564a0bfe610c - std::backtrace_rs::backtrace::libunwind::trace::ha637c64ce894333a
[INFO] [stdout]                                at /rustc/82e1608dfa6e0b5569232559e3d385fea5a93112/library/std/src/../../backtrace/src/backtrace/libunwind.rs:104:5
[INFO] [stdout]    1:     0x564a0bfe610c - std::backtrace_rs::backtrace::trace_unsynchronized::h47f62dea28e0c88d
[INFO] [stdout]                                at /rustc/82e1608dfa6e0b5569232559e3d385fea5a93112/library/std/src/../../backtrace/src/backtrace/mod.rs:66:5
[INFO] [stdout]    2:     0x564a0bfe610c - std::sys_common::backtrace::_print_fmt::h9eef0abe20ede486
[INFO] [stdout]                                at /rustc/82e1608dfa6e0b5569232559e3d385fea5a93112/library/std/src/sys_common/backtrace.rs:67:5
[INFO] [stdout]    3:     0x564a0bfe610c - <std::sys_common::backtrace::_print::DisplayBacktrace as core::fmt::Display>::fmt::hed7f999df88cc644
[INFO] [stdout]                                at /rustc/82e1608dfa6e0b5569232559e3d385fea5a93112/library/std/src/sys_common/backtrace.rs:44:22
[INFO] [stdout]    4:     0x564a0c0138e0 - core::fmt::rt::Argument::fmt::h1539a9308b8d058d
[INFO] [stdout]                                at /rustc/82e1608dfa6e0b5569232559e3d385fea5a93112/library/core/src/fmt/rt.rs:142:9
[INFO] [stdout]    5:     0x564a0c0138e0 - core::fmt::write::h3a39390d8560d9c9
[INFO] [stdout]                                at /rustc/82e1608dfa6e0b5569232559e3d385fea5a93112/library/core/src/fmt/mod.rs:1120:17
[INFO] [stdout]    6:     0x564a0bfe379f - std::io::Write::write_fmt::h040b369f3a0f9cbc
[INFO] [stdout]                                at /rustc/82e1608dfa6e0b5569232559e3d385fea5a93112/library/std/src/io/mod.rs:1762:15
[INFO] [stdout]    7:     0x564a0bfe5ef4 - std::sys_common::backtrace::_print::h894006fb5c6f3d45
[INFO] [stdout]                                at /rustc/82e1608dfa6e0b5569232559e3d385fea5a93112/library/std/src/sys_common/backtrace.rs:47:5
[INFO] [stdout]    8:     0x564a0bfe5ef4 - std::sys_common::backtrace::print::h23a2d212c6fff936
[INFO] [stdout]                                at /rustc/82e1608dfa6e0b5569232559e3d385fea5a93112/library/std/src/sys_common/backtrace.rs:34:9
[INFO] [stdout]    9:     0x564a0bfe7bb7 - std::panicking::default_hook::{{closure}}::h8a1d2ee00185001a
[INFO] [stdout]   10:     0x564a0bfe78a3 - std::panicking::default_hook::h6038f2eba384e475
[INFO] [stdout]                                at /rustc/82e1608dfa6e0b5569232559e3d385fea5a93112/library/std/src/panicking.rs:289:9
[INFO] [stdout]   11:     0x564a0b9fab77 - <alloc::boxed::Box<F,A> as core::ops::function::Fn<Args>>::call::h0ad024c9bdc6d768
[INFO] [stdout]                                at /rustc/82e1608dfa6e0b5569232559e3d385fea5a93112/library/alloc/src/boxed.rs:2021:9
[INFO] [stdout]   12:     0x564a0b9fab77 - test::test_main::{{closure}}::h7500b54257359db6
[INFO] [stdout]                                at /rustc/82e1608dfa6e0b5569232559e3d385fea5a93112/library/test/src/lib.rs:138:21
[INFO] [stdout]   13:     0x564a0bfe81c8 - <alloc::boxed::Box<F,A> as core::ops::function::Fn<Args>>::call::h1f8f335eaa9cfaee
[INFO] [stdout]                                at /rustc/82e1608dfa6e0b5569232559e3d385fea5a93112/library/alloc/src/boxed.rs:2021:9
[INFO] [stdout]   14:     0x564a0bfe81c8 - std::panicking::rust_panic_with_hook::h2b5517d590cab22e
[INFO] [stdout]                                at /rustc/82e1608dfa6e0b5569232559e3d385fea5a93112/library/std/src/panicking.rs:783:13
[INFO] [stdout]   15:     0x564a0bfe7f1e - std::panicking::begin_panic_handler::{{closure}}::h233112c06e0ef43e
[INFO] [stdout]                                at /rustc/82e1608dfa6e0b5569232559e3d385fea5a93112/library/std/src/panicking.rs:657:13
[INFO] [stdout]   16:     0x564a0bfe65d6 - std::sys_common::backtrace::__rust_end_short_backtrace::h6e893f24d7ebbff8
[INFO] [stdout]                                at /rustc/82e1608dfa6e0b5569232559e3d385fea5a93112/library/std/src/sys_common/backtrace.rs:170:18
[INFO] [stdout]   17:     0x564a0bfe7c82 - rust_begin_unwind
[INFO] [stdout]                                at /rustc/82e1608dfa6e0b5569232559e3d385fea5a93112/library/std/src/panicking.rs:645:5
[INFO] [stdout]   18:     0x564a0b94d5f5 - core::panicking::panic_fmt::hbf0e066aabfa482c
[INFO] [stdout]                                at /rustc/82e1608dfa6e0b5569232559e3d385fea5a93112/library/core/src/panicking.rs:72:14
[INFO] [stdout]   19:     0x564a0b94dc23 - core::result::unwrap_failed::hddb4fea594200c52
[INFO] [stdout]                                at /rustc/82e1608dfa6e0b5569232559e3d385fea5a93112/library/core/src/result.rs:1653:5
[INFO] [stdout]   20:     0x564a0b977074 - core::result::Result<T,E>::unwrap::h7eab5073a231631f
[INFO] [stdout]                                at /rustc/82e1608dfa6e0b5569232559e3d385fea5a93112/library/core/src/result.rs:1077:23
[INFO] [stdout]   21:     0x564a0b96e9c1 - refmail::sections::conference_talk::tests::test_render::h4a19e2d483527f23
[INFO] [stdout]                                at /opt/rustwide/workdir/src/sections/conference_talk.rs:88:40
[INFO] [stdout]   22:     0x564a0b96f280 - refmail::sections::conference_talk::tests::test_render::full::h09ab3b190d6003d7
[INFO] [stdout]                                at /opt/rustwide/workdir/src/sections/conference_talk.rs:69:5
[INFO] [stdout]   23:     0x564a0b96ec97 - refmail::sections::conference_talk::tests::test_render::full::{{closure}}::h5a22741cad16e450
[INFO] [stdout]                                at /opt/rustwide/workdir/src/sections/conference_talk.rs:85:26
[INFO] [stdout]   24:     0x564a0b97ed06 - core::ops::function::FnOnce::call_once::hd94b26b953b9a563
[INFO] [stdout]                                at /rustc/82e1608dfa6e0b5569232559e3d385fea5a93112/library/core/src/ops/function.rs:250:5
[INFO] [stdout]   25:     0x564a0ba001cf - core::ops::function::FnOnce::call_once::h2b5d431d5046312d
[INFO] [stdout]                                at /rustc/82e1608dfa6e0b5569232559e3d385fea5a93112/library/core/src/ops/function.rs:250:5
[INFO] [stdout]   26:     0x564a0ba001cf - test::__rust_begin_short_backtrace::h7714669af176e207
[INFO] [stdout]                                at /rustc/82e1608dfa6e0b5569232559e3d385fea5a93112/library/test/src/lib.rs:628:18
[INFO] [stdout]   27:     0x564a0b9ff1e5 - test::run_test_in_process::{{closure}}::h85218797dcbcec12
[INFO] [stdout]                                at /rustc/82e1608dfa6e0b5569232559e3d385fea5a93112/library/test/src/lib.rs:651:60
[INFO] [stdout]   28:     0x564a0b9ff1e5 - <core::panic::unwind_safe::AssertUnwindSafe<F> as core::ops::function::FnOnce<()>>::call_once::h76c106ea31c14d7b
[INFO] [stdout]                                at /rustc/82e1608dfa6e0b5569232559e3d385fea5a93112/library/core/src/panic/unwind_safe.rs:272:9
[INFO] [stdout]   29:     0x564a0b9ff1e5 - std::panicking::try::do_call::h3bd5d0f6620ee946
[INFO] [stdout]                                at /rustc/82e1608dfa6e0b5569232559e3d385fea5a93112/library/std/src/panicking.rs:552:40
[INFO] [stdout]   30:     0x564a0b9ff1e5 - std::panicking::try::h232e535e4744fe31
[INFO] [stdout]                                at /rustc/82e1608dfa6e0b5569232559e3d385fea5a93112/library/std/src/panicking.rs:516:19
[INFO] [stdout]   31:     0x564a0b9ff1e5 - std::panic::catch_unwind::h3ce3bd6ca8dbac68
[INFO] [stdout]                                at /rustc/82e1608dfa6e0b5569232559e3d385fea5a93112/library/std/src/panic.rs:142:14
[INFO] [stdout]   32:     0x564a0b9ff1e5 - test::run_test_in_process::hc97b257c9621286a
[INFO] [stdout]                                at /rustc/82e1608dfa6e0b5569232559e3d385fea5a93112/library/test/src/lib.rs:651:27
[INFO] [stdout]   33:     0x564a0b9ff1e5 - test::run_test::{{closure}}::h2aa798823a438d38
[INFO] [stdout]                                at /rustc/82e1608dfa6e0b5569232559e3d385fea5a93112/library/test/src/lib.rs:574:43
[INFO] [stdout]   34:     0x564a0b9c74a6 - test::run_test::{{closure}}::h87d231c78fb59832
[INFO] [stdout]                                at /rustc/82e1608dfa6e0b5569232559e3d385fea5a93112/library/test/src/lib.rs:602:41
[INFO] [stdout]   35:     0x564a0b9c74a6 - std::sys_common::backtrace::__rust_begin_short_backtrace::he6df152596625789
[INFO] [stdout]                                at /rustc/82e1608dfa6e0b5569232559e3d385fea5a93112/library/std/src/sys_common/backtrace.rs:154:18
[INFO] [stdout]   36:     0x564a0b9cc557 - std::thread::Builder::spawn_unchecked_::{{closure}}::{{closure}}::ha94be15d1e0acf36
[INFO] [stdout]                                at /rustc/82e1608dfa6e0b5569232559e3d385fea5a93112/library/std/src/thread/mod.rs:529:17
[INFO] [stdout]   37:     0x564a0b9cc557 - <core::panic::unwind_safe::AssertUnwindSafe<F> as core::ops::function::FnOnce<()>>::call_once::h9dc6bd6372f16606
[INFO] [stdout]                                at /rustc/82e1608dfa6e0b5569232559e3d385fea5a93112/library/core/src/panic/unwind_safe.rs:272:9
[INFO] [stdout]   38:     0x564a0b9cc557 - std::panicking::try::do_call::h9057517f80303cd4
[INFO] [stdout]                                at /rustc/82e1608dfa6e0b5569232559e3d385fea5a93112/library/std/src/panicking.rs:552:40
[INFO] [stdout]   39:     0x564a0b9cc557 - std::panicking::try::he3a30b11ee45340c
[INFO] [stdout]                                at /rustc/82e1608dfa6e0b5569232559e3d385fea5a93112/library/std/src/panicking.rs:516:19
[INFO] [stdout]   40:     0x564a0b9cc557 - std::panic::catch_unwind::h410458cfd3528b8b
[INFO] [stdout]                                at /rustc/82e1608dfa6e0b5569232559e3d385fea5a93112/library/std/src/panic.rs:142:14
[INFO] [stdout]   41:     0x564a0b9cc557 - std::thread::Builder::spawn_unchecked_::{{closure}}::h72ac3bdb567b737b
[INFO] [stdout]                                at /rustc/82e1608dfa6e0b5569232559e3d385fea5a93112/library/std/src/thread/mod.rs:528:30
[INFO] [stdout]   42:     0x564a0b9cc557 - core::ops::function::FnOnce::call_once{{vtable.shim}}::h38f34da3654a8344
[INFO] [stdout]                                at /rustc/82e1608dfa6e0b5569232559e3d385fea5a93112/library/core/src/ops/function.rs:250:5
[INFO] [stdout]   43:     0x564a0bfed4a5 - <alloc::boxed::Box<F,A> as core::ops::function::FnOnce<Args>>::call_once::hc7eafaff61e32df9
[INFO] [stdout]                                at /rustc/82e1608dfa6e0b5569232559e3d385fea5a93112/library/alloc/src/boxed.rs:2007:9
[INFO] [stdout]   44:     0x564a0bfed4a5 - <alloc::boxed::Box<F,A> as core::ops::function::FnOnce<Args>>::call_once::h6ba4a5de48dd2304
[INFO] [stdout]                                at /rustc/82e1608dfa6e0b5569232559e3d385fea5a93112/library/alloc/src/boxed.rs:2007:9
[INFO] [stdout]   45:     0x564a0bfed4a5 - std::sys::unix::thread::Thread::new::thread_start::he469335aef763e45
[INFO] [stdout]                                at /rustc/82e1608dfa6e0b5569232559e3d385fea5a93112/library/std/src/sys/unix/thread.rs:108:17
[INFO] [stdout]   46:     0x7f44ced5aac3 - <unknown>
[INFO] [stdout]   47:     0x7f44cedebbf4 - __clone
[INFO] [stdout]   48:                0x0 - <unknown>
[INFO] [stdout] 
[INFO] [stdout] 
[INFO] [stdout] failures:
[INFO] [stdout]     sections::conference_talk::tests::test_render::full
[INFO] [stdout] 
[INFO] [stdout] test result: FAILED. 0 passed; 1 failed; 0 ignored; 0 measured; 0 filtered out; finished in 0.02s
[INFO] [stdout] 
[INFO] [stderr] error: test failed, to rerun pass `--bin refmail`
[INFO] running `Command { std: "docker" "inspect" "78ab33b814cb070578f3129b37ec7bc4c6d9a2d1081588d8fdb6d05cb3dc878d", kill_on_drop: false }`
[INFO] running `Command { std: "docker" "rm" "-f" "78ab33b814cb070578f3129b37ec7bc4c6d9a2d1081588d8fdb6d05cb3dc878d", kill_on_drop: false }`
[INFO] [stdout] 78ab33b814cb070578f3129b37ec7bc4c6d9a2d1081588d8fdb6d05cb3dc878d
[INFO] testing verrchu/refmail against beta-2023-12-22 for beta-1.76-1
[INFO] running `Command { std: "git" "clone" "/workspace/cache/git-repos/https%3A%2F%2Fgithub.com%2Fverrchu%2Frefmail" "/workspace/builds/worker-4-tc2/source", kill_on_drop: false }`
[INFO] [stderr] Cloning into '/workspace/builds/worker-4-tc2/source'...
[INFO] [stderr] done.
[INFO] validating manifest of git repo https://github.com/verrchu/refmail on toolchain beta-2023-12-22
[INFO] running `Command { std: CARGO_HOME="/workspace/cargo-home" RUSTUP_HOME="/workspace/rustup-home" "/workspace/cargo-home/bin/cargo" "+beta-2023-12-22" "metadata" "--manifest-path" "Cargo.toml" "--no-deps", kill_on_drop: false }`
[INFO] started tweaking git repo https://github.com/verrchu/refmail
[INFO] finished tweaking git repo https://github.com/verrchu/refmail
[INFO] tweaked toml for git repo https://github.com/verrchu/refmail written to /workspace/builds/worker-4-tc2/source/Cargo.toml
[INFO] crate git repo https://github.com/verrchu/refmail already has a lockfile, it will not be regenerated
[INFO] running `Command { std: CARGO_HOME="/workspace/cargo-home" RUSTUP_HOME="/workspace/rustup-home" "/workspace/cargo-home/bin/cargo" "+beta-2023-12-22" "fetch" "--manifest-path" "Cargo.toml", kill_on_drop: false }`
[INFO] running `Command { std: "docker" "create" "-v" "/var/lib/crater-agent-workspace/builds/worker-4-tc2/target:/opt/rustwide/target:rw,Z" "-v" "/var/lib/crater-agent-workspace/builds/worker-4-tc2/source:/opt/rustwide/workdir:ro,Z" "-v" "/var/lib/crater-agent-workspace/cargo-home:/opt/rustwide/cargo-home:ro,Z" "-v" "/var/lib/crater-agent-workspace/rustup-home:/opt/rustwide/rustup-home:ro,Z" "-e" "SOURCE_DIR=/opt/rustwide/workdir" "-e" "CARGO_TARGET_DIR=/opt/rustwide/target" "-e" "CARGO_HOME=/opt/rustwide/cargo-home" "-e" "RUSTUP_HOME=/opt/rustwide/rustup-home" "-w" "/opt/rustwide/workdir" "-m" "1610612736" "--user" "0:0" "--network" "none" "ghcr.io/rust-lang/crates-build-env/linux@sha256:2788e3201cd34a07e3172128adcd8b3090168a8e3bcc40d7c032b9dda1df7d1c" "/opt/rustwide/cargo-home/bin/cargo" "+beta-2023-12-22" "metadata" "--no-deps" "--format-version=1", kill_on_drop: false }`
[INFO] [stdout] 881fb614fc9d365f67c2881195f20dc930783a4971deba8876cbdd6c88d4c4ab
[INFO] running `Command { std: "docker" "start" "-a" "881fb614fc9d365f67c2881195f20dc930783a4971deba8876cbdd6c88d4c4ab", kill_on_drop: false }`
[INFO] running `Command { std: "docker" "inspect" "881fb614fc9d365f67c2881195f20dc930783a4971deba8876cbdd6c88d4c4ab", kill_on_drop: false }`
[INFO] running `Command { std: "docker" "rm" "-f" "881fb614fc9d365f67c2881195f20dc930783a4971deba8876cbdd6c88d4c4ab", kill_on_drop: false }`
[INFO] [stdout] 881fb614fc9d365f67c2881195f20dc930783a4971deba8876cbdd6c88d4c4ab
[INFO] running `Command { std: "docker" "create" "-v" "/var/lib/crater-agent-workspace/builds/worker-4-tc2/target:/opt/rustwide/target:rw,Z" "-v" "/var/lib/crater-agent-workspace/builds/worker-4-tc2/source:/opt/rustwide/workdir:ro,Z" "-v" "/var/lib/crater-agent-workspace/cargo-home:/opt/rustwide/cargo-home:ro,Z" "-v" "/var/lib/crater-agent-workspace/rustup-home:/opt/rustwide/rustup-home:ro,Z" "-e" "SOURCE_DIR=/opt/rustwide/workdir" "-e" "CARGO_TARGET_DIR=/opt/rustwide/target" "-e" "CARGO_INCREMENTAL=0" "-e" "RUST_BACKTRACE=full" "-e" "RUSTFLAGS=--cap-lints=warn" "-e" "RUSTDOCFLAGS=--cap-lints=warn" "-e" "CARGO_HOME=/opt/rustwide/cargo-home" "-e" "RUSTUP_HOME=/opt/rustwide/rustup-home" "-w" "/opt/rustwide/workdir" "-m" "1610612736" "--user" "0:0" "--network" "none" "ghcr.io/rust-lang/crates-build-env/linux@sha256:2788e3201cd34a07e3172128adcd8b3090168a8e3bcc40d7c032b9dda1df7d1c" "/opt/rustwide/cargo-home/bin/cargo" "+beta-2023-12-22" "build" "--frozen" "--message-format=json", kill_on_drop: false }`
[INFO] [stdout] 0c6da4328c95cb509a3cf242e11b8770de6c83c98cf8f3e5324e01e66ab0f105
[INFO] running `Command { std: "docker" "start" "-a" "0c6da4328c95cb509a3cf242e11b8770de6c83c98cf8f3e5324e01e66ab0f105", kill_on_drop: false }`
[INFO] [stderr]    Compiling autocfg v1.1.0
[INFO] [stderr]    Compiling cfg-if v1.0.0
[INFO] [stderr]    Compiling proc-macro2 v1.0.43
[INFO] [stderr]    Compiling unicode-ident v1.0.3
[INFO] [stderr]    Compiling quote v1.0.21
[INFO] [stderr]    Compiling syn v1.0.99
[INFO] [stderr]    Compiling libc v0.2.132
[INFO] [stderr]    Compiling memchr v2.5.0
[INFO] [stderr]    Compiling once_cell v1.13.1
[INFO] [stderr]    Compiling log v0.4.17
[INFO] [stderr]    Compiling cc v1.0.73
[INFO] [stderr]    Compiling version_check v0.9.4
[INFO] [stderr]    Compiling serde_derive v1.0.144
[INFO] [stderr]    Compiling siphasher v0.3.10
[INFO] [stderr]    Compiling pkg-config v0.3.25
[INFO] [stderr]    Compiling serde v1.0.144
[INFO] [stderr]    Compiling itoa v1.0.3
[INFO] [stderr]    Compiling fnv v1.0.7
[INFO] [stderr]    Compiling pin-project-lite v0.2.9
[INFO] [stderr]    Compiling futures-core v0.3.23
[INFO] [stderr]    Compiling bytes v1.2.1
[INFO] [stderr]    Compiling rand_core v0.6.3
[INFO] [stderr]    Compiling bitflags v1.3.2
[INFO] [stderr]    Compiling regex-syntax v0.6.27
[INFO] [stderr]    Compiling uncased v0.9.7
[INFO] [stderr]    Compiling rand v0.8.5
[INFO] [stderr]    Compiling futures-task v0.3.23
[INFO] [stderr]    Compiling tracing-core v0.1.29
[INFO] [stderr]    Compiling foreign-types-shared v0.1.1
[INFO] [stderr]    Compiling tokio v1.20.1
[INFO] [stderr]    Compiling indexmap v1.9.1
[INFO] [stderr]    Compiling slab v0.4.7
[INFO] [stderr]    Compiling num-traits v0.2.15
[INFO] [stderr]    Compiling hashbrown v0.12.3
[INFO] [stderr]    Compiling futures-util v0.3.23
[INFO] [stderr]    Compiling openssl v0.10.41
[INFO] [stderr]    Compiling phf_shared v0.11.1
[INFO] [stderr]    Compiling http v0.2.8
[INFO] [stderr]    Compiling phf v0.11.1
[INFO] [stderr]    Compiling tracing v0.1.36
[INFO] [stderr]    Compiling phf_generator v0.11.1
[INFO] [stderr]    Compiling aho-corasick v0.7.18
[INFO] [stderr]    Compiling foreign-types v0.3.2
[INFO] [stderr]    Compiling num-integer v0.1.45
[INFO] [stderr]    Compiling futures-io v0.3.23
[INFO] [stderr]    Compiling phf_codegen v0.11.1
[INFO] [stderr]    Compiling num_cpus v1.13.1
[INFO] [stderr]    Compiling socket2 v0.4.6
[INFO] [stderr]    Compiling mio v0.8.4
[INFO] [stderr]    Compiling pin-utils v0.1.0
[INFO] [stderr]    Compiling crossbeam-utils v0.8.11
[INFO] [stderr]    Compiling ucd-trie v0.1.4
[INFO] [stderr]    Compiling percent-encoding v2.1.0
[INFO] [stderr]    Compiling ryu v1.0.11
[INFO] [stderr]    Compiling futures-sink v0.3.23
[INFO] [stderr]    Compiling matches v0.1.9
[INFO] [stderr]    Compiling openssl-sys v0.9.75
[INFO] [stderr]    Compiling futures-channel v0.3.23
[INFO] [stderr]    Compiling native-tls v0.2.10
[INFO] [stderr]    Compiling httparse v1.7.1
[INFO] [stderr]    Compiling tinyvec_macros v0.1.0
[INFO] [stderr]    Compiling tinyvec v1.6.0
[INFO] [stderr]    Compiling getrandom v0.2.7
[INFO] [stderr]    Compiling regex v1.6.0
[INFO] [stderr]    Compiling bstr v0.2.17
[INFO] [stderr]    Compiling try-lock v0.2.3
[INFO] [stderr]    Compiling lazy_static v1.4.0
[INFO] [stderr]    Compiling unic-char-range v0.9.0
[INFO] [stderr]    Compiling openssl-probe v0.1.5
[INFO] [stderr]    Compiling serde_json v1.0.85
[INFO] [stderr]    Compiling unic-common v0.9.0
[INFO] [stderr]    Compiling same-file v1.0.6
[INFO] [stderr]    Compiling unic-ucd-version v0.9.0
[INFO] [stderr]    Compiling walkdir v2.3.2
[INFO] [stderr]    Compiling unic-char-property v0.9.0
[INFO] [stderr]    Compiling want v0.3.0
[INFO] [stderr]    Compiling http-body v0.4.5
[INFO] [stderr]    Compiling form_urlencoded v1.0.1
[INFO] [stderr]    Compiling parse-zoneinfo v0.3.0
[INFO] [stderr]    Compiling unicode-normalization v0.1.21
[INFO] [stderr]    Compiling backtrace v0.3.66
[INFO] [stderr]    Compiling thread_local v1.1.4
[INFO] [stderr]    Compiling iana-time-zone v0.1.46
[INFO] [stderr]    Compiling gimli v0.26.2
[INFO] [stderr]    Compiling adler v1.0.2
[INFO] [stderr]    Compiling httpdate v1.0.2
[INFO] [stderr]    Compiling chrono-tz-build v0.0.3
[INFO] [stderr]    Compiling encoding_rs v0.8.31
[INFO] [stderr]    Compiling ppv-lite86 v0.2.16
[INFO] [stderr]    Compiling unicode-bidi v0.3.8
[INFO] [stderr]    Compiling tower-service v0.3.2
[INFO] [stderr]    Compiling miniz_oxide v0.5.3
[INFO] [stderr]    Compiling unic-ucd-segment v0.9.0
[INFO] [stderr]    Compiling object v0.29.0
[INFO] [stderr]    Compiling anyhow v1.0.62
[INFO] [stderr]    Compiling idna v0.2.3
[INFO] [stderr]    Compiling rustc-demangle v0.1.21
[INFO] [stderr]    Compiling rand_chacha v0.3.1
[INFO] [stderr]    Compiling deunicode v0.4.3
[INFO] [stderr]    Compiling chrono-tz v0.6.3
[INFO] [stderr]    Compiling slug v0.1.4
[INFO] [stderr]    Compiling unic-segment v0.9.0
[INFO] [stderr]    Compiling base64 v0.13.0
[INFO] [stderr]    Compiling ansi_term v0.12.1
[INFO] [stderr]    Compiling diff v0.1.13
[INFO] [stderr]    Compiling unsafe-libyaml v0.2.2
[INFO] [stderr]    Compiling ipnet v2.5.0
[INFO] [stderr]    Compiling mime v0.3.16
[INFO] [stderr]    Compiling humansize v1.1.1
[INFO] [stderr]    Compiling globset v0.4.9
[INFO] [stderr]    Compiling pretty_assertions v1.2.1
[INFO] [stderr]    Compiling dotenv v0.15.0
[INFO] [stderr]    Compiling ignore v0.4.18
[INFO] [stderr]    Compiling addr2line v0.17.0
[INFO] [stderr]    Compiling tokio-util v0.7.3
[INFO] [stderr]    Compiling globwalk v0.8.1
[INFO] [stderr]    Compiling h2 v0.3.14
[INFO] [stderr]    Compiling thiserror-impl v1.0.32
[INFO] [stderr]    Compiling openssl-macros v0.1.0
[INFO] [stderr]    Compiling thiserror v1.0.32
[INFO] [stderr]    Compiling pest v2.3.0
[INFO] [stderr]    Compiling pest_meta v2.3.0
[INFO] [stderr]    Compiling pest_generator v2.3.0
[INFO] [stderr]    Compiling hyper v0.14.20
[INFO] [stderr]    Compiling pest_derive v2.3.0
[INFO] [stderr]    Compiling tokio-native-tls v0.3.0
[INFO] [stderr]    Compiling hyper-tls v0.5.0
[INFO] [stderr]    Compiling chrono v0.4.22
[INFO] [stderr]    Compiling serde_urlencoded v0.7.1
[INFO] [stderr]    Compiling url v2.2.2
[INFO] [stderr]    Compiling serde_yaml v0.9.10
[INFO] [stderr]    Compiling reqwest v0.11.11
[INFO] [stderr]    Compiling tera v1.17.0
[INFO] [stderr]    Compiling refmail v0.1.0 (/opt/rustwide/workdir)
[INFO] [stdout] warning: unused import: `url::Url`
[INFO] [stdout]  --> src/sections/conference_talk.rs:8:5
[INFO] [stdout]   |
[INFO] [stdout] 8 | use url::Url;
[INFO] [stdout]   |     ^^^^^^^^
[INFO] [stdout]   |
[INFO] [stdout]   = note: `#[warn(unused_imports)]` on by default
[INFO] [stdout] 
[INFO] [stdout] 
[INFO] [stdout] warning: unused import: `crate::types`
[INFO] [stdout]  --> src/sections/hackathon.rs:1:5
[INFO] [stdout]   |
[INFO] [stdout] 1 | use crate::types;
[INFO] [stdout]   |     ^^^^^^^^^^^^
[INFO] [stdout] 
[INFO] [stdout] 
[INFO] [stdout] warning: unused import: `hackathon::Hackathon`
[INFO] [stdout]  --> src/sections/mod.rs:6:5
[INFO] [stdout]   |
[INFO] [stdout] 6 | use hackathon::Hackathon;
[INFO] [stdout]   |     ^^^^^^^^^^^^^^^^^^^^
[INFO] [stdout] 
[INFO] [stdout] 
[INFO] [stdout] warning: unused imports: `Referee`, `Referrer`
[INFO] [stdout]   --> src/main.rs:11:13
[INFO] [stdout]    |
[INFO] [stdout] 11 | use types::{Referee, Referrer};
[INFO] [stdout]    |             ^^^^^^^  ^^^^^^^^
[INFO] [stdout] 
[INFO] [stdout] 
[INFO] [stdout] warning: associated function `load_from` is never used
[INFO] [stdout]   --> src/config.rs:30:12
[INFO] [stdout]    |
[INFO] [stdout] 19 | impl Config {
[INFO] [stdout]    | ----------- associated function in this implementation
[INFO] [stdout] ...
[INFO] [stdout] 30 |     pub fn load_from(path: impl AsRef<Path>) -> anyhow::Result<Self> {
[INFO] [stdout]    |            ^^^^^^^^^
[INFO] [stdout]    |
[INFO] [stdout]    = note: `#[warn(dead_code)]` on by default
[INFO] [stdout] 
[INFO] [stdout] 
[INFO] [stdout] warning: struct `Background` is never constructed
[INFO] [stdout]   --> src/sections/mod.rs:50:8
[INFO] [stdout]    |
[INFO] [stdout] 50 | struct Background;
[INFO] [stdout]    |        ^^^^^^^^^^
[INFO] [stdout] 
[INFO] [stdout] 
[INFO] [stdout] warning: struct `Acquintance` is never constructed
[INFO] [stdout]   --> src/sections/mod.rs:51:8
[INFO] [stdout]    |
[INFO] [stdout] 51 | struct Acquintance;
[INFO] [stdout]    |        ^^^^^^^^^^^
[INFO] [stdout] 
[INFO] [stdout] 
[INFO] [stdout] warning: struct `Entrepreneurship` is never constructed
[INFO] [stdout]   --> src/sections/mod.rs:53:8
[INFO] [stdout]    |
[INFO] [stdout] 53 | struct Entrepreneurship;
[INFO] [stdout]    |        ^^^^^^^^^^^^^^^^
[INFO] [stdout] 
[INFO] [stdout] 
[INFO] [stdout] warning: struct `Volunteering` is never constructed
[INFO] [stdout]   --> src/sections/mod.rs:54:8
[INFO] [stdout]    |
[INFO] [stdout] 54 | struct Volunteering;
[INFO] [stdout]    |        ^^^^^^^^^^^^
[INFO] [stdout] 
[INFO] [stdout] 
[INFO] [stdout] warning: enum `Publications` is never used
[INFO] [stdout]   --> src/sections/mod.rs:56:6
[INFO] [stdout]    |
[INFO] [stdout] 56 | enum Publications {
[INFO] [stdout]    |      ^^^^^^^^^^^^
[INFO] [stdout] 
[INFO] [stdout] 
[INFO] [stdout] warning: struct `OpenSourceContribution` is never constructed
[INFO] [stdout]   --> src/sections/mod.rs:61:8
[INFO] [stdout]    |
[INFO] [stdout] 61 | struct OpenSourceContribution;
[INFO] [stdout]    |        ^^^^^^^^^^^^^^^^^^^^^^
[INFO] [stdout] 
[INFO] [stdout] 
[INFO] [stdout] warning: struct `ExpertRoles` is never constructed
[INFO] [stdout]   --> src/sections/mod.rs:63:8
[INFO] [stdout]    |
[INFO] [stdout] 63 | struct ExpertRoles;
[INFO] [stdout]    |        ^^^^^^^^^^^
[INFO] [stdout] 
[INFO] [stdout] 
[INFO] [stdout] warning: struct `OpenSourceContributions` is never constructed
[INFO] [stdout]   --> src/sections/mod.rs:65:8
[INFO] [stdout]    |
[INFO] [stdout] 65 | struct OpenSourceContributions;
[INFO] [stdout]    |        ^^^^^^^^^^^^^^^^^^^^^^^
[INFO] [stdout] 
[INFO] [stdout] 
[INFO] [stdout] warning: struct `Olympiads` is never constructed
[INFO] [stdout]   --> src/sections/mod.rs:66:8
[INFO] [stdout]    |
[INFO] [stdout] 66 | struct Olympiads;
[INFO] [stdout]    |        ^^^^^^^^^
[INFO] [stdout] 
[INFO] [stdout] 
[INFO] [stdout] warning: 14 warnings emitted
[INFO] [stdout] 
[INFO] [stdout] 
[INFO] [stderr]     Finished dev [unoptimized + debuginfo] target(s) in 15.83s
[INFO] running `Command { std: "docker" "inspect" "0c6da4328c95cb509a3cf242e11b8770de6c83c98cf8f3e5324e01e66ab0f105", kill_on_drop: false }`
[INFO] running `Command { std: "docker" "rm" "-f" "0c6da4328c95cb509a3cf242e11b8770de6c83c98cf8f3e5324e01e66ab0f105", kill_on_drop: false }`
[INFO] [stdout] 0c6da4328c95cb509a3cf242e11b8770de6c83c98cf8f3e5324e01e66ab0f105
[INFO] running `Command { std: "docker" "create" "-v" "/var/lib/crater-agent-workspace/builds/worker-4-tc2/target:/opt/rustwide/target:rw,Z" "-v" "/var/lib/crater-agent-workspace/builds/worker-4-tc2/source:/opt/rustwide/workdir:ro,Z" "-v" "/var/lib/crater-agent-workspace/cargo-home:/opt/rustwide/cargo-home:ro,Z" "-v" "/var/lib/crater-agent-workspace/rustup-home:/opt/rustwide/rustup-home:ro,Z" "-e" "SOURCE_DIR=/opt/rustwide/workdir" "-e" "CARGO_TARGET_DIR=/opt/rustwide/target" "-e" "CARGO_INCREMENTAL=0" "-e" "RUST_BACKTRACE=full" "-e" "RUSTFLAGS=--cap-lints=warn" "-e" "RUSTDOCFLAGS=--cap-lints=warn" "-e" "CARGO_HOME=/opt/rustwide/cargo-home" "-e" "RUSTUP_HOME=/opt/rustwide/rustup-home" "-w" "/opt/rustwide/workdir" "-m" "1610612736" "--user" "0:0" "--network" "none" "ghcr.io/rust-lang/crates-build-env/linux@sha256:2788e3201cd34a07e3172128adcd8b3090168a8e3bcc40d7c032b9dda1df7d1c" "/opt/rustwide/cargo-home/bin/cargo" "+beta-2023-12-22" "test" "--frozen" "--no-run" "--message-format=json", kill_on_drop: false }`
[INFO] [stdout] 57583ec81f41a3bf4f2d805ebc5b4ae13974aedacdb65171a30c23f68664cf28
[INFO] running `Command { std: "docker" "start" "-a" "57583ec81f41a3bf4f2d805ebc5b4ae13974aedacdb65171a30c23f68664cf28", kill_on_drop: false }`
[INFO] [stderr]    Compiling syn v1.0.99
[INFO] [stderr]    Compiling proc-macro-error-attr v1.0.4
[INFO] [stderr]    Compiling proc-macro-error v1.0.4
[INFO] [stderr]    Compiling serde_derive v1.0.144
[INFO] [stderr]    Compiling thiserror-impl v1.0.32
[INFO] [stderr]    Compiling openssl-macros v0.1.0
[INFO] [stderr]    Compiling test-case-macros v2.2.1
[INFO] [stderr]    Compiling openssl v0.10.41
[INFO] [stderr]    Compiling test-case v2.2.1
[INFO] [stderr]    Compiling thiserror v1.0.32
[INFO] [stderr]    Compiling pest v2.3.0
[INFO] [stderr]    Compiling pest_meta v2.3.0
[INFO] [stderr]    Compiling pest_generator v2.3.0
[INFO] [stderr]    Compiling serde v1.0.144
[INFO] [stderr]    Compiling pest_derive v2.3.0
[INFO] [stderr]    Compiling native-tls v0.2.10
[INFO] [stderr]    Compiling tokio-native-tls v0.3.0
[INFO] [stderr]    Compiling hyper-tls v0.5.0
[INFO] [stderr]    Compiling serde_json v1.0.85
[INFO] [stderr]    Compiling chrono v0.4.22
[INFO] [stderr]    Compiling serde_urlencoded v0.7.1
[INFO] [stderr]    Compiling url v2.2.2
[INFO] [stderr]    Compiling serde_yaml v0.9.10
[INFO] [stderr]    Compiling reqwest v0.11.11
[INFO] [stderr]    Compiling chrono-tz v0.6.3
[INFO] [stderr]    Compiling tera v1.17.0
[INFO] [stderr]    Compiling refmail v0.1.0 (/opt/rustwide/workdir)
[INFO] [stdout] warning: unused import: `url::Url`
[INFO] [stdout]  --> src/sections/conference_talk.rs:8:5
[INFO] [stdout]   |
[INFO] [stdout] 8 | use url::Url;
[INFO] [stdout]   |     ^^^^^^^^
[INFO] [stdout]   |
[INFO] [stdout]   = note: `#[warn(unused_imports)]` on by default
[INFO] [stdout] 
[INFO] [stdout] 
[INFO] [stdout] warning: unused import: `crate::types`
[INFO] [stdout]  --> src/sections/hackathon.rs:1:5
[INFO] [stdout]   |
[INFO] [stdout] 1 | use crate::types;
[INFO] [stdout]   |     ^^^^^^^^^^^^
[INFO] [stdout] 
[INFO] [stdout] 
[INFO] [stdout] warning: unused import: `hackathon::Hackathon`
[INFO] [stdout]  --> src/sections/mod.rs:6:5
[INFO] [stdout]   |
[INFO] [stdout] 6 | use hackathon::Hackathon;
[INFO] [stdout]   |     ^^^^^^^^^^^^^^^^^^^^
[INFO] [stdout] 
[INFO] [stdout] 
[INFO] [stdout] warning: unused imports: `Referee`, `Referrer`
[INFO] [stdout]   --> src/main.rs:11:13
[INFO] [stdout]    |
[INFO] [stdout] 11 | use types::{Referee, Referrer};
[INFO] [stdout]    |             ^^^^^^^  ^^^^^^^^
[INFO] [stdout] 
[INFO] [stdout] 
[INFO] [stdout] warning: struct `Background` is never constructed
[INFO] [stdout]   --> src/sections/mod.rs:50:8
[INFO] [stdout]    |
[INFO] [stdout] 50 | struct Background;
[INFO] [stdout]    |        ^^^^^^^^^^
[INFO] [stdout]    |
[INFO] [stdout]    = note: `#[warn(dead_code)]` on by default
[INFO] [stdout] 
[INFO] [stdout] 
[INFO] [stdout] warning: struct `Acquintance` is never constructed
[INFO] [stdout]   --> src/sections/mod.rs:51:8
[INFO] [stdout]    |
[INFO] [stdout] 51 | struct Acquintance;
[INFO] [stdout]    |        ^^^^^^^^^^^
[INFO] [stdout] 
[INFO] [stdout] 
[INFO] [stdout] warning: struct `Entrepreneurship` is never constructed
[INFO] [stdout]   --> src/sections/mod.rs:53:8
[INFO] [stdout]    |
[INFO] [stdout] 53 | struct Entrepreneurship;
[INFO] [stdout]    |        ^^^^^^^^^^^^^^^^
[INFO] [stdout] 
[INFO] [stdout] 
[INFO] [stdout] warning: struct `Volunteering` is never constructed
[INFO] [stdout]   --> src/sections/mod.rs:54:8
[INFO] [stdout]    |
[INFO] [stdout] 54 | struct Volunteering;
[INFO] [stdout]    |        ^^^^^^^^^^^^
[INFO] [stdout] 
[INFO] [stdout] 
[INFO] [stdout] warning: enum `Publications` is never used
[INFO] [stdout]   --> src/sections/mod.rs:56:6
[INFO] [stdout]    |
[INFO] [stdout] 56 | enum Publications {
[INFO] [stdout]    |      ^^^^^^^^^^^^
[INFO] [stdout] 
[INFO] [stdout] 
[INFO] [stdout] warning: struct `OpenSourceContribution` is never constructed
[INFO] [stdout]   --> src/sections/mod.rs:61:8
[INFO] [stdout]    |
[INFO] [stdout] 61 | struct OpenSourceContribution;
[INFO] [stdout]    |        ^^^^^^^^^^^^^^^^^^^^^^
[INFO] [stdout] 
[INFO] [stdout] 
[INFO] [stdout] warning: struct `ExpertRoles` is never constructed
[INFO] [stdout]   --> src/sections/mod.rs:63:8
[INFO] [stdout]    |
[INFO] [stdout] 63 | struct ExpertRoles;
[INFO] [stdout]    |        ^^^^^^^^^^^
[INFO] [stdout] 
[INFO] [stdout] 
[INFO] [stdout] warning: struct `OpenSourceContributions` is never constructed
[INFO] [stdout]   --> src/sections/mod.rs:65:8
[INFO] [stdout]    |
[INFO] [stdout] 65 | struct OpenSourceContributions;
[INFO] [stdout]    |        ^^^^^^^^^^^^^^^^^^^^^^^
[INFO] [stdout] 
[INFO] [stdout] 
[INFO] [stdout] warning: struct `Olympiads` is never constructed
[INFO] [stdout]   --> src/sections/mod.rs:66:8
[INFO] [stdout]    |
[INFO] [stdout] 66 | struct Olympiads;
[INFO] [stdout]    |        ^^^^^^^^^
[INFO] [stdout] 
[INFO] [stdout] 
[INFO] [stdout] warning: 13 warnings emitted
[INFO] [stdout] 
[INFO] [stdout] 
[INFO] [stderr]     Finished test [unoptimized + debuginfo] target(s) in 13.03s
[INFO] running `Command { std: "docker" "inspect" "57583ec81f41a3bf4f2d805ebc5b4ae13974aedacdb65171a30c23f68664cf28", kill_on_drop: false }`
[INFO] running `Command { std: "docker" "rm" "-f" "57583ec81f41a3bf4f2d805ebc5b4ae13974aedacdb65171a30c23f68664cf28", kill_on_drop: false }`
[INFO] [stdout] 57583ec81f41a3bf4f2d805ebc5b4ae13974aedacdb65171a30c23f68664cf28
[INFO] running `Command { std: "docker" "create" "-v" "/var/lib/crater-agent-workspace/builds/worker-4-tc2/target:/opt/rustwide/target:rw,Z" "-v" "/var/lib/crater-agent-workspace/builds/worker-4-tc2/source:/opt/rustwide/workdir:ro,Z" "-v" "/var/lib/crater-agent-workspace/cargo-home:/opt/rustwide/cargo-home:ro,Z" "-v" "/var/lib/crater-agent-workspace/rustup-home:/opt/rustwide/rustup-home:ro,Z" "-e" "SOURCE_DIR=/opt/rustwide/workdir" "-e" "CARGO_TARGET_DIR=/opt/rustwide/target" "-e" "CARGO_INCREMENTAL=0" "-e" "RUST_BACKTRACE=full" "-e" "RUSTFLAGS=--cap-lints=warn" "-e" "RUSTDOCFLAGS=--cap-lints=warn" "-e" "CARGO_HOME=/opt/rustwide/cargo-home" "-e" "RUSTUP_HOME=/opt/rustwide/rustup-home" "-w" "/opt/rustwide/workdir" "-m" "1610612736" "--user" "0:0" "--network" "none" "ghcr.io/rust-lang/crates-build-env/linux@sha256:2788e3201cd34a07e3172128adcd8b3090168a8e3bcc40d7c032b9dda1df7d1c" "/opt/rustwide/cargo-home/bin/cargo" "+beta-2023-12-22" "test" "--frozen", kill_on_drop: false }`
[INFO] [stdout] dfb62362cd11d6615a3a742c6c445c4916c20b6ad5faecd8df66f43792a021dd
[INFO] running `Command { std: "docker" "start" "-a" "dfb62362cd11d6615a3a742c6c445c4916c20b6ad5faecd8df66f43792a021dd", kill_on_drop: false }`
[INFO] [stderr] warning: unused import: `url::Url`
[INFO] [stderr]  --> src/sections/conference_talk.rs:8:5
[INFO] [stderr]   |
[INFO] [stderr] 8 | use url::Url;
[INFO] [stderr]   |     ^^^^^^^^
[INFO] [stderr]   |
[INFO] [stderr]   = note: `#[warn(unused_imports)]` on by default
[INFO] [stderr] 
[INFO] [stderr] warning: unused import: `crate::types`
[INFO] [stderr]  --> src/sections/hackathon.rs:1:5
[INFO] [stderr]   |
[INFO] [stderr] 1 | use crate::types;
[INFO] [stderr]   |     ^^^^^^^^^^^^
[INFO] [stderr] 
[INFO] [stderr] warning: unused import: `hackathon::Hackathon`
[INFO] [stderr]  --> src/sections/mod.rs:6:5
[INFO] [stderr]   |
[INFO] [stderr] 6 | use hackathon::Hackathon;
[INFO] [stderr]   |     ^^^^^^^^^^^^^^^^^^^^
[INFO] [stderr] 
[INFO] [stderr] warning: unused imports: `Referee`, `Referrer`
[INFO] [stderr]   --> src/main.rs:11:13
[INFO] [stderr]    |
[INFO] [stderr] 11 | use types::{Referee, Referrer};
[INFO] [stderr]    |             ^^^^^^^  ^^^^^^^^
[INFO] [stderr] 
[INFO] [stderr] warning: struct `Background` is never constructed
[INFO] [stderr]   --> src/sections/mod.rs:50:8
[INFO] [stderr]    |
[INFO] [stderr] 50 | struct Background;
[INFO] [stderr]    |        ^^^^^^^^^^
[INFO] [stderr]    |
[INFO] [stderr]    = note: `#[warn(dead_code)]` on by default
[INFO] [stderr] 
[INFO] [stderr] warning: struct `Acquintance` is never constructed
[INFO] [stderr]   --> src/sections/mod.rs:51:8
[INFO] [stderr]    |
[INFO] [stderr] 51 | struct Acquintance;
[INFO] [stderr]    |        ^^^^^^^^^^^
[INFO] [stderr] 
[INFO] [stderr] warning: struct `Entrepreneurship` is never constructed
[INFO] [stderr]   --> src/sections/mod.rs:53:8
[INFO] [stderr]    |
[INFO] [stderr] 53 | struct Entrepreneurship;
[INFO] [stderr]    |        ^^^^^^^^^^^^^^^^
[INFO] [stderr] 
[INFO] [stderr] warning: struct `Volunteering` is never constructed
[INFO] [stderr]   --> src/sections/mod.rs:54:8
[INFO] [stderr]    |
[INFO] [stderr] 54 | struct Volunteering;
[INFO] [stderr]    |        ^^^^^^^^^^^^
[INFO] [stderr] 
[INFO] [stderr] warning: enum `Publications` is never used
[INFO] [stderr]   --> src/sections/mod.rs:56:6
[INFO] [stderr]    |
[INFO] [stderr] 56 | enum Publications {
[INFO] [stderr]    |      ^^^^^^^^^^^^
[INFO] [stderr] 
[INFO] [stderr] warning: struct `OpenSourceContribution` is never constructed
[INFO] [stderr]   --> src/sections/mod.rs:61:8
[INFO] [stderr]    |
[INFO] [stderr] 61 | struct OpenSourceContribution;
[INFO] [stderr]    |        ^^^^^^^^^^^^^^^^^^^^^^
[INFO] [stderr] 
[INFO] [stderr] warning: struct `ExpertRoles` is never constructed
[INFO] [stderr]   --> src/sections/mod.rs:63:8
[INFO] [stderr]    |
[INFO] [stderr] 63 | struct ExpertRoles;
[INFO] [stderr]    |        ^^^^^^^^^^^
[INFO] [stderr] 
[INFO] [stderr] warning: struct `OpenSourceContributions` is never constructed
[INFO] [stderr]   --> src/sections/mod.rs:65:8
[INFO] [stderr]    |
[INFO] [stderr] 65 | struct OpenSourceContributions;
[INFO] [stderr]    |        ^^^^^^^^^^^^^^^^^^^^^^^
[INFO] [stderr] 
[INFO] [stderr] warning: struct `Olympiads` is never constructed
[INFO] [stderr]   --> src/sections/mod.rs:66:8
[INFO] [stderr]    |
[INFO] [stderr] 66 | struct Olympiads;
[INFO] [stderr]    |        ^^^^^^^^^
[INFO] [stderr] 
[INFO] [stderr] warning: `refmail` (bin "refmail" test) generated 13 warnings (run `cargo fix --bin "refmail" --tests` to apply 4 suggestions)
[INFO] [stderr]     Finished test [unoptimized + debuginfo] target(s) in 0.09s
[INFO] [stderr]      Running unittests bin/call.rs (/opt/rustwide/target/debug/deps/call-ffded1cdff0886dd)
[INFO] [stdout] 
[INFO] [stdout] running 0 tests
[INFO] [stdout] 
[INFO] [stdout] test result: ok. 0 passed; 0 failed; 0 ignored; 0 measured; 0 filtered out; finished in 0.00s
[INFO] [stdout] 
[INFO] [stderr]      Running unittests src/main.rs (/opt/rustwide/target/debug/deps/refmail-b2cd36cab6d86eb9)
[INFO] [stdout] 
[INFO] [stdout] running 1 test
[INFO] [stdout] test sections::conference_talk::tests::test_render::full ... FAILED
[INFO] [stdout] 
[INFO] [stdout] failures:
[INFO] [stdout] 
[INFO] [stdout] ---- sections::conference_talk::tests::test_render::full stdout ----
[INFO] [stdout] thread 'sections::conference_talk::tests::test_render::full' panicked at src/sections/conference_talk.rs:88:64:
[INFO] [stdout] called `Result::unwrap()` on an `Err` value: NotPresent
[INFO] [stdout] stack backtrace:
[INFO] [stdout]    0:     0x562ab10392a6 - std::backtrace_rs::backtrace::libunwind::trace::h261606ad26a499c1
[INFO] [stdout]                                at /rustc/0e09125c6c3c2fd70d7de961bcf0e51575235fad/library/std/src/../../backtrace/src/backtrace/libunwind.rs:104:5
[INFO] [stdout]    1:     0x562ab10392a6 - std::backtrace_rs::backtrace::trace_unsynchronized::hd183f0625477fb28
[INFO] [stdout]                                at /rustc/0e09125c6c3c2fd70d7de961bcf0e51575235fad/library/std/src/../../backtrace/src/backtrace/mod.rs:66:5
[INFO] [stdout]    2:     0x562ab10392a6 - std::sys_common::backtrace::_print_fmt::hd7f8fef21b4eda67
[INFO] [stdout]                                at /rustc/0e09125c6c3c2fd70d7de961bcf0e51575235fad/library/std/src/sys_common/backtrace.rs:68:5
[INFO] [stdout]    3:     0x562ab10392a6 - <std::sys_common::backtrace::_print::DisplayBacktrace as core::fmt::Display>::fmt::h623d9b51f2f453f1
[INFO] [stdout]                                at /rustc/0e09125c6c3c2fd70d7de961bcf0e51575235fad/library/std/src/sys_common/backtrace.rs:44:22
[INFO] [stdout]    4:     0x562ab1065d80 - core::fmt::rt::Argument::fmt::h9f417ac76a86f368
[INFO] [stdout]                                at /rustc/0e09125c6c3c2fd70d7de961bcf0e51575235fad/library/core/src/fmt/rt.rs:142:9
[INFO] [stdout]    5:     0x562ab1065d80 - core::fmt::write::hc9b6faf4ac2aeff7
[INFO] [stdout]                                at /rustc/0e09125c6c3c2fd70d7de961bcf0e51575235fad/library/core/src/fmt/mod.rs:1120:17
[INFO] [stdout]    6:     0x562ab10369ef - std::io::Write::write_fmt::he04625a3a989fec3
[INFO] [stdout]                                at /rustc/0e09125c6c3c2fd70d7de961bcf0e51575235fad/library/std/src/io/mod.rs:1810:15
[INFO] [stdout]    7:     0x562ab1039084 - std::sys_common::backtrace::_print::hd5d66399c7df88a2
[INFO] [stdout]                                at /rustc/0e09125c6c3c2fd70d7de961bcf0e51575235fad/library/std/src/sys_common/backtrace.rs:47:5
[INFO] [stdout]    8:     0x562ab1039084 - std::sys_common::backtrace::print::he81ed2da642d37e5
[INFO] [stdout]                                at /rustc/0e09125c6c3c2fd70d7de961bcf0e51575235fad/library/std/src/sys_common/backtrace.rs:34:9
[INFO] [stdout]    9:     0x562ab103adf7 - std::panicking::default_hook::{{closure}}::h85773f4fa117163d
[INFO] [stdout]   10:     0x562ab103aadd - std::panicking::default_hook::h6a1694a91d09b278
[INFO] [stdout]                                at /rustc/0e09125c6c3c2fd70d7de961bcf0e51575235fad/library/std/src/panicking.rs:289:9
[INFO] [stdout]   11:     0x562ab0a3db27 - <alloc::boxed::Box<F,A> as core::ops::function::Fn<Args>>::call::h616ac37fa3cd6c8f
[INFO] [stdout]                                at /rustc/0e09125c6c3c2fd70d7de961bcf0e51575235fad/library/alloc/src/boxed.rs:2029:9
[INFO] [stdout]   12:     0x562ab0a3db27 - test::test_main::{{closure}}::h00d84697cefdcbb6
[INFO] [stdout]                                at /rustc/0e09125c6c3c2fd70d7de961bcf0e51575235fad/library/test/src/lib.rs:138:21
[INFO] [stdout]   13:     0x562ab103b416 - <alloc::boxed::Box<F,A> as core::ops::function::Fn<Args>>::call::hcb3fe3b9bb537ba8
[INFO] [stdout]                                at /rustc/0e09125c6c3c2fd70d7de961bcf0e51575235fad/library/alloc/src/boxed.rs:2029:9
[INFO] [stdout]   14:     0x562ab103b416 - std::panicking::rust_panic_with_hook::h0a7ad96e90f7145b
[INFO] [stdout]                                at /rustc/0e09125c6c3c2fd70d7de961bcf0e51575235fad/library/std/src/panicking.rs:783:13
[INFO] [stdout]   15:     0x562ab103b162 - std::panicking::begin_panic_handler::{{closure}}::h7919090525c6485e
[INFO] [stdout]                                at /rustc/0e09125c6c3c2fd70d7de961bcf0e51575235fad/library/std/src/panicking.rs:657:13
[INFO] [stdout]   16:     0x562ab10397a6 - std::sys_common::backtrace::__rust_end_short_backtrace::hf3289479464f7dfe
[INFO] [stdout]                                at /rustc/0e09125c6c3c2fd70d7de961bcf0e51575235fad/library/std/src/sys_common/backtrace.rs:171:18
[INFO] [stdout]   17:     0x562ab103aec0 - rust_begin_unwind
[INFO] [stdout]                                at /rustc/0e09125c6c3c2fd70d7de961bcf0e51575235fad/library/std/src/panicking.rs:645:5
[INFO] [stdout]   18:     0x562ab098e5e5 - core::panicking::panic_fmt::hcc9f77c5c132af55
[INFO] [stdout]                                at /rustc/0e09125c6c3c2fd70d7de961bcf0e51575235fad/library/core/src/panicking.rs:72:14
[INFO] [stdout]   19:     0x562ab098ec23 - core::result::unwrap_failed::hbe14f498be1452f9
[INFO] [stdout]                                at /rustc/0e09125c6c3c2fd70d7de961bcf0e51575235fad/library/core/src/result.rs:1649:5
[INFO] [stdout]   20:     0x562ab09b89a4 - core::result::Result<T,E>::unwrap::hd9c35ca9667e73ff
[INFO] [stdout]                                at /rustc/0e09125c6c3c2fd70d7de961bcf0e51575235fad/library/core/src/result.rs:1073:23
[INFO] [stdout]   21:     0x562ab09acda1 - refmail::sections::conference_talk::tests::test_render::hbcd6c18626ac3c0b
[INFO] [stdout]                                at /opt/rustwide/workdir/src/sections/conference_talk.rs:88:40
[INFO] [stdout]   22:     0x562ab09c320c - refmail::sections::conference_talk::tests::test_render::full::he60bc9ee619fe766
[INFO] [stdout]                                at /opt/rustwide/workdir/src/sections/conference_talk.rs:69:5
[INFO] [stdout]   23:     0x562ab09c2c27 - refmail::sections::conference_talk::tests::test_render::full::{{closure}}::h82eba572204b0143
[INFO] [stdout]                                at /opt/rustwide/workdir/src/sections/conference_talk.rs:85:26
[INFO] [stdout]   24:     0x562ab09c0ad6 - core::ops::function::FnOnce::call_once::hb7876587dc00f874
[INFO] [stdout]                                at /rustc/0e09125c6c3c2fd70d7de961bcf0e51575235fad/library/core/src/ops/function.rs:250:5
[INFO] [stdout]   25:     0x562ab0a433ff - core::ops::function::FnOnce::call_once::hd64d26f405258157
[INFO] [stdout]                                at /rustc/0e09125c6c3c2fd70d7de961bcf0e51575235fad/library/core/src/ops/function.rs:250:5
[INFO] [stdout]   26:     0x562ab0a433ff - test::__rust_begin_short_backtrace::he21b0b7a6d731bf9
[INFO] [stdout]                                at /rustc/0e09125c6c3c2fd70d7de961bcf0e51575235fad/library/test/src/lib.rs:627:18
[INFO] [stdout]   27:     0x562ab0a42181 - test::run_test_in_process::{{closure}}::hf5c73986d7bdfde2
[INFO] [stdout]                                at /rustc/0e09125c6c3c2fd70d7de961bcf0e51575235fad/library/test/src/lib.rs:650:60
[INFO] [stdout]   28:     0x562ab0a42181 - <core::panic::unwind_safe::AssertUnwindSafe<F> as core::ops::function::FnOnce<()>>::call_once::h330011ad032aadc0
[INFO] [stdout]                                at /rustc/0e09125c6c3c2fd70d7de961bcf0e51575235fad/library/core/src/panic/unwind_safe.rs:272:9
[INFO] [stdout]   29:     0x562ab0a42181 - std::panicking::try::do_call::he61b0a958b795a41
[INFO] [stdout]                                at /rustc/0e09125c6c3c2fd70d7de961bcf0e51575235fad/library/std/src/panicking.rs:552:40
[INFO] [stdout]   30:     0x562ab0a42181 - std::panicking::try::h7309da130f906eb7
[INFO] [stdout]                                at /rustc/0e09125c6c3c2fd70d7de961bcf0e51575235fad/library/std/src/panicking.rs:516:19
[INFO] [stdout]   31:     0x562ab0a42181 - std::panic::catch_unwind::hc5c3a06fdaf0a92a
[INFO] [stdout]                                at /rustc/0e09125c6c3c2fd70d7de961bcf0e51575235fad/library/std/src/panic.rs:142:14
[INFO] [stdout]   32:     0x562ab0a42181 - test::run_test_in_process::h7e7b7c71c3324e0f
[INFO] [stdout]                                at /rustc/0e09125c6c3c2fd70d7de961bcf0e51575235fad/library/test/src/lib.rs:650:27
[INFO] [stdout]   33:     0x562ab0a42181 - test::run_test::{{closure}}::h1f509f28f5cf20b1
[INFO] [stdout]                                at /rustc/0e09125c6c3c2fd70d7de961bcf0e51575235fad/library/test/src/lib.rs:573:43
[INFO] [stdout]   34:     0x562ab0a094b6 - test::run_test::{{closure}}::h1754218abf443f6d
[INFO] [stdout]                                at /rustc/0e09125c6c3c2fd70d7de961bcf0e51575235fad/library/test/src/lib.rs:601:41
[INFO] [stdout]   35:     0x562ab0a094b6 - std::sys_common::backtrace::__rust_begin_short_backtrace::h2ee174b9d5954948
[INFO] [stdout]                                at /rustc/0e09125c6c3c2fd70d7de961bcf0e51575235fad/library/std/src/sys_common/backtrace.rs:155:18
[INFO] [stdout]   36:     0x562ab0a0e517 - std::thread::Builder::spawn_unchecked_::{{closure}}::{{closure}}::hf60bee9c1a17ef09
[INFO] [stdout]                                at /rustc/0e09125c6c3c2fd70d7de961bcf0e51575235fad/library/std/src/thread/mod.rs:529:17
[INFO] [stdout]   37:     0x562ab0a0e517 - <core::panic::unwind_safe::AssertUnwindSafe<F> as core::ops::function::FnOnce<()>>::call_once::h33d0dddec5216160
[INFO] [stdout]                                at /rustc/0e09125c6c3c2fd70d7de961bcf0e51575235fad/library/core/src/panic/unwind_safe.rs:272:9
[INFO] [stdout]   38:     0x562ab0a0e517 - std::panicking::try::do_call::h144b3048b546f835
[INFO] [stdout]                                at /rustc/0e09125c6c3c2fd70d7de961bcf0e51575235fad/library/std/src/panicking.rs:552:40
[INFO] [stdout]   39:     0x562ab0a0e517 - std::panicking::try::h978244d04646189f
[INFO] [stdout]                                at /rustc/0e09125c6c3c2fd70d7de961bcf0e51575235fad/library/std/src/panicking.rs:516:19
[INFO] [stdout]   40:     0x562ab0a0e517 - std::panic::catch_unwind::hdf436369d188fe86
[INFO] [stdout]                                at /rustc/0e09125c6c3c2fd70d7de961bcf0e51575235fad/library/std/src/panic.rs:142:14
[INFO] [stdout]   41:     0x562ab0a0e517 - std::thread::Builder::spawn_unchecked_::{{closure}}::h87329cbdd33c79ec
[INFO] [stdout]                                at /rustc/0e09125c6c3c2fd70d7de961bcf0e51575235fad/library/std/src/thread/mod.rs:528:30
[INFO] [stdout]   42:     0x562ab0a0e517 - core::ops::function::FnOnce::call_once{{vtable.shim}}::h401abbe67897d450
[INFO] [stdout]                                at /rustc/0e09125c6c3c2fd70d7de961bcf0e51575235fad/library/core/src/ops/function.rs:250:5
[INFO] [stdout]   43:     0x562ab1040745 - <alloc::boxed::Box<F,A> as core::ops::function::FnOnce<Args>>::call_once::h5d7c8f150ab9c84c
[INFO] [stdout]                                at /rustc/0e09125c6c3c2fd70d7de961bcf0e51575235fad/library/alloc/src/boxed.rs:2015:9
[INFO] [stdout]   44:     0x562ab1040745 - <alloc::boxed::Box<F,A> as core::ops::function::FnOnce<Args>>::call_once::h570d5b005c242c15
[INFO] [stdout]                                at /rustc/0e09125c6c3c2fd70d7de961bcf0e51575235fad/library/alloc/src/boxed.rs:2015:9
[INFO] [stdout]   45:     0x562ab1040745 - std::sys::unix::thread::Thread::new::thread_start::h36b0a20c0b2361ad
[INFO] [stdout]                                at /rustc/0e09125c6c3c2fd70d7de961bcf0e51575235fad/library/std/src/sys/unix/thread.rs:108:17
[INFO] [stdout]   46:     0x7fdb65290ac3 - <unknown>
[INFO] [stdout]   47:     0x7fdb65321bf4 - __clone
[INFO] [stdout]   48:                0x0 - <unknown>
[INFO] [stdout] 
[INFO] [stdout] 
[INFO] [stdout] failures:
[INFO] [stdout]     sections::conference_talk::tests::test_render::full
[INFO] [stdout] 
[INFO] [stdout] test result: FAILED. 0 passed; 1 failed; 0 ignored; 0 measured; 0 filtered out; finished in 0.02s
[INFO] [stdout] 
[INFO] [stderr] error: test failed, to rerun pass `--bin refmail`
[INFO] running `Command { std: "docker" "inspect" "dfb62362cd11d6615a3a742c6c445c4916c20b6ad5faecd8df66f43792a021dd", kill_on_drop: false }`
[INFO] running `Command { std: "docker" "rm" "-f" "dfb62362cd11d6615a3a742c6c445c4916c20b6ad5faecd8df66f43792a021dd", kill_on_drop: false }`
[INFO] [stdout] dfb62362cd11d6615a3a742c6c445c4916c20b6ad5faecd8df66f43792a021dd
