[INFO] cloning repository https://github.com/vdikan/shuttle-cch23
[INFO] running `Command { std: "git" "-c" "credential.helper=" "-c" "credential.helper=/workspace/cargo-home/bin/git-credential-null" "clone" "--bare" "https://github.com/vdikan/shuttle-cch23" "/workspace/cache/git-repos/https%3A%2F%2Fgithub.com%2Fvdikan%2Fshuttle-cch23", kill_on_drop: false }`
[INFO] [stderr] Cloning into bare repository '/workspace/cache/git-repos/https%3A%2F%2Fgithub.com%2Fvdikan%2Fshuttle-cch23'...
[INFO] running `Command { std: "git" "rev-parse" "HEAD", kill_on_drop: false }`
[INFO] [stdout] 38a8a1e164179682d3754429fccf85e807ade739
[INFO] testing vdikan/shuttle-cch23 against 1.75.0 for beta-1.76-1
[INFO] running `Command { std: "git" "clone" "/workspace/cache/git-repos/https%3A%2F%2Fgithub.com%2Fvdikan%2Fshuttle-cch23" "/workspace/builds/worker-6-tc1/source", kill_on_drop: false }`
[INFO] [stderr] Cloning into '/workspace/builds/worker-6-tc1/source'...
[INFO] [stderr] done.
[INFO] validating manifest of git repo https://github.com/vdikan/shuttle-cch23 on toolchain 1.75.0
[INFO] running `Command { std: CARGO_HOME="/workspace/cargo-home" RUSTUP_HOME="/workspace/rustup-home" "/workspace/cargo-home/bin/cargo" "+1.75.0" "metadata" "--manifest-path" "Cargo.toml" "--no-deps", kill_on_drop: false }`
[INFO] started tweaking git repo https://github.com/vdikan/shuttle-cch23
[INFO] finished tweaking git repo https://github.com/vdikan/shuttle-cch23
[INFO] tweaked toml for git repo https://github.com/vdikan/shuttle-cch23 written to /workspace/builds/worker-6-tc1/source/Cargo.toml
[INFO] crate git repo https://github.com/vdikan/shuttle-cch23 already has a lockfile, it will not be regenerated
[INFO] running `Command { std: CARGO_HOME="/workspace/cargo-home" RUSTUP_HOME="/workspace/rustup-home" "/workspace/cargo-home/bin/cargo" "+1.75.0" "fetch" "--manifest-path" "Cargo.toml", kill_on_drop: false }`
[INFO] running `Command { std: "docker" "create" "-v" "/var/lib/crater-agent-workspace/builds/worker-6-tc1/target:/opt/rustwide/target:rw,Z" "-v" "/var/lib/crater-agent-workspace/builds/worker-6-tc1/source:/opt/rustwide/workdir:ro,Z" "-v" "/var/lib/crater-agent-workspace/cargo-home:/opt/rustwide/cargo-home:ro,Z" "-v" "/var/lib/crater-agent-workspace/rustup-home:/opt/rustwide/rustup-home:ro,Z" "-e" "SOURCE_DIR=/opt/rustwide/workdir" "-e" "CARGO_TARGET_DIR=/opt/rustwide/target" "-e" "CARGO_HOME=/opt/rustwide/cargo-home" "-e" "RUSTUP_HOME=/opt/rustwide/rustup-home" "-w" "/opt/rustwide/workdir" "-m" "1610612736" "--user" "0:0" "--network" "none" "ghcr.io/rust-lang/crates-build-env/linux@sha256:2788e3201cd34a07e3172128adcd8b3090168a8e3bcc40d7c032b9dda1df7d1c" "/opt/rustwide/cargo-home/bin/cargo" "+1.75.0" "metadata" "--no-deps" "--format-version=1", kill_on_drop: false }`
[INFO] [stdout] 219386b59dffd538d46ce21c32f26253ad826b45bd46c5fc0643205d537587d9
[INFO] running `Command { std: "docker" "start" "-a" "219386b59dffd538d46ce21c32f26253ad826b45bd46c5fc0643205d537587d9", kill_on_drop: false }`
[INFO] running `Command { std: "docker" "inspect" "219386b59dffd538d46ce21c32f26253ad826b45bd46c5fc0643205d537587d9", kill_on_drop: false }`
[INFO] running `Command { std: "docker" "rm" "-f" "219386b59dffd538d46ce21c32f26253ad826b45bd46c5fc0643205d537587d9", kill_on_drop: false }`
[INFO] [stdout] 219386b59dffd538d46ce21c32f26253ad826b45bd46c5fc0643205d537587d9
[INFO] running `Command { std: "docker" "create" "-v" "/var/lib/crater-agent-workspace/builds/worker-6-tc1/target:/opt/rustwide/target:rw,Z" "-v" "/var/lib/crater-agent-workspace/builds/worker-6-tc1/source:/opt/rustwide/workdir:ro,Z" "-v" "/var/lib/crater-agent-workspace/cargo-home:/opt/rustwide/cargo-home:ro,Z" "-v" "/var/lib/crater-agent-workspace/rustup-home:/opt/rustwide/rustup-home:ro,Z" "-e" "SOURCE_DIR=/opt/rustwide/workdir" "-e" "CARGO_TARGET_DIR=/opt/rustwide/target" "-e" "CARGO_INCREMENTAL=0" "-e" "RUST_BACKTRACE=full" "-e" "RUSTFLAGS=--cap-lints=warn" "-e" "RUSTDOCFLAGS=--cap-lints=warn" "-e" "CARGO_HOME=/opt/rustwide/cargo-home" "-e" "RUSTUP_HOME=/opt/rustwide/rustup-home" "-w" "/opt/rustwide/workdir" "-m" "1610612736" "--user" "0:0" "--network" "none" "ghcr.io/rust-lang/crates-build-env/linux@sha256:2788e3201cd34a07e3172128adcd8b3090168a8e3bcc40d7c032b9dda1df7d1c" "/opt/rustwide/cargo-home/bin/cargo" "+1.75.0" "build" "--frozen" "--message-format=json", kill_on_drop: false }`
[INFO] [stdout] 37c5bc76cc8c2f1afaec091754a40524332c8d4b4e03150b8f7c5cfd6bc767be
[INFO] running `Command { std: "docker" "start" "-a" "37c5bc76cc8c2f1afaec091754a40524332c8d4b4e03150b8f7c5cfd6bc767be", kill_on_drop: false }`
[INFO] [stderr]    Compiling proc-macro2 v1.0.70
[INFO] [stderr]    Compiling unicode-ident v1.0.12
[INFO] [stderr]    Compiling autocfg v1.1.0
[INFO] [stderr]    Compiling cfg-if v1.0.0
[INFO] [stderr]    Compiling libc v0.2.150
[INFO] [stderr]    Compiling scopeguard v1.2.0
[INFO] [stderr]    Compiling pin-project-lite v0.2.13
[INFO] [stderr]    Compiling log v0.4.20
[INFO] [stderr]    Compiling bytes v1.5.0
[INFO] [stderr]    Compiling version_check v0.9.4
[INFO] [stderr]    Compiling futures-core v0.3.29
[INFO] [stderr]    Compiling smallvec v1.11.2
[INFO] [stderr]    Compiling itoa v1.0.9
[INFO] [stderr]    Compiling once_cell v1.18.0
[INFO] [stderr]    Compiling parking_lot_core v0.9.9
[INFO] [stderr]    Compiling futures-sink v0.3.29
[INFO] [stderr]    Compiling serde v1.0.193
[INFO] [stderr]    Compiling futures-task v0.3.29
[INFO] [stderr]    Compiling futures-util v0.3.29
[INFO] [stderr]    Compiling pin-utils v0.1.0
[INFO] [stderr]    Compiling fnv v1.0.7
[INFO] [stderr]    Compiling hashbrown v0.14.3
[INFO] [stderr]    Compiling tracing-core v0.1.32
[INFO] [stderr]    Compiling equivalent v1.0.1
[INFO] [stderr]    Compiling rustversion v1.0.14
[INFO] [stderr]    Compiling crossbeam-utils v0.8.16
[INFO] [stderr]    Compiling futures-channel v0.3.29
[INFO] [stderr]    Compiling ryu v1.0.15
[INFO] [stderr]    Compiling percent-encoding v2.3.1
[INFO] [stderr]    Compiling lock_api v0.4.11
[INFO] [stderr]    Compiling slab v0.4.9
[INFO] [stderr]    Compiling num-traits v0.2.17
[INFO] [stderr]    Compiling thiserror v1.0.50
[INFO] [stderr]    Compiling http v0.2.11
[INFO] [stderr]    Compiling httparse v1.8.0
[INFO] [stderr]    Compiling tower-service v0.3.2
[INFO] [stderr]    Compiling serde_json v1.0.108
[INFO] [stderr]    Compiling async-trait v0.1.74
[INFO] [stderr]    Compiling either v1.9.0
[INFO] [stderr]    Compiling quote v1.0.33
[INFO] [stderr]    Compiling indexmap v2.1.0
[INFO] [stderr]    Compiling spin v0.9.8
[INFO] [stderr]    Compiling anyhow v1.0.75
[INFO] [stderr]    Compiling syn v1.0.109
[INFO] [stderr]    Compiling ppv-lite86 v0.2.17
[INFO] [stderr]    Compiling httpdate v1.0.3
[INFO] [stderr]    Compiling syn v2.0.39
[INFO] [stderr]    Compiling mime v0.3.17
[INFO] [stderr]    Compiling bitflags v2.4.1
[INFO] [stderr]    Compiling try-lock v0.2.4
[INFO] [stderr]    Compiling bitflags v1.3.2
[INFO] [stderr]    Compiling want v0.3.1
[INFO] [stderr]    Compiling form_urlencoded v1.2.1
[INFO] [stderr]    Compiling http-body v0.4.5
[INFO] [stderr]    Compiling signal-hook-registry v1.4.1
[INFO] [stderr]    Compiling mio v0.8.9
[INFO] [stderr]    Compiling num_cpus v1.16.0
[INFO] [stderr]    Compiling socket2 v0.5.5
[INFO] [stderr]    Compiling getrandom v0.2.11
[INFO] [stderr]    Compiling cc v1.0.83
[INFO] [stderr]    Compiling socket2 v0.4.10
[INFO] [stderr]    Compiling indexmap v1.9.3
[INFO] [stderr]    Compiling tower-layer v0.3.2
[INFO] [stderr]    Compiling typenum v1.17.0
[INFO] [stderr]    Compiling parking_lot v0.12.1
[INFO] [stderr]    Compiling rand_core v0.6.4
[INFO] [stderr]    Compiling base64 v0.21.5
[INFO] [stderr]    Compiling urlencoding v2.1.3
[INFO] [stderr]    Compiling rand_chacha v0.3.1
[INFO] [stderr]    Compiling axum-core v0.3.4
[INFO] [stderr]    Compiling num-integer v0.1.45
[INFO] [stderr]    Compiling multer v2.1.0
[INFO] [stderr]    Compiling generic-array v0.14.7
[INFO] [stderr]    Compiling encoding_rs v0.8.33
[INFO] [stderr]    Compiling rand v0.8.5
[INFO] [stderr]    Compiling hashbrown v0.12.3
[INFO] [stderr]    Compiling axum v0.6.20
[INFO] [stderr]    Compiling unicase v2.7.0
[INFO] [stderr]    Compiling memchr v2.6.4
[INFO] [stderr]    Compiling lazy_static v1.4.0
[INFO] [stderr]    Compiling tinyvec_macros v0.1.1
[INFO] [stderr]    Compiling signal-hook v0.3.17
[INFO] [stderr]    Compiling tinyvec v1.6.0
[INFO] [stderr]    Compiling ordered-float v4.1.1
[INFO] [stderr]    Compiling crossbeam-channel v0.5.8
[INFO] [stderr]    Compiling itertools v0.10.5
[INFO] [stderr]    Compiling memoffset v0.9.0
[INFO] [stderr]    Compiling pkg-config v0.3.27
[INFO] [stderr]    Compiling sync_wrapper v0.1.2
[INFO] [stderr]    Compiling regex-syntax v0.8.2
[INFO] [stderr]    Compiling vcpkg v0.2.15
[INFO] [stderr]    Compiling glob v0.3.1
[INFO] [stderr]    Compiling regex-syntax v0.6.29
[INFO] [stderr]    Compiling matchit v0.7.3
[INFO] [stderr]    Compiling itertools v0.11.0
[INFO] [stderr]    Compiling num-bigint v0.4.4
[INFO] [stderr]    Compiling crossbeam-epoch v0.9.15
[INFO] [stderr]    Compiling overload v0.1.1
[INFO] [stderr]    Compiling powerfmt v0.2.0
[INFO] [stderr]    Compiling heck v0.4.1
[INFO] [stderr]    Compiling time-core v0.1.2
[INFO] [stderr]    Compiling nu-ansi-term v0.46.0
[INFO] [stderr]    Compiling openssl-sys v0.9.97
[INFO] [stderr]    Compiling time-macros v0.2.15
[INFO] [stderr]    Compiling deranged v0.3.9
[INFO] [stderr]    Compiling mime_guess v2.0.4
[INFO] [stderr]    Compiling signal-hook-mio v0.2.3
[INFO] [stderr]    Compiling unicode-normalization v0.1.22
[INFO] [stderr]    Compiling ring v0.17.6
[INFO] [stderr]    Compiling sharded-slab v0.1.7
[INFO] [stderr]    Compiling tracing-log v0.2.0
[INFO] [stderr]    Compiling thread_local v1.1.7
[INFO] [stderr]    Compiling crypto-common v0.1.6
[INFO] [stderr]    Compiling block-buffer v0.10.4
[INFO] [stderr]    Compiling unicode-bidi v0.3.13
[INFO] [stderr]    Compiling regex-automata v0.4.3
[INFO] [stderr]    Compiling doc-comment v0.3.3
[INFO] [stderr]    Compiling simd-adler32 v0.3.7
[INFO] [stderr]    Compiling digest v0.10.7
[INFO] [stderr]    Compiling idna v0.5.0
[INFO] [stderr]    Compiling regex-automata v0.1.10
[INFO] [stderr]    Compiling untrusted v0.9.0
[INFO] [stderr]    Compiling rayon-core v1.12.0
[INFO] [stderr]    Compiling cpufeatures v0.2.11
[INFO] [stderr]    Compiling semver v1.0.20
[INFO] [stderr]    Compiling sha1 v0.10.6
[INFO] [stderr]    Compiling crossbeam-deque v0.8.3
[INFO] [stderr]    Compiling crossterm v0.26.1
[INFO] [stderr]    Compiling prost-derive v0.11.9
[INFO] [stderr]    Compiling matchers v0.1.0
[INFO] [stderr]    Compiling strum_macros v0.24.3
[INFO] [stderr]    Compiling pem v3.0.2
[INFO] [stderr]    Compiling headers-core v0.2.0
[INFO] [stderr]    Compiling time v0.3.30
[INFO] [stderr]    Compiling regex v1.10.2
[INFO] [stderr]    Compiling proc-macro-error-attr v1.0.4
[INFO] [stderr]    Compiling http-range-header v0.3.1
[INFO] [stderr]    Compiling linked-hash-map v0.5.6
[INFO] [stderr]    Compiling rustix v0.38.25
[INFO] [stderr]    Compiling openssl v0.10.61
[INFO] [stderr]    Compiling crc32fast v1.3.2
[INFO] [stderr]    Compiling strum v0.24.1
[INFO] [stderr]    Compiling adler v1.0.2
[INFO] [stderr]    Compiling unicode-width v0.1.11
[INFO] [stderr]    Compiling iana-time-zone v0.1.58
[INFO] [stderr]    Compiling arrayvec v0.7.4
[INFO] [stderr]    Compiling foreign-types-shared v0.1.1
[INFO] [stderr]    Compiling finl_unicode v1.2.0
[INFO] [stderr]    Compiling rustc-hash v1.1.0
[INFO] [stderr]    Compiling strsim v0.10.0
[INFO] [stderr]    Compiling foreign-types v0.3.2
[INFO] [stderr]    Compiling miniz_oxide v0.7.1
[INFO] [stderr]    Compiling ttl_cache v0.5.1
[INFO] [stderr]    Compiling headers v0.3.9
[INFO] [stderr]    Compiling crossterm v0.27.0
[INFO] [stderr]    Compiling proc-macro-error v1.0.4
[INFO] [stderr]    Compiling native-tls v0.2.11
[INFO] [stderr]    Compiling zeroize v1.7.0
[INFO] [stderr]    Compiling linux-raw-sys v0.4.11
[INFO] [stderr]    Compiling openssl-probe v0.1.5
[INFO] [stderr]    Compiling serde_derive v1.0.193
[INFO] [stderr]    Compiling tokio-macros v2.2.0
[INFO] [stderr]    Compiling futures-macro v0.3.29
[INFO] [stderr]    Compiling tracing-attributes v0.1.27
[INFO] [stderr]    Compiling thiserror-impl v1.0.50
[INFO] [stderr]    Compiling pin-project-internal v1.1.3
[INFO] [stderr]    Compiling prost-derive v0.12.3
[INFO] [stderr]    Compiling async-stream-impl v0.3.5
[INFO] [stderr]    Compiling strum_macros v0.25.3
[INFO] [stderr]    Compiling comfy-table v6.2.0
[INFO] [stderr]    Compiling prost v0.11.9
[INFO] [stderr]    Compiling tokio v1.34.0
[INFO] [stderr]    Compiling rustrict v0.7.12
[INFO] [stderr]    Compiling openssl-macros v0.1.1
[INFO] [stderr]    Compiling async-stream v0.3.5
[INFO] [stderr]    Compiling flate2 v1.0.28
[INFO] [stderr]    Compiling rayon v1.8.0
[INFO] [stderr]    Compiling num-rational v0.4.1
[INFO] [stderr]    Compiling opentelemetry v0.21.0
[INFO] [stderr]    Compiling simple_asn1 v0.6.2
[INFO] [stderr]    Compiling tracing v0.1.40
[INFO] [stderr]    Compiling strfmt v0.2.4
[INFO] [stderr]    Compiling weezl v0.1.7
[INFO] [stderr]    Compiling is-terminal v0.4.9
[INFO] [stderr]    Compiling pin-project v1.1.3
[INFO] [stderr]    Compiling colored v2.0.4
[INFO] [stderr]    Compiling shuttle-codegen v0.35.0
[INFO] [stderr]    Compiling fdeflate v0.3.1
[INFO] [stderr]    Compiling zune-inflate v0.2.54
[INFO] [stderr]    Compiling flume v0.11.0
[INFO] [stderr]    Compiling lebe v0.5.2
[INFO] [stderr]    Compiling prost v0.12.3
[INFO] [stderr]    Compiling half v2.2.1
[INFO] [stderr]    Compiling bytemuck v1.14.0
[INFO] [stderr]    Compiling color_quant v1.1.0
[INFO] [stderr]    Compiling opentelemetry-semantic-conventions v0.13.0
[INFO] [stderr]    Compiling opentelemetry-http v0.10.0
[INFO] [stderr]    Compiling bit_field v0.10.2
[INFO] [stderr]    Compiling gif v0.12.0
[INFO] [stderr]    Compiling png v0.17.10
[INFO] [stderr]    Compiling qoi v0.4.1
[INFO] [stderr]    Compiling strum v0.25.0
[INFO] [stderr]    Compiling byteorder v1.5.0
[INFO] [stderr]    Compiling exr v1.71.0
[INFO] [stderr]    Compiling ipnet v2.9.0
[INFO] [stderr]    Compiling prost-types v0.12.3
[INFO] [stderr]    Compiling futures-executor v0.3.29
[INFO] [stderr]    Compiling jpeg-decoder v0.3.0
[INFO] [stderr]    Compiling tiff v0.9.0
[INFO] [stderr]    Compiling tokio-util v0.7.10
[INFO] [stderr]    Compiling tokio-stream v0.1.14
[INFO] [stderr]    Compiling tokio-io-timeout v1.2.0
[INFO] [stderr]    Compiling tokio-native-tls v0.3.1
[INFO] [stderr]    Compiling h2 v0.3.22
[INFO] [stderr]    Compiling tower v0.4.13
[INFO] [stderr]    Compiling tower-http v0.4.4
[INFO] [stderr]    Compiling image v0.24.7
[INFO] [stderr]    Compiling serde_urlencoded v0.7.1
[INFO] [stderr]    Compiling serde_path_to_error v0.1.14
[INFO] [stderr]    Compiling tracing-serde v0.1.3
[INFO] [stderr]    Compiling url v2.5.0
[INFO] [stderr]    Compiling chrono v0.4.31
[INFO] [stderr]    Compiling uuid v1.6.1
[INFO] [stderr]    Compiling opentelemetry_sdk v0.21.1
[INFO] [stderr]    Compiling tracing-subscriber v0.3.18
[INFO] [stderr]    Compiling jsonwebtoken v9.1.0
[INFO] [stderr]    Compiling tracing-opentelemetry v0.22.0
[INFO] [stderr]    Compiling opentelemetry-appender-tracing v0.2.0
[INFO] [stderr]    Compiling hyper v0.14.27
[INFO] [stderr]    Compiling hyper-timeout v0.4.1
[INFO] [stderr]    Compiling hyper-tls v0.5.0
[INFO] [stderr]    Compiling reqwest v0.11.22
[INFO] [stderr]    Compiling tonic v0.9.2
[INFO] [stderr]    Compiling tonic v0.10.2
[INFO] [stderr]    Compiling opentelemetry-proto v0.4.0
[INFO] [stderr]    Compiling opentelemetry-otlp v0.14.0
[INFO] [stderr]    Compiling shuttle-common v0.35.0
[INFO] [stderr]    Compiling shuttle-service v0.35.0
[INFO] [stderr]    Compiling shuttle-proto v0.35.0
[INFO] [stderr]    Compiling shuttle-runtime v0.35.0
[INFO] [stderr]    Compiling shuttle-axum v0.35.0
[INFO] [stderr]    Compiling cch23-hawthorne v0.1.0 (/opt/rustwide/workdir)
[INFO] [stderr]     Finished dev [unoptimized + debuginfo] target(s) in 1m 32s
[INFO] running `Command { std: "docker" "inspect" "37c5bc76cc8c2f1afaec091754a40524332c8d4b4e03150b8f7c5cfd6bc767be", kill_on_drop: false }`
[INFO] running `Command { std: "docker" "rm" "-f" "37c5bc76cc8c2f1afaec091754a40524332c8d4b4e03150b8f7c5cfd6bc767be", kill_on_drop: false }`
[INFO] [stdout] 37c5bc76cc8c2f1afaec091754a40524332c8d4b4e03150b8f7c5cfd6bc767be
[INFO] running `Command { std: "docker" "create" "-v" "/var/lib/crater-agent-workspace/builds/worker-6-tc1/target:/opt/rustwide/target:rw,Z" "-v" "/var/lib/crater-agent-workspace/builds/worker-6-tc1/source:/opt/rustwide/workdir:ro,Z" "-v" "/var/lib/crater-agent-workspace/cargo-home:/opt/rustwide/cargo-home:ro,Z" "-v" "/var/lib/crater-agent-workspace/rustup-home:/opt/rustwide/rustup-home:ro,Z" "-e" "SOURCE_DIR=/opt/rustwide/workdir" "-e" "CARGO_TARGET_DIR=/opt/rustwide/target" "-e" "CARGO_INCREMENTAL=0" "-e" "RUST_BACKTRACE=full" "-e" "RUSTFLAGS=--cap-lints=warn" "-e" "RUSTDOCFLAGS=--cap-lints=warn" "-e" "CARGO_HOME=/opt/rustwide/cargo-home" "-e" "RUSTUP_HOME=/opt/rustwide/rustup-home" "-w" "/opt/rustwide/workdir" "-m" "1610612736" "--user" "0:0" "--network" "none" "ghcr.io/rust-lang/crates-build-env/linux@sha256:2788e3201cd34a07e3172128adcd8b3090168a8e3bcc40d7c032b9dda1df7d1c" "/opt/rustwide/cargo-home/bin/cargo" "+1.75.0" "test" "--frozen" "--no-run" "--message-format=json", kill_on_drop: false }`
[INFO] [stdout] e6d6825e17425149f80543211e6708dbcdc70540c196d268d686a7955180cc74
[INFO] running `Command { std: "docker" "start" "-a" "e6d6825e17425149f80543211e6708dbcdc70540c196d268d686a7955180cc74", kill_on_drop: false }`
[INFO] [stderr]    Compiling cch23-hawthorne v0.1.0 (/opt/rustwide/workdir)
[INFO] [stderr]     Finished test [unoptimized + debuginfo] target(s) in 14.97s
[INFO] running `Command { std: "docker" "inspect" "e6d6825e17425149f80543211e6708dbcdc70540c196d268d686a7955180cc74", kill_on_drop: false }`
[INFO] running `Command { std: "docker" "rm" "-f" "e6d6825e17425149f80543211e6708dbcdc70540c196d268d686a7955180cc74", kill_on_drop: false }`
[INFO] [stdout] e6d6825e17425149f80543211e6708dbcdc70540c196d268d686a7955180cc74
[INFO] running `Command { std: "docker" "create" "-v" "/var/lib/crater-agent-workspace/builds/worker-6-tc1/target:/opt/rustwide/target:rw,Z" "-v" "/var/lib/crater-agent-workspace/builds/worker-6-tc1/source:/opt/rustwide/workdir:ro,Z" "-v" "/var/lib/crater-agent-workspace/cargo-home:/opt/rustwide/cargo-home:ro,Z" "-v" "/var/lib/crater-agent-workspace/rustup-home:/opt/rustwide/rustup-home:ro,Z" "-e" "SOURCE_DIR=/opt/rustwide/workdir" "-e" "CARGO_TARGET_DIR=/opt/rustwide/target" "-e" "CARGO_INCREMENTAL=0" "-e" "RUST_BACKTRACE=full" "-e" "RUSTFLAGS=--cap-lints=warn" "-e" "RUSTDOCFLAGS=--cap-lints=warn" "-e" "CARGO_HOME=/opt/rustwide/cargo-home" "-e" "RUSTUP_HOME=/opt/rustwide/rustup-home" "-w" "/opt/rustwide/workdir" "-m" "1610612736" "--user" "0:0" "--network" "none" "ghcr.io/rust-lang/crates-build-env/linux@sha256:2788e3201cd34a07e3172128adcd8b3090168a8e3bcc40d7c032b9dda1df7d1c" "/opt/rustwide/cargo-home/bin/cargo" "+1.75.0" "test" "--frozen", kill_on_drop: false }`
[INFO] [stdout] 549c691f4f3410a813b7ac5768ba5ae7a761f3815c269096a6af928599c340ec
[INFO] running `Command { std: "docker" "start" "-a" "549c691f4f3410a813b7ac5768ba5ae7a761f3815c269096a6af928599c340ec", kill_on_drop: false }`
[INFO] [stderr]     Finished test [unoptimized + debuginfo] target(s) in 0.33s
[INFO] [stderr]      Running unittests src/main.rs (/opt/rustwide/target/debug/deps/cch23_hawthorne-1bc385186e47dc60)
[INFO] [stdout] 
[INFO] [stdout] running 7 tests
[INFO] [stdout] test day_problems::day04::tests::test_deserialize ... ok
[INFO] [stdout] test day_problems::day04::tests::test_strength ... ok
[INFO] [stdout] test day_problems::day06::tests::test_find_elfs ... ok
[INFO] [stdout] test day_problems::day06::tests::test_find_shelves_with_no_elfs ... ok
[INFO] [stdout] test day_problems::day06::tests::test_find_elfs_on_shelves ... ok
[INFO] [stdout] test day_problems::day08::tests::test_poke_weight ... FAILED
[INFO] [stdout] test day_problems::day08::tests::test_poke_momentum ... FAILED
[INFO] [stderr] error: test failed, to rerun pass `--bin cch23-hawthorne`
[INFO] [stdout] 
[INFO] [stdout] failures:
[INFO] [stdout] 
[INFO] [stdout] ---- day_problems::day08::tests::test_poke_weight stdout ----
[INFO] [stdout] Error: error sending request for url (https://pokeapi.co/api/v2/pokemon/25/): error trying to connect: dns error: failed to lookup address information: Temporary failure in name resolution
[INFO] [stdout] 
[INFO] [stdout] Caused by:
[INFO] [stdout]     0: error trying to connect: dns error: failed to lookup address information: Temporary failure in name resolution
[INFO] [stdout]     1: dns error: failed to lookup address information: Temporary failure in name resolution
[INFO] [stdout]     2: failed to lookup address information: Temporary failure in name resolution
[INFO] [stdout] 
[INFO] [stdout] ---- day_problems::day08::tests::test_poke_momentum stdout ----
[INFO] [stdout] Error: error sending request for url (https://pokeapi.co/api/v2/pokemon/25/): error trying to connect: dns error: failed to lookup address information: Temporary failure in name resolution
[INFO] [stdout] 
[INFO] [stdout] Caused by:
[INFO] [stdout]     0: error trying to connect: dns error: failed to lookup address information: Temporary failure in name resolution
[INFO] [stdout]     1: dns error: failed to lookup address information: Temporary failure in name resolution
[INFO] [stdout]     2: failed to lookup address information: Temporary failure in name resolution
[INFO] [stdout] 
[INFO] [stdout] 
[INFO] [stdout] failures:
[INFO] [stdout]     day_problems::day08::tests::test_poke_momentum
[INFO] [stdout]     day_problems::day08::tests::test_poke_weight
[INFO] [stdout] 
[INFO] [stdout] test result: FAILED. 5 passed; 2 failed; 0 ignored; 0 measured; 0 filtered out; finished in 0.41s
[INFO] [stdout] 
[INFO] running `Command { std: "docker" "inspect" "549c691f4f3410a813b7ac5768ba5ae7a761f3815c269096a6af928599c340ec", kill_on_drop: false }`
[INFO] running `Command { std: "docker" "rm" "-f" "549c691f4f3410a813b7ac5768ba5ae7a761f3815c269096a6af928599c340ec", kill_on_drop: false }`
[INFO] [stdout] 549c691f4f3410a813b7ac5768ba5ae7a761f3815c269096a6af928599c340ec
