[INFO] cloning repository https://github.com/vcoppe/ddo-caching
[INFO] running `Command { std: "git" "-c" "credential.helper=" "-c" "credential.helper=/workspace/cargo-home/bin/git-credential-null" "clone" "--bare" "https://github.com/vcoppe/ddo-caching" "/workspace/cache/git-repos/https%3A%2F%2Fgithub.com%2Fvcoppe%2Fddo-caching", kill_on_drop: false }`
[INFO] [stderr] Cloning into bare repository '/workspace/cache/git-repos/https%3A%2F%2Fgithub.com%2Fvcoppe%2Fddo-caching'...
[INFO] running `Command { std: "git" "rev-parse" "HEAD", kill_on_drop: false }`
[INFO] [stdout] 366d0b7c22be1c5165a988f4942a391b1ce79ca0
[INFO] testing vcoppe/ddo-caching against 1.75.0 for beta-1.76-1
[INFO] running `Command { std: "git" "clone" "/workspace/cache/git-repos/https%3A%2F%2Fgithub.com%2Fvcoppe%2Fddo-caching" "/workspace/builds/worker-4-tc1/source", kill_on_drop: false }`
[INFO] [stderr] Cloning into '/workspace/builds/worker-4-tc1/source'...
[INFO] [stderr] done.
[INFO] validating manifest of git repo https://github.com/vcoppe/ddo-caching on toolchain 1.75.0
[INFO] running `Command { std: CARGO_HOME="/workspace/cargo-home" RUSTUP_HOME="/workspace/rustup-home" "/workspace/cargo-home/bin/cargo" "+1.75.0" "metadata" "--manifest-path" "Cargo.toml" "--no-deps", kill_on_drop: false }`
[INFO] started tweaking git repo https://github.com/vcoppe/ddo-caching
[INFO] finished tweaking git repo https://github.com/vcoppe/ddo-caching
[INFO] tweaked toml for git repo https://github.com/vcoppe/ddo-caching written to /workspace/builds/worker-4-tc1/source/Cargo.toml
[INFO] crate git repo https://github.com/vcoppe/ddo-caching already has a lockfile, it will not be regenerated
[INFO] running `Command { std: CARGO_HOME="/workspace/cargo-home" RUSTUP_HOME="/workspace/rustup-home" "/workspace/cargo-home/bin/cargo" "+1.75.0" "fetch" "--manifest-path" "Cargo.toml", kill_on_drop: false }`
[INFO] [stderr]     Updating crates.io index
[INFO] [stderr]  Downloading crates ...
[INFO] [stderr]   Downloaded bitset-fixed v0.1.0
[INFO] [stderr]   Downloaded peak_alloc v0.1.0
[INFO] [stderr]   Downloaded smallbitset v0.5.1
[INFO] [stderr]   Downloaded binary-heap-plus v0.4.1
[INFO] running `Command { std: "docker" "create" "-v" "/var/lib/crater-agent-workspace/builds/worker-4-tc1/target:/opt/rustwide/target:rw,Z" "-v" "/var/lib/crater-agent-workspace/builds/worker-4-tc1/source:/opt/rustwide/workdir:ro,Z" "-v" "/var/lib/crater-agent-workspace/cargo-home:/opt/rustwide/cargo-home:ro,Z" "-v" "/var/lib/crater-agent-workspace/rustup-home:/opt/rustwide/rustup-home:ro,Z" "-e" "SOURCE_DIR=/opt/rustwide/workdir" "-e" "CARGO_TARGET_DIR=/opt/rustwide/target" "-e" "CARGO_HOME=/opt/rustwide/cargo-home" "-e" "RUSTUP_HOME=/opt/rustwide/rustup-home" "-w" "/opt/rustwide/workdir" "-m" "1610612736" "--user" "0:0" "--network" "none" "ghcr.io/rust-lang/crates-build-env/linux@sha256:2788e3201cd34a07e3172128adcd8b3090168a8e3bcc40d7c032b9dda1df7d1c" "/opt/rustwide/cargo-home/bin/cargo" "+1.75.0" "metadata" "--no-deps" "--format-version=1", kill_on_drop: false }`
[INFO] [stdout] 0b07c3d82fa01327609d3623e4c34bfcdbd387722de5b28484e17b5abc3e8d28
[INFO] running `Command { std: "docker" "start" "-a" "0b07c3d82fa01327609d3623e4c34bfcdbd387722de5b28484e17b5abc3e8d28", kill_on_drop: false }`
[INFO] running `Command { std: "docker" "inspect" "0b07c3d82fa01327609d3623e4c34bfcdbd387722de5b28484e17b5abc3e8d28", kill_on_drop: false }`
[INFO] running `Command { std: "docker" "rm" "-f" "0b07c3d82fa01327609d3623e4c34bfcdbd387722de5b28484e17b5abc3e8d28", kill_on_drop: false }`
[INFO] [stdout] 0b07c3d82fa01327609d3623e4c34bfcdbd387722de5b28484e17b5abc3e8d28
[INFO] running `Command { std: "docker" "create" "-v" "/var/lib/crater-agent-workspace/builds/worker-4-tc1/target:/opt/rustwide/target:rw,Z" "-v" "/var/lib/crater-agent-workspace/builds/worker-4-tc1/source:/opt/rustwide/workdir:ro,Z" "-v" "/var/lib/crater-agent-workspace/cargo-home:/opt/rustwide/cargo-home:ro,Z" "-v" "/var/lib/crater-agent-workspace/rustup-home:/opt/rustwide/rustup-home:ro,Z" "-e" "SOURCE_DIR=/opt/rustwide/workdir" "-e" "CARGO_TARGET_DIR=/opt/rustwide/target" "-e" "CARGO_INCREMENTAL=0" "-e" "RUST_BACKTRACE=full" "-e" "RUSTFLAGS=--cap-lints=warn" "-e" "RUSTDOCFLAGS=--cap-lints=warn" "-e" "CARGO_HOME=/opt/rustwide/cargo-home" "-e" "RUSTUP_HOME=/opt/rustwide/rustup-home" "-w" "/opt/rustwide/workdir" "-m" "1610612736" "--user" "0:0" "--network" "none" "ghcr.io/rust-lang/crates-build-env/linux@sha256:2788e3201cd34a07e3172128adcd8b3090168a8e3bcc40d7c032b9dda1df7d1c" "/opt/rustwide/cargo-home/bin/cargo" "+1.75.0" "build" "--frozen" "--message-format=json", kill_on_drop: false }`
[INFO] [stdout] 9ce518f0734c914e40c427d7607cbdfe48cf62fc25b89b714d47338bbfe67472
[INFO] running `Command { std: "docker" "start" "-a" "9ce518f0734c914e40c427d7607cbdfe48cf62fc25b89b714d47338bbfe67472", kill_on_drop: false }`
[INFO] [stderr]    Compiling autocfg v1.1.0
[INFO] [stderr]    Compiling version_check v0.9.4
[INFO] [stderr]    Compiling proc-macro2 v1.0.36
[INFO] [stderr]    Compiling libc v0.2.118
[INFO] [stderr]    Compiling unicode-xid v0.2.2
[INFO] [stderr]    Compiling syn v1.0.86
[INFO] [stderr]    Compiling parking_lot_core v0.9.1
[INFO] [stderr]    Compiling unicode-width v0.1.9
[INFO] [stderr]    Compiling unicode-segmentation v1.9.0
[INFO] [stderr]    Compiling strsim v0.8.0
[INFO] [stderr]    Compiling ansi_term v0.12.1
[INFO] [stderr]    Compiling smallvec v1.8.0
[INFO] [stderr]    Compiling vec_map v0.8.2
[INFO] [stderr]    Compiling bitflags v1.3.2
[INFO] [stderr]    Compiling scopeguard v1.1.0
[INFO] [stderr]    Compiling cfg-if v1.0.0
[INFO] [stderr]    Compiling lazy_static v1.4.0
[INFO] [stderr]    Compiling textwrap v0.11.0
[INFO] [stderr]    Compiling lock_api v0.4.6
[INFO] [stderr]    Compiling compare v0.1.0
[INFO] [stderr]    Compiling bitset-fixed v0.1.0
[INFO] [stderr]    Compiling peak_alloc v0.1.0
[INFO] [stderr]    Compiling rustc-hash v1.1.0
[INFO] [stderr]    Compiling binary-heap-plus v0.4.1
[INFO] [stderr]    Compiling proc-macro-error-attr v1.0.4
[INFO] [stderr]    Compiling proc-macro-error v1.0.4
[INFO] [stderr]    Compiling num-traits v0.2.14
[INFO] [stderr]    Compiling num-integer v0.1.44
[INFO] [stderr]    Compiling num-bigint v0.4.3
[INFO] [stderr]    Compiling num-iter v0.1.42
[INFO] [stderr]    Compiling num-rational v0.4.0
[INFO] [stderr]    Compiling heck v0.3.3
[INFO] [stderr]    Compiling quote v1.0.15
[INFO] [stderr]    Compiling atty v0.2.14
[INFO] [stderr]    Compiling num_cpus v1.13.1
[INFO] [stderr]    Compiling clap v2.34.0
[INFO] [stderr]    Compiling parking_lot v0.12.0
[INFO] [stderr]    Compiling num-complex v0.4.0
[INFO] [stderr]    Compiling ordered-float v3.0.0
[INFO] [stderr]    Compiling num v0.4.0
[INFO] [stderr]    Compiling smallbitset v0.5.1
[INFO] [stderr]    Compiling structopt-derive v0.4.18
[INFO] [stderr]    Compiling structopt v0.3.26
[INFO] [stderr]    Compiling engineering v0.1.0 (/opt/rustwide/workdir)
[INFO] [stderr]     Finished dev [unoptimized + debuginfo] target(s) in 4.11s
[INFO] running `Command { std: "docker" "inspect" "9ce518f0734c914e40c427d7607cbdfe48cf62fc25b89b714d47338bbfe67472", kill_on_drop: false }`
[INFO] running `Command { std: "docker" "rm" "-f" "9ce518f0734c914e40c427d7607cbdfe48cf62fc25b89b714d47338bbfe67472", kill_on_drop: false }`
[INFO] [stdout] 9ce518f0734c914e40c427d7607cbdfe48cf62fc25b89b714d47338bbfe67472
[INFO] running `Command { std: "docker" "create" "-v" "/var/lib/crater-agent-workspace/builds/worker-4-tc1/target:/opt/rustwide/target:rw,Z" "-v" "/var/lib/crater-agent-workspace/builds/worker-4-tc1/source:/opt/rustwide/workdir:ro,Z" "-v" "/var/lib/crater-agent-workspace/cargo-home:/opt/rustwide/cargo-home:ro,Z" "-v" "/var/lib/crater-agent-workspace/rustup-home:/opt/rustwide/rustup-home:ro,Z" "-e" "SOURCE_DIR=/opt/rustwide/workdir" "-e" "CARGO_TARGET_DIR=/opt/rustwide/target" "-e" "CARGO_INCREMENTAL=0" "-e" "RUST_BACKTRACE=full" "-e" "RUSTFLAGS=--cap-lints=warn" "-e" "RUSTDOCFLAGS=--cap-lints=warn" "-e" "CARGO_HOME=/opt/rustwide/cargo-home" "-e" "RUSTUP_HOME=/opt/rustwide/rustup-home" "-w" "/opt/rustwide/workdir" "-m" "1610612736" "--user" "0:0" "--network" "none" "ghcr.io/rust-lang/crates-build-env/linux@sha256:2788e3201cd34a07e3172128adcd8b3090168a8e3bcc40d7c032b9dda1df7d1c" "/opt/rustwide/cargo-home/bin/cargo" "+1.75.0" "test" "--frozen" "--no-run" "--message-format=json", kill_on_drop: false }`
[INFO] [stdout] 5a58f86e4afe762dc8561188deb6d6087f032538bcecf56fc646a027de56421e
[INFO] running `Command { std: "docker" "start" "-a" "5a58f86e4afe762dc8561188deb6d6087f032538bcecf56fc646a027de56421e", kill_on_drop: false }`
[INFO] [stderr]    Compiling memchr v2.4.1
[INFO] [stderr]    Compiling anyhow v1.0.53
[INFO] [stderr]    Compiling regex-syntax v0.6.25
[INFO] [stderr]    Compiling once_cell v1.10.0
[INFO] [stderr]    Compiling thiserror-impl v1.0.30
[INFO] [stderr]    Compiling thread_local v1.1.4
[INFO] [stderr]    Compiling aho-corasick v0.7.18
[INFO] [stderr]    Compiling thiserror v1.0.30
[INFO] [stderr]    Compiling regex v1.5.4
[INFO] [stderr]    Compiling engineering v0.1.0 (/opt/rustwide/workdir)
[INFO] [stderr]     Finished test [unoptimized + debuginfo] target(s) in 3.41s
[INFO] running `Command { std: "docker" "inspect" "5a58f86e4afe762dc8561188deb6d6087f032538bcecf56fc646a027de56421e", kill_on_drop: false }`
[INFO] running `Command { std: "docker" "rm" "-f" "5a58f86e4afe762dc8561188deb6d6087f032538bcecf56fc646a027de56421e", kill_on_drop: false }`
[INFO] [stdout] 5a58f86e4afe762dc8561188deb6d6087f032538bcecf56fc646a027de56421e
[INFO] running `Command { std: "docker" "create" "-v" "/var/lib/crater-agent-workspace/builds/worker-4-tc1/target:/opt/rustwide/target:rw,Z" "-v" "/var/lib/crater-agent-workspace/builds/worker-4-tc1/source:/opt/rustwide/workdir:ro,Z" "-v" "/var/lib/crater-agent-workspace/cargo-home:/opt/rustwide/cargo-home:ro,Z" "-v" "/var/lib/crater-agent-workspace/rustup-home:/opt/rustwide/rustup-home:ro,Z" "-e" "SOURCE_DIR=/opt/rustwide/workdir" "-e" "CARGO_TARGET_DIR=/opt/rustwide/target" "-e" "CARGO_INCREMENTAL=0" "-e" "RUST_BACKTRACE=full" "-e" "RUSTFLAGS=--cap-lints=warn" "-e" "RUSTDOCFLAGS=--cap-lints=warn" "-e" "CARGO_HOME=/opt/rustwide/cargo-home" "-e" "RUSTUP_HOME=/opt/rustwide/rustup-home" "-w" "/opt/rustwide/workdir" "-m" "1610612736" "--user" "0:0" "--network" "none" "ghcr.io/rust-lang/crates-build-env/linux@sha256:2788e3201cd34a07e3172128adcd8b3090168a8e3bcc40d7c032b9dda1df7d1c" "/opt/rustwide/cargo-home/bin/cargo" "+1.75.0" "test" "--frozen", kill_on_drop: false }`
[INFO] [stdout] 00b03043727deada34a0bd13d6417a67103660399b6704d72cfb0def0dd89709
[INFO] running `Command { std: "docker" "start" "-a" "00b03043727deada34a0bd13d6417a67103660399b6704d72cfb0def0dd89709", kill_on_drop: false }`
[INFO] [stderr]     Finished test [unoptimized + debuginfo] target(s) in 0.03s
[INFO] [stderr]      Running unittests src/lib.rs (/opt/rustwide/target/debug/deps/engineering-c6568e128ae0f465)
[INFO] [stdout] 
[INFO] [stdout] running 11 tests
[INFO] [stdout] test mdd::node_flags::test_node_flags::by_default_only_the_exact_flag_is_on ... ok
[INFO] [stdout] test mdd::node_flags::test_node_flags::add_turns_one_or_more_flags_on ... ok
[INFO] [stdout] test mdd::node_flags::test_node_flags::is_exact_iff_marked_so_and_not_relaxed ... ok
[INFO] [stdout] test mdd::node_flags::test_node_flags::is_relaxed_iff_created_or_marked_relaxed ... ok
[INFO] [stdout] test mdd::node_flags::test_node_flags::new_can_be_relaxed_or_not ... ok
[INFO] [stdout] test mdd::node_flags::test_node_flags::is_marked_iff_marked_so ... ok
[INFO] [stdout] test mdd::node_flags::test_node_flags::remove_turns_one_or_more_flags_off ... ok
[INFO] [stdout] test mdd::node_flags::test_node_flags::at_creation_time_marked_flag_is_never_set ... ok
[INFO] [stdout] test mdd::node_flags::test_node_flags::set_turns_one_or_more_flags_on_or_off ... ok
[INFO] [stdout] test mdd::node_flags::test_node_flags::test_yields_the_value_of_the_flag ... ok
[INFO] [stdout] test mdd::node_flags::test_node_flags::test_checks_the_value_of_more_than_one_flag ... ok
[INFO] [stdout] 
[INFO] [stdout] test result: ok. 11 passed; 0 failed; 0 ignored; 0 measured; 0 filtered out; finished in 0.00s
[INFO] [stdout] 
[INFO] [stderr]    Doc-tests engineering
[INFO] [stdout] 
[INFO] [stdout] running 3 tests
[INFO] [stdout] test src/utils.rs - utils::Matrix (line 168) ... FAILED
[INFO] [stdout] test src/utils.rs - utils::LexBitSet (line 88) ... ok
[INFO] [stdout] test src/utils.rs - utils::BitSetIter (line 13) ... ok
[INFO] [stdout] 
[INFO] [stdout] failures:
[INFO] [stdout] 
[INFO] [stdout] ---- src/utils.rs - utils::Matrix (line 168) stdout ----
[INFO] [stdout] error[E0432]: unresolved import `ddo`
[INFO] [stdout]  --> src/utils.rs:169:5
[INFO] [stdout]   |
[INFO] [stdout] 3 | use ddo::Matrix;
[INFO] [stdout]   |     ^^^ use of undeclared crate or module `ddo`
[INFO] [stdout] 
[INFO] [stdout] error: aborting due to previous error
[INFO] [stdout] 
[INFO] [stdout] For more information about this error, try `rustc --explain E0432`.
[INFO] [stdout] Couldn't compile the test.
[INFO] [stdout] 
[INFO] [stdout] failures:
[INFO] [stdout]     src/utils.rs - utils::Matrix (line 168)
[INFO] [stdout] 
[INFO] [stdout] test result: FAILED. 2 passed; 1 failed; 0 ignored; 0 measured; 0 filtered out; finished in 0.31s
[INFO] [stdout] 
[INFO] [stderr] error: doctest failed, to rerun pass `--doc`
[INFO] running `Command { std: "docker" "inspect" "00b03043727deada34a0bd13d6417a67103660399b6704d72cfb0def0dd89709", kill_on_drop: false }`
[INFO] running `Command { std: "docker" "rm" "-f" "00b03043727deada34a0bd13d6417a67103660399b6704d72cfb0def0dd89709", kill_on_drop: false }`
[INFO] [stdout] 00b03043727deada34a0bd13d6417a67103660399b6704d72cfb0def0dd89709
[INFO] testing vcoppe/ddo-caching against beta-2023-12-22 for beta-1.76-1
[INFO] running `Command { std: "git" "clone" "/workspace/cache/git-repos/https%3A%2F%2Fgithub.com%2Fvcoppe%2Fddo-caching" "/workspace/builds/worker-4-tc2/source", kill_on_drop: false }`
[INFO] [stderr] Cloning into '/workspace/builds/worker-4-tc2/source'...
[INFO] [stderr] done.
[INFO] validating manifest of git repo https://github.com/vcoppe/ddo-caching on toolchain beta-2023-12-22
[INFO] running `Command { std: CARGO_HOME="/workspace/cargo-home" RUSTUP_HOME="/workspace/rustup-home" "/workspace/cargo-home/bin/cargo" "+beta-2023-12-22" "metadata" "--manifest-path" "Cargo.toml" "--no-deps", kill_on_drop: false }`
[INFO] started tweaking git repo https://github.com/vcoppe/ddo-caching
[INFO] finished tweaking git repo https://github.com/vcoppe/ddo-caching
[INFO] tweaked toml for git repo https://github.com/vcoppe/ddo-caching written to /workspace/builds/worker-4-tc2/source/Cargo.toml
[INFO] crate git repo https://github.com/vcoppe/ddo-caching already has a lockfile, it will not be regenerated
[INFO] running `Command { std: CARGO_HOME="/workspace/cargo-home" RUSTUP_HOME="/workspace/rustup-home" "/workspace/cargo-home/bin/cargo" "+beta-2023-12-22" "fetch" "--manifest-path" "Cargo.toml", kill_on_drop: false }`
[INFO] running `Command { std: "docker" "create" "-v" "/var/lib/crater-agent-workspace/builds/worker-4-tc2/target:/opt/rustwide/target:rw,Z" "-v" "/var/lib/crater-agent-workspace/builds/worker-4-tc2/source:/opt/rustwide/workdir:ro,Z" "-v" "/var/lib/crater-agent-workspace/cargo-home:/opt/rustwide/cargo-home:ro,Z" "-v" "/var/lib/crater-agent-workspace/rustup-home:/opt/rustwide/rustup-home:ro,Z" "-e" "SOURCE_DIR=/opt/rustwide/workdir" "-e" "CARGO_TARGET_DIR=/opt/rustwide/target" "-e" "CARGO_HOME=/opt/rustwide/cargo-home" "-e" "RUSTUP_HOME=/opt/rustwide/rustup-home" "-w" "/opt/rustwide/workdir" "-m" "1610612736" "--user" "0:0" "--network" "none" "ghcr.io/rust-lang/crates-build-env/linux@sha256:2788e3201cd34a07e3172128adcd8b3090168a8e3bcc40d7c032b9dda1df7d1c" "/opt/rustwide/cargo-home/bin/cargo" "+beta-2023-12-22" "metadata" "--no-deps" "--format-version=1", kill_on_drop: false }`
[INFO] [stdout] 1fc3e2ef09f79b9459554a9bc4f3cdd016c2aa0c54009a55edafedcd7e2dcb93
[INFO] running `Command { std: "docker" "start" "-a" "1fc3e2ef09f79b9459554a9bc4f3cdd016c2aa0c54009a55edafedcd7e2dcb93", kill_on_drop: false }`
[INFO] running `Command { std: "docker" "inspect" "1fc3e2ef09f79b9459554a9bc4f3cdd016c2aa0c54009a55edafedcd7e2dcb93", kill_on_drop: false }`
[INFO] running `Command { std: "docker" "rm" "-f" "1fc3e2ef09f79b9459554a9bc4f3cdd016c2aa0c54009a55edafedcd7e2dcb93", kill_on_drop: false }`
[INFO] [stdout] 1fc3e2ef09f79b9459554a9bc4f3cdd016c2aa0c54009a55edafedcd7e2dcb93
[INFO] running `Command { std: "docker" "create" "-v" "/var/lib/crater-agent-workspace/builds/worker-4-tc2/target:/opt/rustwide/target:rw,Z" "-v" "/var/lib/crater-agent-workspace/builds/worker-4-tc2/source:/opt/rustwide/workdir:ro,Z" "-v" "/var/lib/crater-agent-workspace/cargo-home:/opt/rustwide/cargo-home:ro,Z" "-v" "/var/lib/crater-agent-workspace/rustup-home:/opt/rustwide/rustup-home:ro,Z" "-e" "SOURCE_DIR=/opt/rustwide/workdir" "-e" "CARGO_TARGET_DIR=/opt/rustwide/target" "-e" "CARGO_INCREMENTAL=0" "-e" "RUST_BACKTRACE=full" "-e" "RUSTFLAGS=--cap-lints=warn" "-e" "RUSTDOCFLAGS=--cap-lints=warn" "-e" "CARGO_HOME=/opt/rustwide/cargo-home" "-e" "RUSTUP_HOME=/opt/rustwide/rustup-home" "-w" "/opt/rustwide/workdir" "-m" "1610612736" "--user" "0:0" "--network" "none" "ghcr.io/rust-lang/crates-build-env/linux@sha256:2788e3201cd34a07e3172128adcd8b3090168a8e3bcc40d7c032b9dda1df7d1c" "/opt/rustwide/cargo-home/bin/cargo" "+beta-2023-12-22" "build" "--frozen" "--message-format=json", kill_on_drop: false }`
[INFO] [stdout] 13b6231de08cbc1fc7be5d6c107763f4a58b6d655ee8dc73332b6a3015793569
[INFO] running `Command { std: "docker" "start" "-a" "13b6231de08cbc1fc7be5d6c107763f4a58b6d655ee8dc73332b6a3015793569", kill_on_drop: false }`
[INFO] [stderr]    Compiling autocfg v1.1.0
[INFO] [stderr]    Compiling libc v0.2.118
[INFO] [stderr]    Compiling version_check v0.9.4
[INFO] [stderr]    Compiling proc-macro2 v1.0.36
[INFO] [stderr]    Compiling unicode-xid v0.2.2
[INFO] [stderr]    Compiling syn v1.0.86
[INFO] [stderr]    Compiling parking_lot_core v0.9.1
[INFO] [stderr]    Compiling unicode-width v0.1.9
[INFO] [stderr]    Compiling unicode-segmentation v1.9.0
[INFO] [stderr]    Compiling ansi_term v0.12.1
[INFO] [stderr]    Compiling scopeguard v1.1.0
[INFO] [stderr]    Compiling smallvec v1.8.0
[INFO] [stderr]    Compiling strsim v0.8.0
[INFO] [stderr]    Compiling vec_map v0.8.2
[INFO] [stderr]    Compiling cfg-if v1.0.0
[INFO] [stderr]    Compiling bitflags v1.3.2
[INFO] [stderr]    Compiling textwrap v0.11.0
[INFO] [stderr]    Compiling lock_api v0.4.6
[INFO] [stderr]    Compiling lazy_static v1.4.0
[INFO] [stderr]    Compiling compare v0.1.0
[INFO] [stderr]    Compiling peak_alloc v0.1.0
[INFO] [stderr]    Compiling rustc-hash v1.1.0
[INFO] [stderr]    Compiling bitset-fixed v0.1.0
[INFO] [stderr]    Compiling binary-heap-plus v0.4.1
[INFO] [stderr]    Compiling num-traits v0.2.14
[INFO] [stderr]    Compiling num-integer v0.1.44
[INFO] [stderr]    Compiling num-bigint v0.4.3
[INFO] [stderr]    Compiling num-rational v0.4.0
[INFO] [stderr]    Compiling num-iter v0.1.42
[INFO] [stderr]    Compiling proc-macro-error-attr v1.0.4
[INFO] [stderr]    Compiling proc-macro-error v1.0.4
[INFO] [stderr]    Compiling heck v0.3.3
[INFO] [stderr]    Compiling quote v1.0.15
[INFO] [stderr]    Compiling atty v0.2.14
[INFO] [stderr]    Compiling num_cpus v1.13.1
[INFO] [stderr]    Compiling clap v2.34.0
[INFO] [stderr]    Compiling parking_lot v0.12.0
[INFO] [stderr]    Compiling num-complex v0.4.0
[INFO] [stderr]    Compiling ordered-float v3.0.0
[INFO] [stderr]    Compiling num v0.4.0
[INFO] [stderr]    Compiling smallbitset v0.5.1
[INFO] [stderr]    Compiling structopt-derive v0.4.18
[INFO] [stderr]    Compiling structopt v0.3.26
[INFO] [stderr]    Compiling engineering v0.1.0 (/opt/rustwide/workdir)
[INFO] [stderr]     Finished dev [unoptimized + debuginfo] target(s) in 4.10s
[INFO] running `Command { std: "docker" "inspect" "13b6231de08cbc1fc7be5d6c107763f4a58b6d655ee8dc73332b6a3015793569", kill_on_drop: false }`
[INFO] running `Command { std: "docker" "rm" "-f" "13b6231de08cbc1fc7be5d6c107763f4a58b6d655ee8dc73332b6a3015793569", kill_on_drop: false }`
[INFO] [stdout] 13b6231de08cbc1fc7be5d6c107763f4a58b6d655ee8dc73332b6a3015793569
[INFO] running `Command { std: "docker" "create" "-v" "/var/lib/crater-agent-workspace/builds/worker-4-tc2/target:/opt/rustwide/target:rw,Z" "-v" "/var/lib/crater-agent-workspace/builds/worker-4-tc2/source:/opt/rustwide/workdir:ro,Z" "-v" "/var/lib/crater-agent-workspace/cargo-home:/opt/rustwide/cargo-home:ro,Z" "-v" "/var/lib/crater-agent-workspace/rustup-home:/opt/rustwide/rustup-home:ro,Z" "-e" "SOURCE_DIR=/opt/rustwide/workdir" "-e" "CARGO_TARGET_DIR=/opt/rustwide/target" "-e" "CARGO_INCREMENTAL=0" "-e" "RUST_BACKTRACE=full" "-e" "RUSTFLAGS=--cap-lints=warn" "-e" "RUSTDOCFLAGS=--cap-lints=warn" "-e" "CARGO_HOME=/opt/rustwide/cargo-home" "-e" "RUSTUP_HOME=/opt/rustwide/rustup-home" "-w" "/opt/rustwide/workdir" "-m" "1610612736" "--user" "0:0" "--network" "none" "ghcr.io/rust-lang/crates-build-env/linux@sha256:2788e3201cd34a07e3172128adcd8b3090168a8e3bcc40d7c032b9dda1df7d1c" "/opt/rustwide/cargo-home/bin/cargo" "+beta-2023-12-22" "test" "--frozen" "--no-run" "--message-format=json", kill_on_drop: false }`
[INFO] [stdout] 9f746897c903f8c43779d08e5b4c5c8f037eef1a50e7c199900d3eed79b80134
[INFO] running `Command { std: "docker" "start" "-a" "9f746897c903f8c43779d08e5b4c5c8f037eef1a50e7c199900d3eed79b80134", kill_on_drop: false }`
[INFO] [stderr]    Compiling memchr v2.4.1
[INFO] [stderr]    Compiling anyhow v1.0.53
[INFO] [stderr]    Compiling regex-syntax v0.6.25
[INFO] [stderr]    Compiling once_cell v1.10.0
[INFO] [stderr]    Compiling thiserror-impl v1.0.30
[INFO] [stderr]    Compiling thread_local v1.1.4
[INFO] [stderr]    Compiling aho-corasick v0.7.18
[INFO] [stderr]    Compiling thiserror v1.0.30
[INFO] [stderr]    Compiling regex v1.5.4
[INFO] [stderr]    Compiling engineering v0.1.0 (/opt/rustwide/workdir)
[INFO] [stderr]     Finished test [unoptimized + debuginfo] target(s) in 3.46s
[INFO] running `Command { std: "docker" "inspect" "9f746897c903f8c43779d08e5b4c5c8f037eef1a50e7c199900d3eed79b80134", kill_on_drop: false }`
[INFO] running `Command { std: "docker" "rm" "-f" "9f746897c903f8c43779d08e5b4c5c8f037eef1a50e7c199900d3eed79b80134", kill_on_drop: false }`
[INFO] [stdout] 9f746897c903f8c43779d08e5b4c5c8f037eef1a50e7c199900d3eed79b80134
[INFO] running `Command { std: "docker" "create" "-v" "/var/lib/crater-agent-workspace/builds/worker-4-tc2/target:/opt/rustwide/target:rw,Z" "-v" "/var/lib/crater-agent-workspace/builds/worker-4-tc2/source:/opt/rustwide/workdir:ro,Z" "-v" "/var/lib/crater-agent-workspace/cargo-home:/opt/rustwide/cargo-home:ro,Z" "-v" "/var/lib/crater-agent-workspace/rustup-home:/opt/rustwide/rustup-home:ro,Z" "-e" "SOURCE_DIR=/opt/rustwide/workdir" "-e" "CARGO_TARGET_DIR=/opt/rustwide/target" "-e" "CARGO_INCREMENTAL=0" "-e" "RUST_BACKTRACE=full" "-e" "RUSTFLAGS=--cap-lints=warn" "-e" "RUSTDOCFLAGS=--cap-lints=warn" "-e" "CARGO_HOME=/opt/rustwide/cargo-home" "-e" "RUSTUP_HOME=/opt/rustwide/rustup-home" "-w" "/opt/rustwide/workdir" "-m" "1610612736" "--user" "0:0" "--network" "none" "ghcr.io/rust-lang/crates-build-env/linux@sha256:2788e3201cd34a07e3172128adcd8b3090168a8e3bcc40d7c032b9dda1df7d1c" "/opt/rustwide/cargo-home/bin/cargo" "+beta-2023-12-22" "test" "--frozen", kill_on_drop: false }`
[INFO] [stdout] 87bd62f297af1d6f0d4a9ec2f75cb5cc6501023fdf5f86b92de5797b05bdeedc
[INFO] running `Command { std: "docker" "start" "-a" "87bd62f297af1d6f0d4a9ec2f75cb5cc6501023fdf5f86b92de5797b05bdeedc", kill_on_drop: false }`
[INFO] [stderr]     Finished test [unoptimized + debuginfo] target(s) in 0.03s
[INFO] [stderr]      Running unittests src/lib.rs (/opt/rustwide/target/debug/deps/engineering-61d15fb052ae1524)
[INFO] [stdout] 
[INFO] [stdout] running 11 tests
[INFO] [stdout] test mdd::node_flags::test_node_flags::at_creation_time_marked_flag_is_never_set ... ok
[INFO] [stdout] test mdd::node_flags::test_node_flags::by_default_only_the_exact_flag_is_on ... ok
[INFO] [stdout] test mdd::node_flags::test_node_flags::add_turns_one_or_more_flags_on ... ok
[INFO] [stdout] test mdd::node_flags::test_node_flags::is_marked_iff_marked_so ... ok
[INFO] [stdout] test mdd::node_flags::test_node_flags::is_exact_iff_marked_so_and_not_relaxed ... ok
[INFO] [stdout] test mdd::node_flags::test_node_flags::is_relaxed_iff_created_or_marked_relaxed ... ok
[INFO] [stdout] test mdd::node_flags::test_node_flags::new_can_be_relaxed_or_not ... ok
[INFO] [stdout] test mdd::node_flags::test_node_flags::remove_turns_one_or_more_flags_off ... ok
[INFO] [stdout] test mdd::node_flags::test_node_flags::set_turns_one_or_more_flags_on_or_off ... ok
[INFO] [stdout] test mdd::node_flags::test_node_flags::test_checks_the_value_of_more_than_one_flag ... ok
[INFO] [stdout] test mdd::node_flags::test_node_flags::test_yields_the_value_of_the_flag ... ok
[INFO] [stdout] 
[INFO] [stdout] test result: ok. 11 passed; 0 failed; 0 ignored; 0 measured; 0 filtered out; finished in 0.00s
[INFO] [stdout] 
[INFO] [stderr]    Doc-tests engineering
[INFO] [stdout] 
[INFO] [stdout] running 3 tests
[INFO] [stdout] test src/utils.rs - utils::Matrix (line 168) ... FAILED
[INFO] [stdout] test src/utils.rs - utils::LexBitSet (line 88) ... ok
[INFO] [stdout] test src/utils.rs - utils::BitSetIter (line 13) ... ok
[INFO] [stdout] 
[INFO] [stdout] failures:
[INFO] [stdout] 
[INFO] [stdout] ---- src/utils.rs - utils::Matrix (line 168) stdout ----
[INFO] [stdout] error[E0432]: unresolved import `ddo`
[INFO] [stdout]  --> src/utils.rs:169:5
[INFO] [stdout]   |
[INFO] [stdout] 3 | use ddo::Matrix;
[INFO] [stdout]   |     ^^^ use of undeclared crate or module `ddo`
[INFO] [stdout] 
[INFO] [stdout] error: aborting due to 1 previous error
[INFO] [stdout] 
[INFO] [stdout] For more information about this error, try `rustc --explain E0432`.
[INFO] [stdout] Couldn't compile the test.
[INFO] [stdout] 
[INFO] [stdout] failures:
[INFO] [stdout]     src/utils.rs - utils::Matrix (line 168)
[INFO] [stdout] 
[INFO] [stdout] test result: FAILED. 2 passed; 1 failed; 0 ignored; 0 measured; 0 filtered out; finished in 0.30s
[INFO] [stdout] 
[INFO] [stderr] error: doctest failed, to rerun pass `--doc`
[INFO] running `Command { std: "docker" "inspect" "87bd62f297af1d6f0d4a9ec2f75cb5cc6501023fdf5f86b92de5797b05bdeedc", kill_on_drop: false }`
[INFO] running `Command { std: "docker" "rm" "-f" "87bd62f297af1d6f0d4a9ec2f75cb5cc6501023fdf5f86b92de5797b05bdeedc", kill_on_drop: false }`
[INFO] [stdout] 87bd62f297af1d6f0d4a9ec2f75cb5cc6501023fdf5f86b92de5797b05bdeedc
