[INFO] cloning repository https://github.com/vccolombo/powerpc-fpscr
[INFO] running `Command { std: "git" "-c" "credential.helper=" "-c" "credential.helper=/workspace/cargo-home/bin/git-credential-null" "clone" "--bare" "https://github.com/vccolombo/powerpc-fpscr" "/workspace/cache/git-repos/https%3A%2F%2Fgithub.com%2Fvccolombo%2Fpowerpc-fpscr", kill_on_drop: false }`
[INFO] [stderr] Cloning into bare repository '/workspace/cache/git-repos/https%3A%2F%2Fgithub.com%2Fvccolombo%2Fpowerpc-fpscr'...
[INFO] running `Command { std: "git" "rev-parse" "HEAD", kill_on_drop: false }`
[INFO] [stdout] e8693c5b095851bf2c28a05bfac0925a6cd8c91c
[INFO] testing vccolombo/powerpc-fpscr against 1.75.0 for beta-1.76-1
[INFO] running `Command { std: "git" "clone" "/workspace/cache/git-repos/https%3A%2F%2Fgithub.com%2Fvccolombo%2Fpowerpc-fpscr" "/workspace/builds/worker-0-tc1/source", kill_on_drop: false }`
[INFO] [stderr] Cloning into '/workspace/builds/worker-0-tc1/source'...
[INFO] [stderr] done.
[INFO] validating manifest of git repo https://github.com/vccolombo/powerpc-fpscr on toolchain 1.75.0
[INFO] running `Command { std: CARGO_HOME="/workspace/cargo-home" RUSTUP_HOME="/workspace/rustup-home" "/workspace/cargo-home/bin/cargo" "+1.75.0" "metadata" "--manifest-path" "Cargo.toml" "--no-deps", kill_on_drop: false }`
[INFO] started tweaking git repo https://github.com/vccolombo/powerpc-fpscr
[INFO] finished tweaking git repo https://github.com/vccolombo/powerpc-fpscr
[INFO] tweaked toml for git repo https://github.com/vccolombo/powerpc-fpscr written to /workspace/builds/worker-0-tc1/source/Cargo.toml
[INFO] crate git repo https://github.com/vccolombo/powerpc-fpscr already has a lockfile, it will not be regenerated
[INFO] running `Command { std: CARGO_HOME="/workspace/cargo-home" RUSTUP_HOME="/workspace/rustup-home" "/workspace/cargo-home/bin/cargo" "+1.75.0" "fetch" "--manifest-path" "Cargo.toml", kill_on_drop: false }`
[INFO] [stderr]     Blocking waiting for file lock on package cache
[INFO] running `Command { std: "docker" "create" "-v" "/var/lib/crater-agent-workspace/builds/worker-0-tc1/target:/opt/rustwide/target:rw,Z" "-v" "/var/lib/crater-agent-workspace/builds/worker-0-tc1/source:/opt/rustwide/workdir:ro,Z" "-v" "/var/lib/crater-agent-workspace/cargo-home:/opt/rustwide/cargo-home:ro,Z" "-v" "/var/lib/crater-agent-workspace/rustup-home:/opt/rustwide/rustup-home:ro,Z" "-e" "SOURCE_DIR=/opt/rustwide/workdir" "-e" "CARGO_TARGET_DIR=/opt/rustwide/target" "-e" "CARGO_HOME=/opt/rustwide/cargo-home" "-e" "RUSTUP_HOME=/opt/rustwide/rustup-home" "-w" "/opt/rustwide/workdir" "-m" "1610612736" "--user" "0:0" "--network" "none" "ghcr.io/rust-lang/crates-build-env/linux@sha256:2788e3201cd34a07e3172128adcd8b3090168a8e3bcc40d7c032b9dda1df7d1c" "/opt/rustwide/cargo-home/bin/cargo" "+1.75.0" "metadata" "--no-deps" "--format-version=1", kill_on_drop: false }`
[INFO] [stdout] 1ac12f16d77c0f55922b1961673bbb85d23885fb038a0cee6361b76374ec53ed
[INFO] running `Command { std: "docker" "start" "-a" "1ac12f16d77c0f55922b1961673bbb85d23885fb038a0cee6361b76374ec53ed", kill_on_drop: false }`
[INFO] running `Command { std: "docker" "inspect" "1ac12f16d77c0f55922b1961673bbb85d23885fb038a0cee6361b76374ec53ed", kill_on_drop: false }`
[INFO] running `Command { std: "docker" "rm" "-f" "1ac12f16d77c0f55922b1961673bbb85d23885fb038a0cee6361b76374ec53ed", kill_on_drop: false }`
[INFO] [stdout] 1ac12f16d77c0f55922b1961673bbb85d23885fb038a0cee6361b76374ec53ed
[INFO] running `Command { std: "docker" "create" "-v" "/var/lib/crater-agent-workspace/builds/worker-0-tc1/target:/opt/rustwide/target:rw,Z" "-v" "/var/lib/crater-agent-workspace/builds/worker-0-tc1/source:/opt/rustwide/workdir:ro,Z" "-v" "/var/lib/crater-agent-workspace/cargo-home:/opt/rustwide/cargo-home:ro,Z" "-v" "/var/lib/crater-agent-workspace/rustup-home:/opt/rustwide/rustup-home:ro,Z" "-e" "SOURCE_DIR=/opt/rustwide/workdir" "-e" "CARGO_TARGET_DIR=/opt/rustwide/target" "-e" "CARGO_INCREMENTAL=0" "-e" "RUST_BACKTRACE=full" "-e" "RUSTFLAGS=--cap-lints=warn" "-e" "RUSTDOCFLAGS=--cap-lints=warn" "-e" "CARGO_HOME=/opt/rustwide/cargo-home" "-e" "RUSTUP_HOME=/opt/rustwide/rustup-home" "-w" "/opt/rustwide/workdir" "-m" "1610612736" "--user" "0:0" "--network" "none" "ghcr.io/rust-lang/crates-build-env/linux@sha256:2788e3201cd34a07e3172128adcd8b3090168a8e3bcc40d7c032b9dda1df7d1c" "/opt/rustwide/cargo-home/bin/cargo" "+1.75.0" "build" "--frozen" "--message-format=json", kill_on_drop: false }`
[INFO] [stdout] e63bdd8679225d5f0b36f381464871c5b168b5dc6be8eb4e65e2228f6dbc544d
[INFO] running `Command { std: "docker" "start" "-a" "e63bdd8679225d5f0b36f381464871c5b168b5dc6be8eb4e65e2228f6dbc544d", kill_on_drop: false }`
[INFO] [stderr]    Compiling powerpc-fpscr v0.1.0 (/opt/rustwide/workdir)
[INFO] [stdout] warning: field `reserved` is never read
[INFO] [stdout]  --> src/lib.rs:6:9
[INFO] [stdout]   |
[INFO] [stdout] 4 |     pub struct FpscrBit {
[INFO] [stdout]   |                -------- field in this struct
[INFO] [stdout] 5 |         name: String,
[INFO] [stdout] 6 |         reserved: bool,
[INFO] [stdout]   |         ^^^^^^^^
[INFO] [stdout]   |
[INFO] [stdout]   = note: `#[warn(dead_code)]` on by default
[INFO] [stdout] 
[INFO] [stdout] 
[INFO] [stdout] warning: 1 warning emitted
[INFO] [stdout] 
[INFO] [stdout] 
[INFO] [stderr]     Finished dev [unoptimized + debuginfo] target(s) in 0.28s
[INFO] running `Command { std: "docker" "inspect" "e63bdd8679225d5f0b36f381464871c5b168b5dc6be8eb4e65e2228f6dbc544d", kill_on_drop: false }`
[INFO] running `Command { std: "docker" "rm" "-f" "e63bdd8679225d5f0b36f381464871c5b168b5dc6be8eb4e65e2228f6dbc544d", kill_on_drop: false }`
[INFO] [stdout] e63bdd8679225d5f0b36f381464871c5b168b5dc6be8eb4e65e2228f6dbc544d
[INFO] running `Command { std: "docker" "create" "-v" "/var/lib/crater-agent-workspace/builds/worker-0-tc1/target:/opt/rustwide/target:rw,Z" "-v" "/var/lib/crater-agent-workspace/builds/worker-0-tc1/source:/opt/rustwide/workdir:ro,Z" "-v" "/var/lib/crater-agent-workspace/cargo-home:/opt/rustwide/cargo-home:ro,Z" "-v" "/var/lib/crater-agent-workspace/rustup-home:/opt/rustwide/rustup-home:ro,Z" "-e" "SOURCE_DIR=/opt/rustwide/workdir" "-e" "CARGO_TARGET_DIR=/opt/rustwide/target" "-e" "CARGO_INCREMENTAL=0" "-e" "RUST_BACKTRACE=full" "-e" "RUSTFLAGS=--cap-lints=warn" "-e" "RUSTDOCFLAGS=--cap-lints=warn" "-e" "CARGO_HOME=/opt/rustwide/cargo-home" "-e" "RUSTUP_HOME=/opt/rustwide/rustup-home" "-w" "/opt/rustwide/workdir" "-m" "1610612736" "--user" "0:0" "--network" "none" "ghcr.io/rust-lang/crates-build-env/linux@sha256:2788e3201cd34a07e3172128adcd8b3090168a8e3bcc40d7c032b9dda1df7d1c" "/opt/rustwide/cargo-home/bin/cargo" "+1.75.0" "test" "--frozen" "--no-run" "--message-format=json", kill_on_drop: false }`
[INFO] [stdout] 1a8ed81925247717888a5c24fe6a5db45d3228276e75405fc864cfae7435b530
[INFO] running `Command { std: "docker" "start" "-a" "1a8ed81925247717888a5c24fe6a5db45d3228276e75405fc864cfae7435b530", kill_on_drop: false }`
[INFO] [stderr]    Compiling powerpc-fpscr v0.1.0 (/opt/rustwide/workdir)
[INFO] [stdout] warning: field `reserved` is never read
[INFO] [stdout]  --> src/lib.rs:6:9
[INFO] [stdout]   |
[INFO] [stdout] 4 |     pub struct FpscrBit {
[INFO] [stdout]   |                -------- field in this struct
[INFO] [stdout] 5 |         name: String,
[INFO] [stdout] 6 |         reserved: bool,
[INFO] [stdout]   |         ^^^^^^^^
[INFO] [stdout]   |
[INFO] [stdout]   = note: `#[warn(dead_code)]` on by default
[INFO] [stdout] 
[INFO] [stdout] 
[INFO] [stdout] warning: 1 warning emitted
[INFO] [stdout] 
[INFO] [stdout] 
[INFO] [stdout] warning: field `reserved` is never read
[INFO] [stdout]  --> src/lib.rs:6:9
[INFO] [stdout]   |
[INFO] [stdout] 4 |     pub struct FpscrBit {
[INFO] [stdout]   |                -------- field in this struct
[INFO] [stdout] 5 |         name: String,
[INFO] [stdout] 6 |         reserved: bool,
[INFO] [stdout]   |         ^^^^^^^^
[INFO] [stdout]   |
[INFO] [stdout]   = note: `#[warn(dead_code)]` on by default
[INFO] [stdout] 
[INFO] [stdout] 
[INFO] [stdout] warning: 1 warning emitted
[INFO] [stdout] 
[INFO] [stdout] 
[INFO] [stderr]     Finished test [unoptimized + debuginfo] target(s) in 0.44s
[INFO] running `Command { std: "docker" "inspect" "1a8ed81925247717888a5c24fe6a5db45d3228276e75405fc864cfae7435b530", kill_on_drop: false }`
[INFO] running `Command { std: "docker" "rm" "-f" "1a8ed81925247717888a5c24fe6a5db45d3228276e75405fc864cfae7435b530", kill_on_drop: false }`
[INFO] [stdout] 1a8ed81925247717888a5c24fe6a5db45d3228276e75405fc864cfae7435b530
[INFO] running `Command { std: "docker" "create" "-v" "/var/lib/crater-agent-workspace/builds/worker-0-tc1/target:/opt/rustwide/target:rw,Z" "-v" "/var/lib/crater-agent-workspace/builds/worker-0-tc1/source:/opt/rustwide/workdir:ro,Z" "-v" "/var/lib/crater-agent-workspace/cargo-home:/opt/rustwide/cargo-home:ro,Z" "-v" "/var/lib/crater-agent-workspace/rustup-home:/opt/rustwide/rustup-home:ro,Z" "-e" "SOURCE_DIR=/opt/rustwide/workdir" "-e" "CARGO_TARGET_DIR=/opt/rustwide/target" "-e" "CARGO_INCREMENTAL=0" "-e" "RUST_BACKTRACE=full" "-e" "RUSTFLAGS=--cap-lints=warn" "-e" "RUSTDOCFLAGS=--cap-lints=warn" "-e" "CARGO_HOME=/opt/rustwide/cargo-home" "-e" "RUSTUP_HOME=/opt/rustwide/rustup-home" "-w" "/opt/rustwide/workdir" "-m" "1610612736" "--user" "0:0" "--network" "none" "ghcr.io/rust-lang/crates-build-env/linux@sha256:2788e3201cd34a07e3172128adcd8b3090168a8e3bcc40d7c032b9dda1df7d1c" "/opt/rustwide/cargo-home/bin/cargo" "+1.75.0" "test" "--frozen", kill_on_drop: false }`
[INFO] [stdout] e0d69a544efdc9cdcb70a1c46a12530ea38d49f8949e6e2581d918b3f923ae9f
[INFO] running `Command { std: "docker" "start" "-a" "e0d69a544efdc9cdcb70a1c46a12530ea38d49f8949e6e2581d918b3f923ae9f", kill_on_drop: false }`
[INFO] [stderr] warning: field `reserved` is never read
[INFO] [stderr]  --> src/lib.rs:6:9
[INFO] [stderr]   |
[INFO] [stderr] 4 |     pub struct FpscrBit {
[INFO] [stderr]   |                -------- field in this struct
[INFO] [stderr] 5 |         name: String,
[INFO] [stderr] 6 |         reserved: bool,
[INFO] [stderr]   |         ^^^^^^^^
[INFO] [stderr]   |
[INFO] [stderr]   = note: `#[warn(dead_code)]` on by default
[INFO] [stderr] 
[INFO] [stderr] warning: `powerpc-fpscr` (lib) generated 1 warning
[INFO] [stderr] warning: `powerpc-fpscr` (lib test) generated 1 warning (1 duplicate)
[INFO] [stderr]     Finished test [unoptimized + debuginfo] target(s) in 0.00s
[INFO] [stderr]      Running unittests src/lib.rs (/opt/rustwide/target/debug/deps/powerpc_fpscr-0a640a4f1fcd0456)
[INFO] [stdout] 
[INFO] [stdout] running 0 tests
[INFO] [stdout] 
[INFO] [stdout] test result: ok. 0 passed; 0 failed; 0 ignored; 0 measured; 0 filtered out; finished in 0.00s
[INFO] [stdout] 
[INFO] [stderr]      Running unittests src/main.rs (/opt/rustwide/target/debug/deps/powerpc_fpscr-18193219f447ad17)
[INFO] [stdout] 
[INFO] [stderr]    Doc-tests powerpc-fpscr
[INFO] [stdout] running 0 tests
[INFO] [stdout] 
[INFO] [stdout] test result: ok. 0 passed; 0 failed; 0 ignored; 0 measured; 0 filtered out; finished in 0.00s
[INFO] [stdout] 
[INFO] [stdout] 
[INFO] [stdout] running 3 tests
[INFO] [stdout] test src/lib.rs - fpscr::Fpscr::get_name (line 89) ... FAILED
[INFO] [stdout] test src/lib.rs - fpscr::Fpscr::new (line 33) ... FAILED
[INFO] [stdout] test src/lib.rs - fpscr::Fpscr::is_set (line 78) ... FAILED
[INFO] [stdout] 
[INFO] [stdout] failures:
[INFO] [stdout] 
[INFO] [stdout] ---- src/lib.rs - fpscr::Fpscr::get_name (line 89) stdout ----
[INFO] [stdout] error[E0433]: failed to resolve: use of undeclared type `Fpscr`
[INFO] [stdout]  --> src/lib.rs:90:13
[INFO] [stdout]   |
[INFO] [stdout] 3 | let flags = Fpscr::new(0x00020000);
[INFO] [stdout]   |             ^^^^^ use of undeclared type `Fpscr`
[INFO] [stdout]   |
[INFO] [stdout] help: consider importing this struct
[INFO] [stdout]   |
[INFO] [stdout] 2 + use powerpc_fpscr::fpscr::Fpscr;
[INFO] [stdout]   |
[INFO] [stdout] 
[INFO] [stdout] error: aborting due to previous error
[INFO] [stdout] 
[INFO] [stdout] For more information about this error, try `rustc --explain E0433`.
[INFO] [stdout] Couldn't compile the test.
[INFO] [stdout] ---- src/lib.rs - fpscr::Fpscr::new (line 33) stdout ----
[INFO] [stdout] error[E0433]: failed to resolve: use of undeclared type `Fpscr`
[INFO] [stdout]  --> src/lib.rs:34:13
[INFO] [stdout]   |
[INFO] [stdout] 3 | let flags = Fpscr::new(0x00060000); // FI and FR are set
[INFO] [stdout]   |             ^^^^^ use of undeclared type `Fpscr`
[INFO] [stdout]   |
[INFO] [stdout] help: consider importing this struct
[INFO] [stdout]   |
[INFO] [stdout] 2 + use powerpc_fpscr::fpscr::Fpscr;
[INFO] [stdout]   |
[INFO] [stdout] 
[INFO] [stdout] error: aborting due to previous error
[INFO] [stdout] 
[INFO] [stdout] For more information about this error, try `rustc --explain E0433`.
[INFO] [stdout] Couldn't compile the test.
[INFO] [stdout] ---- src/lib.rs - fpscr::Fpscr::is_set (line 78) stdout ----
[INFO] [stderr] error: doctest failed, to rerun pass `--doc`
[INFO] [stdout] error[E0433]: failed to resolve: use of undeclared type `Fpscr`
[INFO] [stdout]  --> src/lib.rs:79:13
[INFO] [stdout]   |
[INFO] [stdout] 3 | let flags = Fpscr::new(0x00020000); // FI is set
[INFO] [stdout]   |             ^^^^^ use of undeclared type `Fpscr`
[INFO] [stdout]   |
[INFO] [stdout] help: consider importing this struct
[INFO] [stdout]   |
[INFO] [stdout] 2 + use powerpc_fpscr::fpscr::Fpscr;
[INFO] [stdout]   |
[INFO] [stdout] 
[INFO] [stdout] error: aborting due to previous error
[INFO] [stdout] 
[INFO] [stdout] For more information about this error, try `rustc --explain E0433`.
[INFO] [stdout] Couldn't compile the test.
[INFO] [stdout] 
[INFO] [stdout] failures:
[INFO] [stdout]     src/lib.rs - fpscr::Fpscr::get_name (line 89)
[INFO] [stdout]     src/lib.rs - fpscr::Fpscr::is_set (line 78)
[INFO] [stdout]     src/lib.rs - fpscr::Fpscr::new (line 33)
[INFO] [stdout] 
[INFO] [stdout] test result: FAILED. 0 passed; 3 failed; 0 ignored; 0 measured; 0 filtered out; finished in 0.09s
[INFO] [stdout] 
[INFO] running `Command { std: "docker" "inspect" "e0d69a544efdc9cdcb70a1c46a12530ea38d49f8949e6e2581d918b3f923ae9f", kill_on_drop: false }`
[INFO] running `Command { std: "docker" "rm" "-f" "e0d69a544efdc9cdcb70a1c46a12530ea38d49f8949e6e2581d918b3f923ae9f", kill_on_drop: false }`
[INFO] [stdout] e0d69a544efdc9cdcb70a1c46a12530ea38d49f8949e6e2581d918b3f923ae9f
[INFO] testing vccolombo/powerpc-fpscr against beta-2023-12-22 for beta-1.76-1
[INFO] running `Command { std: "git" "clone" "/workspace/cache/git-repos/https%3A%2F%2Fgithub.com%2Fvccolombo%2Fpowerpc-fpscr" "/workspace/builds/worker-0-tc2/source", kill_on_drop: false }`
[INFO] [stderr] Cloning into '/workspace/builds/worker-0-tc2/source'...
[INFO] [stderr] done.
[INFO] validating manifest of git repo https://github.com/vccolombo/powerpc-fpscr on toolchain beta-2023-12-22
[INFO] running `Command { std: CARGO_HOME="/workspace/cargo-home" RUSTUP_HOME="/workspace/rustup-home" "/workspace/cargo-home/bin/cargo" "+beta-2023-12-22" "metadata" "--manifest-path" "Cargo.toml" "--no-deps", kill_on_drop: false }`
[INFO] started tweaking git repo https://github.com/vccolombo/powerpc-fpscr
[INFO] finished tweaking git repo https://github.com/vccolombo/powerpc-fpscr
[INFO] tweaked toml for git repo https://github.com/vccolombo/powerpc-fpscr written to /workspace/builds/worker-0-tc2/source/Cargo.toml
[INFO] crate git repo https://github.com/vccolombo/powerpc-fpscr already has a lockfile, it will not be regenerated
[INFO] running `Command { std: CARGO_HOME="/workspace/cargo-home" RUSTUP_HOME="/workspace/rustup-home" "/workspace/cargo-home/bin/cargo" "+beta-2023-12-22" "fetch" "--manifest-path" "Cargo.toml", kill_on_drop: false }`
[INFO] running `Command { std: "docker" "create" "-v" "/var/lib/crater-agent-workspace/builds/worker-0-tc2/target:/opt/rustwide/target:rw,Z" "-v" "/var/lib/crater-agent-workspace/builds/worker-0-tc2/source:/opt/rustwide/workdir:ro,Z" "-v" "/var/lib/crater-agent-workspace/cargo-home:/opt/rustwide/cargo-home:ro,Z" "-v" "/var/lib/crater-agent-workspace/rustup-home:/opt/rustwide/rustup-home:ro,Z" "-e" "SOURCE_DIR=/opt/rustwide/workdir" "-e" "CARGO_TARGET_DIR=/opt/rustwide/target" "-e" "CARGO_HOME=/opt/rustwide/cargo-home" "-e" "RUSTUP_HOME=/opt/rustwide/rustup-home" "-w" "/opt/rustwide/workdir" "-m" "1610612736" "--user" "0:0" "--network" "none" "ghcr.io/rust-lang/crates-build-env/linux@sha256:2788e3201cd34a07e3172128adcd8b3090168a8e3bcc40d7c032b9dda1df7d1c" "/opt/rustwide/cargo-home/bin/cargo" "+beta-2023-12-22" "metadata" "--no-deps" "--format-version=1", kill_on_drop: false }`
[INFO] [stdout] 51059027576bdbd173eb16cdad7c9e7cbdd50411a6bcb66647de3526170ae352
[INFO] running `Command { std: "docker" "start" "-a" "51059027576bdbd173eb16cdad7c9e7cbdd50411a6bcb66647de3526170ae352", kill_on_drop: false }`
[INFO] running `Command { std: "docker" "inspect" "51059027576bdbd173eb16cdad7c9e7cbdd50411a6bcb66647de3526170ae352", kill_on_drop: false }`
[INFO] running `Command { std: "docker" "rm" "-f" "51059027576bdbd173eb16cdad7c9e7cbdd50411a6bcb66647de3526170ae352", kill_on_drop: false }`
[INFO] [stdout] 51059027576bdbd173eb16cdad7c9e7cbdd50411a6bcb66647de3526170ae352
[INFO] running `Command { std: "docker" "create" "-v" "/var/lib/crater-agent-workspace/builds/worker-0-tc2/target:/opt/rustwide/target:rw,Z" "-v" "/var/lib/crater-agent-workspace/builds/worker-0-tc2/source:/opt/rustwide/workdir:ro,Z" "-v" "/var/lib/crater-agent-workspace/cargo-home:/opt/rustwide/cargo-home:ro,Z" "-v" "/var/lib/crater-agent-workspace/rustup-home:/opt/rustwide/rustup-home:ro,Z" "-e" "SOURCE_DIR=/opt/rustwide/workdir" "-e" "CARGO_TARGET_DIR=/opt/rustwide/target" "-e" "CARGO_INCREMENTAL=0" "-e" "RUST_BACKTRACE=full" "-e" "RUSTFLAGS=--cap-lints=warn" "-e" "RUSTDOCFLAGS=--cap-lints=warn" "-e" "CARGO_HOME=/opt/rustwide/cargo-home" "-e" "RUSTUP_HOME=/opt/rustwide/rustup-home" "-w" "/opt/rustwide/workdir" "-m" "1610612736" "--user" "0:0" "--network" "none" "ghcr.io/rust-lang/crates-build-env/linux@sha256:2788e3201cd34a07e3172128adcd8b3090168a8e3bcc40d7c032b9dda1df7d1c" "/opt/rustwide/cargo-home/bin/cargo" "+beta-2023-12-22" "build" "--frozen" "--message-format=json", kill_on_drop: false }`
[INFO] [stdout] 3679e1e10829149e0e1dafb64b32f96a8d2a68693407ca88187d1be4d32807b5
[INFO] running `Command { std: "docker" "start" "-a" "3679e1e10829149e0e1dafb64b32f96a8d2a68693407ca88187d1be4d32807b5", kill_on_drop: false }`
[INFO] [stderr]    Compiling powerpc-fpscr v0.1.0 (/opt/rustwide/workdir)
[INFO] [stdout] warning: field `reserved` is never read
[INFO] [stdout]  --> src/lib.rs:6:9
[INFO] [stdout]   |
[INFO] [stdout] 4 |     pub struct FpscrBit {
[INFO] [stdout]   |                -------- field in this struct
[INFO] [stdout] 5 |         name: String,
[INFO] [stdout] 6 |         reserved: bool,
[INFO] [stdout]   |         ^^^^^^^^
[INFO] [stdout]   |
[INFO] [stdout]   = note: `#[warn(dead_code)]` on by default
[INFO] [stdout] 
[INFO] [stdout] 
[INFO] [stdout] warning: 1 warning emitted
[INFO] [stdout] 
[INFO] [stdout] 
[INFO] [stderr]     Finished dev [unoptimized + debuginfo] target(s) in 0.44s
[INFO] running `Command { std: "docker" "inspect" "3679e1e10829149e0e1dafb64b32f96a8d2a68693407ca88187d1be4d32807b5", kill_on_drop: false }`
[INFO] running `Command { std: "docker" "rm" "-f" "3679e1e10829149e0e1dafb64b32f96a8d2a68693407ca88187d1be4d32807b5", kill_on_drop: false }`
[INFO] [stdout] 3679e1e10829149e0e1dafb64b32f96a8d2a68693407ca88187d1be4d32807b5
[INFO] running `Command { std: "docker" "create" "-v" "/var/lib/crater-agent-workspace/builds/worker-0-tc2/target:/opt/rustwide/target:rw,Z" "-v" "/var/lib/crater-agent-workspace/builds/worker-0-tc2/source:/opt/rustwide/workdir:ro,Z" "-v" "/var/lib/crater-agent-workspace/cargo-home:/opt/rustwide/cargo-home:ro,Z" "-v" "/var/lib/crater-agent-workspace/rustup-home:/opt/rustwide/rustup-home:ro,Z" "-e" "SOURCE_DIR=/opt/rustwide/workdir" "-e" "CARGO_TARGET_DIR=/opt/rustwide/target" "-e" "CARGO_INCREMENTAL=0" "-e" "RUST_BACKTRACE=full" "-e" "RUSTFLAGS=--cap-lints=warn" "-e" "RUSTDOCFLAGS=--cap-lints=warn" "-e" "CARGO_HOME=/opt/rustwide/cargo-home" "-e" "RUSTUP_HOME=/opt/rustwide/rustup-home" "-w" "/opt/rustwide/workdir" "-m" "1610612736" "--user" "0:0" "--network" "none" "ghcr.io/rust-lang/crates-build-env/linux@sha256:2788e3201cd34a07e3172128adcd8b3090168a8e3bcc40d7c032b9dda1df7d1c" "/opt/rustwide/cargo-home/bin/cargo" "+beta-2023-12-22" "test" "--frozen" "--no-run" "--message-format=json", kill_on_drop: false }`
[INFO] [stdout] 7c2c1b69fa7436cca997898227f0f9dbb23ead3720c14d8ab51383f0e90dee3d
[INFO] running `Command { std: "docker" "start" "-a" "7c2c1b69fa7436cca997898227f0f9dbb23ead3720c14d8ab51383f0e90dee3d", kill_on_drop: false }`
[INFO] [stderr]    Compiling powerpc-fpscr v0.1.0 (/opt/rustwide/workdir)
[INFO] [stdout] warning: field `reserved` is never read
[INFO] [stdout]  --> src/lib.rs:6:9
[INFO] [stdout]   |
[INFO] [stdout] 4 |     pub struct FpscrBit {
[INFO] [stdout]   |                -------- field in this struct
[INFO] [stdout] 5 |         name: String,
[INFO] [stdout] 6 |         reserved: bool,
[INFO] [stdout]   |         ^^^^^^^^
[INFO] [stdout]   |
[INFO] [stdout]   = note: `#[warn(dead_code)]` on by default
[INFO] [stdout] 
[INFO] [stdout] 
[INFO] [stdout] warning: 1 warning emitted
[INFO] [stdout] 
[INFO] [stdout] 
[INFO] [stdout] warning: field `reserved` is never read
[INFO] [stdout]  --> src/lib.rs:6:9
[INFO] [stdout]   |
[INFO] [stdout] 4 |     pub struct FpscrBit {
[INFO] [stdout]   |                -------- field in this struct
[INFO] [stdout] 5 |         name: String,
[INFO] [stdout] 6 |         reserved: bool,
[INFO] [stdout]   |         ^^^^^^^^
[INFO] [stdout]   |
[INFO] [stdout]   = note: `#[warn(dead_code)]` on by default
[INFO] [stdout] 
[INFO] [stdout] 
[INFO] [stdout] warning: 1 warning emitted
[INFO] [stdout] 
[INFO] [stdout] 
[INFO] [stderr]     Finished test [unoptimized + debuginfo] target(s) in 0.42s
[INFO] running `Command { std: "docker" "inspect" "7c2c1b69fa7436cca997898227f0f9dbb23ead3720c14d8ab51383f0e90dee3d", kill_on_drop: false }`
[INFO] running `Command { std: "docker" "rm" "-f" "7c2c1b69fa7436cca997898227f0f9dbb23ead3720c14d8ab51383f0e90dee3d", kill_on_drop: false }`
[INFO] [stdout] 7c2c1b69fa7436cca997898227f0f9dbb23ead3720c14d8ab51383f0e90dee3d
[INFO] running `Command { std: "docker" "create" "-v" "/var/lib/crater-agent-workspace/builds/worker-0-tc2/target:/opt/rustwide/target:rw,Z" "-v" "/var/lib/crater-agent-workspace/builds/worker-0-tc2/source:/opt/rustwide/workdir:ro,Z" "-v" "/var/lib/crater-agent-workspace/cargo-home:/opt/rustwide/cargo-home:ro,Z" "-v" "/var/lib/crater-agent-workspace/rustup-home:/opt/rustwide/rustup-home:ro,Z" "-e" "SOURCE_DIR=/opt/rustwide/workdir" "-e" "CARGO_TARGET_DIR=/opt/rustwide/target" "-e" "CARGO_INCREMENTAL=0" "-e" "RUST_BACKTRACE=full" "-e" "RUSTFLAGS=--cap-lints=warn" "-e" "RUSTDOCFLAGS=--cap-lints=warn" "-e" "CARGO_HOME=/opt/rustwide/cargo-home" "-e" "RUSTUP_HOME=/opt/rustwide/rustup-home" "-w" "/opt/rustwide/workdir" "-m" "1610612736" "--user" "0:0" "--network" "none" "ghcr.io/rust-lang/crates-build-env/linux@sha256:2788e3201cd34a07e3172128adcd8b3090168a8e3bcc40d7c032b9dda1df7d1c" "/opt/rustwide/cargo-home/bin/cargo" "+beta-2023-12-22" "test" "--frozen", kill_on_drop: false }`
[INFO] [stdout] bc0aee4cc1e28dad07155aad4d37e4924ba1170db3144ce653af9ed907ae35d6
[INFO] running `Command { std: "docker" "start" "-a" "bc0aee4cc1e28dad07155aad4d37e4924ba1170db3144ce653af9ed907ae35d6", kill_on_drop: false }`
[INFO] [stderr] warning: field `reserved` is never read
[INFO] [stdout] 
[INFO] [stderr]  --> src/lib.rs:6:9
[INFO] [stdout] running 0 tests
[INFO] [stderr]   |
[INFO] [stdout] 
[INFO] [stderr] 4 |     pub struct FpscrBit {
[INFO] [stdout] test result: ok. 0 passed; 0 failed; 0 ignored; 0 measured; 0 filtered out; finished in 0.00s
[INFO] [stderr]   |                -------- field in this struct
[INFO] [stdout] 
[INFO] [stderr] 5 |         name: String,
[INFO] [stdout] 
[INFO] [stderr] 6 |         reserved: bool,
[INFO] [stdout] running 0 tests
[INFO] [stderr]   |         ^^^^^^^^
[INFO] [stdout] 
[INFO] [stderr]   |
[INFO] [stdout] test result: ok. 0 passed; 0 failed; 0 ignored; 0 measured; 0 filtered out; finished in 0.00s
[INFO] [stderr]   = note: `#[warn(dead_code)]` on by default
[INFO] [stdout] 
[INFO] [stderr] 
[INFO] [stderr] warning: `powerpc-fpscr` (lib) generated 1 warning
[INFO] [stderr] warning: `powerpc-fpscr` (lib test) generated 1 warning (1 duplicate)
[INFO] [stderr]     Finished test [unoptimized + debuginfo] target(s) in 0.01s
[INFO] [stderr]      Running unittests src/lib.rs (/opt/rustwide/target/debug/deps/powerpc_fpscr-74cf672e63474e68)
[INFO] [stderr]      Running unittests src/main.rs (/opt/rustwide/target/debug/deps/powerpc_fpscr-66625081c7c109cb)
[INFO] [stderr]    Doc-tests powerpc-fpscr
[INFO] [stdout] 
[INFO] [stdout] running 3 tests
[INFO] [stdout] test src/lib.rs - fpscr::Fpscr::new (line 33) ... FAILED
[INFO] [stdout] test src/lib.rs - fpscr::Fpscr::get_name (line 89) ... FAILED
[INFO] [stdout] test src/lib.rs - fpscr::Fpscr::is_set (line 78) ... FAILED
[INFO] [stderr] error: doctest failed, to rerun pass `--doc`
[INFO] [stdout] 
[INFO] [stdout] failures:
[INFO] [stdout] 
[INFO] [stdout] ---- src/lib.rs - fpscr::Fpscr::new (line 33) stdout ----
[INFO] [stdout] error[E0433]: failed to resolve: use of undeclared type `Fpscr`
[INFO] [stdout]  --> src/lib.rs:34:13
[INFO] [stdout]   |
[INFO] [stdout] 3 | let flags = Fpscr::new(0x00060000); // FI and FR are set
[INFO] [stdout]   |             ^^^^^ use of undeclared type `Fpscr`
[INFO] [stdout]   |
[INFO] [stdout] help: consider importing this struct
[INFO] [stdout]   |
[INFO] [stdout] 2 + use powerpc_fpscr::fpscr::Fpscr;
[INFO] [stdout]   |
[INFO] [stdout] 
[INFO] [stdout] error: aborting due to 1 previous error
[INFO] [stdout] 
[INFO] [stdout] For more information about this error, try `rustc --explain E0433`.
[INFO] [stdout] Couldn't compile the test.
[INFO] [stdout] ---- src/lib.rs - fpscr::Fpscr::get_name (line 89) stdout ----
[INFO] [stdout] error[E0433]: failed to resolve: use of undeclared type `Fpscr`
[INFO] [stdout]  --> src/lib.rs:90:13
[INFO] [stdout]   |
[INFO] [stdout] 3 | let flags = Fpscr::new(0x00020000);
[INFO] [stdout]   |             ^^^^^ use of undeclared type `Fpscr`
[INFO] [stdout]   |
[INFO] [stdout] help: consider importing this struct
[INFO] [stdout]   |
[INFO] [stdout] 2 + use powerpc_fpscr::fpscr::Fpscr;
[INFO] [stdout]   |
[INFO] [stdout] 
[INFO] [stdout] error: aborting due to 1 previous error
[INFO] [stdout] 
[INFO] [stdout] For more information about this error, try `rustc --explain E0433`.
[INFO] [stdout] Couldn't compile the test.
[INFO] [stdout] ---- src/lib.rs - fpscr::Fpscr::is_set (line 78) stdout ----
[INFO] [stdout] error[E0433]: failed to resolve: use of undeclared type `Fpscr`
[INFO] [stdout]  --> src/lib.rs:79:13
[INFO] [stdout]   |
[INFO] [stdout] 3 | let flags = Fpscr::new(0x00020000); // FI is set
[INFO] [stdout]   |             ^^^^^ use of undeclared type `Fpscr`
[INFO] [stdout]   |
[INFO] [stdout] help: consider importing this struct
[INFO] [stdout]   |
[INFO] [stdout] 2 + use powerpc_fpscr::fpscr::Fpscr;
[INFO] [stdout]   |
[INFO] [stdout] 
[INFO] [stdout] error: aborting due to 1 previous error
[INFO] [stdout] 
[INFO] [stdout] For more information about this error, try `rustc --explain E0433`.
[INFO] [stdout] Couldn't compile the test.
[INFO] [stdout] 
[INFO] [stdout] failures:
[INFO] [stdout]     src/lib.rs - fpscr::Fpscr::get_name (line 89)
[INFO] [stdout]     src/lib.rs - fpscr::Fpscr::is_set (line 78)
[INFO] [stdout]     src/lib.rs - fpscr::Fpscr::new (line 33)
[INFO] [stdout] 
[INFO] [stdout] test result: FAILED. 0 passed; 3 failed; 0 ignored; 0 measured; 0 filtered out; finished in 0.12s
[INFO] [stdout] 
[INFO] running `Command { std: "docker" "inspect" "bc0aee4cc1e28dad07155aad4d37e4924ba1170db3144ce653af9ed907ae35d6", kill_on_drop: false }`
[INFO] running `Command { std: "docker" "rm" "-f" "bc0aee4cc1e28dad07155aad4d37e4924ba1170db3144ce653af9ed907ae35d6", kill_on_drop: false }`
[INFO] [stdout] bc0aee4cc1e28dad07155aad4d37e4924ba1170db3144ce653af9ed907ae35d6
