[INFO] cloning repository https://github.com/vados-cosmonic/wit-bindgen-wasmcloud-provider-host
[INFO] running `Command { std: "git" "-c" "credential.helper=" "-c" "credential.helper=/workspace/cargo-home/bin/git-credential-null" "clone" "--bare" "https://github.com/vados-cosmonic/wit-bindgen-wasmcloud-provider-host" "/workspace/cache/git-repos/https%3A%2F%2Fgithub.com%2Fvados-cosmonic%2Fwit-bindgen-wasmcloud-provider-host", kill_on_drop: false }`
[INFO] [stderr] Cloning into bare repository '/workspace/cache/git-repos/https%3A%2F%2Fgithub.com%2Fvados-cosmonic%2Fwit-bindgen-wasmcloud-provider-host'...
[INFO] running `Command { std: "git" "rev-parse" "HEAD", kill_on_drop: false }`
[INFO] [stdout] 98588000e0177e4ed3637cb7aa2df10ba2aeeeef
[INFO] testing vados-cosmonic/wit-bindgen-wasmcloud-provider-host against 1.75.0 for beta-1.76-1
[INFO] running `Command { std: "git" "clone" "/workspace/cache/git-repos/https%3A%2F%2Fgithub.com%2Fvados-cosmonic%2Fwit-bindgen-wasmcloud-provider-host" "/workspace/builds/worker-6-tc1/source", kill_on_drop: false }`
[INFO] [stderr] Cloning into '/workspace/builds/worker-6-tc1/source'...
[INFO] [stderr] done.
[INFO] validating manifest of git repo https://github.com/vados-cosmonic/wit-bindgen-wasmcloud-provider-host on toolchain 1.75.0
[INFO] running `Command { std: CARGO_HOME="/workspace/cargo-home" RUSTUP_HOME="/workspace/rustup-home" "/workspace/cargo-home/bin/cargo" "+1.75.0" "metadata" "--manifest-path" "Cargo.toml" "--no-deps", kill_on_drop: false }`
[INFO] started tweaking git repo https://github.com/vados-cosmonic/wit-bindgen-wasmcloud-provider-host
[INFO] finished tweaking git repo https://github.com/vados-cosmonic/wit-bindgen-wasmcloud-provider-host
[INFO] tweaked toml for git repo https://github.com/vados-cosmonic/wit-bindgen-wasmcloud-provider-host written to /workspace/builds/worker-6-tc1/source/Cargo.toml
[INFO] crate git repo https://github.com/vados-cosmonic/wit-bindgen-wasmcloud-provider-host already has a lockfile, it will not be regenerated
[INFO] running `Command { std: CARGO_HOME="/workspace/cargo-home" RUSTUP_HOME="/workspace/rustup-home" "/workspace/cargo-home/bin/cargo" "+1.75.0" "fetch" "--manifest-path" "Cargo.toml", kill_on_drop: false }`
[INFO] [stderr] warning: unused manifest key: package.rust_version
[INFO] [stderr]  Downloading crates ...
[INFO] [stderr]   Downloaded wasmtime-component-util v11.0.1
[INFO] [stderr]   Downloaded wasmtime-component-macro v11.0.1
[INFO] [stderr]   Downloaded wasm-metadata v0.10.1
[INFO] [stderr]   Downloaded wasmtime-wit-bindgen v11.0.1
[INFO] [stderr]   Downloaded wasmparser v0.110.0
[INFO] [stderr]   Downloaded spdx v0.10.2
[INFO] running `Command { std: "docker" "create" "-v" "/var/lib/crater-agent-workspace/builds/worker-6-tc1/target:/opt/rustwide/target:rw,Z" "-v" "/var/lib/crater-agent-workspace/builds/worker-6-tc1/source:/opt/rustwide/workdir:ro,Z" "-v" "/var/lib/crater-agent-workspace/cargo-home:/opt/rustwide/cargo-home:ro,Z" "-v" "/var/lib/crater-agent-workspace/rustup-home:/opt/rustwide/rustup-home:ro,Z" "-e" "SOURCE_DIR=/opt/rustwide/workdir" "-e" "CARGO_TARGET_DIR=/opt/rustwide/target" "-e" "CARGO_HOME=/opt/rustwide/cargo-home" "-e" "RUSTUP_HOME=/opt/rustwide/rustup-home" "-w" "/opt/rustwide/workdir" "-m" "1610612736" "--user" "0:0" "--network" "none" "ghcr.io/rust-lang/crates-build-env/linux@sha256:2788e3201cd34a07e3172128adcd8b3090168a8e3bcc40d7c032b9dda1df7d1c" "/opt/rustwide/cargo-home/bin/cargo" "+1.75.0" "metadata" "--no-deps" "--format-version=1", kill_on_drop: false }`
[INFO] [stdout] 379f64a70a6205273e0b6fe6d280fc56807b01a3ce25aa7843e681da2efa305e
[INFO] running `Command { std: "docker" "start" "-a" "379f64a70a6205273e0b6fe6d280fc56807b01a3ce25aa7843e681da2efa305e", kill_on_drop: false }`
[INFO] running `Command { std: "docker" "inspect" "379f64a70a6205273e0b6fe6d280fc56807b01a3ce25aa7843e681da2efa305e", kill_on_drop: false }`
[INFO] running `Command { std: "docker" "rm" "-f" "379f64a70a6205273e0b6fe6d280fc56807b01a3ce25aa7843e681da2efa305e", kill_on_drop: false }`
[INFO] [stdout] 379f64a70a6205273e0b6fe6d280fc56807b01a3ce25aa7843e681da2efa305e
[INFO] running `Command { std: "docker" "create" "-v" "/var/lib/crater-agent-workspace/builds/worker-6-tc1/target:/opt/rustwide/target:rw,Z" "-v" "/var/lib/crater-agent-workspace/builds/worker-6-tc1/source:/opt/rustwide/workdir:ro,Z" "-v" "/var/lib/crater-agent-workspace/cargo-home:/opt/rustwide/cargo-home:ro,Z" "-v" "/var/lib/crater-agent-workspace/rustup-home:/opt/rustwide/rustup-home:ro,Z" "-e" "SOURCE_DIR=/opt/rustwide/workdir" "-e" "CARGO_TARGET_DIR=/opt/rustwide/target" "-e" "CARGO_INCREMENTAL=0" "-e" "RUST_BACKTRACE=full" "-e" "RUSTFLAGS=--cap-lints=warn" "-e" "RUSTDOCFLAGS=--cap-lints=warn" "-e" "CARGO_HOME=/opt/rustwide/cargo-home" "-e" "RUSTUP_HOME=/opt/rustwide/rustup-home" "-w" "/opt/rustwide/workdir" "-m" "1610612736" "--user" "0:0" "--network" "none" "ghcr.io/rust-lang/crates-build-env/linux@sha256:2788e3201cd34a07e3172128adcd8b3090168a8e3bcc40d7c032b9dda1df7d1c" "/opt/rustwide/cargo-home/bin/cargo" "+1.75.0" "build" "--frozen" "--message-format=json", kill_on_drop: false }`
[INFO] [stdout] 4839ba6f0930d46bb30326232765eeddc183c18078c6cb4826b4a04ceb0d4f4e
[INFO] running `Command { std: "docker" "start" "-a" "4839ba6f0930d46bb30326232765eeddc183c18078c6cb4826b4a04ceb0d4f4e", kill_on_drop: false }`
[INFO] [stderr] warning: unused manifest key: package.rust_version
[INFO] [stderr]    Compiling semver v1.0.18
[INFO] [stderr]    Compiling tinyvec_macros v0.1.1
[INFO] [stderr]    Compiling version_check v0.9.4
[INFO] [stderr]    Compiling anyhow v1.0.72
[INFO] [stderr]    Compiling serde v1.0.183
[INFO] [stderr]    Compiling memchr v2.5.0
[INFO] [stderr]    Compiling autocfg v1.1.0
[INFO] [stderr]    Compiling pulldown-cmark v0.8.0
[INFO] [stderr]    Compiling unicode-bidi v0.3.13
[INFO] [stderr]    Compiling proc-macro2 v1.0.66
[INFO] [stderr]    Compiling percent-encoding v2.3.0
[INFO] [stderr]    Compiling serde_derive v1.0.183
[INFO] [stderr]    Compiling hashbrown v0.12.3
[INFO] [stderr]    Compiling bitflags v1.3.2
[INFO] [stderr]    Compiling unicode-ident v1.0.11
[INFO] [stderr]    Compiling hashbrown v0.14.0
[INFO] [stderr]    Compiling tinyvec v1.6.0
[INFO] [stderr]    Compiling id-arena v2.2.1
[INFO] [stderr]    Compiling serde_json v1.0.104
[INFO] [stderr]    Compiling form_urlencoded v1.2.0
[INFO] [stderr]    Compiling equivalent v1.0.1
[INFO] [stderr]    Compiling log v0.4.19
[INFO] [stderr]    Compiling syn v1.0.109
[INFO] [stderr]    Compiling unicase v2.6.0
[INFO] [stderr]    Compiling unicode-xid v0.2.4
[INFO] [stderr]    Compiling itoa v1.0.9
[INFO] [stderr]    Compiling indexmap v1.9.3
[INFO] [stderr]    Compiling ryu v1.0.15
[INFO] [stderr]    Compiling leb128 v0.2.5
[INFO] [stderr]    Compiling heck v0.4.1
[INFO] [stderr]    Compiling smallvec v1.11.0
[INFO] [stderr]    Compiling wasm-encoder v0.31.1
[INFO] [stderr]    Compiling wasmtime-component-util v11.0.1
[INFO] [stderr]    Compiling spdx v0.10.2
[INFO] [stderr]    Compiling quote v1.0.32
[INFO] [stderr]    Compiling unicode-normalization v0.1.22
[INFO] [stderr]    Compiling idna v0.4.0
[INFO] [stderr]    Compiling url v2.4.0
[INFO] [stderr]    Compiling wit-parser v0.8.0
[INFO] [stderr]    Compiling indexmap v2.0.0
[INFO] [stderr]    Compiling wasmtime-wit-bindgen v11.0.1
[INFO] [stderr]    Compiling wasmparser v0.110.0
[INFO] [stderr]    Compiling wasmtime-component-macro v11.0.1
[INFO] [stderr]    Compiling wasm-metadata v0.10.1
[INFO] [stderr]    Compiling wit-bindgen-wasmcloud-provider-host v0.1.0 (/opt/rustwide/workdir)
[INFO] [stderr]     Finished dev [unoptimized + debuginfo] target(s) in 7.15s
[INFO] running `Command { std: "docker" "inspect" "4839ba6f0930d46bb30326232765eeddc183c18078c6cb4826b4a04ceb0d4f4e", kill_on_drop: false }`
[INFO] running `Command { std: "docker" "rm" "-f" "4839ba6f0930d46bb30326232765eeddc183c18078c6cb4826b4a04ceb0d4f4e", kill_on_drop: false }`
[INFO] [stdout] 4839ba6f0930d46bb30326232765eeddc183c18078c6cb4826b4a04ceb0d4f4e
[INFO] running `Command { std: "docker" "create" "-v" "/var/lib/crater-agent-workspace/builds/worker-6-tc1/target:/opt/rustwide/target:rw,Z" "-v" "/var/lib/crater-agent-workspace/builds/worker-6-tc1/source:/opt/rustwide/workdir:ro,Z" "-v" "/var/lib/crater-agent-workspace/cargo-home:/opt/rustwide/cargo-home:ro,Z" "-v" "/var/lib/crater-agent-workspace/rustup-home:/opt/rustwide/rustup-home:ro,Z" "-e" "SOURCE_DIR=/opt/rustwide/workdir" "-e" "CARGO_TARGET_DIR=/opt/rustwide/target" "-e" "CARGO_INCREMENTAL=0" "-e" "RUST_BACKTRACE=full" "-e" "RUSTFLAGS=--cap-lints=warn" "-e" "RUSTDOCFLAGS=--cap-lints=warn" "-e" "CARGO_HOME=/opt/rustwide/cargo-home" "-e" "RUSTUP_HOME=/opt/rustwide/rustup-home" "-w" "/opt/rustwide/workdir" "-m" "1610612736" "--user" "0:0" "--network" "none" "ghcr.io/rust-lang/crates-build-env/linux@sha256:2788e3201cd34a07e3172128adcd8b3090168a8e3bcc40d7c032b9dda1df7d1c" "/opt/rustwide/cargo-home/bin/cargo" "+1.75.0" "test" "--frozen" "--no-run" "--message-format=json", kill_on_drop: false }`
[INFO] [stdout] befdccc469765a491a837ce46a5064d0b62a8ebd50c6c42e9b1069c50e33baca
[INFO] running `Command { std: "docker" "start" "-a" "befdccc469765a491a837ce46a5064d0b62a8ebd50c6c42e9b1069c50e33baca", kill_on_drop: false }`
[INFO] [stderr] warning: unused manifest key: package.rust_version
[INFO] [stderr]    Compiling wit-bindgen-wasmcloud-provider-host v0.1.0 (/opt/rustwide/workdir)
[INFO] [stderr]     Finished test [unoptimized + debuginfo] target(s) in 1.00s
[INFO] running `Command { std: "docker" "inspect" "befdccc469765a491a837ce46a5064d0b62a8ebd50c6c42e9b1069c50e33baca", kill_on_drop: false }`
[INFO] running `Command { std: "docker" "rm" "-f" "befdccc469765a491a837ce46a5064d0b62a8ebd50c6c42e9b1069c50e33baca", kill_on_drop: false }`
[INFO] [stdout] befdccc469765a491a837ce46a5064d0b62a8ebd50c6c42e9b1069c50e33baca
[INFO] running `Command { std: "docker" "create" "-v" "/var/lib/crater-agent-workspace/builds/worker-6-tc1/target:/opt/rustwide/target:rw,Z" "-v" "/var/lib/crater-agent-workspace/builds/worker-6-tc1/source:/opt/rustwide/workdir:ro,Z" "-v" "/var/lib/crater-agent-workspace/cargo-home:/opt/rustwide/cargo-home:ro,Z" "-v" "/var/lib/crater-agent-workspace/rustup-home:/opt/rustwide/rustup-home:ro,Z" "-e" "SOURCE_DIR=/opt/rustwide/workdir" "-e" "CARGO_TARGET_DIR=/opt/rustwide/target" "-e" "CARGO_INCREMENTAL=0" "-e" "RUST_BACKTRACE=full" "-e" "RUSTFLAGS=--cap-lints=warn" "-e" "RUSTDOCFLAGS=--cap-lints=warn" "-e" "CARGO_HOME=/opt/rustwide/cargo-home" "-e" "RUSTUP_HOME=/opt/rustwide/rustup-home" "-w" "/opt/rustwide/workdir" "-m" "1610612736" "--user" "0:0" "--network" "none" "ghcr.io/rust-lang/crates-build-env/linux@sha256:2788e3201cd34a07e3172128adcd8b3090168a8e3bcc40d7c032b9dda1df7d1c" "/opt/rustwide/cargo-home/bin/cargo" "+1.75.0" "test" "--frozen", kill_on_drop: false }`
[INFO] [stdout] 13389b4e3432f4f0d1e8e235266349757f0880a358d8381c6abe55fae2c3e61b
[INFO] running `Command { std: "docker" "start" "-a" "13389b4e3432f4f0d1e8e235266349757f0880a358d8381c6abe55fae2c3e61b", kill_on_drop: false }`
[INFO] [stderr] warning: unused manifest key: package.rust_version
[INFO] [stderr]     Finished test [unoptimized + debuginfo] target(s) in 0.02s
[INFO] [stderr]      Running unittests src/lib.rs (/opt/rustwide/target/debug/deps/wit_bindgen_wasmcloud_provider_host-11f37939a65660a5)
[INFO] [stdout] 
[INFO] [stdout] running 0 tests
[INFO] [stdout] 
[INFO] [stdout] test result: ok. 0 passed; 0 failed; 0 ignored; 0 measured; 0 filtered out; finished in 0.00s
[INFO] [stdout] 
[INFO] [stderr]    Doc-tests wit-bindgen-wasmcloud-provider-host
[INFO] [stdout] 
[INFO] [stdout] running 1 test
[INFO] [stdout] test src/lib.rs - (line 6) ... FAILED
[INFO] [stdout] 
[INFO] [stdout] failures:
[INFO] [stdout] 
[INFO] [stdout] ---- src/lib.rs - (line 6) stdout ----
[INFO] [stdout] error: expected `;`, found keyword `struct`
[INFO] [stdout]  --> src/lib.rs:7:73
[INFO] [stdout]   |
[INFO] [stdout] 3 | wasmcloud_provider_host_macros::generate!(YourProvider, ...bindgen args)
[INFO] [stdout]   |                                                                         ^ help: add `;` here
[INFO] [stdout] 4 |
[INFO] [stdout] 5 | struct YourProvider;
[INFO] [stdout]   | ------ unexpected token
[INFO] [stdout] 
[INFO] [stdout] error: non-item in item list
[INFO] [stdout]   --> src/lib.rs:14:3
[INFO] [stdout]    |
[INFO] [stdout] 9  | impl YourProvider {
[INFO] [stdout]    |                   - item list starts here
[INFO] [stdout] 10 |   ...
[INFO] [stdout]    |   ^^^ non-item starts here
[INFO] [stdout] 11 | }
[INFO] [stdout]    | - item list ends here
[INFO] [stdout] 
[INFO] [stdout] error: non-item in item list
[INFO] [stdout]   --> src/lib.rs:19:3
[INFO] [stdout]    |
[INFO] [stdout] 14 | impl Interface YourProvider {
[INFO] [stdout]    |                             - item list starts here
[INFO] [stdout] 15 |   ...
[INFO] [stdout]    |   ^^^ non-item starts here
[INFO] [stdout] 16 | }
[INFO] [stdout]    | - item list ends here
[INFO] [stdout] 
[INFO] [stdout] error: missing `for` in a trait impl
[INFO] [stdout]   --> src/lib.rs:18:15
[INFO] [stdout]    |
[INFO] [stdout] 14 | impl Interface YourProvider {
[INFO] [stdout]    |               ^ help: add `for` here
[INFO] [stdout] 
[INFO] [stdout] error[E0405]: cannot find trait `Interface` in this scope
[INFO] [stdout]   --> src/lib.rs:18:6
[INFO] [stdout]    |
[INFO] [stdout] 14 | impl Interface YourProvider {
[INFO] [stdout]    |      ^^^^^^^^^ not found in this scope
[INFO] [stdout] 
[INFO] [stdout] error: aborting due to 5 previous errors
[INFO] [stdout] 
[INFO] [stdout] For more information about this error, try `rustc --explain E0405`.
[INFO] [stdout] Couldn't compile the test.
[INFO] [stdout] 
[INFO] [stdout] failures:
[INFO] [stdout]     src/lib.rs - (line 6)
[INFO] [stdout] 
[INFO] [stdout] test result: FAILED. 0 passed; 1 failed; 0 ignored; 0 measured; 0 filtered out; finished in 0.06s
[INFO] [stdout] 
[INFO] [stderr] error: doctest failed, to rerun pass `--doc`
[INFO] running `Command { std: "docker" "inspect" "13389b4e3432f4f0d1e8e235266349757f0880a358d8381c6abe55fae2c3e61b", kill_on_drop: false }`
[INFO] running `Command { std: "docker" "rm" "-f" "13389b4e3432f4f0d1e8e235266349757f0880a358d8381c6abe55fae2c3e61b", kill_on_drop: false }`
[INFO] [stdout] 13389b4e3432f4f0d1e8e235266349757f0880a358d8381c6abe55fae2c3e61b
