[INFO] cloning repository https://github.com/utiiz/projector
[INFO] running `Command { std: "git" "-c" "credential.helper=" "-c" "credential.helper=/workspace/cargo-home/bin/git-credential-null" "clone" "--bare" "https://github.com/utiiz/projector" "/workspace/cache/git-repos/https%3A%2F%2Fgithub.com%2Futiiz%2Fprojector", kill_on_drop: false }`
[INFO] [stderr] Cloning into bare repository '/workspace/cache/git-repos/https%3A%2F%2Fgithub.com%2Futiiz%2Fprojector'...
[INFO] running `Command { std: "git" "rev-parse" "HEAD", kill_on_drop: false }`
[INFO] [stdout] bc1170afdc0b16ca87e9de38f0bfb9e715c793b6
[INFO] testing utiiz/projector against 1.75.0 for beta-1.76-1
[INFO] running `Command { std: "git" "clone" "/workspace/cache/git-repos/https%3A%2F%2Fgithub.com%2Futiiz%2Fprojector" "/workspace/builds/worker-7-tc1/source", kill_on_drop: false }`
[INFO] [stderr] Cloning into '/workspace/builds/worker-7-tc1/source'...
[INFO] [stderr] done.
[INFO] validating manifest of git repo https://github.com/utiiz/projector on toolchain 1.75.0
[INFO] running `Command { std: CARGO_HOME="/workspace/cargo-home" RUSTUP_HOME="/workspace/rustup-home" "/workspace/cargo-home/bin/cargo" "+1.75.0" "metadata" "--manifest-path" "Cargo.toml" "--no-deps", kill_on_drop: false }`
[INFO] started tweaking git repo https://github.com/utiiz/projector
[INFO] finished tweaking git repo https://github.com/utiiz/projector
[INFO] tweaked toml for git repo https://github.com/utiiz/projector written to /workspace/builds/worker-7-tc1/source/Cargo.toml
[INFO] crate git repo https://github.com/utiiz/projector already has a lockfile, it will not be regenerated
[INFO] running `Command { std: CARGO_HOME="/workspace/cargo-home" RUSTUP_HOME="/workspace/rustup-home" "/workspace/cargo-home/bin/cargo" "+1.75.0" "fetch" "--manifest-path" "Cargo.toml", kill_on_drop: false }`
[INFO] [stderr]     Updating crates.io index
[INFO] [stderr]  Downloading crates ...
[INFO] [stderr]   Downloaded collection_macros v0.2.0
[INFO] running `Command { std: "docker" "create" "-v" "/var/lib/crater-agent-workspace/builds/worker-7-tc1/target:/opt/rustwide/target:rw,Z" "-v" "/var/lib/crater-agent-workspace/builds/worker-7-tc1/source:/opt/rustwide/workdir:ro,Z" "-v" "/var/lib/crater-agent-workspace/cargo-home:/opt/rustwide/cargo-home:ro,Z" "-v" "/var/lib/crater-agent-workspace/rustup-home:/opt/rustwide/rustup-home:ro,Z" "-e" "SOURCE_DIR=/opt/rustwide/workdir" "-e" "CARGO_TARGET_DIR=/opt/rustwide/target" "-e" "CARGO_HOME=/opt/rustwide/cargo-home" "-e" "RUSTUP_HOME=/opt/rustwide/rustup-home" "-w" "/opt/rustwide/workdir" "-m" "1610612736" "--user" "0:0" "--network" "none" "ghcr.io/rust-lang/crates-build-env/linux@sha256:2788e3201cd34a07e3172128adcd8b3090168a8e3bcc40d7c032b9dda1df7d1c" "/opt/rustwide/cargo-home/bin/cargo" "+1.75.0" "metadata" "--no-deps" "--format-version=1", kill_on_drop: false }`
[INFO] [stdout] 0b74e36a524d544fdeebec5a7b01a11023f20da4e4580c9bb00724d5d7081eea
[INFO] running `Command { std: "docker" "start" "-a" "0b74e36a524d544fdeebec5a7b01a11023f20da4e4580c9bb00724d5d7081eea", kill_on_drop: false }`
[INFO] running `Command { std: "docker" "inspect" "0b74e36a524d544fdeebec5a7b01a11023f20da4e4580c9bb00724d5d7081eea", kill_on_drop: false }`
[INFO] running `Command { std: "docker" "rm" "-f" "0b74e36a524d544fdeebec5a7b01a11023f20da4e4580c9bb00724d5d7081eea", kill_on_drop: false }`
[INFO] [stdout] 0b74e36a524d544fdeebec5a7b01a11023f20da4e4580c9bb00724d5d7081eea
[INFO] running `Command { std: "docker" "create" "-v" "/var/lib/crater-agent-workspace/builds/worker-7-tc1/target:/opt/rustwide/target:rw,Z" "-v" "/var/lib/crater-agent-workspace/builds/worker-7-tc1/source:/opt/rustwide/workdir:ro,Z" "-v" "/var/lib/crater-agent-workspace/cargo-home:/opt/rustwide/cargo-home:ro,Z" "-v" "/var/lib/crater-agent-workspace/rustup-home:/opt/rustwide/rustup-home:ro,Z" "-e" "SOURCE_DIR=/opt/rustwide/workdir" "-e" "CARGO_TARGET_DIR=/opt/rustwide/target" "-e" "CARGO_INCREMENTAL=0" "-e" "RUST_BACKTRACE=full" "-e" "RUSTFLAGS=--cap-lints=warn" "-e" "RUSTDOCFLAGS=--cap-lints=warn" "-e" "CARGO_HOME=/opt/rustwide/cargo-home" "-e" "RUSTUP_HOME=/opt/rustwide/rustup-home" "-w" "/opt/rustwide/workdir" "-m" "1610612736" "--user" "0:0" "--network" "none" "ghcr.io/rust-lang/crates-build-env/linux@sha256:2788e3201cd34a07e3172128adcd8b3090168a8e3bcc40d7c032b9dda1df7d1c" "/opt/rustwide/cargo-home/bin/cargo" "+1.75.0" "build" "--frozen" "--message-format=json", kill_on_drop: false }`
[INFO] [stdout] ba966e3954e4fa052b606115b80737114fb92d1e6830611260334d34ae07f992
[INFO] running `Command { std: "docker" "start" "-a" "ba966e3954e4fa052b606115b80737114fb92d1e6830611260334d34ae07f992", kill_on_drop: false }`
[INFO] [stderr]    Compiling proc-macro2 v1.0.51
[INFO] [stderr]    Compiling quote v1.0.23
[INFO] [stderr]    Compiling unicode-ident v1.0.6
[INFO] [stderr]    Compiling syn v1.0.107
[INFO] [stderr]    Compiling version_check v0.9.4
[INFO] [stderr]    Compiling libc v0.2.139
[INFO] [stderr]    Compiling io-lifetimes v1.0.5
[INFO] [stderr]    Compiling rustix v0.36.8
[INFO] [stderr]    Compiling serde_derive v1.0.152
[INFO] [stderr]    Compiling bitflags v1.3.2
[INFO] [stderr]    Compiling proc-macro-error-attr v1.0.4
[INFO] [stderr]    Compiling proc-macro-error v1.0.4
[INFO] [stderr]    Compiling linux-raw-sys v0.1.4
[INFO] [stderr]    Compiling serde v1.0.152
[INFO] [stderr]    Compiling anyhow v1.0.69
[INFO] [stderr]    Compiling serde_json v1.0.93
[INFO] [stderr]    Compiling heck v0.4.1
[INFO] [stderr]    Compiling os_str_bytes v6.4.1
[INFO] [stderr]    Compiling strsim v0.10.0
[INFO] [stderr]    Compiling itoa v1.0.5
[INFO] [stderr]    Compiling clap_lex v0.3.1
[INFO] [stderr]    Compiling ryu v1.0.12
[INFO] [stderr]    Compiling termcolor v1.2.0
[INFO] [stderr]    Compiling once_cell v1.17.1
[INFO] [stderr]    Compiling collection_macros v0.2.0
[INFO] [stderr]    Compiling is-terminal v0.4.3
[INFO] [stderr]    Compiling clap_derive v4.1.0
[INFO] [stderr]    Compiling clap v4.1.6
[INFO] [stderr]    Compiling rust-projector v0.1.0 (/opt/rustwide/workdir)
[INFO] [stderr]     Finished dev [unoptimized + debuginfo] target(s) in 7.75s
[INFO] running `Command { std: "docker" "inspect" "ba966e3954e4fa052b606115b80737114fb92d1e6830611260334d34ae07f992", kill_on_drop: false }`
[INFO] running `Command { std: "docker" "rm" "-f" "ba966e3954e4fa052b606115b80737114fb92d1e6830611260334d34ae07f992", kill_on_drop: false }`
[INFO] [stdout] ba966e3954e4fa052b606115b80737114fb92d1e6830611260334d34ae07f992
[INFO] running `Command { std: "docker" "create" "-v" "/var/lib/crater-agent-workspace/builds/worker-7-tc1/target:/opt/rustwide/target:rw,Z" "-v" "/var/lib/crater-agent-workspace/builds/worker-7-tc1/source:/opt/rustwide/workdir:ro,Z" "-v" "/var/lib/crater-agent-workspace/cargo-home:/opt/rustwide/cargo-home:ro,Z" "-v" "/var/lib/crater-agent-workspace/rustup-home:/opt/rustwide/rustup-home:ro,Z" "-e" "SOURCE_DIR=/opt/rustwide/workdir" "-e" "CARGO_TARGET_DIR=/opt/rustwide/target" "-e" "CARGO_INCREMENTAL=0" "-e" "RUST_BACKTRACE=full" "-e" "RUSTFLAGS=--cap-lints=warn" "-e" "RUSTDOCFLAGS=--cap-lints=warn" "-e" "CARGO_HOME=/opt/rustwide/cargo-home" "-e" "RUSTUP_HOME=/opt/rustwide/rustup-home" "-w" "/opt/rustwide/workdir" "-m" "1610612736" "--user" "0:0" "--network" "none" "ghcr.io/rust-lang/crates-build-env/linux@sha256:2788e3201cd34a07e3172128adcd8b3090168a8e3bcc40d7c032b9dda1df7d1c" "/opt/rustwide/cargo-home/bin/cargo" "+1.75.0" "test" "--frozen" "--no-run" "--message-format=json", kill_on_drop: false }`
[INFO] [stdout] 1f562c2d119898dba75aa4130361744e8dd0bc8317d602cc1986112e6667c7d7
[INFO] running `Command { std: "docker" "start" "-a" "1f562c2d119898dba75aa4130361744e8dd0bc8317d602cc1986112e6667c7d7", kill_on_drop: false }`
[INFO] [stderr]    Compiling rust-projector v0.1.0 (/opt/rustwide/workdir)
[INFO] [stderr]     Finished test [unoptimized + debuginfo] target(s) in 0.55s
[INFO] running `Command { std: "docker" "inspect" "1f562c2d119898dba75aa4130361744e8dd0bc8317d602cc1986112e6667c7d7", kill_on_drop: false }`
[INFO] running `Command { std: "docker" "rm" "-f" "1f562c2d119898dba75aa4130361744e8dd0bc8317d602cc1986112e6667c7d7", kill_on_drop: false }`
[INFO] [stdout] 1f562c2d119898dba75aa4130361744e8dd0bc8317d602cc1986112e6667c7d7
[INFO] running `Command { std: "docker" "create" "-v" "/var/lib/crater-agent-workspace/builds/worker-7-tc1/target:/opt/rustwide/target:rw,Z" "-v" "/var/lib/crater-agent-workspace/builds/worker-7-tc1/source:/opt/rustwide/workdir:ro,Z" "-v" "/var/lib/crater-agent-workspace/cargo-home:/opt/rustwide/cargo-home:ro,Z" "-v" "/var/lib/crater-agent-workspace/rustup-home:/opt/rustwide/rustup-home:ro,Z" "-e" "SOURCE_DIR=/opt/rustwide/workdir" "-e" "CARGO_TARGET_DIR=/opt/rustwide/target" "-e" "CARGO_INCREMENTAL=0" "-e" "RUST_BACKTRACE=full" "-e" "RUSTFLAGS=--cap-lints=warn" "-e" "RUSTDOCFLAGS=--cap-lints=warn" "-e" "CARGO_HOME=/opt/rustwide/cargo-home" "-e" "RUSTUP_HOME=/opt/rustwide/rustup-home" "-w" "/opt/rustwide/workdir" "-m" "1610612736" "--user" "0:0" "--network" "none" "ghcr.io/rust-lang/crates-build-env/linux@sha256:2788e3201cd34a07e3172128adcd8b3090168a8e3bcc40d7c032b9dda1df7d1c" "/opt/rustwide/cargo-home/bin/cargo" "+1.75.0" "test" "--frozen", kill_on_drop: false }`
[INFO] [stdout] bcd3ceca2f219c2a20227c417320aae01db623b4e6f07974850eca4185cdb195
[INFO] running `Command { std: "docker" "start" "-a" "bcd3ceca2f219c2a20227c417320aae01db623b4e6f07974850eca4185cdb195", kill_on_drop: false }`
[INFO] [stderr]     Finished test [unoptimized + debuginfo] target(s) in 0.02s
[INFO] [stderr]      Running unittests src/lib.rs (/opt/rustwide/target/debug/deps/rust_projector-b3c4cbee61a16ec0)
[INFO] [stdout] 
[INFO] [stdout] running 7 tests
[INFO] [stdout] test config::test::test_add_key_value ... FAILED
[INFO] [stdout] test config::test::test_print_all ... FAILED
[INFO] [stdout] test config::test::test_print_key ... FAILED
[INFO] [stdout] test config::test::test_remove_key ... FAILED
[INFO] [stdout] test projector::test::get_value ... ok
[INFO] [stdout] test projector::test::remove_value ... ok
[INFO] [stdout] test projector::test::set_value ... ok
[INFO] [stdout] 
[INFO] [stdout] failures:
[INFO] [stdout] 
[INFO] [stdout] ---- config::test::test_add_key_value stdout ----
[INFO] [stdout] Error: unable to get XDG_CONFIG_HOME
[INFO] [stdout] 
[INFO] [stdout] Caused by:
[INFO] [stdout]     environment variable not found
[INFO] [stdout] 
[INFO] [stdout] ---- config::test::test_print_all stdout ----
[INFO] [stdout] Error: unable to get XDG_CONFIG_HOME
[INFO] [stdout] 
[INFO] [stdout] Caused by:
[INFO] [stdout]     environment variable not found
[INFO] [stdout] 
[INFO] [stdout] ---- config::test::test_print_key stdout ----
[INFO] [stdout] Error: unable to get XDG_CONFIG_HOME
[INFO] [stdout] 
[INFO] [stdout] Caused by:
[INFO] [stdout]     environment variable not found
[INFO] [stdout] 
[INFO] [stdout] ---- config::test::test_remove_key stdout ----
[INFO] [stdout] Error: unable to get XDG_CONFIG_HOME
[INFO] [stdout] 
[INFO] [stdout] Caused by:
[INFO] [stdout]     environment variable not found
[INFO] [stdout] 
[INFO] [stdout] 
[INFO] [stdout] failures:
[INFO] [stdout]     config::test::test_add_key_value
[INFO] [stdout]     config::test::test_print_all
[INFO] [stdout]     config::test::test_print_key
[INFO] [stdout]     config::test::test_remove_key
[INFO] [stdout] 
[INFO] [stdout] test result: FAILED. 3 passed; 4 failed; 0 ignored; 0 measured; 0 filtered out; finished in 0.00s
[INFO] [stdout] 
[INFO] [stderr] error: test failed, to rerun pass `--lib`
[INFO] running `Command { std: "docker" "inspect" "bcd3ceca2f219c2a20227c417320aae01db623b4e6f07974850eca4185cdb195", kill_on_drop: false }`
[INFO] running `Command { std: "docker" "rm" "-f" "bcd3ceca2f219c2a20227c417320aae01db623b4e6f07974850eca4185cdb195", kill_on_drop: false }`
[INFO] [stdout] bcd3ceca2f219c2a20227c417320aae01db623b4e6f07974850eca4185cdb195
[INFO] testing utiiz/projector against beta-2023-12-22 for beta-1.76-1
[INFO] running `Command { std: "git" "clone" "/workspace/cache/git-repos/https%3A%2F%2Fgithub.com%2Futiiz%2Fprojector" "/workspace/builds/worker-7-tc2/source", kill_on_drop: false }`
[INFO] [stderr] Cloning into '/workspace/builds/worker-7-tc2/source'...
[INFO] [stderr] done.
[INFO] validating manifest of git repo https://github.com/utiiz/projector on toolchain beta-2023-12-22
[INFO] running `Command { std: CARGO_HOME="/workspace/cargo-home" RUSTUP_HOME="/workspace/rustup-home" "/workspace/cargo-home/bin/cargo" "+beta-2023-12-22" "metadata" "--manifest-path" "Cargo.toml" "--no-deps", kill_on_drop: false }`
[INFO] started tweaking git repo https://github.com/utiiz/projector
[INFO] finished tweaking git repo https://github.com/utiiz/projector
[INFO] tweaked toml for git repo https://github.com/utiiz/projector written to /workspace/builds/worker-7-tc2/source/Cargo.toml
[INFO] crate git repo https://github.com/utiiz/projector already has a lockfile, it will not be regenerated
[INFO] running `Command { std: CARGO_HOME="/workspace/cargo-home" RUSTUP_HOME="/workspace/rustup-home" "/workspace/cargo-home/bin/cargo" "+beta-2023-12-22" "fetch" "--manifest-path" "Cargo.toml", kill_on_drop: false }`
[INFO] running `Command { std: "docker" "create" "-v" "/var/lib/crater-agent-workspace/builds/worker-7-tc2/target:/opt/rustwide/target:rw,Z" "-v" "/var/lib/crater-agent-workspace/builds/worker-7-tc2/source:/opt/rustwide/workdir:ro,Z" "-v" "/var/lib/crater-agent-workspace/cargo-home:/opt/rustwide/cargo-home:ro,Z" "-v" "/var/lib/crater-agent-workspace/rustup-home:/opt/rustwide/rustup-home:ro,Z" "-e" "SOURCE_DIR=/opt/rustwide/workdir" "-e" "CARGO_TARGET_DIR=/opt/rustwide/target" "-e" "CARGO_HOME=/opt/rustwide/cargo-home" "-e" "RUSTUP_HOME=/opt/rustwide/rustup-home" "-w" "/opt/rustwide/workdir" "-m" "1610612736" "--user" "0:0" "--network" "none" "ghcr.io/rust-lang/crates-build-env/linux@sha256:2788e3201cd34a07e3172128adcd8b3090168a8e3bcc40d7c032b9dda1df7d1c" "/opt/rustwide/cargo-home/bin/cargo" "+beta-2023-12-22" "metadata" "--no-deps" "--format-version=1", kill_on_drop: false }`
[INFO] [stdout] 0890cc3b2f92cb24cb0ca78807d0716f98e2ac1b9e1c7f6873f732094475c5e5
[INFO] running `Command { std: "docker" "start" "-a" "0890cc3b2f92cb24cb0ca78807d0716f98e2ac1b9e1c7f6873f732094475c5e5", kill_on_drop: false }`
[INFO] running `Command { std: "docker" "inspect" "0890cc3b2f92cb24cb0ca78807d0716f98e2ac1b9e1c7f6873f732094475c5e5", kill_on_drop: false }`
[INFO] running `Command { std: "docker" "rm" "-f" "0890cc3b2f92cb24cb0ca78807d0716f98e2ac1b9e1c7f6873f732094475c5e5", kill_on_drop: false }`
[INFO] [stdout] 0890cc3b2f92cb24cb0ca78807d0716f98e2ac1b9e1c7f6873f732094475c5e5
[INFO] running `Command { std: "docker" "create" "-v" "/var/lib/crater-agent-workspace/builds/worker-7-tc2/target:/opt/rustwide/target:rw,Z" "-v" "/var/lib/crater-agent-workspace/builds/worker-7-tc2/source:/opt/rustwide/workdir:ro,Z" "-v" "/var/lib/crater-agent-workspace/cargo-home:/opt/rustwide/cargo-home:ro,Z" "-v" "/var/lib/crater-agent-workspace/rustup-home:/opt/rustwide/rustup-home:ro,Z" "-e" "SOURCE_DIR=/opt/rustwide/workdir" "-e" "CARGO_TARGET_DIR=/opt/rustwide/target" "-e" "CARGO_INCREMENTAL=0" "-e" "RUST_BACKTRACE=full" "-e" "RUSTFLAGS=--cap-lints=warn" "-e" "RUSTDOCFLAGS=--cap-lints=warn" "-e" "CARGO_HOME=/opt/rustwide/cargo-home" "-e" "RUSTUP_HOME=/opt/rustwide/rustup-home" "-w" "/opt/rustwide/workdir" "-m" "1610612736" "--user" "0:0" "--network" "none" "ghcr.io/rust-lang/crates-build-env/linux@sha256:2788e3201cd34a07e3172128adcd8b3090168a8e3bcc40d7c032b9dda1df7d1c" "/opt/rustwide/cargo-home/bin/cargo" "+beta-2023-12-22" "build" "--frozen" "--message-format=json", kill_on_drop: false }`
[INFO] [stdout] 26fbb7509481277b03dd8e299640aefcdfa6d4aa370d78a0bacded9269c1efd4
[INFO] running `Command { std: "docker" "start" "-a" "26fbb7509481277b03dd8e299640aefcdfa6d4aa370d78a0bacded9269c1efd4", kill_on_drop: false }`
[INFO] [stderr]    Compiling proc-macro2 v1.0.51
[INFO] [stderr]    Compiling quote v1.0.23
[INFO] [stderr]    Compiling unicode-ident v1.0.6
[INFO] [stderr]    Compiling syn v1.0.107
[INFO] [stderr]    Compiling version_check v0.9.4
[INFO] [stderr]    Compiling libc v0.2.139
[INFO] [stderr]    Compiling io-lifetimes v1.0.5
[INFO] [stderr]    Compiling serde_derive v1.0.152
[INFO] [stderr]    Compiling rustix v0.36.8
[INFO] [stderr]    Compiling serde v1.0.152
[INFO] [stderr]    Compiling linux-raw-sys v0.1.4
[INFO] [stderr]    Compiling bitflags v1.3.2
[INFO] [stderr]    Compiling proc-macro-error-attr v1.0.4
[INFO] [stderr]    Compiling proc-macro-error v1.0.4
[INFO] [stderr]    Compiling heck v0.4.1
[INFO] [stderr]    Compiling anyhow v1.0.69
[INFO] [stderr]    Compiling os_str_bytes v6.4.1
[INFO] [stderr]    Compiling serde_json v1.0.93
[INFO] [stderr]    Compiling itoa v1.0.5
[INFO] [stderr]    Compiling once_cell v1.17.1
[INFO] [stderr]    Compiling ryu v1.0.12
[INFO] [stderr]    Compiling clap_lex v0.3.1
[INFO] [stderr]    Compiling strsim v0.10.0
[INFO] [stderr]    Compiling termcolor v1.2.0
[INFO] [stderr]    Compiling collection_macros v0.2.0
[INFO] [stderr]    Compiling is-terminal v0.4.3
[INFO] [stderr]    Compiling clap_derive v4.1.0
[INFO] [stderr]    Compiling clap v4.1.6
[INFO] [stderr]    Compiling rust-projector v0.1.0 (/opt/rustwide/workdir)
[INFO] [stderr]     Finished dev [unoptimized + debuginfo] target(s) in 7.69s
[INFO] running `Command { std: "docker" "inspect" "26fbb7509481277b03dd8e299640aefcdfa6d4aa370d78a0bacded9269c1efd4", kill_on_drop: false }`
[INFO] running `Command { std: "docker" "rm" "-f" "26fbb7509481277b03dd8e299640aefcdfa6d4aa370d78a0bacded9269c1efd4", kill_on_drop: false }`
[INFO] [stdout] 26fbb7509481277b03dd8e299640aefcdfa6d4aa370d78a0bacded9269c1efd4
[INFO] running `Command { std: "docker" "create" "-v" "/var/lib/crater-agent-workspace/builds/worker-7-tc2/target:/opt/rustwide/target:rw,Z" "-v" "/var/lib/crater-agent-workspace/builds/worker-7-tc2/source:/opt/rustwide/workdir:ro,Z" "-v" "/var/lib/crater-agent-workspace/cargo-home:/opt/rustwide/cargo-home:ro,Z" "-v" "/var/lib/crater-agent-workspace/rustup-home:/opt/rustwide/rustup-home:ro,Z" "-e" "SOURCE_DIR=/opt/rustwide/workdir" "-e" "CARGO_TARGET_DIR=/opt/rustwide/target" "-e" "CARGO_INCREMENTAL=0" "-e" "RUST_BACKTRACE=full" "-e" "RUSTFLAGS=--cap-lints=warn" "-e" "RUSTDOCFLAGS=--cap-lints=warn" "-e" "CARGO_HOME=/opt/rustwide/cargo-home" "-e" "RUSTUP_HOME=/opt/rustwide/rustup-home" "-w" "/opt/rustwide/workdir" "-m" "1610612736" "--user" "0:0" "--network" "none" "ghcr.io/rust-lang/crates-build-env/linux@sha256:2788e3201cd34a07e3172128adcd8b3090168a8e3bcc40d7c032b9dda1df7d1c" "/opt/rustwide/cargo-home/bin/cargo" "+beta-2023-12-22" "test" "--frozen" "--no-run" "--message-format=json", kill_on_drop: false }`
[INFO] [stdout] b7946dca2d90cc9b9e56dd695643e815df0cedfacb4abb0d53f2837672b65ef8
[INFO] running `Command { std: "docker" "start" "-a" "b7946dca2d90cc9b9e56dd695643e815df0cedfacb4abb0d53f2837672b65ef8", kill_on_drop: false }`
[INFO] [stderr]    Compiling rust-projector v0.1.0 (/opt/rustwide/workdir)
[INFO] [stderr]     Finished test [unoptimized + debuginfo] target(s) in 0.53s
[INFO] running `Command { std: "docker" "inspect" "b7946dca2d90cc9b9e56dd695643e815df0cedfacb4abb0d53f2837672b65ef8", kill_on_drop: false }`
[INFO] running `Command { std: "docker" "rm" "-f" "b7946dca2d90cc9b9e56dd695643e815df0cedfacb4abb0d53f2837672b65ef8", kill_on_drop: false }`
[INFO] [stdout] b7946dca2d90cc9b9e56dd695643e815df0cedfacb4abb0d53f2837672b65ef8
[INFO] running `Command { std: "docker" "create" "-v" "/var/lib/crater-agent-workspace/builds/worker-7-tc2/target:/opt/rustwide/target:rw,Z" "-v" "/var/lib/crater-agent-workspace/builds/worker-7-tc2/source:/opt/rustwide/workdir:ro,Z" "-v" "/var/lib/crater-agent-workspace/cargo-home:/opt/rustwide/cargo-home:ro,Z" "-v" "/var/lib/crater-agent-workspace/rustup-home:/opt/rustwide/rustup-home:ro,Z" "-e" "SOURCE_DIR=/opt/rustwide/workdir" "-e" "CARGO_TARGET_DIR=/opt/rustwide/target" "-e" "CARGO_INCREMENTAL=0" "-e" "RUST_BACKTRACE=full" "-e" "RUSTFLAGS=--cap-lints=warn" "-e" "RUSTDOCFLAGS=--cap-lints=warn" "-e" "CARGO_HOME=/opt/rustwide/cargo-home" "-e" "RUSTUP_HOME=/opt/rustwide/rustup-home" "-w" "/opt/rustwide/workdir" "-m" "1610612736" "--user" "0:0" "--network" "none" "ghcr.io/rust-lang/crates-build-env/linux@sha256:2788e3201cd34a07e3172128adcd8b3090168a8e3bcc40d7c032b9dda1df7d1c" "/opt/rustwide/cargo-home/bin/cargo" "+beta-2023-12-22" "test" "--frozen", kill_on_drop: false }`
[INFO] [stdout] 3b8b1157b04d64213c74989ca6e2bf1c1461027c44dd62a533d8d04e050c1318
[INFO] running `Command { std: "docker" "start" "-a" "3b8b1157b04d64213c74989ca6e2bf1c1461027c44dd62a533d8d04e050c1318", kill_on_drop: false }`
[INFO] [stderr]     Finished test [unoptimized + debuginfo] target(s) in 0.02s
[INFO] [stderr]      Running unittests src/lib.rs (/opt/rustwide/target/debug/deps/rust_projector-9315f10f8033595f)
[INFO] [stdout] 
[INFO] [stdout] running 7 tests
[INFO] [stdout] test config::test::test_add_key_value ... FAILED
[INFO] [stdout] test config::test::test_print_all ... FAILED
[INFO] [stdout] test config::test::test_remove_key ... FAILED
[INFO] [stdout] test config::test::test_print_key ... FAILED
[INFO] [stdout] test projector::test::get_value ... ok
[INFO] [stdout] test projector::test::remove_value ... ok
[INFO] [stdout] test projector::test::set_value ... ok
[INFO] [stdout] 
[INFO] [stdout] failures:
[INFO] [stdout] 
[INFO] [stdout] ---- config::test::test_add_key_value stdout ----
[INFO] [stdout] Error: unable to get XDG_CONFIG_HOME
[INFO] [stdout] 
[INFO] [stdout] Caused by:
[INFO] [stdout]     environment variable not found
[INFO] [stdout] 
[INFO] [stdout] ---- config::test::test_print_all stdout ----
[INFO] [stdout] Error: unable to get XDG_CONFIG_HOME
[INFO] [stdout] 
[INFO] [stdout] Caused by:
[INFO] [stdout]     environment variable not found
[INFO] [stdout] 
[INFO] [stdout] ---- config::test::test_remove_key stdout ----
[INFO] [stdout] Error: unable to get XDG_CONFIG_HOME
[INFO] [stdout] 
[INFO] [stdout] Caused by:
[INFO] [stdout]     environment variable not found
[INFO] [stdout] 
[INFO] [stdout] ---- config::test::test_print_key stdout ----
[INFO] [stdout] Error: unable to get XDG_CONFIG_HOME
[INFO] [stdout] 
[INFO] [stdout] Caused by:
[INFO] [stdout]     environment variable not found
[INFO] [stdout] 
[INFO] [stdout] 
[INFO] [stdout] failures:
[INFO] [stdout]     config::test::test_add_key_value
[INFO] [stdout]     config::test::test_print_all
[INFO] [stdout]     config::test::test_print_key
[INFO] [stdout]     config::test::test_remove_key
[INFO] [stdout] 
[INFO] [stdout] test result: FAILED. 3 passed; 4 failed; 0 ignored; 0 measured; 0 filtered out; finished in 0.00s
[INFO] [stdout] 
[INFO] [stderr] error: test failed, to rerun pass `--lib`
[INFO] running `Command { std: "docker" "inspect" "3b8b1157b04d64213c74989ca6e2bf1c1461027c44dd62a533d8d04e050c1318", kill_on_drop: false }`
[INFO] running `Command { std: "docker" "rm" "-f" "3b8b1157b04d64213c74989ca6e2bf1c1461027c44dd62a533d8d04e050c1318", kill_on_drop: false }`
[INFO] [stdout] 3b8b1157b04d64213c74989ca6e2bf1c1461027c44dd62a533d8d04e050c1318
