[INFO] cloning repository https://github.com/unconsolable/pna-rs
[INFO] running `Command { std: "git" "-c" "credential.helper=" "-c" "credential.helper=/workspace/cargo-home/bin/git-credential-null" "clone" "--bare" "https://github.com/unconsolable/pna-rs" "/workspace/cache/git-repos/https%3A%2F%2Fgithub.com%2Funconsolable%2Fpna-rs", kill_on_drop: false }`
[INFO] [stderr] Cloning into bare repository '/workspace/cache/git-repos/https%3A%2F%2Fgithub.com%2Funconsolable%2Fpna-rs'...
[INFO] running `Command { std: "git" "rev-parse" "HEAD", kill_on_drop: false }`
[INFO] [stdout] 6a6a7b9e4c0515724a441540a4f682fd4976c89d
[INFO] testing unconsolable/pna-rs against 1.75.0 for beta-1.76-1
[INFO] running `Command { std: "git" "clone" "/workspace/cache/git-repos/https%3A%2F%2Fgithub.com%2Funconsolable%2Fpna-rs" "/workspace/builds/worker-1-tc1/source", kill_on_drop: false }`
[INFO] [stderr] Cloning into '/workspace/builds/worker-1-tc1/source'...
[INFO] [stderr] done.
[INFO] validating manifest of git repo https://github.com/unconsolable/pna-rs on toolchain 1.75.0
[INFO] running `Command { std: CARGO_HOME="/workspace/cargo-home" RUSTUP_HOME="/workspace/rustup-home" "/workspace/cargo-home/bin/cargo" "+1.75.0" "metadata" "--manifest-path" "Cargo.toml" "--no-deps", kill_on_drop: false }`
[INFO] started tweaking git repo https://github.com/unconsolable/pna-rs
[INFO] finished tweaking git repo https://github.com/unconsolable/pna-rs
[INFO] tweaked toml for git repo https://github.com/unconsolable/pna-rs written to /workspace/builds/worker-1-tc1/source/Cargo.toml
[INFO] crate git repo https://github.com/unconsolable/pna-rs already has a lockfile, it will not be regenerated
[INFO] running `Command { std: CARGO_HOME="/workspace/cargo-home" RUSTUP_HOME="/workspace/rustup-home" "/workspace/cargo-home/bin/cargo" "+1.75.0" "fetch" "--manifest-path" "Cargo.toml", kill_on_drop: false }`
[INFO] [stderr]     Updating crates.io index
[INFO] [stderr]  Downloading crates ...
[INFO] [stderr]   Downloaded crossbeam-skiplist v0.1.1
[INFO] running `Command { std: "docker" "create" "-v" "/var/lib/crater-agent-workspace/builds/worker-1-tc1/target:/opt/rustwide/target:rw,Z" "-v" "/var/lib/crater-agent-workspace/builds/worker-1-tc1/source:/opt/rustwide/workdir:ro,Z" "-v" "/var/lib/crater-agent-workspace/cargo-home:/opt/rustwide/cargo-home:ro,Z" "-v" "/var/lib/crater-agent-workspace/rustup-home:/opt/rustwide/rustup-home:ro,Z" "-e" "SOURCE_DIR=/opt/rustwide/workdir" "-e" "CARGO_TARGET_DIR=/opt/rustwide/target" "-e" "CARGO_HOME=/opt/rustwide/cargo-home" "-e" "RUSTUP_HOME=/opt/rustwide/rustup-home" "-w" "/opt/rustwide/workdir" "-m" "1610612736" "--user" "0:0" "--network" "none" "ghcr.io/rust-lang/crates-build-env/linux@sha256:2788e3201cd34a07e3172128adcd8b3090168a8e3bcc40d7c032b9dda1df7d1c" "/opt/rustwide/cargo-home/bin/cargo" "+1.75.0" "metadata" "--no-deps" "--format-version=1", kill_on_drop: false }`
[INFO] [stdout] 00e84f9c1918a126a70160344060a31d189bae7e3e2583296347524e21f68f73
[INFO] running `Command { std: "docker" "start" "-a" "00e84f9c1918a126a70160344060a31d189bae7e3e2583296347524e21f68f73", kill_on_drop: false }`
[INFO] running `Command { std: "docker" "inspect" "00e84f9c1918a126a70160344060a31d189bae7e3e2583296347524e21f68f73", kill_on_drop: false }`
[INFO] running `Command { std: "docker" "rm" "-f" "00e84f9c1918a126a70160344060a31d189bae7e3e2583296347524e21f68f73", kill_on_drop: false }`
[INFO] [stdout] 00e84f9c1918a126a70160344060a31d189bae7e3e2583296347524e21f68f73
[INFO] running `Command { std: "docker" "create" "-v" "/var/lib/crater-agent-workspace/builds/worker-1-tc1/target:/opt/rustwide/target:rw,Z" "-v" "/var/lib/crater-agent-workspace/builds/worker-1-tc1/source:/opt/rustwide/workdir:ro,Z" "-v" "/var/lib/crater-agent-workspace/cargo-home:/opt/rustwide/cargo-home:ro,Z" "-v" "/var/lib/crater-agent-workspace/rustup-home:/opt/rustwide/rustup-home:ro,Z" "-e" "SOURCE_DIR=/opt/rustwide/workdir" "-e" "CARGO_TARGET_DIR=/opt/rustwide/target" "-e" "CARGO_INCREMENTAL=0" "-e" "RUST_BACKTRACE=full" "-e" "RUSTFLAGS=--cap-lints=warn" "-e" "RUSTDOCFLAGS=--cap-lints=warn" "-e" "CARGO_HOME=/opt/rustwide/cargo-home" "-e" "RUSTUP_HOME=/opt/rustwide/rustup-home" "-w" "/opt/rustwide/workdir" "-m" "1610612736" "--user" "0:0" "--network" "none" "ghcr.io/rust-lang/crates-build-env/linux@sha256:2788e3201cd34a07e3172128adcd8b3090168a8e3bcc40d7c032b9dda1df7d1c" "/opt/rustwide/cargo-home/bin/cargo" "+1.75.0" "build" "--frozen" "--message-format=json", kill_on_drop: false }`
[INFO] [stdout] 4a8fa7dcee45d4c3d3dce08e0c4054f3f3a355793afcd83143438da3d212a8e2
[INFO] running `Command { std: "docker" "start" "-a" "4a8fa7dcee45d4c3d3dce08e0c4054f3f3a355793afcd83143438da3d212a8e2", kill_on_drop: false }`
[INFO] [stderr]    Compiling autocfg v1.1.0
[INFO] [stderr]    Compiling cfg-if v1.0.0
[INFO] [stderr]    Compiling libc v0.2.147
[INFO] [stderr]    Compiling proc-macro2 v1.0.63
[INFO] [stderr]    Compiling quote v1.0.29
[INFO] [stderr]    Compiling unicode-ident v1.0.10
[INFO] [stderr]    Compiling crossbeam-utils v0.8.16
[INFO] [stderr]    Compiling scopeguard v1.1.0
[INFO] [stderr]    Compiling rustix v0.38.3
[INFO] [stderr]    Compiling bitflags v2.3.3
[INFO] [stderr]    Compiling linux-raw-sys v0.4.3
[INFO] [stderr]    Compiling syn v1.0.109
[INFO] [stderr]    Compiling smallvec v1.11.0
[INFO] [stderr]    Compiling memchr v2.5.0
[INFO] [stderr]    Compiling cc v1.0.79
[INFO] [stderr]    Compiling utf8parse v0.2.1
[INFO] [stderr]    Compiling once_cell v1.18.0
[INFO] [stderr]    Compiling parking_lot_core v0.8.6
[INFO] [stderr]    Compiling anstyle-parse v0.2.1
[INFO] [stderr]    Compiling instant v0.1.12
[INFO] [stderr]    Compiling anstyle-query v1.0.0
[INFO] [stderr]    Compiling colorchoice v1.0.0
[INFO] [stderr]    Compiling adler v1.0.2
[INFO] [stderr]    Compiling crossbeam-queue v0.3.8
[INFO] [stderr]    Compiling unicode-xid v0.2.4
[INFO] [stderr]    Compiling serde v1.0.166
[INFO] [stderr]    Compiling rayon-core v1.11.0
[INFO] [stderr]    Compiling parking_lot_core v0.9.8
[INFO] [stderr]    Compiling crc32fast v1.3.2
[INFO] [stderr]    Compiling anstyle v1.0.1
[INFO] [stderr]    Compiling gimli v0.27.3
[INFO] [stderr]    Compiling failure_derive v0.1.8
[INFO] [stderr]    Compiling memoffset v0.9.0
[INFO] [stderr]    Compiling crossbeam-epoch v0.9.15
[INFO] [stderr]    Compiling lock_api v0.4.10
[INFO] [stderr]    Compiling num-traits v0.2.15
[INFO] [stderr]    Compiling miniz_oxide v0.7.1
[INFO] [stderr]    Compiling rustc-demangle v0.1.23
[INFO] [stderr]    Compiling crossbeam-skiplist v0.1.1
[INFO] [stderr]    Compiling log v0.4.19
[INFO] [stderr]    Compiling crossbeam-channel v0.5.8
[INFO] [stderr]    Compiling object v0.31.1
[INFO] [stderr]    Compiling strsim v0.10.0
[INFO] [stderr]    Compiling heck v0.4.1
[INFO] [stderr]    Compiling serde_json v1.0.100
[INFO] [stderr]    Compiling clap_lex v0.5.0
[INFO] [stderr]    Compiling syn v2.0.23
[INFO] [stderr]    Compiling crossbeam-deque v0.8.3
[INFO] [stderr]    Compiling byteorder v1.4.3
[INFO] [stderr]    Compiling is-terminal v0.4.9
[INFO] [stderr]    Compiling iana-time-zone v0.1.57
[INFO] [stderr]    Compiling anstream v0.3.2
[INFO] [stderr]    Compiling thread_local v1.1.7
[INFO] [stderr]    Compiling ryu v1.0.14
[INFO] [stderr]    Compiling backtrace v0.3.68
[INFO] [stderr]    Compiling fxhash v0.2.1
[INFO] [stderr]    Compiling either v1.8.1
[INFO] [stderr]    Compiling itoa v1.0.8
[INFO] [stderr]    Compiling clap_builder v4.3.11
[INFO] [stderr]    Compiling hashbrown v0.14.0
[INFO] [stderr]    Compiling termcolor v1.1.3
[INFO] [stderr]    Compiling crossbeam v0.8.2
[INFO] [stderr]    Compiling num_cpus v1.16.0
[INFO] [stderr]    Compiling atty v0.2.14
[INFO] [stderr]    Compiling fs2 v0.4.3
[INFO] [stderr]    Compiling chrono v0.4.26
[INFO] [stderr]    Compiling dashmap v5.5.0
[INFO] [stderr]    Compiling parking_lot v0.11.2
[INFO] [stderr]    Compiling sled v0.34.7
[INFO] [stderr]    Compiling rayon v1.7.0
[INFO] [stderr]    Compiling addr2line v0.20.0
[INFO] [stderr]    Compiling synstructure v0.12.6
[INFO] [stderr]    Compiling stderrlog v0.5.4
[INFO] [stderr]    Compiling serde_derive v1.0.166
[INFO] [stderr]    Compiling clap_derive v4.3.2
[INFO] [stderr]    Compiling failure v0.1.8
[INFO] [stderr]    Compiling clap v4.3.11
[INFO] [stderr]    Compiling kvs v0.1.0 (/opt/rustwide/workdir)
[INFO] [stderr]     Finished dev [unoptimized + debuginfo] target(s) in 10.33s
[INFO] running `Command { std: "docker" "inspect" "4a8fa7dcee45d4c3d3dce08e0c4054f3f3a355793afcd83143438da3d212a8e2", kill_on_drop: false }`
[INFO] running `Command { std: "docker" "rm" "-f" "4a8fa7dcee45d4c3d3dce08e0c4054f3f3a355793afcd83143438da3d212a8e2", kill_on_drop: false }`
[INFO] [stdout] 4a8fa7dcee45d4c3d3dce08e0c4054f3f3a355793afcd83143438da3d212a8e2
[INFO] running `Command { std: "docker" "create" "-v" "/var/lib/crater-agent-workspace/builds/worker-1-tc1/target:/opt/rustwide/target:rw,Z" "-v" "/var/lib/crater-agent-workspace/builds/worker-1-tc1/source:/opt/rustwide/workdir:ro,Z" "-v" "/var/lib/crater-agent-workspace/cargo-home:/opt/rustwide/cargo-home:ro,Z" "-v" "/var/lib/crater-agent-workspace/rustup-home:/opt/rustwide/rustup-home:ro,Z" "-e" "SOURCE_DIR=/opt/rustwide/workdir" "-e" "CARGO_TARGET_DIR=/opt/rustwide/target" "-e" "CARGO_INCREMENTAL=0" "-e" "RUST_BACKTRACE=full" "-e" "RUSTFLAGS=--cap-lints=warn" "-e" "RUSTDOCFLAGS=--cap-lints=warn" "-e" "CARGO_HOME=/opt/rustwide/cargo-home" "-e" "RUSTUP_HOME=/opt/rustwide/rustup-home" "-w" "/opt/rustwide/workdir" "-m" "1610612736" "--user" "0:0" "--network" "none" "ghcr.io/rust-lang/crates-build-env/linux@sha256:2788e3201cd34a07e3172128adcd8b3090168a8e3bcc40d7c032b9dda1df7d1c" "/opt/rustwide/cargo-home/bin/cargo" "+1.75.0" "test" "--frozen" "--no-run" "--message-format=json", kill_on_drop: false }`
[INFO] [stdout] 445331b7e19ec13b954ac48b37bbd467398e150506e4e9c021c3d9a6d9b89c6e
[INFO] running `Command { std: "docker" "start" "-a" "445331b7e19ec13b954ac48b37bbd467398e150506e4e9c021c3d9a6d9b89c6e", kill_on_drop: false }`
[INFO] [stderr]    Compiling autocfg v0.1.8
[INFO] [stderr]    Compiling rand_core v0.4.2
[INFO] [stderr]    Compiling aho-corasick v1.0.2
[INFO] [stderr]    Compiling regex-syntax v0.7.3
[INFO] [stderr]    Compiling bitflags v1.3.2
[INFO] [stderr]    Compiling io-lifetimes v1.0.11
[INFO] [stderr]    Compiling lazy_static v1.4.0
[INFO] [stderr]    Compiling escargot v0.4.0
[INFO] [stderr]    Compiling predicates-core v1.0.6
[INFO] [stderr]    Compiling unicode-width v0.1.10
[INFO] [stderr]    Compiling rustix v0.37.23
[INFO] [stderr]    Compiling plotters-backend v0.3.5
[INFO] [stderr]    Compiling itertools v0.10.5
[INFO] [stderr]    Compiling csv-core v0.1.10
[INFO] [stderr]    Compiling float-cmp v0.8.0
[INFO] [stderr]    Compiling tempfile v3.6.0
[INFO] [stderr]    Compiling rand_chacha v0.1.1
[INFO] [stderr]    Compiling rand_pcg v0.1.2
[INFO] [stderr]    Compiling rand v0.6.5
[INFO] [stderr]    Compiling textwrap v0.11.0
[INFO] [stderr]    Compiling linux-raw-sys v0.3.8
[INFO] [stderr]    Compiling rand_core v0.3.1
[INFO] [stderr]    Compiling cast v0.3.0
[INFO] [stderr]    Compiling difference v2.0.0
[INFO] [stderr]    Compiling plotters-svg v0.3.5
[INFO] [stderr]    Compiling half v1.8.2
[INFO] [stderr]    Compiling termtree v0.4.1
[INFO] [stderr]    Compiling normalize-line-endings v0.3.0
[INFO] [stderr]    Compiling same-file v1.0.6
[INFO] [stderr]    Compiling plotters v0.3.5
[INFO] [stderr]    Compiling walkdir v2.3.3
[INFO] [stderr]    Compiling predicates-tree v1.0.9
[INFO] [stderr]    Compiling rand_xorshift v0.1.1
[INFO] [stderr]    Compiling rand_hc v0.1.0
[INFO] [stderr]    Compiling serde_cbor v0.11.2
[INFO] [stderr]    Compiling rand_isaac v0.1.1
[INFO] [stderr]    Compiling csv v1.2.2
[INFO] [stderr]    Compiling clap v2.34.0
[INFO] [stderr]    Compiling rand_jitter v0.1.4
[INFO] [stderr]    Compiling rand_os v0.1.3
[INFO] [stderr]    Compiling tinytemplate v1.2.1
[INFO] [stderr]    Compiling fastrand v1.9.0
[INFO] [stderr]    Compiling oorandom v11.1.3
[INFO] [stderr]    Compiling cfg-if v0.1.10
[INFO] [stderr]    Compiling crossbeam-utils v0.6.6
[INFO] [stderr]    Compiling panic-control v0.1.4
[INFO] [stderr]    Compiling criterion-plot v0.4.5
[INFO] [stderr]    Compiling regex-automata v0.3.0
[INFO] [stderr]    Compiling regex v1.9.0
[INFO] [stderr]    Compiling predicates v1.0.8
[INFO] [stderr]    Compiling criterion v0.3.6
[INFO] [stderr]    Compiling assert_cmd v0.11.1
[INFO] [stderr]    Compiling kvs v0.1.0 (/opt/rustwide/workdir)
[INFO] [stderr]     Finished test [unoptimized + debuginfo] target(s) in 7.48s
[INFO] running `Command { std: "docker" "inspect" "445331b7e19ec13b954ac48b37bbd467398e150506e4e9c021c3d9a6d9b89c6e", kill_on_drop: false }`
[INFO] running `Command { std: "docker" "rm" "-f" "445331b7e19ec13b954ac48b37bbd467398e150506e4e9c021c3d9a6d9b89c6e", kill_on_drop: false }`
[INFO] [stdout] 445331b7e19ec13b954ac48b37bbd467398e150506e4e9c021c3d9a6d9b89c6e
[INFO] running `Command { std: "docker" "create" "-v" "/var/lib/crater-agent-workspace/builds/worker-1-tc1/target:/opt/rustwide/target:rw,Z" "-v" "/var/lib/crater-agent-workspace/builds/worker-1-tc1/source:/opt/rustwide/workdir:ro,Z" "-v" "/var/lib/crater-agent-workspace/cargo-home:/opt/rustwide/cargo-home:ro,Z" "-v" "/var/lib/crater-agent-workspace/rustup-home:/opt/rustwide/rustup-home:ro,Z" "-e" "SOURCE_DIR=/opt/rustwide/workdir" "-e" "CARGO_TARGET_DIR=/opt/rustwide/target" "-e" "CARGO_INCREMENTAL=0" "-e" "RUST_BACKTRACE=full" "-e" "RUSTFLAGS=--cap-lints=warn" "-e" "RUSTDOCFLAGS=--cap-lints=warn" "-e" "CARGO_HOME=/opt/rustwide/cargo-home" "-e" "RUSTUP_HOME=/opt/rustwide/rustup-home" "-w" "/opt/rustwide/workdir" "-m" "1610612736" "--user" "0:0" "--network" "none" "ghcr.io/rust-lang/crates-build-env/linux@sha256:2788e3201cd34a07e3172128adcd8b3090168a8e3bcc40d7c032b9dda1df7d1c" "/opt/rustwide/cargo-home/bin/cargo" "+1.75.0" "test" "--frozen", kill_on_drop: false }`
[INFO] [stdout] 476b65e5945d0f59b17162aaac5a3bc579261988aaa1aba4679ab6702a6f0c4d
[INFO] running `Command { std: "docker" "start" "-a" "476b65e5945d0f59b17162aaac5a3bc579261988aaa1aba4679ab6702a6f0c4d", kill_on_drop: false }`
[INFO] [stderr]     Finished test [unoptimized + debuginfo] target(s) in 0.09s
[INFO] [stderr]      Running unittests src/lib.rs (/opt/rustwide/target/debug/deps/kvs-ba0191aa81071e2e)
[INFO] [stdout] 
[INFO] [stdout] running 0 tests
[INFO] [stdout] 
[INFO] [stdout] test result: ok. 0 passed; 0 failed; 0 ignored; 0 measured; 0 filtered out; finished in 0.00s
[INFO] [stdout] 
[INFO] [stderr]      Running unittests src/bin/kvs-client.rs (/opt/rustwide/target/debug/deps/kvs_client-1d328b45f714c541)
[INFO] [stdout] 
[INFO] [stdout] running 0 tests
[INFO] [stdout] 
[INFO] [stdout] test result: ok. 0 passed; 0 failed; 0 ignored; 0 measured; 0 filtered out; finished in 0.00s
[INFO] [stdout] 
[INFO] [stderr]      Running unittests src/bin/kvs-server.rs (/opt/rustwide/target/debug/deps/kvs_server-86862687af72887d)
[INFO] [stdout] 
[INFO] [stdout] running 0 tests
[INFO] [stdout] 
[INFO] [stdout] test result: ok. 0 passed; 0 failed; 0 ignored; 0 measured; 0 filtered out; finished in 0.00s
[INFO] [stdout] 
[INFO] [stderr]      Running unittests src/bin/main.rs (/opt/rustwide/target/debug/deps/main-89ee4d85d8bbd64c)
[INFO] [stdout] 
[INFO] [stdout] running 0 tests
[INFO] [stdout] 
[INFO] [stdout] test result: ok. 0 passed; 0 failed; 0 ignored; 0 measured; 0 filtered out; finished in 0.00s
[INFO] [stdout] 
[INFO] [stderr]      Running tests/cli.rs (/opt/rustwide/target/debug/deps/cli-fb905e313dcd6aab)
[INFO] [stdout] 
[INFO] [stdout] running 11 tests
[INFO] [stderr] 2024-01-06T16:23:24+00:00 - DEBUG - version: 0.1.0, engine: kvs, address: 127.0.0.1:4004
[INFO] [stderr] 2024-01-06T16:23:24+00:00 - DEBUG - version: 0.1.0, engine: sled, address: 127.0.0.1:4002
[INFO] [stderr] 2024-01-06T16:23:24+00:00 - DEBUG - version: 0.1.0, engine: sled, address: 127.0.0.1:4005
[INFO] [stdout] test client_cli_invalid_subcommand ... ok
[INFO] [stdout] test client_cli_version ... ok
[INFO] [stdout] test server_cli_version ... ok
[INFO] [stdout] test client_cli_no_args ... ok
[INFO] [stdout] test client_cli_invalid_rm ... ok
[INFO] [stdout] test client_cli_invalid_get ... ok
[INFO] [stdout] test client_cli_invalid_set ... ok
[INFO] [stdout] test cli_log_configuration ... ok
[INFO] [stderr] 2024-01-06T16:23:25+00:00 - DEBUG - receive a connection 127.0.0.1:50790
[INFO] [stderr] 2024-01-06T16:23:25+00:00 - DEBUG - receive a connection 127.0.0.1:58454
[INFO] [stderr] 2024-01-06T16:23:25+00:00 - DEBUG - request Set { key: "key1", value: "value1" }
[INFO] [stderr] 2024-01-06T16:23:25+00:00 - DEBUG - request Set { key: "key1", value: "value1" }
[INFO] [stderr] 2024-01-06T16:23:25+00:00 - DEBUG - response Response { value: None, error: None }
[INFO] [stderr] 2024-01-06T16:23:25+00:00 - DEBUG - response Response { value: None, error: None }
[INFO] [stderr] 2024-01-06T16:23:25+00:00 - DEBUG - receive a connection 127.0.0.1:50794
[INFO] [stderr] 2024-01-06T16:23:25+00:00 - DEBUG - version: 0.1.0, engine: kvs, address: 127.0.0.1:4002
[INFO] [stderr] 2024-01-06T16:23:25+00:00 - DEBUG - request Get { key: "key1" }
[INFO] [stderr] 2024-01-06T16:23:25+00:00 - DEBUG - receive a connection 127.0.0.1:58468
[INFO] [stderr] 2024-01-06T16:23:25+00:00 - DEBUG - response Response { value: Some("value1"), error: None }
[INFO] [stderr] 2024-01-06T16:23:25+00:00 - DEBUG - request Get { key: "key1" }
[INFO] [stderr] 2024-01-06T16:23:25+00:00 - DEBUG - response Response { value: Some("value1"), error: None }
[INFO] [stderr] 2024-01-06T16:23:25+00:00 - DEBUG - receive a connection 127.0.0.1:50810
[INFO] [stderr] 2024-01-06T16:23:25+00:00 - DEBUG - request Set { key: "key1", value: "value2" }
[INFO] [stderr] 2024-01-06T16:23:25+00:00 - DEBUG - response Response { value: None, error: None }
[INFO] [stderr] 2024-01-06T16:23:25+00:00 - DEBUG - receive a connection 127.0.0.1:58474
[INFO] [stderr] 2024-01-06T16:23:25+00:00 - DEBUG - request Set { key: "key1", value: "value2" }
[INFO] [stderr] 2024-01-06T16:23:25+00:00 - DEBUG - response Response { value: None, error: None }
[INFO] [stderr] 2024-01-06T16:23:25+00:00 - DEBUG - receive a connection 127.0.0.1:50820
[INFO] [stderr] 2024-01-06T16:23:25+00:00 - DEBUG - request Get { key: "key1" }
[INFO] [stderr] 2024-01-06T16:23:25+00:00 - DEBUG - response Response { value: Some("value2"), error: None }
[INFO] [stderr] 2024-01-06T16:23:25+00:00 - DEBUG - receive a connection 127.0.0.1:58488
[INFO] [stderr] 2024-01-06T16:23:25+00:00 - DEBUG - request Get { key: "key1" }
[INFO] [stderr] 2024-01-06T16:23:25+00:00 - DEBUG - response Response { value: Some("value2"), error: None }
[INFO] [stderr] 2024-01-06T16:23:25+00:00 - DEBUG - receive a connection 127.0.0.1:50834
[INFO] [stderr] 2024-01-06T16:23:25+00:00 - DEBUG - request Get { key: "key2" }
[INFO] [stderr] 2024-01-06T16:23:25+00:00 - DEBUG - response Response { value: None, error: None }
[INFO] [stderr] 2024-01-06T16:23:25+00:00 - DEBUG - receive a connection 127.0.0.1:58500
[INFO] [stderr] 2024-01-06T16:23:25+00:00 - DEBUG - request Get { key: "key2" }
[INFO] [stderr] 2024-01-06T16:23:25+00:00 - DEBUG - response Response { value: None, error: None }
[INFO] [stderr] 2024-01-06T16:23:25+00:00 - DEBUG - receive a connection 127.0.0.1:50836
[INFO] [stderr] 2024-01-06T16:23:25+00:00 - DEBUG - request Rm { key: "key2" }
[INFO] [stderr] 2024-01-06T16:23:25+00:00 - DEBUG - response Response { value: None, error: Some("Key not found") }
[INFO] [stderr] 2024-01-06T16:23:25+00:00 - DEBUG - receive a connection 127.0.0.1:58504
[INFO] [stderr] 2024-01-06T16:23:25+00:00 - DEBUG - request Rm { key: "key2" }
[INFO] [stderr] 2024-01-06T16:23:25+00:00 - DEBUG - response Response { value: None, error: Some("Key not found") }
[INFO] [stderr] 2024-01-06T16:23:25+00:00 - DEBUG - receive a connection 127.0.0.1:50852
[INFO] [stderr] 2024-01-06T16:23:25+00:00 - DEBUG - request Set { key: "key2", value: "value3" }
[INFO] [stderr] 2024-01-06T16:23:25+00:00 - DEBUG - response Response { value: None, error: None }
[INFO] [stderr] 2024-01-06T16:23:25+00:00 - DEBUG - receive a connection 127.0.0.1:58514
[INFO] [stderr] 2024-01-06T16:23:25+00:00 - DEBUG - request Set { key: "key2", value: "value3" }
[INFO] [stderr] 2024-01-06T16:23:25+00:00 - DEBUG - response Response { value: None, error: None }
[INFO] [stderr] 2024-01-06T16:23:25+00:00 - DEBUG - receive a connection 127.0.0.1:50854
[INFO] [stderr] 2024-01-06T16:23:25+00:00 - DEBUG - request Rm { key: "key1" }
[INFO] [stderr] 2024-01-06T16:23:25+00:00 - DEBUG - response Response { value: None, error: None }
[INFO] [stderr] 2024-01-06T16:23:25+00:00 - DEBUG - receive a connection 127.0.0.1:58526
[INFO] [stderr] 2024-01-06T16:23:25+00:00 - DEBUG - request Rm { key: "key1" }
[INFO] [stderr] 2024-01-06T16:23:25+00:00 - DEBUG - response Response { value: None, error: None }
[INFO] [stderr] 2024-01-06T16:23:25+00:00 - DEBUG - version: 0.1.0, engine: kvs, address: 127.0.0.1:4004
[INFO] [stderr] 2024-01-06T16:23:25+00:00 - DEBUG - version: 0.1.0, engine: sled, address: 127.0.0.1:4005
[INFO] [stderr] Error: StdIo(Os { code: 98, kind: AddrInUse, message: "Address already in use" })
[INFO] [stdout] test cli_wrong_engine ... ok
[INFO] [stderr] 2024-01-06T16:23:26+00:00 - DEBUG - receive a connection 127.0.0.1:49622
[INFO] [stderr] 2024-01-06T16:23:26+00:00 - DEBUG - request Get { key: "key2" }
[INFO] [stderr] 2024-01-06T16:23:26+00:00 - DEBUG - response Response { value: Some("value3"), error: None }
[INFO] [stderr] 2024-01-06T16:23:26+00:00 - DEBUG - receive a connection 127.0.0.1:49624
[INFO] [stderr] 2024-01-06T16:23:26+00:00 - DEBUG - request Get { key: "key1" }
[INFO] [stderr] 2024-01-06T16:23:26+00:00 - DEBUG - response Response { value: None, error: None }
[INFO] [stdout] test cli_access_server_kvs_engine ... ok
[INFO] [stdout] test cli_access_server_sled_engine ... FAILED
[INFO] [stdout] 
[INFO] [stdout] failures:
[INFO] [stdout] 
[INFO] [stdout] ---- cli_access_server_sled_engine stdout ----
[INFO] [stdout] thread 'cli_access_server_sled_engine' panicked at /opt/rustwide/cargo-home/registry/src/index.crates.io-6f17d22bba15001f/assert_cmd-0.11.1/src/assert.rs:154:13:
[INFO] [stdout] Unexpected failure.
[INFO] [stdout] code-1
[INFO] [stdout] stderr=```Error: StdIo(Os { code: 111, kind: ConnectionRefused, message: "Connection refused" })
[INFO] [stdout] ```
[INFO] [stdout] command=`cd "/tmp/.tmpXaPvxW" && "/opt/rustwide/target/debug/kvs-client" "get" "key2" "--addr" "127.0.0.1:4005"`
[INFO] [stdout] code=1
[INFO] [stdout] stdout=``````
[INFO] [stdout] stderr=```Error: StdIo(Os { code: 111, kind: ConnectionRefused, message: "Connection refused" })
[INFO] [stdout] ```
[INFO] [stdout] 
[INFO] [stdout] stack backtrace:
[INFO] [stdout]    0:     0x56198663b03c - std::backtrace_rs::backtrace::libunwind::trace::ha637c64ce894333a
[INFO] [stdout]                                at /rustc/82e1608dfa6e0b5569232559e3d385fea5a93112/library/std/src/../../backtrace/src/backtrace/libunwind.rs:104:5
[INFO] [stdout]    1:     0x56198663b03c - std::backtrace_rs::backtrace::trace_unsynchronized::h47f62dea28e0c88d
[INFO] [stdout]                                at /rustc/82e1608dfa6e0b5569232559e3d385fea5a93112/library/std/src/../../backtrace/src/backtrace/mod.rs:66:5
[INFO] [stdout]    2:     0x56198663b03c - std::sys_common::backtrace::_print_fmt::h9eef0abe20ede486
[INFO] [stdout]                                at /rustc/82e1608dfa6e0b5569232559e3d385fea5a93112/library/std/src/sys_common/backtrace.rs:67:5
[INFO] [stdout]    3:     0x56198663b03c - <std::sys_common::backtrace::_print::DisplayBacktrace as core::fmt::Display>::fmt::hed7f999df88cc644
[INFO] [stdout]                                at /rustc/82e1608dfa6e0b5569232559e3d385fea5a93112/library/std/src/sys_common/backtrace.rs:44:22
[INFO] [stdout]    4:     0x5619866663e0 - core::fmt::rt::Argument::fmt::h1539a9308b8d058d
[INFO] [stdout]                                at /rustc/82e1608dfa6e0b5569232559e3d385fea5a93112/library/core/src/fmt/rt.rs:142:9
[INFO] [stdout]    5:     0x5619866663e0 - core::fmt::write::h3a39390d8560d9c9
[INFO] [stdout]                                at /rustc/82e1608dfa6e0b5569232559e3d385fea5a93112/library/core/src/fmt/mod.rs:1120:17
[INFO] [stdout]    6:     0x5619866384ef - std::io::Write::write_fmt::h040b369f3a0f9cbc
[INFO] [stdout]                                at /rustc/82e1608dfa6e0b5569232559e3d385fea5a93112/library/std/src/io/mod.rs:1762:15
[INFO] [stdout]    7:     0x56198663ae24 - std::sys_common::backtrace::_print::h894006fb5c6f3d45
[INFO] [stdout]                                at /rustc/82e1608dfa6e0b5569232559e3d385fea5a93112/library/std/src/sys_common/backtrace.rs:47:5
[INFO] [stdout]    8:     0x56198663ae24 - std::sys_common::backtrace::print::h23a2d212c6fff936
[INFO] [stdout]                                at /rustc/82e1608dfa6e0b5569232559e3d385fea5a93112/library/std/src/sys_common/backtrace.rs:34:9
[INFO] [stdout]    9:     0x56198663cb67 - std::panicking::default_hook::{{closure}}::h8a1d2ee00185001a
[INFO] [stdout]   10:     0x56198663c853 - std::panicking::default_hook::h6038f2eba384e475
[INFO] [stdout]                                at /rustc/82e1608dfa6e0b5569232559e3d385fea5a93112/library/std/src/panicking.rs:289:9
[INFO] [stdout]   11:     0x5619865d1097 - <alloc::boxed::Box<F,A> as core::ops::function::Fn<Args>>::call::h0ad024c9bdc6d768
[INFO] [stdout]                                at /rustc/82e1608dfa6e0b5569232559e3d385fea5a93112/library/alloc/src/boxed.rs:2021:9
[INFO] [stdout]   12:     0x5619865d1097 - test::test_main::{{closure}}::h7500b54257359db6
[INFO] [stdout]                                at /rustc/82e1608dfa6e0b5569232559e3d385fea5a93112/library/test/src/lib.rs:138:21
[INFO] [stdout]   13:     0x56198663d178 - <alloc::boxed::Box<F,A> as core::ops::function::Fn<Args>>::call::h1f8f335eaa9cfaee
[INFO] [stdout]                                at /rustc/82e1608dfa6e0b5569232559e3d385fea5a93112/library/alloc/src/boxed.rs:2021:9
[INFO] [stdout]   14:     0x56198663d178 - std::panicking::rust_panic_with_hook::h2b5517d590cab22e
[INFO] [stdout]                                at /rustc/82e1608dfa6e0b5569232559e3d385fea5a93112/library/std/src/panicking.rs:783:13
[INFO] [stdout]   15:     0x56198663cece - std::panicking::begin_panic_handler::{{closure}}::h233112c06e0ef43e
[INFO] [stdout]                                at /rustc/82e1608dfa6e0b5569232559e3d385fea5a93112/library/std/src/panicking.rs:657:13
[INFO] [stdout]   16:     0x56198663b506 - std::sys_common::backtrace::__rust_end_short_backtrace::h6e893f24d7ebbff8
[INFO] [stdout]                                at /rustc/82e1608dfa6e0b5569232559e3d385fea5a93112/library/std/src/sys_common/backtrace.rs:170:18
[INFO] [stdout]   17:     0x56198663cc32 - rust_begin_unwind
[INFO] [stdout]                                at /rustc/82e1608dfa6e0b5569232559e3d385fea5a93112/library/std/src/panicking.rs:645:5
[INFO] [stdout]   18:     0x56198657c055 - core::panicking::panic_fmt::hbf0e066aabfa482c
[INFO] [stdout]                                at /rustc/82e1608dfa6e0b5569232559e3d385fea5a93112/library/core/src/panicking.rs:72:14
[INFO] [stdout]   19:     0x5619865e4853 - assert_cmd::assert::Assert::success::h8838bf8211d3edba
[INFO] [stdout]                                at /opt/rustwide/cargo-home/registry/src/index.crates.io-6f17d22bba15001f/assert_cmd-0.11.1/src/assert.rs:154:13
[INFO] [stdout]   20:     0x56198658c949 - cli::cli_access_server::he2181935bf4b6fe9
[INFO] [stdout]                                at /opt/rustwide/workdir/tests/cli.rs:311:5
[INFO] [stdout]   21:     0x56198658f07e - cli::cli_access_server_sled_engine::h326cadfde911a7d2
[INFO] [stdout]                                at /opt/rustwide/workdir/tests/cli.rs:336:5
[INFO] [stdout]   22:     0x56198658f047 - cli::cli_access_server_sled_engine::{{closure}}::h51c508bbf51bfccc
[INFO] [stdout]                                at /opt/rustwide/workdir/tests/cli.rs:335:35
[INFO] [stdout]   23:     0x561986588ce6 - core::ops::function::FnOnce::call_once::ha4387a602e645bed
[INFO] [stdout]                                at /rustc/82e1608dfa6e0b5569232559e3d385fea5a93112/library/core/src/ops/function.rs:250:5
[INFO] [stdout]   24:     0x5619865d66ef - core::ops::function::FnOnce::call_once::h2b5d431d5046312d
[INFO] [stdout]                                at /rustc/82e1608dfa6e0b5569232559e3d385fea5a93112/library/core/src/ops/function.rs:250:5
[INFO] [stdout]   25:     0x5619865d66ef - test::__rust_begin_short_backtrace::h7714669af176e207
[INFO] [stdout]                                at /rustc/82e1608dfa6e0b5569232559e3d385fea5a93112/library/test/src/lib.rs:628:18
[INFO] [stdout]   26:     0x5619865d5705 - test::run_test_in_process::{{closure}}::h85218797dcbcec12
[INFO] [stdout]                                at /rustc/82e1608dfa6e0b5569232559e3d385fea5a93112/library/test/src/lib.rs:651:60
[INFO] [stdout]   27:     0x5619865d5705 - <core::panic::unwind_safe::AssertUnwindSafe<F> as core::ops::function::FnOnce<()>>::call_once::h76c106ea31c14d7b
[INFO] [stdout]                                at /rustc/82e1608dfa6e0b5569232559e3d385fea5a93112/library/core/src/panic/unwind_safe.rs:272:9
[INFO] [stdout]   28:     0x5619865d5705 - std::panicking::try::do_call::h3bd5d0f6620ee946
[INFO] [stdout]                                at /rustc/82e1608dfa6e0b5569232559e3d385fea5a93112/library/std/src/panicking.rs:552:40
[INFO] [stdout]   29:     0x5619865d5705 - std::panicking::try::h232e535e4744fe31
[INFO] [stdout]                                at /rustc/82e1608dfa6e0b5569232559e3d385fea5a93112/library/std/src/panicking.rs:516:19
[INFO] [stdout]   30:     0x5619865d5705 - std::panic::catch_unwind::h3ce3bd6ca8dbac68
[INFO] [stdout]                                at /rustc/82e1608dfa6e0b5569232559e3d385fea5a93112/library/std/src/panic.rs:142:14
[INFO] [stdout]   31:     0x5619865d5705 - test::run_test_in_process::hc97b257c9621286a
[INFO] [stdout]                                at /rustc/82e1608dfa6e0b5569232559e3d385fea5a93112/library/test/src/lib.rs:651:27
[INFO] [stdout]   32:     0x5619865d5705 - test::run_test::{{closure}}::h2aa798823a438d38
[INFO] [stdout]                                at /rustc/82e1608dfa6e0b5569232559e3d385fea5a93112/library/test/src/lib.rs:574:43
[INFO] [stdout]   33:     0x56198659d9c6 - test::run_test::{{closure}}::h87d231c78fb59832
[INFO] [stdout]                                at /rustc/82e1608dfa6e0b5569232559e3d385fea5a93112/library/test/src/lib.rs:602:41
[INFO] [stdout]   34:     0x56198659d9c6 - std::sys_common::backtrace::__rust_begin_short_backtrace::he6df152596625789
[INFO] [stdout]                                at /rustc/82e1608dfa6e0b5569232559e3d385fea5a93112/library/std/src/sys_common/backtrace.rs:154:18
[INFO] [stdout]   35:     0x5619865a2a77 - std::thread::Builder::spawn_unchecked_::{{closure}}::{{closure}}::ha94be15d1e0acf36
[INFO] [stdout]                                at /rustc/82e1608dfa6e0b5569232559e3d385fea5a93112/library/std/src/thread/mod.rs:529:17
[INFO] [stdout]   36:     0x5619865a2a77 - <core::panic::unwind_safe::AssertUnwindSafe<F> as core::ops::function::FnOnce<()>>::call_once::h9dc6bd6372f16606
[INFO] [stdout]                                at /rustc/82e1608dfa6e0b5569232559e3d385fea5a93112/library/core/src/panic/unwind_safe.rs:272:9
[INFO] [stdout]   37:     0x5619865a2a77 - std::panicking::try::do_call::h9057517f80303cd4
[INFO] [stdout]                                at /rustc/82e1608dfa6e0b5569232559e3d385fea5a93112/library/std/src/panicking.rs:552:40
[INFO] [stdout]   38:     0x5619865a2a77 - std::panicking::try::he3a30b11ee45340c
[INFO] [stdout]                                at /rustc/82e1608dfa6e0b5569232559e3d385fea5a93112/library/std/src/panicking.rs:516:19
[INFO] [stdout]   39:     0x5619865a2a77 - std::panic::catch_unwind::h410458cfd3528b8b
[INFO] [stdout]                                at /rustc/82e1608dfa6e0b5569232559e3d385fea5a93112/library/std/src/panic.rs:142:14
[INFO] [stdout]   40:     0x5619865a2a77 - std::thread::Builder::spawn_unchecked_::{{closure}}::h72ac3bdb567b737b
[INFO] [stdout]                                at /rustc/82e1608dfa6e0b5569232559e3d385fea5a93112/library/std/src/thread/mod.rs:528:30
[INFO] [stdout]   41:     0x5619865a2a77 - core::ops::function::FnOnce::call_once{{vtable.shim}}::h38f34da3654a8344
[INFO] [stdout]                                at /rustc/82e1608dfa6e0b5569232559e3d385fea5a93112/library/core/src/ops/function.rs:250:5
[INFO] [stdout]   42:     0x561986642f35 - <alloc::boxed::Box<F,A> as core::ops::function::FnOnce<Args>>::call_once::hc7eafaff61e32df9
[INFO] [stdout]                                at /rustc/82e1608dfa6e0b5569232559e3d385fea5a93112/library/alloc/src/boxed.rs:2007:9
[INFO] [stdout]   43:     0x561986642f35 - <alloc::boxed::Box<F,A> as core::ops::function::FnOnce<Args>>::call_once::h6ba4a5de48dd2304
[INFO] [stdout]                                at /rustc/82e1608dfa6e0b5569232559e3d385fea5a93112/library/alloc/src/boxed.rs:2007:9
[INFO] [stdout]   44:     0x561986642f35 - std::sys::unix::thread::Thread::new::thread_start::he469335aef763e45
[INFO] [stdout]                                at /rustc/82e1608dfa6e0b5569232559e3d385fea5a93112/library/std/src/sys/unix/thread.rs:108:17
[INFO] [stdout]   45:     0x7f8723051ac3 - <unknown>
[INFO] [stdout]   46:     0x7f87230e2bf4 - __clone
[INFO] [stdout]   47:                0x0 - <unknown>
[INFO] [stdout] 
[INFO] [stdout] 
[INFO] [stdout] failures:
[INFO] [stdout]     cli_access_server_sled_engine
[INFO] [stdout] 
[INFO] [stdout] test result: FAILED. 10 passed; 1 failed; 0 ignored; 0 measured; 0 filtered out; finished in 2.05s
[INFO] [stdout] 
[INFO] [stderr] error: test failed, to rerun pass `--test cli`
[INFO] running `Command { std: "docker" "inspect" "476b65e5945d0f59b17162aaac5a3bc579261988aaa1aba4679ab6702a6f0c4d", kill_on_drop: false }`
[INFO] running `Command { std: "docker" "rm" "-f" "476b65e5945d0f59b17162aaac5a3bc579261988aaa1aba4679ab6702a6f0c4d", kill_on_drop: false }`
[INFO] [stdout] 476b65e5945d0f59b17162aaac5a3bc579261988aaa1aba4679ab6702a6f0c4d
