[INFO] cloning repository https://github.com/ubuntu/aad-auth
[INFO] running `Command { std: "git" "-c" "credential.helper=" "-c" "credential.helper=/workspace/cargo-home/bin/git-credential-null" "clone" "--bare" "https://github.com/ubuntu/aad-auth" "/workspace/cache/git-repos/https%3A%2F%2Fgithub.com%2Fubuntu%2Faad-auth", kill_on_drop: false }`
[INFO] [stderr] Cloning into bare repository '/workspace/cache/git-repos/https%3A%2F%2Fgithub.com%2Fubuntu%2Faad-auth'...
[INFO] running `Command { std: "git" "rev-parse" "HEAD", kill_on_drop: false }`
[INFO] [stdout] e61e15674a026c189c8c84e3ec1dbf2dc1bc100b
[INFO] testing ubuntu/aad-auth against 1.75.0 for beta-1.76-1
[INFO] running `Command { std: "git" "clone" "/workspace/cache/git-repos/https%3A%2F%2Fgithub.com%2Fubuntu%2Faad-auth" "/workspace/builds/worker-4-tc1/source", kill_on_drop: false }`
[INFO] [stderr] Cloning into '/workspace/builds/worker-4-tc1/source'...
[INFO] [stderr] done.
[INFO] validating manifest of git repo https://github.com/ubuntu/aad-auth on toolchain 1.75.0
[INFO] running `Command { std: CARGO_HOME="/workspace/cargo-home" RUSTUP_HOME="/workspace/rustup-home" "/workspace/cargo-home/bin/cargo" "+1.75.0" "metadata" "--manifest-path" "Cargo.toml" "--no-deps", kill_on_drop: false }`
[INFO] started tweaking git repo https://github.com/ubuntu/aad-auth
[INFO] finished tweaking git repo https://github.com/ubuntu/aad-auth
[INFO] tweaked toml for git repo https://github.com/ubuntu/aad-auth written to /workspace/builds/worker-4-tc1/source/Cargo.toml
[INFO] crate git repo https://github.com/ubuntu/aad-auth already has a lockfile, it will not be regenerated
[INFO] running `Command { std: CARGO_HOME="/workspace/cargo-home" RUSTUP_HOME="/workspace/rustup-home" "/workspace/cargo-home/bin/cargo" "+1.75.0" "fetch" "--manifest-path" "Cargo.toml", kill_on_drop: false }`
[INFO] [stderr]  Downloading crates ...
[INFO] [stderr]   Downloaded syslog v6.1.0
[INFO] [stderr]   Downloaded goldenfile v1.6.0
[INFO] [stderr]   Downloaded libnss v0.5.0
[INFO] running `Command { std: "docker" "create" "-v" "/var/lib/crater-agent-workspace/builds/worker-4-tc1/target:/opt/rustwide/target:rw,Z" "-v" "/var/lib/crater-agent-workspace/builds/worker-4-tc1/source:/opt/rustwide/workdir:ro,Z" "-v" "/var/lib/crater-agent-workspace/cargo-home:/opt/rustwide/cargo-home:ro,Z" "-v" "/var/lib/crater-agent-workspace/rustup-home:/opt/rustwide/rustup-home:ro,Z" "-e" "SOURCE_DIR=/opt/rustwide/workdir" "-e" "CARGO_TARGET_DIR=/opt/rustwide/target" "-e" "CARGO_HOME=/opt/rustwide/cargo-home" "-e" "RUSTUP_HOME=/opt/rustwide/rustup-home" "-w" "/opt/rustwide/workdir" "-m" "1610612736" "--user" "0:0" "--network" "none" "ghcr.io/rust-lang/crates-build-env/linux@sha256:2788e3201cd34a07e3172128adcd8b3090168a8e3bcc40d7c032b9dda1df7d1c" "/opt/rustwide/cargo-home/bin/cargo" "+1.75.0" "metadata" "--no-deps" "--format-version=1", kill_on_drop: false }`
[INFO] [stdout] 72694e29be5a2cd35d4e8d4f12368f412a55a5a8ed41f486ae41528ebf619811
[INFO] running `Command { std: "docker" "start" "-a" "72694e29be5a2cd35d4e8d4f12368f412a55a5a8ed41f486ae41528ebf619811", kill_on_drop: false }`
[INFO] running `Command { std: "docker" "inspect" "72694e29be5a2cd35d4e8d4f12368f412a55a5a8ed41f486ae41528ebf619811", kill_on_drop: false }`
[INFO] running `Command { std: "docker" "rm" "-f" "72694e29be5a2cd35d4e8d4f12368f412a55a5a8ed41f486ae41528ebf619811", kill_on_drop: false }`
[INFO] [stdout] 72694e29be5a2cd35d4e8d4f12368f412a55a5a8ed41f486ae41528ebf619811
[INFO] running `Command { std: "docker" "create" "-v" "/var/lib/crater-agent-workspace/builds/worker-4-tc1/target:/opt/rustwide/target:rw,Z" "-v" "/var/lib/crater-agent-workspace/builds/worker-4-tc1/source:/opt/rustwide/workdir:ro,Z" "-v" "/var/lib/crater-agent-workspace/cargo-home:/opt/rustwide/cargo-home:ro,Z" "-v" "/var/lib/crater-agent-workspace/rustup-home:/opt/rustwide/rustup-home:ro,Z" "-e" "SOURCE_DIR=/opt/rustwide/workdir" "-e" "CARGO_TARGET_DIR=/opt/rustwide/target" "-e" "CARGO_INCREMENTAL=0" "-e" "RUST_BACKTRACE=full" "-e" "RUSTFLAGS=--cap-lints=warn" "-e" "RUSTDOCFLAGS=--cap-lints=warn" "-e" "CARGO_HOME=/opt/rustwide/cargo-home" "-e" "RUSTUP_HOME=/opt/rustwide/rustup-home" "-w" "/opt/rustwide/workdir" "-m" "1610612736" "--user" "0:0" "--network" "none" "ghcr.io/rust-lang/crates-build-env/linux@sha256:2788e3201cd34a07e3172128adcd8b3090168a8e3bcc40d7c032b9dda1df7d1c" "/opt/rustwide/cargo-home/bin/cargo" "+1.75.0" "build" "--frozen" "--message-format=json", kill_on_drop: false }`
[INFO] [stdout] 7202e231ad7eeed17b16799010a485d89b8c3f35958b639691dc6421a15a1788
[INFO] running `Command { std: "docker" "start" "-a" "7202e231ad7eeed17b16799010a485d89b8c3f35958b639691dc6421a15a1788", kill_on_drop: false }`
[INFO] [stderr]    Compiling libc v0.2.151
[INFO] [stderr]    Compiling version_check v0.9.4
[INFO] [stderr]    Compiling proc-macro2 v1.0.75
[INFO] [stderr]    Compiling unicode-ident v1.0.6
[INFO] [stderr]    Compiling cfg-if v1.0.0
[INFO] [stderr]    Compiling vcpkg v0.2.15
[INFO] [stderr]    Compiling pkg-config v0.3.26
[INFO] [stderr]    Compiling once_cell v1.17.0
[INFO] [stderr]    Compiling log v0.4.20
[INFO] [stderr]    Compiling powerfmt v0.2.0
[INFO] [stderr]    Compiling paste v1.0.14
[INFO] [stderr]    Compiling time-core v0.1.2
[INFO] [stderr]    Compiling serde v1.0.194
[INFO] [stderr]    Compiling num_threads v0.1.6
[INFO] [stderr]    Compiling match_cfg v0.1.0
[INFO] [stderr]    Compiling itoa v1.0.5
[INFO] [stderr]    Compiling fallible-iterator v0.3.0
[INFO] [stderr]    Compiling bitflags v1.3.2
[INFO] [stderr]    Compiling fallible-streaming-iterator v0.1.9
[INFO] [stderr]    Compiling deranged v0.3.9
[INFO] [stderr]    Compiling smallvec v1.10.0
[INFO] [stderr]    Compiling bitflags v2.0.2
[INFO] [stderr]    Compiling lazy_static v1.4.0
[INFO] [stderr]    Compiling simple_logger v4.3.3
[INFO] [stderr]    Compiling ahash v0.7.6
[INFO] [stderr]    Compiling error-chain v0.12.4
[INFO] [stderr]    Compiling libsqlite3-sys v0.27.0
[INFO] [stderr]    Compiling quote v1.0.35
[INFO] [stderr]    Compiling syn v2.0.46
[INFO] [stderr]    Compiling cc v1.0.84
[INFO] [stderr]    Compiling getrandom v0.2.8
[INFO] [stderr]    Compiling hostname v0.3.1
[INFO] [stderr]    Compiling libnss v0.5.0
[INFO] [stderr]    Compiling faccess v0.2.4
[INFO] [stderr]    Compiling users v0.11.0
[INFO] [stderr]    Compiling time v0.3.31
[INFO] [stderr]    Compiling hashbrown v0.12.3
[INFO] [stderr]    Compiling hashlink v0.8.1
[INFO] [stderr]    Compiling nss_aad v0.1.0 (/opt/rustwide/workdir/nss)
[INFO] [stderr]    Compiling rusqlite v0.30.0
[INFO] [stderr]    Compiling syslog v6.1.0
[INFO] [stderr]    Compiling serde_derive v1.0.194
[INFO] [stderr]    Compiling ctor v0.2.6
[INFO] [stderr]     Finished dev [unoptimized + debuginfo] target(s) in 12.32s
[INFO] running `Command { std: "docker" "inspect" "7202e231ad7eeed17b16799010a485d89b8c3f35958b639691dc6421a15a1788", kill_on_drop: false }`
[INFO] running `Command { std: "docker" "rm" "-f" "7202e231ad7eeed17b16799010a485d89b8c3f35958b639691dc6421a15a1788", kill_on_drop: false }`
[INFO] [stdout] 7202e231ad7eeed17b16799010a485d89b8c3f35958b639691dc6421a15a1788
[INFO] running `Command { std: "docker" "create" "-v" "/var/lib/crater-agent-workspace/builds/worker-4-tc1/target:/opt/rustwide/target:rw,Z" "-v" "/var/lib/crater-agent-workspace/builds/worker-4-tc1/source:/opt/rustwide/workdir:ro,Z" "-v" "/var/lib/crater-agent-workspace/cargo-home:/opt/rustwide/cargo-home:ro,Z" "-v" "/var/lib/crater-agent-workspace/rustup-home:/opt/rustwide/rustup-home:ro,Z" "-e" "SOURCE_DIR=/opt/rustwide/workdir" "-e" "CARGO_TARGET_DIR=/opt/rustwide/target" "-e" "CARGO_INCREMENTAL=0" "-e" "RUST_BACKTRACE=full" "-e" "RUSTFLAGS=--cap-lints=warn" "-e" "RUSTDOCFLAGS=--cap-lints=warn" "-e" "CARGO_HOME=/opt/rustwide/cargo-home" "-e" "RUSTUP_HOME=/opt/rustwide/rustup-home" "-w" "/opt/rustwide/workdir" "-m" "1610612736" "--user" "0:0" "--network" "none" "ghcr.io/rust-lang/crates-build-env/linux@sha256:2788e3201cd34a07e3172128adcd8b3090168a8e3bcc40d7c032b9dda1df7d1c" "/opt/rustwide/cargo-home/bin/cargo" "+1.75.0" "test" "--frozen" "--no-run" "--message-format=json", kill_on_drop: false }`
[INFO] [stdout] 2a3479f2f98bf3007ea5e7ab46dbdcfe10b0e2f29f4649dc726bdb89f9fddde1
[INFO] running `Command { std: "docker" "start" "-a" "2a3479f2f98bf3007ea5e7ab46dbdcfe10b0e2f29f4649dc726bdb89f9fddde1", kill_on_drop: false }`
[INFO] [stderr]    Compiling libc v0.2.151
[INFO] [stderr]    Compiling memchr v2.5.0
[INFO] [stderr]    Compiling syn v1.0.107
[INFO] [stderr]    Compiling io-lifetimes v1.0.11
[INFO] [stderr]    Compiling rustix v0.37.19
[INFO] [stderr]    Compiling regex-automata v0.1.10
[INFO] [stderr]    Compiling autocfg v1.1.0
[INFO] [stderr]    Compiling proc-macro-error-attr v1.0.4
[INFO] [stderr]    Compiling proc-macro-error v1.0.4
[INFO] [stderr]    Compiling unicode-segmentation v1.10.1
[INFO] [stderr]    Compiling linux-raw-sys v0.3.8
[INFO] [stderr]    Compiling syn v2.0.46
[INFO] [stderr]    Compiling fastrand v1.8.0
[INFO] [stderr]    Compiling hashbrown v0.14.0
[INFO] [stderr]    Compiling equivalent v1.0.0
[INFO] [stderr]    Compiling yansi v1.0.0-rc.1
[INFO] [stderr]    Compiling scopeguard v1.2.0
[INFO] [stderr]    Compiling ryu v1.0.12
[INFO] [stderr]    Compiling unsafe-libyaml v0.2.10
[INFO] [stderr]    Compiling tempfile v3.6.0
[INFO] [stderr]    Compiling indexmap v2.0.0
[INFO] [stderr]    Compiling bstr v0.2.17
[INFO] [stderr]    Compiling similar v2.2.1
[INFO] [stderr]    Compiling getrandom v0.2.8
[INFO] [stderr]    Compiling console v0.15.5
[INFO] [stderr]    Compiling hostname v0.3.1
[INFO] [stderr]    Compiling time v0.3.31
[INFO] [stderr]    Compiling faccess v0.2.4
[INFO] [stderr]    Compiling users v0.11.0
[INFO] [stderr]    Compiling libnss v0.5.0
[INFO] [stderr]    Compiling ahash v0.7.6
[INFO] [stderr]    Compiling hashbrown v0.12.3
[INFO] [stderr]    Compiling similar-asserts v1.4.2
[INFO] [stderr]    Compiling hashlink v0.8.1
[INFO] [stderr]    Compiling rusqlite v0.30.0
[INFO] [stderr]    Compiling syslog v6.1.0
[INFO] [stderr]    Compiling test-case-core v3.2.1
[INFO] [stderr]    Compiling goldenfile v1.6.0
[INFO] [stderr]    Compiling serde_derive v1.0.194
[INFO] [stderr]    Compiling test-case-macros v3.2.1
[INFO] [stderr]    Compiling ctor v0.2.6
[INFO] [stderr]    Compiling test-case v3.3.1
[INFO] [stderr]    Compiling serde v1.0.194
[INFO] [stderr]    Compiling serde_yaml v0.9.30
[INFO] [stderr]    Compiling nss_aad v0.1.0 (/opt/rustwide/workdir/nss)
[INFO] [stderr]     Finished test [unoptimized + debuginfo] target(s) in 13.56s
[INFO] running `Command { std: "docker" "inspect" "2a3479f2f98bf3007ea5e7ab46dbdcfe10b0e2f29f4649dc726bdb89f9fddde1", kill_on_drop: false }`
[INFO] running `Command { std: "docker" "rm" "-f" "2a3479f2f98bf3007ea5e7ab46dbdcfe10b0e2f29f4649dc726bdb89f9fddde1", kill_on_drop: false }`
[INFO] [stdout] 2a3479f2f98bf3007ea5e7ab46dbdcfe10b0e2f29f4649dc726bdb89f9fddde1
[INFO] running `Command { std: "docker" "create" "-v" "/var/lib/crater-agent-workspace/builds/worker-4-tc1/target:/opt/rustwide/target:rw,Z" "-v" "/var/lib/crater-agent-workspace/builds/worker-4-tc1/source:/opt/rustwide/workdir:ro,Z" "-v" "/var/lib/crater-agent-workspace/cargo-home:/opt/rustwide/cargo-home:ro,Z" "-v" "/var/lib/crater-agent-workspace/rustup-home:/opt/rustwide/rustup-home:ro,Z" "-e" "SOURCE_DIR=/opt/rustwide/workdir" "-e" "CARGO_TARGET_DIR=/opt/rustwide/target" "-e" "CARGO_INCREMENTAL=0" "-e" "RUST_BACKTRACE=full" "-e" "RUSTFLAGS=--cap-lints=warn" "-e" "RUSTDOCFLAGS=--cap-lints=warn" "-e" "CARGO_HOME=/opt/rustwide/cargo-home" "-e" "RUSTUP_HOME=/opt/rustwide/rustup-home" "-w" "/opt/rustwide/workdir" "-m" "1610612736" "--user" "0:0" "--network" "none" "ghcr.io/rust-lang/crates-build-env/linux@sha256:2788e3201cd34a07e3172128adcd8b3090168a8e3bcc40d7c032b9dda1df7d1c" "/opt/rustwide/cargo-home/bin/cargo" "+1.75.0" "test" "--frozen", kill_on_drop: false }`
[INFO] [stdout] aa8a18cbb5dfc7a438c3ae8ffd9cea7b5c366f0aa107556651cb41b2721ec104
[INFO] running `Command { std: "docker" "start" "-a" "aa8a18cbb5dfc7a438c3ae8ffd9cea7b5c366f0aa107556651cb41b2721ec104", kill_on_drop: false }`
[INFO] [stderr]     Finished test [unoptimized + debuginfo] target(s) in 0.05s
[INFO] [stderr]      Running unittests src/lib.rs (/opt/rustwide/target/debug/deps/nss_aad-77e7d95f66a1e31c)
[INFO] [stdout] cannot connect to syslog: Error(Initialization, State { next_error: Some(Error(Io(Os { code: 111, kind: ConnectionRefused, message: "Connection refused" }), State { next_error: None, backtrace: InternalBacktrace })), backtrace: InternalBacktrace })
[INFO] [stdout] 
[INFO] [stdout] running 81 tests
[INFO] [stdout] test cache::mod_tests::test_build::error_when_there_is_no_cache ... ok
[INFO] [stdout] test cache::mod_tests::test_build::error_when_there_is_only_shadow ... ok
[INFO] [stdout] test cache::mod_tests::test_build::error_when_there_is_only_passwd ... ok
[INFO] [stdout] test cache::mod_tests::test_build::successfully_opens_cache_without_shadow_if_current_user_has_no_shadow_access ... ok
[INFO] [stdout] test cache::mod_tests::test_build::successfully_opens_cache_when_dir_has_no_write_perms ... ok
[INFO] [stdout] test cache::mod_tests::test_build::error_when_passwd_db_has_invalid_permissions ... ok
[INFO] [stdout] test cache::mod_tests::test_get_all_groups::get_all_entries_without_cleaning_when_shadowmode_is_less_than_rw ... ok
[INFO] [stdout] test cache::mod_tests::test_build::error_when_cache_has_invalid_owner_uid ... ok
[INFO] [stdout] test cache::mod_tests::test_get_all_groups::get_all_entries_without_cleaning_up_when_offline_expiration_is_disabled ... ok
[INFO] [stdout] test cache::mod_tests::test_build::error_when_shadow_db_has_invalid_permissions ... ok
[INFO] [stdout] test cache::mod_tests::test_build::error_when_cache_has_invalid_shadow_gid ... ok
[INFO] [stdout] test cache::mod_tests::test_build::error_when_cache_has_invalid_owner_gid ... ok
[INFO] [stdout] test cache::mod_tests::test_build::successfully_opens_cache_with_default_values ... ok
[INFO] [stdout] test cache::mod_tests::test_build::error_when_cache_dir_has_ro_perms_and_shadow_mode_is_rw ... FAILED
[INFO] [stdout] test cache::mod_tests::test_build::error_when_current_user_has_no_access_to_passwd ... FAILED
[INFO] [stdout] test cache::mod_tests::test_get_all_groups::get_all_entries_cleaning_up_entries_to_purge ... ok
[INFO] [stdout] test cache::mod_tests::test_get_all_passwd::get_all_entries_without_cleaning_up_when_offline_expiration_is_disabled ... ok
[INFO] [stdout] test cache::mod_tests::test_get_all_passwd::get_all_entries_cleaning_up_entries_to_purge ... ok
[INFO] [stdout] test cache::mod_tests::test_get_all_passwd::get_all_entries_without_cleaning_when_shadowmode_is_less_than_rw ... ok
[INFO] [stdout] test cache::mod_tests::test_get_all_shadows::error_when_shadow_is_unavailable ... ok
[INFO] [stdout] test cache::mod_tests::test_get_all_shadows::get_all_entries_without_cleaning_up_when_offline_expiration_is_disabled ... ok
[INFO] [stdout] test cache::mod_tests::test_get_group_by_gid::error_when_group_does_not_exist ... ok
[INFO] [stdout] test cache::mod_tests::test_get_all_shadows::get_all_entries_without_cleaning_when_shadowmode_is_less_than_rw ... ok
[INFO] [stdout] test cache::mod_tests::test_get_group_by_name::error_when_group_does_not_exist ... ok
[INFO] [stdout] test group::mod_tests::test_get_all_entries::error_when_cache_is_not_available ... ok
[INFO] [stdout] test cache::mod_tests::test_get_group_by_gid::get_existing_group_by_gid_without_access_to_shadow ... ok
[INFO] [stdout] test cache::mod_tests::test_get_group_by_name::get_existing_group_by_name ... ok
[INFO] [stdout] test cache::mod_tests::test_get_group_by_gid::get_existing_group_by_gid ... ok
[INFO] [stdout] test group::mod_tests::test_get_entry_by_gid::error_when_cache_is_not_available ... ok
[INFO] [stdout] test cache::mod_tests::test_get_passwd_by_name::error_when_user_does_not_exist ... ok
[INFO] [stdout] test cache::mod_tests::test_get_group_by_name::get_existing_group_by_name_without_access_to_shadow ... ok
[INFO] [stdout] test group::mod_tests::test_get_entry_by_name::error_when_cache_is_not_available ... ok
[INFO] [stdout] test cache::mod_tests::test_get_passwd_by_name::get_existing_user_by_name_without_access_to_shadow ... ok
[INFO] [stdout] test cache::mod_tests::test_get_passwd_by_name::get_existing_user_by_name ... ok
[INFO] [stdout] test cache::mod_tests::test_get_all_shadows::get_all_entries_cleaning_up_entries_to_purge ... ok
[INFO] [stdout] test cache::mod_tests::test_get_passwd_by_uid::error_when_user_does_not_exist ... ok
[INFO] [stdout] test cache::mod_tests::test_get_passwd_by_uid::get_existing_user_by_uid ... ok
[INFO] [stdout] test mod_tests::test_cache_result_to_nss_status::databaseerror_is_converted_to_unavail ... ok
[INFO] [stdout] test mod_tests::test_cache_result_to_nss_status::norecord_is_converted_to_unavail ... ok
[INFO] [stdout] test mod_tests::test_cache_result_to_nss_status::ok_t_is_converted_to_success_t_ ... ok
[INFO] [stdout] test mod_tests::test_cache_result_to_nss_status::queryerror_is_converted_to_unavail ... ok
[INFO] [stdout] test group::mod_tests::test_get_all_entries::does_not_error_out_when_the_cache_is_empty ... ok
[INFO] [stdout] test passwd::mod_tests::test_get_all_entries::error_when_cache_is_not_available ... ok
[INFO] [stdout] test cache::mod_tests::test_get_passwd_by_uid::get_existing_user_by_uid_without_access_to_shadow ... ok
[INFO] [stdout] test passwd::mod_tests::test_get_all_entries::does_not_error_out_when_the_cache_is_empty ... ok
[INFO] [stdout] test passwd::mod_tests::test_get_entry_by_name::error_when_cache_is_not_available ... ok
[INFO] [stdout] test cache::mod_tests::test_get_shadow_by_name::error_when_shadow_is_unavailable ... ok
[INFO] [stdout] test cache::mod_tests::test_get_shadow_by_name::error_when_user_does_not_exist ... ok
[INFO] [stdout] test cache::mod_tests::test_get_shadow_by_name::get_existing_shadow_by_name ... ok
[INFO] [stdout] test group::mod_tests::test_get_all_entries::successfully_retrieves_all_entries ... ok
[INFO] [stdout] test group::mod_tests::test_get_entry_by_gid::error_when_entry_does_not_exist ... ok
[INFO] [stdout] test passwd::mod_tests::test_get_entry_by_uid::error_when_cache_is_not_available ... ok
[INFO] [stdout] test group::mod_tests::test_get_entry_by_gid::successfully_retrieves_existing_entry ... ok
[INFO] [stdout] test group::mod_tests::test_get_entry_by_name::error_when_entry_does_not_exist ... ok
[INFO] [stdout] test group::mod_tests::test_get_entry_by_name::ignore_non_aad_entry_requests ... ok
[INFO] [stdout] test group::mod_tests::test_get_all_entries::successfully_retrieves_all_entries_without_access_to_shadow ... ok
[INFO] [stdout] test group::mod_tests::test_get_entry_by_gid::successfully_retrieves_existing_entry_without_access_to_shadow ... ok
[INFO] [stdout] test shadow::mod_tests::test_get_all_entries::error_when_cache_is_not_available ... ok
[INFO] [stdout] test group::mod_tests::test_get_entry_by_name::successfully_retrieves_existing_entry_with_capitalized_letters ... ok
[INFO] [stdout] test shadow::mod_tests::test_get_entry_by_name::error_when_cache_is_not_available ... ok
[INFO] [stdout] test group::mod_tests::test_get_entry_by_name::successfully_retrieves_existing_entry ... ok
[INFO] [stdout] test group::mod_tests::test_get_entry_by_name::successfully_retrieves_existing_entry_without_access_to_shadow ... ok
[INFO] [stdout] test passwd::mod_tests::test_get_all_entries::successfully_retrieves_all_entries ... ok
[INFO] [stdout] test passwd::mod_tests::test_get_all_entries::successfully_retrieves_all_entries_without_access_to_shadow ... ok
[INFO] [stdout] test shadow::mod_tests::test_get_all_entries::does_not_error_out_when_cache_is_empty ... ok
[INFO] [stdout] test passwd::mod_tests::test_get_entry_by_name::error_when_entry_does_not_exist ... ok
[INFO] [stdout] test passwd::mod_tests::test_get_entry_by_name::successfully_retrieves_existing_entry ... ok
[INFO] [stdout] test passwd::mod_tests::test_get_entry_by_name::successfully_retrieves_existing_entry_with_capitalized_letters ... ok
[INFO] [stdout] test passwd::mod_tests::test_get_entry_by_name::successfully_retrieves_existing_entry_without_access_to_shadow ... ok
[INFO] [stdout] test passwd::mod_tests::test_get_entry_by_uid::error_when_entry_does_not_exist ... ok
[INFO] [stdout] test passwd::mod_tests::test_get_entry_by_uid::successfully_retrieves_existing_entry ... ok
[INFO] [stdout] test passwd::mod_tests::test_get_entry_by_uid::successfully_retrieves_existing_entry_without_access_to_shadow ... ok
[INFO] [stdout] test shadow::mod_tests::test_get_all_entries::successfully_retrieves_all_entries_in_rw_mode ... ok
[INFO] [stdout] test shadow::mod_tests::test_get_all_entries::successfully_retrieves_all_entries_in_ro_mode ... ok
[INFO] [stdout] test shadow::mod_tests::test_get_all_entries::error_when_shadow_is_not_available ... ok
[INFO] [stdout] test shadow::mod_tests::test_get_entry_by_name::error_when_shadow_is_not_available ... ok
[INFO] [stdout] test shadow::mod_tests::test_get_entry_by_name::error_when_entry_does_not_exist ... ok
[INFO] [stdout] test shadow::mod_tests::test_get_entry_by_name::successfully_retrieves_existing_entry_in_ro_mode ... ok
[INFO] [stdout] test shadow::mod_tests::test_get_entry_by_name::successfully_retrieves_existing_entry_in_rw_mode ... ok
[INFO] [stdout] test shadow::mod_tests::test_get_entry_by_name::successfully_retrieves_existing_entry_with_capitalized_letters_in_rw_mode ... ok
[INFO] [stdout] test shadow::mod_tests::test_get_entry_by_name::successfully_retrieves_existing_entry_with_capitalized_letters_in_ro_mode ... ok
[INFO] [stdout] 
[INFO] [stdout] failures:
[INFO] [stdout] 
[INFO] [stdout] ---- cache::mod_tests::test_build::error_when_cache_dir_has_ro_perms_and_shadow_mode_is_rw stdout ----
[INFO] [stdout] cannot connect to syslog: Error(Initialization, State { next_error: Some(Error(Io(Os { code: 111, kind: ConnectionRefused, message: "Connection refused" }), State { next_error: None, backtrace: InternalBacktrace })), backtrace: InternalBacktrace })
[INFO] [stdout] thread 'cache::mod_tests::test_build::error_when_cache_dir_has_ro_perms_and_shadow_mode_is_rw' panicked at nss/src/testutils/require.rs:8:9:
[INFO] [stdout] build should have returned an error, but didn't: CacheDB { conn: Connection { path: Some("/tmp/.tmpSG9Qa5/passwd.db") }, shadow_mode: ReadWrite, offline_credentials_expiration: 90 }
[INFO] [stdout] stack backtrace:
[INFO] [stdout]    0:     0x55a03ef66c4c - std::backtrace_rs::backtrace::libunwind::trace::ha637c64ce894333a
[INFO] [stdout]                                at /rustc/82e1608dfa6e0b5569232559e3d385fea5a93112/library/std/src/../../backtrace/src/backtrace/libunwind.rs:104:5
[INFO] [stdout]    1:     0x55a03ef66c4c - std::backtrace_rs::backtrace::trace_unsynchronized::h47f62dea28e0c88d
[INFO] [stdout]                                at /rustc/82e1608dfa6e0b5569232559e3d385fea5a93112/library/std/src/../../backtrace/src/backtrace/mod.rs:66:5
[INFO] [stdout]    2:     0x55a03ef66c4c - std::sys_common::backtrace::_print_fmt::h9eef0abe20ede486
[INFO] [stdout]                                at /rustc/82e1608dfa6e0b5569232559e3d385fea5a93112/library/std/src/sys_common/backtrace.rs:67:5
[INFO] [stdout]    3:     0x55a03ef66c4c - <std::sys_common::backtrace::_print::DisplayBacktrace as core::fmt::Display>::fmt::hed7f999df88cc644
[INFO] [stdout]                                at /rustc/82e1608dfa6e0b5569232559e3d385fea5a93112/library/std/src/sys_common/backtrace.rs:44:22
[INFO] [stdout]    4:     0x55a03ef942f0 - core::fmt::rt::Argument::fmt::h1539a9308b8d058d
[INFO] [stdout]                                at /rustc/82e1608dfa6e0b5569232559e3d385fea5a93112/library/core/src/fmt/rt.rs:142:9
[INFO] [stdout]    5:     0x55a03ef942f0 - core::fmt::write::h3a39390d8560d9c9
[INFO] [stdout]                                at /rustc/82e1608dfa6e0b5569232559e3d385fea5a93112/library/core/src/fmt/mod.rs:1120:17
[INFO] [stdout]    6:     0x55a03ef6410f - std::io::Write::write_fmt::h040b369f3a0f9cbc
[INFO] [stdout]                                at /rustc/82e1608dfa6e0b5569232559e3d385fea5a93112/library/std/src/io/mod.rs:1762:15
[INFO] [stdout]    7:     0x55a03ef66a34 - std::sys_common::backtrace::_print::h894006fb5c6f3d45
[INFO] [stdout]                                at /rustc/82e1608dfa6e0b5569232559e3d385fea5a93112/library/std/src/sys_common/backtrace.rs:47:5
[INFO] [stdout]    8:     0x55a03ef66a34 - std::sys_common::backtrace::print::h23a2d212c6fff936
[INFO] [stdout]                                at /rustc/82e1608dfa6e0b5569232559e3d385fea5a93112/library/std/src/sys_common/backtrace.rs:34:9
[INFO] [stdout]    9:     0x55a03ef686f7 - std::panicking::default_hook::{{closure}}::h8a1d2ee00185001a
[INFO] [stdout]   10:     0x55a03ef683e3 - std::panicking::default_hook::h6038f2eba384e475
[INFO] [stdout]                                at /rustc/82e1608dfa6e0b5569232559e3d385fea5a93112/library/std/src/panicking.rs:289:9
[INFO] [stdout]   11:     0x55a03ee280e7 - <alloc::boxed::Box<F,A> as core::ops::function::Fn<Args>>::call::h0ad024c9bdc6d768
[INFO] [stdout]                                at /rustc/82e1608dfa6e0b5569232559e3d385fea5a93112/library/alloc/src/boxed.rs:2021:9
[INFO] [stdout]   12:     0x55a03ee280e7 - test::test_main::{{closure}}::h7500b54257359db6
[INFO] [stdout]                                at /rustc/82e1608dfa6e0b5569232559e3d385fea5a93112/library/test/src/lib.rs:138:21
[INFO] [stdout]   13:     0x55a03ef68d08 - <alloc::boxed::Box<F,A> as core::ops::function::Fn<Args>>::call::h1f8f335eaa9cfaee
[INFO] [stdout]                                at /rustc/82e1608dfa6e0b5569232559e3d385fea5a93112/library/alloc/src/boxed.rs:2021:9
[INFO] [stdout]   14:     0x55a03ef68d08 - std::panicking::rust_panic_with_hook::h2b5517d590cab22e
[INFO] [stdout]                                at /rustc/82e1608dfa6e0b5569232559e3d385fea5a93112/library/std/src/panicking.rs:783:13
[INFO] [stdout]   15:     0x55a03ef68a5e - std::panicking::begin_panic_handler::{{closure}}::h233112c06e0ef43e
[INFO] [stdout]                                at /rustc/82e1608dfa6e0b5569232559e3d385fea5a93112/library/std/src/panicking.rs:657:13
[INFO] [stdout]   16:     0x55a03ef67116 - std::sys_common::backtrace::__rust_end_short_backtrace::h6e893f24d7ebbff8
[INFO] [stdout]                                at /rustc/82e1608dfa6e0b5569232559e3d385fea5a93112/library/std/src/sys_common/backtrace.rs:170:18
[INFO] [stdout]   17:     0x55a03ef687c2 - rust_begin_unwind
[INFO] [stdout]                                at /rustc/82e1608dfa6e0b5569232559e3d385fea5a93112/library/std/src/panicking.rs:645:5
[INFO] [stdout]   18:     0x55a03ed63415 - core::panicking::panic_fmt::hbf0e066aabfa482c
[INFO] [stdout]                                at /rustc/82e1608dfa6e0b5569232559e3d385fea5a93112/library/core/src/panicking.rs:72:14
[INFO] [stdout]   19:     0x55a03ed63a43 - core::result::unwrap_failed::hddb4fea594200c52
[INFO] [stdout]                                at /rustc/82e1608dfa6e0b5569232559e3d385fea5a93112/library/core/src/result.rs:1653:5
[INFO] [stdout]   20:     0x55a03edaf77b - core::result::Result<T,E>::expect_err::hcb24498d4a4a4d61
[INFO] [stdout]                                at /rustc/82e1608dfa6e0b5569232559e3d385fea5a93112/library/core/src/result.rs:1140:22
[INFO] [stdout]   21:     0x55a03edbe821 - nss_aad::testutils::require::require_error::hd72389d93bd04dcd
[INFO] [stdout]                                at /opt/rustwide/workdir/nss/src/testutils/require.rs:8:5
[INFO] [stdout]   22:     0x55a03ed9dff6 - nss_aad::cache::mod_tests::test_build::h25c96e6e3c84eefb
[INFO] [stdout]                                at /opt/rustwide/workdir/nss/src/cache/mod_tests.rs:80:9
[INFO] [stdout]   23:     0x55a03edb58ae - nss_aad::cache::mod_tests::test_build::error_when_cache_dir_has_ro_perms_and_shadow_mode_is_rw::ha1a87b9c0529494a
[INFO] [stdout]                                at /opt/rustwide/workdir/nss/src/cache/mod_tests.rs:9:1
[INFO] [stdout]   24:     0x55a03edb56f7 - nss_aad::cache::mod_tests::test_build::error_when_cache_dir_has_ro_perms_and_shadow_mode_is_rw::{{closure}}::h32590876f855735d
[INFO] [stdout]                                at /opt/rustwide/workdir/nss/src/cache/mod_tests.rs:9:153
[INFO] [stdout]   25:     0x55a03edc49a6 - core::ops::function::FnOnce::call_once::h9a4e0a32f027eec2
[INFO] [stdout]                                at /rustc/82e1608dfa6e0b5569232559e3d385fea5a93112/library/core/src/ops/function.rs:250:5
[INFO] [stdout]   26:     0x55a03ee2d73f - core::ops::function::FnOnce::call_once::h2b5d431d5046312d
[INFO] [stdout]                                at /rustc/82e1608dfa6e0b5569232559e3d385fea5a93112/library/core/src/ops/function.rs:250:5
[INFO] [stdout]   27:     0x55a03ee2d73f - test::__rust_begin_short_backtrace::h7714669af176e207
[INFO] [stdout]                                at /rustc/82e1608dfa6e0b5569232559e3d385fea5a93112/library/test/src/lib.rs:628:18
[INFO] [stdout]   28:     0x55a03ee2c755 - test::run_test_in_process::{{closure}}::h85218797dcbcec12
[INFO] [stdout]                                at /rustc/82e1608dfa6e0b5569232559e3d385fea5a93112/library/test/src/lib.rs:651:60
[INFO] [stdout]   29:     0x55a03ee2c755 - <core::panic::unwind_safe::AssertUnwindSafe<F> as core::ops::function::FnOnce<()>>::call_once::h76c106ea31c14d7b
[INFO] [stdout]                                at /rustc/82e1608dfa6e0b5569232559e3d385fea5a93112/library/core/src/panic/unwind_safe.rs:272:9
[INFO] [stdout]   30:     0x55a03ee2c755 - std::panicking::try::do_call::h3bd5d0f6620ee946
[INFO] [stdout]                                at /rustc/82e1608dfa6e0b5569232559e3d385fea5a93112/library/std/src/panicking.rs:552:40
[INFO] [stdout]   31:     0x55a03ee2c755 - std::panicking::try::h232e535e4744fe31
[INFO] [stdout]                                at /rustc/82e1608dfa6e0b5569232559e3d385fea5a93112/library/std/src/panicking.rs:516:19
[INFO] [stdout]   32:     0x55a03ee2c755 - std::panic::catch_unwind::h3ce3bd6ca8dbac68
[INFO] [stdout]                                at /rustc/82e1608dfa6e0b5569232559e3d385fea5a93112/library/std/src/panic.rs:142:14
[INFO] [stdout]   33:     0x55a03ee2c755 - test::run_test_in_process::hc97b257c9621286a
[INFO] [stdout]                                at /rustc/82e1608dfa6e0b5569232559e3d385fea5a93112/library/test/src/lib.rs:651:27
[INFO] [stdout]   34:     0x55a03ee2c755 - test::run_test::{{closure}}::h2aa798823a438d38
[INFO] [stdout]                                at /rustc/82e1608dfa6e0b5569232559e3d385fea5a93112/library/test/src/lib.rs:574:43
[INFO] [stdout]   35:     0x55a03edf4a16 - test::run_test::{{closure}}::h87d231c78fb59832
[INFO] [stdout]                                at /rustc/82e1608dfa6e0b5569232559e3d385fea5a93112/library/test/src/lib.rs:602:41
[INFO] [stdout]   36:     0x55a03edf4a16 - std::sys_common::backtrace::__rust_begin_short_backtrace::he6df152596625789
[INFO] [stdout]                                at /rustc/82e1608dfa6e0b5569232559e3d385fea5a93112/library/std/src/sys_common/backtrace.rs:154:18
[INFO] [stdout]   37:     0x55a03edf9ac7 - std::thread::Builder::spawn_unchecked_::{{closure}}::{{closure}}::ha94be15d1e0acf36
[INFO] [stdout]                                at /rustc/82e1608dfa6e0b5569232559e3d385fea5a93112/library/std/src/thread/mod.rs:529:17
[INFO] [stdout]   38:     0x55a03edf9ac7 - <core::panic::unwind_safe::AssertUnwindSafe<F> as core::ops::function::FnOnce<()>>::call_once::h9dc6bd6372f16606
[INFO] [stdout]                                at /rustc/82e1608dfa6e0b5569232559e3d385fea5a93112/library/core/src/panic/unwind_safe.rs:272:9
[INFO] [stdout]   39:     0x55a03edf9ac7 - std::panicking::try::do_call::h9057517f80303cd4
[INFO] [stdout]                                at /rustc/82e1608dfa6e0b5569232559e3d385fea5a93112/library/std/src/panicking.rs:552:40
[INFO] [stdout]   40:     0x55a03edf9ac7 - std::panicking::try::he3a30b11ee45340c
[INFO] [stdout]                                at /rustc/82e1608dfa6e0b5569232559e3d385fea5a93112/library/std/src/panicking.rs:516:19
[INFO] [stdout]   41:     0x55a03edf9ac7 - std::panic::catch_unwind::h410458cfd3528b8b
[INFO] [stdout]                                at /rustc/82e1608dfa6e0b5569232559e3d385fea5a93112/library/std/src/panic.rs:142:14
[INFO] [stdout]   42:     0x55a03edf9ac7 - std::thread::Builder::spawn_unchecked_::{{closure}}::h72ac3bdb567b737b
[INFO] [stdout]                                at /rustc/82e1608dfa6e0b5569232559e3d385fea5a93112/library/std/src/thread/mod.rs:528:30
[INFO] [stdout]   43:     0x55a03edf9ac7 - core::ops::function::FnOnce::call_once{{vtable.shim}}::h38f34da3654a8344
[INFO] [stdout]                                at /rustc/82e1608dfa6e0b5569232559e3d385fea5a93112/library/core/src/ops/function.rs:250:5
[INFO] [stdout]   44:     0x55a03ef6ec75 - <alloc::boxed::Box<F,A> as core::ops::function::FnOnce<Args>>::call_once::hc7eafaff61e32df9
[INFO] [stdout]                                at /rustc/82e1608dfa6e0b5569232559e3d385fea5a93112/library/alloc/src/boxed.rs:2007:9
[INFO] [stdout]   45:     0x55a03ef6ec75 - <alloc::boxed::Box<F,A> as core::ops::function::FnOnce<Args>>::call_once::h6ba4a5de48dd2304
[INFO] [stdout]                                at /rustc/82e1608dfa6e0b5569232559e3d385fea5a93112/library/alloc/src/boxed.rs:2007:9
[INFO] [stdout]   46:     0x55a03ef6ec75 - std::sys::unix::thread::Thread::new::thread_start::he469335aef763e45
[INFO] [stdout]                                at /rustc/82e1608dfa6e0b5569232559e3d385fea5a93112/library/std/src/sys/unix/thread.rs:108:17
[INFO] [stdout]   47:     0x7f9152f2dac3 - <unknown>
[INFO] [stdout]   48:     0x7f9152fbebf4 - __clone
[INFO] [stdout]   49:                0x0 - <unknown>
[INFO] [stdout] 
[INFO] [stdout] ---- cache::mod_tests::test_build::error_when_current_user_has_no_access_to_passwd stdout ----
[INFO] [stdout] cannot connect to syslog: Error(Initialization, State { next_error: Some(Error(Io(Os { code: 111, kind: ConnectionRefused, message: "Connection refused" }), State { next_error: None, backtrace: InternalBacktrace })), backtrace: InternalBacktrace })
[INFO] [stdout] thread 'cache::mod_tests::test_build::error_when_current_user_has_no_access_to_passwd' panicked at nss/src/testutils/require.rs:8:9:
[INFO] [stdout] build should have returned an error, but didn't: CacheDB { conn: Connection { path: Some("/tmp/.tmp8RXNiG/passwd.db") }, shadow_mode: ReadWrite, offline_credentials_expiration: 90 }
[INFO] [stdout] stack backtrace:
[INFO] [stdout]    0:     0x55a03ef66c4c - std::backtrace_rs::backtrace::libunwind::trace::ha637c64ce894333a
[INFO] [stdout]                                at /rustc/82e1608dfa6e0b5569232559e3d385fea5a93112/library/std/src/../../backtrace/src/backtrace/libunwind.rs:104:5
[INFO] [stdout]    1:     0x55a03ef66c4c - std::backtrace_rs::backtrace::trace_unsynchronized::h47f62dea28e0c88d
[INFO] [stdout]                                at /rustc/82e1608dfa6e0b5569232559e3d385fea5a93112/library/std/src/../../backtrace/src/backtrace/mod.rs:66:5
[INFO] [stdout]    2:     0x55a03ef66c4c - std::sys_common::backtrace::_print_fmt::h9eef0abe20ede486
[INFO] [stdout]                                at /rustc/82e1608dfa6e0b5569232559e3d385fea5a93112/library/std/src/sys_common/backtrace.rs:67:5
[INFO] [stdout]    3:     0x55a03ef66c4c - <std::sys_common::backtrace::_print::DisplayBacktrace as core::fmt::Display>::fmt::hed7f999df88cc644
[INFO] [stdout]                                at /rustc/82e1608dfa6e0b5569232559e3d385fea5a93112/library/std/src/sys_common/backtrace.rs:44:22
[INFO] [stdout]    4:     0x55a03ef942f0 - core::fmt::rt::Argument::fmt::h1539a9308b8d058d
[INFO] [stdout]                                at /rustc/82e1608dfa6e0b5569232559e3d385fea5a93112/library/core/src/fmt/rt.rs:142:9
[INFO] [stdout]    5:     0x55a03ef942f0 - core::fmt::write::h3a39390d8560d9c9
[INFO] [stdout]                                at /rustc/82e1608dfa6e0b5569232559e3d385fea5a93112/library/core/src/fmt/mod.rs:1120:17
[INFO] [stdout]    6:     0x55a03ef6410f - std::io::Write::write_fmt::h040b369f3a0f9cbc
[INFO] [stdout]                                at /rustc/82e1608dfa6e0b5569232559e3d385fea5a93112/library/std/src/io/mod.rs:1762:15
[INFO] [stdout]    7:     0x55a03ef66a34 - std::sys_common::backtrace::_print::h894006fb5c6f3d45
[INFO] [stdout]                                at /rustc/82e1608dfa6e0b5569232559e3d385fea5a93112/library/std/src/sys_common/backtrace.rs:47:5
[INFO] [stdout]    8:     0x55a03ef66a34 - std::sys_common::backtrace::print::h23a2d212c6fff936
[INFO] [stdout]                                at /rustc/82e1608dfa6e0b5569232559e3d385fea5a93112/library/std/src/sys_common/backtrace.rs:34:9
[INFO] [stdout]    9:     0x55a03ef686f7 - std::panicking::default_hook::{{closure}}::h8a1d2ee00185001a
[INFO] [stdout]   10:     0x55a03ef683e3 - std::panicking::default_hook::h6038f2eba384e475
[INFO] [stdout]                                at /rustc/82e1608dfa6e0b5569232559e3d385fea5a93112/library/std/src/panicking.rs:289:9
[INFO] [stdout]   11:     0x55a03ee280e7 - <alloc::boxed::Box<F,A> as core::ops::function::Fn<Args>>::call::h0ad024c9bdc6d768
[INFO] [stdout]                                at /rustc/82e1608dfa6e0b5569232559e3d385fea5a93112/library/alloc/src/boxed.rs:2021:9
[INFO] [stdout]   12:     0x55a03ee280e7 - test::test_main::{{closure}}::h7500b54257359db6
[INFO] [stdout]                                at /rustc/82e1608dfa6e0b5569232559e3d385fea5a93112/library/test/src/lib.rs:138:21
[INFO] [stdout]   13:     0x55a03ef68d08 - <alloc::boxed::Box<F,A> as core::ops::function::Fn<Args>>::call::h1f8f335eaa9cfaee
[INFO] [stdout]                                at /rustc/82e1608dfa6e0b5569232559e3d385fea5a93112/library/alloc/src/boxed.rs:2021:9
[INFO] [stdout]   14:     0x55a03ef68d08 - std::panicking::rust_panic_with_hook::h2b5517d590cab22e
[INFO] [stdout]                                at /rustc/82e1608dfa6e0b5569232559e3d385fea5a93112/library/std/src/panicking.rs:783:13
[INFO] [stdout]   15:     0x55a03ef68a5e - std::panicking::begin_panic_handler::{{closure}}::h233112c06e0ef43e
[INFO] [stdout]                                at /rustc/82e1608dfa6e0b5569232559e3d385fea5a93112/library/std/src/panicking.rs:657:13
[INFO] [stdout]   16:     0x55a03ef67116 - std::sys_common::backtrace::__rust_end_short_backtrace::h6e893f24d7ebbff8
[INFO] [stdout]                                at /rustc/82e1608dfa6e0b5569232559e3d385fea5a93112/library/std/src/sys_common/backtrace.rs:170:18
[INFO] [stdout]   17:     0x55a03ef687c2 - rust_begin_unwind
[INFO] [stdout]                                at /rustc/82e1608dfa6e0b5569232559e3d385fea5a93112/library/std/src/panicking.rs:645:5
[INFO] [stdout]   18:     0x55a03ed63415 - core::panicking::panic_fmt::hbf0e066aabfa482c
[INFO] [stdout]                                at /rustc/82e1608dfa6e0b5569232559e3d385fea5a93112/library/core/src/panicking.rs:72:14
[INFO] [stdout]   19:     0x55a03ed63a43 - core::result::unwrap_failed::hddb4fea594200c52
[INFO] [stdout]                                at /rustc/82e1608dfa6e0b5569232559e3d385fea5a93112/library/core/src/result.rs:1653:5
[INFO] [stdout]   20:     0x55a03edaf77b - core::result::Result<T,E>::expect_err::hcb24498d4a4a4d61
[INFO] [stdout]                                at /rustc/82e1608dfa6e0b5569232559e3d385fea5a93112/library/core/src/result.rs:1140:22
[INFO] [stdout]   21:     0x55a03edbe821 - nss_aad::testutils::require::require_error::hd72389d93bd04dcd
[INFO] [stdout]                                at /opt/rustwide/workdir/nss/src/testutils/require.rs:8:5
[INFO] [stdout]   22:     0x55a03ed9dff6 - nss_aad::cache::mod_tests::test_build::h25c96e6e3c84eefb
[INFO] [stdout]                                at /opt/rustwide/workdir/nss/src/cache/mod_tests.rs:80:9
[INFO] [stdout]   23:     0x55a03edb54e9 - nss_aad::cache::mod_tests::test_build::error_when_current_user_has_no_access_to_passwd::h2e5eb78e00c33ec8
[INFO] [stdout]                                at /opt/rustwide/workdir/nss/src/cache/mod_tests.rs:9:1
[INFO] [stdout]   24:     0x55a03edb5327 - nss_aad::cache::mod_tests::test_build::error_when_current_user_has_no_access_to_passwd::{{closure}}::hf5d95a1040588bde
[INFO] [stdout]                                at /opt/rustwide/workdir/nss/src/cache/mod_tests.rs:9:153
[INFO] [stdout]   25:     0x55a03edc4e46 - core::ops::function::FnOnce::call_once::hd401aa81c19433fd
[INFO] [stdout]                                at /rustc/82e1608dfa6e0b5569232559e3d385fea5a93112/library/core/src/ops/function.rs:250:5
[INFO] [stdout]   26:     0x55a03ee2d73f - core::ops::function::FnOnce::call_once::h2b5d431d5046312d
[INFO] [stdout]                                at /rustc/82e1608dfa6e0b5569232559e3d385fea5a93112/library/core/src/ops/function.rs:250:5
[INFO] [stdout]   27:     0x55a03ee2d73f - test::__rust_begin_short_backtrace::h7714669af176e207
[INFO] [stdout]                                at /rustc/82e1608dfa6e0b5569232559e3d385fea5a93112/library/test/src/lib.rs:628:18
[INFO] [stdout]   28:     0x55a03ee2c755 - test::run_test_in_process::{{closure}}::h85218797dcbcec12
[INFO] [stdout]                                at /rustc/82e1608dfa6e0b5569232559e3d385fea5a93112/library/test/src/lib.rs:651:60
[INFO] [stdout]   29:     0x55a03ee2c755 - <core::panic::unwind_safe::AssertUnwindSafe<F> as core::ops::function::FnOnce<()>>::call_once::h76c106ea31c14d7b
[INFO] [stdout]                                at /rustc/82e1608dfa6e0b5569232559e3d385fea5a93112/library/core/src/panic/unwind_safe.rs:272:9
[INFO] [stdout]   30:     0x55a03ee2c755 - std::panicking::try::do_call::h3bd5d0f6620ee946
[INFO] [stdout]                                at /rustc/82e1608dfa6e0b5569232559e3d385fea5a93112/library/std/src/panicking.rs:552:40
[INFO] [stdout]   31:     0x55a03ee2c755 - std::panicking::try::h232e535e4744fe31
[INFO] [stdout]                                at /rustc/82e1608dfa6e0b5569232559e3d385fea5a93112/library/std/src/panicking.rs:516:19
[INFO] [stdout]   32:     0x55a03ee2c755 - std::panic::catch_unwind::h3ce3bd6ca8dbac68
[INFO] [stdout]                                at /rustc/82e1608dfa6e0b5569232559e3d385fea5a93112/library/std/src/panic.rs:142:14
[INFO] [stdout]   33:     0x55a03ee2c755 - test::run_test_in_process::hc97b257c9621286a
[INFO] [stdout]                                at /rustc/82e1608dfa6e0b5569232559e3d385fea5a93112/library/test/src/lib.rs:651:27
[INFO] [stdout]   34:     0x55a03ee2c755 - test::run_test::{{closure}}::h2aa798823a438d38
[INFO] [stdout]                                at /rustc/82e1608dfa6e0b5569232559e3d385fea5a93112/library/test/src/lib.rs:574:43
[INFO] [stdout]   35:     0x55a03edf4a16 - test::run_test::{{closure}}::h87d231c78fb59832
[INFO] [stdout]                                at /rustc/82e1608dfa6e0b5569232559e3d385fea5a93112/library/test/src/lib.rs:602:41
[INFO] [stdout]   36:     0x55a03edf4a16 - std::sys_common::backtrace::__rust_begin_short_backtrace::he6df152596625789
[INFO] [stdout]                                at /rustc/82e1608dfa6e0b5569232559e3d385fea5a93112/library/std/src/sys_common/backtrace.rs:154:18
[INFO] [stdout]   37:     0x55a03edf9ac7 - std::thread::Builder::spawn_unchecked_::{{closure}}::{{closure}}::ha94be15d1e0acf36
[INFO] [stdout]                                at /rustc/82e1608dfa6e0b5569232559e3d385fea5a93112/library/std/src/thread/mod.rs:529:17
[INFO] [stdout]   38:     0x55a03edf9ac7 - <core::panic::unwind_safe::AssertUnwindSafe<F> as core::ops::function::FnOnce<()>>::call_once::h9dc6bd6372f16606
[INFO] [stdout]                                at /rustc/82e1608dfa6e0b5569232559e3d385fea5a93112/library/core/src/panic/unwind_safe.rs:272:9
[INFO] [stdout]   39:     0x55a03edf9ac7 - std::panicking::try::do_call::h9057517f80303cd4
[INFO] [stdout]                                at /rustc/82e1608dfa6e0b5569232559e3d385fea5a93112/library/std/src/panicking.rs:552:40
[INFO] [stdout]   40:     0x55a03edf9ac7 - std::panicking::try::he3a30b11ee45340c
[INFO] [stdout]                                at /rustc/82e1608dfa6e0b5569232559e3d385fea5a93112/library/std/src/panicking.rs:516:19
[INFO] [stdout]   41:     0x55a03edf9ac7 - std::panic::catch_unwind::h410458cfd3528b8b
[INFO] [stdout]                                at /rustc/82e1608dfa6e0b5569232559e3d385fea5a93112/library/std/src/panic.rs:142:14
[INFO] [stdout]   42:     0x55a03edf9ac7 - std::thread::Builder::spawn_unchecked_::{{closure}}::h72ac3bdb567b737b
[INFO] [stdout]                                at /rustc/82e1608dfa6e0b5569232559e3d385fea5a93112/library/std/src/thread/mod.rs:528:30
[INFO] [stdout]   43:     0x55a03edf9ac7 - core::ops::function::FnOnce::call_once{{vtable.shim}}::h38f34da3654a8344
[INFO] [stdout]                                at /rustc/82e1608dfa6e0b5569232559e3d385fea5a93112/library/core/src/ops/function.rs:250:5
[INFO] [stdout]   44:     0x55a03ef6ec75 - <alloc::boxed::Box<F,A> as core::ops::function::FnOnce<Args>>::call_once::hc7eafaff61e32df9
[INFO] [stdout]                                at /rustc/82e1608dfa6e0b5569232559e3d385fea5a93112/library/alloc/src/boxed.rs:2007:9
[INFO] [stdout]   45:     0x55a03ef6ec75 - <alloc::boxed::Box<F,A> as core::ops::function::FnOnce<Args>>::call_once::h6ba4a5de48dd2304
[INFO] [stdout]                                at /rustc/82e1608dfa6e0b5569232559e3d385fea5a93112/library/alloc/src/boxed.rs:2007:9
[INFO] [stdout]   46:     0x55a03ef6ec75 - std::sys::unix::thread::Thread::new::thread_start::he469335aef763e45
[INFO] [stdout]                                at /rustc/82e1608dfa6e0b5569232559e3d385fea5a93112/library/std/src/sys/unix/thread.rs:108:17
[INFO] [stdout]   47:     0x7f9152f2dac3 - <unknown>
[INFO] [stdout]   48:     0x7f9152fbebf4 - __clone
[INFO] [stdout]   49:                0x0 - <unknown>
[INFO] [stdout] 
[INFO] [stdout] 
[INFO] [stdout] failures:
[INFO] [stdout]     cache::mod_tests::test_build::error_when_cache_dir_has_ro_perms_and_shadow_mode_is_rw
[INFO] [stdout]     cache::mod_tests::test_build::error_when_current_user_has_no_access_to_passwd
[INFO] [stdout] 
[INFO] [stdout] test result: FAILED. 79 passed; 2 failed; 0 ignored; 0 measured; 0 filtered out; finished in 0.58s
[INFO] [stdout] 
[INFO] [stderr] error: test failed, to rerun pass `--lib`
[INFO] running `Command { std: "docker" "inspect" "aa8a18cbb5dfc7a438c3ae8ffd9cea7b5c366f0aa107556651cb41b2721ec104", kill_on_drop: false }`
[INFO] running `Command { std: "docker" "rm" "-f" "aa8a18cbb5dfc7a438c3ae8ffd9cea7b5c366f0aa107556651cb41b2721ec104", kill_on_drop: false }`
[INFO] [stdout] aa8a18cbb5dfc7a438c3ae8ffd9cea7b5c366f0aa107556651cb41b2721ec104
