[INFO] cloning repository https://github.com/tyrchen/tower-router
[INFO] running `Command { std: "git" "-c" "credential.helper=" "-c" "credential.helper=/workspace/cargo-home/bin/git-credential-null" "clone" "--bare" "https://github.com/tyrchen/tower-router" "/workspace/cache/git-repos/https%3A%2F%2Fgithub.com%2Ftyrchen%2Ftower-router", kill_on_drop: false }`
[INFO] [stderr] Cloning into bare repository '/workspace/cache/git-repos/https%3A%2F%2Fgithub.com%2Ftyrchen%2Ftower-router'...
[INFO] running `Command { std: "git" "rev-parse" "HEAD", kill_on_drop: false }`
[INFO] [stdout] 69be194bf5a414ae65d1e18319257a1e4162a3ae
[INFO] testing tyrchen/tower-router against 1.75.0 for beta-1.76-1
[INFO] running `Command { std: "git" "clone" "/workspace/cache/git-repos/https%3A%2F%2Fgithub.com%2Ftyrchen%2Ftower-router" "/workspace/builds/worker-4-tc1/source", kill_on_drop: false }`
[INFO] [stderr] Cloning into '/workspace/builds/worker-4-tc1/source'...
[INFO] [stderr] done.
[INFO] validating manifest of git repo https://github.com/tyrchen/tower-router on toolchain 1.75.0
[INFO] running `Command { std: CARGO_HOME="/workspace/cargo-home" RUSTUP_HOME="/workspace/rustup-home" "/workspace/cargo-home/bin/cargo" "+1.75.0" "metadata" "--manifest-path" "Cargo.toml" "--no-deps", kill_on_drop: false }`
[INFO] started tweaking git repo https://github.com/tyrchen/tower-router
[INFO] finished tweaking git repo https://github.com/tyrchen/tower-router
[INFO] tweaked toml for git repo https://github.com/tyrchen/tower-router written to /workspace/builds/worker-4-tc1/source/Cargo.toml
[INFO] crate git repo https://github.com/tyrchen/tower-router already has a lockfile, it will not be regenerated
[INFO] running `Command { std: CARGO_HOME="/workspace/cargo-home" RUSTUP_HOME="/workspace/rustup-home" "/workspace/cargo-home/bin/cargo" "+1.75.0" "fetch" "--manifest-path" "Cargo.toml", kill_on_drop: false }`
[INFO] running `Command { std: "docker" "create" "-v" "/var/lib/crater-agent-workspace/builds/worker-4-tc1/target:/opt/rustwide/target:rw,Z" "-v" "/var/lib/crater-agent-workspace/builds/worker-4-tc1/source:/opt/rustwide/workdir:ro,Z" "-v" "/var/lib/crater-agent-workspace/cargo-home:/opt/rustwide/cargo-home:ro,Z" "-v" "/var/lib/crater-agent-workspace/rustup-home:/opt/rustwide/rustup-home:ro,Z" "-e" "SOURCE_DIR=/opt/rustwide/workdir" "-e" "CARGO_TARGET_DIR=/opt/rustwide/target" "-e" "CARGO_HOME=/opt/rustwide/cargo-home" "-e" "RUSTUP_HOME=/opt/rustwide/rustup-home" "-w" "/opt/rustwide/workdir" "-m" "1610612736" "--user" "0:0" "--network" "none" "ghcr.io/rust-lang/crates-build-env/linux@sha256:2788e3201cd34a07e3172128adcd8b3090168a8e3bcc40d7c032b9dda1df7d1c" "/opt/rustwide/cargo-home/bin/cargo" "+1.75.0" "metadata" "--no-deps" "--format-version=1", kill_on_drop: false }`
[INFO] [stdout] da3ef1dead9b1fe5a3e56c064456faf74168bd254c7085e78d434a10d09b0b77
[INFO] running `Command { std: "docker" "start" "-a" "da3ef1dead9b1fe5a3e56c064456faf74168bd254c7085e78d434a10d09b0b77", kill_on_drop: false }`
[INFO] running `Command { std: "docker" "inspect" "da3ef1dead9b1fe5a3e56c064456faf74168bd254c7085e78d434a10d09b0b77", kill_on_drop: false }`
[INFO] running `Command { std: "docker" "rm" "-f" "da3ef1dead9b1fe5a3e56c064456faf74168bd254c7085e78d434a10d09b0b77", kill_on_drop: false }`
[INFO] [stdout] da3ef1dead9b1fe5a3e56c064456faf74168bd254c7085e78d434a10d09b0b77
[INFO] running `Command { std: "docker" "create" "-v" "/var/lib/crater-agent-workspace/builds/worker-4-tc1/target:/opt/rustwide/target:rw,Z" "-v" "/var/lib/crater-agent-workspace/builds/worker-4-tc1/source:/opt/rustwide/workdir:ro,Z" "-v" "/var/lib/crater-agent-workspace/cargo-home:/opt/rustwide/cargo-home:ro,Z" "-v" "/var/lib/crater-agent-workspace/rustup-home:/opt/rustwide/rustup-home:ro,Z" "-e" "SOURCE_DIR=/opt/rustwide/workdir" "-e" "CARGO_TARGET_DIR=/opt/rustwide/target" "-e" "CARGO_INCREMENTAL=0" "-e" "RUST_BACKTRACE=full" "-e" "RUSTFLAGS=--cap-lints=warn" "-e" "RUSTDOCFLAGS=--cap-lints=warn" "-e" "CARGO_HOME=/opt/rustwide/cargo-home" "-e" "RUSTUP_HOME=/opt/rustwide/rustup-home" "-w" "/opt/rustwide/workdir" "-m" "1610612736" "--user" "0:0" "--network" "none" "ghcr.io/rust-lang/crates-build-env/linux@sha256:2788e3201cd34a07e3172128adcd8b3090168a8e3bcc40d7c032b9dda1df7d1c" "/opt/rustwide/cargo-home/bin/cargo" "+1.75.0" "build" "--frozen" "--message-format=json", kill_on_drop: false }`
[INFO] [stdout] 2c2983bd53be696aa129ddac3c1beccc4546ef7a90d3e8cd63c9cf8d04de61ae
[INFO] running `Command { std: "docker" "start" "-a" "2c2983bd53be696aa129ddac3c1beccc4546ef7a90d3e8cd63c9cf8d04de61ae", kill_on_drop: false }`
[INFO] [stderr]    Compiling proc-macro2 v1.0.70
[INFO] [stderr]    Compiling unicode-ident v1.0.12
[INFO] [stderr]    Compiling autocfg v1.1.0
[INFO] [stderr]    Compiling futures-core v0.3.29
[INFO] [stderr]    Compiling futures-task v0.3.29
[INFO] [stderr]    Compiling futures-util v0.3.29
[INFO] [stderr]    Compiling pin-project-lite v0.2.13
[INFO] [stderr]    Compiling rustversion v1.0.14
[INFO] [stderr]    Compiling fnv v1.0.7
[INFO] [stderr]    Compiling pin-utils v0.1.0
[INFO] [stderr]    Compiling bytes v1.5.0
[INFO] [stderr]    Compiling itoa v1.0.10
[INFO] [stderr]    Compiling once_cell v1.19.0
[INFO] [stderr]    Compiling async-trait v0.1.74
[INFO] [stderr]    Compiling tower-layer v0.3.2
[INFO] [stderr]    Compiling slab v0.4.9
[INFO] [stderr]    Compiling log v0.4.20
[INFO] [stderr]    Compiling tracing-core v0.1.32
[INFO] [stderr]    Compiling tower-service v0.3.2
[INFO] [stderr]    Compiling http v1.0.0
[INFO] [stderr]    Compiling mime v0.3.17
[INFO] [stderr]    Compiling sync_wrapper v0.1.2
[INFO] [stderr]    Compiling percent-encoding v2.3.1
[INFO] [stderr]    Compiling quote v1.0.33
[INFO] [stderr]    Compiling tracing v0.1.40
[INFO] [stderr]    Compiling matchit v0.7.3
[INFO] [stderr]    Compiling syn v2.0.41
[INFO] [stderr]    Compiling axum-core v0.4.1
[INFO] [stderr]    Compiling http-body v1.0.0
[INFO] [stderr]    Compiling futures-macro v0.3.29
[INFO] [stderr]    Compiling pin-project-internal v1.1.3
[INFO] [stderr]    Compiling pin-project v1.1.3
[INFO] [stderr]    Compiling http-body-util v0.1.0
[INFO] [stderr]    Compiling tower v0.4.13
[INFO] [stderr]    Compiling tower-router v0.1.0 (/opt/rustwide/workdir)
[INFO] [stderr]     Finished dev [unoptimized + debuginfo] target(s) in 9.15s
[INFO] running `Command { std: "docker" "inspect" "2c2983bd53be696aa129ddac3c1beccc4546ef7a90d3e8cd63c9cf8d04de61ae", kill_on_drop: false }`
[INFO] running `Command { std: "docker" "rm" "-f" "2c2983bd53be696aa129ddac3c1beccc4546ef7a90d3e8cd63c9cf8d04de61ae", kill_on_drop: false }`
[INFO] [stdout] 2c2983bd53be696aa129ddac3c1beccc4546ef7a90d3e8cd63c9cf8d04de61ae
[INFO] running `Command { std: "docker" "create" "-v" "/var/lib/crater-agent-workspace/builds/worker-4-tc1/target:/opt/rustwide/target:rw,Z" "-v" "/var/lib/crater-agent-workspace/builds/worker-4-tc1/source:/opt/rustwide/workdir:ro,Z" "-v" "/var/lib/crater-agent-workspace/cargo-home:/opt/rustwide/cargo-home:ro,Z" "-v" "/var/lib/crater-agent-workspace/rustup-home:/opt/rustwide/rustup-home:ro,Z" "-e" "SOURCE_DIR=/opt/rustwide/workdir" "-e" "CARGO_TARGET_DIR=/opt/rustwide/target" "-e" "CARGO_INCREMENTAL=0" "-e" "RUST_BACKTRACE=full" "-e" "RUSTFLAGS=--cap-lints=warn" "-e" "RUSTDOCFLAGS=--cap-lints=warn" "-e" "CARGO_HOME=/opt/rustwide/cargo-home" "-e" "RUSTUP_HOME=/opt/rustwide/rustup-home" "-w" "/opt/rustwide/workdir" "-m" "1610612736" "--user" "0:0" "--network" "none" "ghcr.io/rust-lang/crates-build-env/linux@sha256:2788e3201cd34a07e3172128adcd8b3090168a8e3bcc40d7c032b9dda1df7d1c" "/opt/rustwide/cargo-home/bin/cargo" "+1.75.0" "test" "--frozen" "--no-run" "--message-format=json", kill_on_drop: false }`
[INFO] [stdout] 9a6eca03e8d35ce47f9c00d02e96f679b23b26826110827e0d587bc733d06017
[INFO] running `Command { std: "docker" "start" "-a" "9a6eca03e8d35ce47f9c00d02e96f679b23b26826110827e0d587bc733d06017", kill_on_drop: false }`
[INFO] [stderr]    Compiling libc v0.2.151
[INFO] [stderr]    Compiling log v0.4.20
[INFO] [stderr]    Compiling tracing-core v0.1.32
[INFO] [stderr]    Compiling syn v2.0.41
[INFO] [stderr]    Compiling cfg-if v1.0.0
[INFO] [stderr]    Compiling serde v1.0.193
[INFO] [stderr]    Compiling futures-sink v0.3.29
[INFO] [stderr]    Compiling hashbrown v0.14.3
[INFO] [stderr]    Compiling memchr v2.6.4
[INFO] [stderr]    Compiling version_check v0.9.4
[INFO] [stderr]    Compiling equivalent v1.0.1
[INFO] [stderr]    Compiling futures-channel v0.3.29
[INFO] [stderr]    Compiling httparse v1.8.0
[INFO] [stderr]    Compiling unicase v2.7.0
[INFO] [stderr]    Compiling httpdate v1.0.3
[INFO] [stderr]    Compiling indexmap v2.1.0
[INFO] [stderr]    Compiling alloc-no-stdlib v2.0.4
[INFO] [stderr]    Compiling ryu v1.0.16
[INFO] [stderr]    Compiling crc32fast v1.3.2
[INFO] [stderr]    Compiling tinyvec_macros v0.1.1
[INFO] [stderr]    Compiling socket2 v0.5.5
[INFO] [stderr]    Compiling mio v0.8.10
[INFO] [stderr]    Compiling num_cpus v1.16.0
[INFO] [stderr]    Compiling getrandom v0.2.11
[INFO] [stderr]    Compiling serde_json v1.0.108
[INFO] [stderr]    Compiling tinyvec v1.6.0
[INFO] [stderr]    Compiling mime_guess v2.0.4
[INFO] [stderr]    Compiling alloc-stdlib v0.2.2
[INFO] [stderr]    Compiling aho-corasick v1.1.2
[INFO] [stderr]    Compiling form_urlencoded v1.2.1
[INFO] [stderr]    Compiling http v0.2.11
[INFO] [stderr]    Compiling adler v1.0.2
[INFO] [stderr]    Compiling regex-syntax v0.8.2
[INFO] [stderr]    Compiling miniz_oxide v0.7.1
[INFO] [stderr]    Compiling brotli-decompressor v2.5.1
[INFO] [stderr]    Compiling unicode-bidi v0.3.14
[INFO] [stderr]    Compiling unicode-normalization v0.1.22
[INFO] [stderr]    Compiling syn v1.0.109
[INFO] [stderr]    Compiling try-lock v0.2.5
[INFO] [stderr]    Compiling brotli v3.4.0
[INFO] [stderr]    Compiling regex-automata v0.4.3
[INFO] [stderr]    Compiling want v0.3.1
[INFO] [stderr]    Compiling idna v0.5.0
[INFO] [stderr]    Compiling http-body v0.4.6
[INFO] [stderr]    Compiling flate2 v1.0.28
[INFO] [stderr]    Compiling rand_core v0.6.4
[INFO] [stderr]    Compiling axum v0.7.2
[INFO] [stderr]    Compiling powerfmt v0.2.0
[INFO] [stderr]    Compiling base64 v0.21.5
[INFO] [stderr]    Compiling lazy_static v1.4.0
[INFO] [stderr]    Compiling anyhow v1.0.75
[INFO] [stderr]    Compiling overload v0.1.1
[INFO] [stderr]    Compiling nu-ansi-term v0.46.0
[INFO] [stderr]    Compiling sharded-slab v0.1.7
[INFO] [stderr]    Compiling rand v0.8.5
[INFO] [stderr]    Compiling url v2.5.0
[INFO] [stderr]    Compiling tracing-log v0.2.0
[INFO] [stderr]    Compiling thread_local v1.1.7
[INFO] [stderr]    Compiling regex v1.10.2
[INFO] [stderr]    Compiling encoding_rs v0.8.33
[INFO] [stderr]    Compiling env_logger v0.8.4
[INFO] [stderr]    Compiling bitflags v2.4.1
[INFO] [stderr]    Compiling smallvec v1.11.2
[INFO] [stderr]    Compiling ipnet v2.9.0
[INFO] [stderr]    Compiling heck v0.4.1
[INFO] [stderr]    Compiling tokio-macros v2.2.0
[INFO] [stderr]    Compiling futures-macro v0.3.29
[INFO] [stderr]    Compiling tracing-attributes v0.1.27
[INFO] [stderr]    Compiling serde_derive v1.0.193
[INFO] [stderr]    Compiling tokio v1.35.1
[INFO] [stderr]    Compiling pin-project-internal v1.1.3
[INFO] [stderr]    Compiling futures-util v0.3.29
[INFO] [stderr]    Compiling tracing v0.1.40
[INFO] [stderr]    Compiling async-trait v0.1.74
[INFO] [stderr]    Compiling iri-string v0.7.0
[INFO] [stderr]    Compiling time-core v0.1.2
[INFO] [stderr]    Compiling http-range-header v0.4.0
[INFO] [stderr]    Compiling pin-project v1.1.3
[INFO] [stderr]    Compiling axum-macros v0.4.0
[INFO] [stderr]    Compiling quickcheck v1.0.3
[INFO] [stderr]    Compiling http-body-util v0.1.0
[INFO] [stderr]    Compiling axum-core v0.4.1
[INFO] [stderr]    Compiling quickcheck_macros v1.0.0
[INFO] [stderr]    Compiling tokio-util v0.7.10
[INFO] [stderr]    Compiling tower v0.4.13
[INFO] [stderr]    Compiling async-compression v0.4.5
[INFO] [stderr]    Compiling tokio-stream v0.1.14
[INFO] [stderr]    Compiling tower-router v0.1.0 (/opt/rustwide/workdir)
[INFO] [stderr]    Compiling h2 v0.4.0
[INFO] [stderr]    Compiling h2 v0.3.22
[INFO] [stderr]    Compiling serde_urlencoded v0.7.1
[INFO] [stderr]    Compiling deranged v0.3.10
[INFO] [stderr]    Compiling uuid v1.6.1
[INFO] [stderr]    Compiling tracing-serde v0.1.3
[INFO] [stderr]    Compiling serde_path_to_error v0.1.14
[INFO] [stderr]    Compiling tower-http v0.5.0
[INFO] [stderr]    Compiling tracing-subscriber v0.3.18
[INFO] [stderr]    Compiling time v0.3.31
[INFO] [stderr]    Compiling hyper v0.14.28
[INFO] [stderr]    Compiling hyper v1.1.0
[INFO] [stderr]    Compiling hyper-util v0.1.1
[INFO] [stderr]    Compiling reqwest v0.11.23
[INFO] [stdout] warning: methods `headers`, `chunk`, and `chunk_text` are never used
[INFO] [stdout]    --> src/test_helpers/test_client.rs:157:19
[INFO] [stdout]     |
[INFO] [stdout] 135 | impl TestResponse {
[INFO] [stdout]     | ----------------- methods in this implementation
[INFO] [stdout] ...
[INFO] [stdout] 157 |     pub(crate) fn headers(&self) -> http::HeaderMap {
[INFO] [stdout]     |                   ^^^^^^^
[INFO] [stdout] ...
[INFO] [stdout] 168 |     pub(crate) async fn chunk(&mut self) -> Option<Bytes> {
[INFO] [stdout]     |                         ^^^^^
[INFO] [stdout] ...
[INFO] [stdout] 172 |     pub(crate) async fn chunk_text(&mut self) -> Option<String> {
[INFO] [stdout]     |                         ^^^^^^^^^^
[INFO] [stdout]     |
[INFO] [stdout]     = note: `#[warn(dead_code)]` on by default
[INFO] [stdout] 
[INFO] [stdout] 
[INFO] [stdout] warning: 1 warning emitted
[INFO] [stdout] 
[INFO] [stdout] 
[INFO] [stderr]     Finished test [unoptimized + debuginfo] target(s) in 29.21s
[INFO] running `Command { std: "docker" "inspect" "9a6eca03e8d35ce47f9c00d02e96f679b23b26826110827e0d587bc733d06017", kill_on_drop: false }`
[INFO] running `Command { std: "docker" "rm" "-f" "9a6eca03e8d35ce47f9c00d02e96f679b23b26826110827e0d587bc733d06017", kill_on_drop: false }`
[INFO] [stdout] 9a6eca03e8d35ce47f9c00d02e96f679b23b26826110827e0d587bc733d06017
[INFO] running `Command { std: "docker" "create" "-v" "/var/lib/crater-agent-workspace/builds/worker-4-tc1/target:/opt/rustwide/target:rw,Z" "-v" "/var/lib/crater-agent-workspace/builds/worker-4-tc1/source:/opt/rustwide/workdir:ro,Z" "-v" "/var/lib/crater-agent-workspace/cargo-home:/opt/rustwide/cargo-home:ro,Z" "-v" "/var/lib/crater-agent-workspace/rustup-home:/opt/rustwide/rustup-home:ro,Z" "-e" "SOURCE_DIR=/opt/rustwide/workdir" "-e" "CARGO_TARGET_DIR=/opt/rustwide/target" "-e" "CARGO_INCREMENTAL=0" "-e" "RUST_BACKTRACE=full" "-e" "RUSTFLAGS=--cap-lints=warn" "-e" "RUSTDOCFLAGS=--cap-lints=warn" "-e" "CARGO_HOME=/opt/rustwide/cargo-home" "-e" "RUSTUP_HOME=/opt/rustwide/rustup-home" "-w" "/opt/rustwide/workdir" "-m" "1610612736" "--user" "0:0" "--network" "none" "ghcr.io/rust-lang/crates-build-env/linux@sha256:2788e3201cd34a07e3172128adcd8b3090168a8e3bcc40d7c032b9dda1df7d1c" "/opt/rustwide/cargo-home/bin/cargo" "+1.75.0" "test" "--frozen", kill_on_drop: false }`
[INFO] [stdout] 88aa5a4b9966aa4953ddcc9885b5c062e49e1e72567da36ad542c3a2fe63c5c7
[INFO] running `Command { std: "docker" "start" "-a" "88aa5a4b9966aa4953ddcc9885b5c062e49e1e72567da36ad542c3a2fe63c5c7", kill_on_drop: false }`
[INFO] [stderr] warning: methods `headers`, `chunk`, and `chunk_text` are never used
[INFO] [stderr]    --> src/test_helpers/test_client.rs:157:19
[INFO] [stderr]     |
[INFO] [stderr] 135 | impl TestResponse {
[INFO] [stderr]     | ----------------- methods in this implementation
[INFO] [stderr] ...
[INFO] [stderr] 157 |     pub(crate) fn headers(&self) -> http::HeaderMap {
[INFO] [stderr]     |                   ^^^^^^^
[INFO] [stderr] ...
[INFO] [stderr] 168 |     pub(crate) async fn chunk(&mut self) -> Option<Bytes> {
[INFO] [stderr]     |                         ^^^^^
[INFO] [stderr] ...
[INFO] [stderr] 172 |     pub(crate) async fn chunk_text(&mut self) -> Option<String> {
[INFO] [stderr]     |                         ^^^^^^^^^^
[INFO] [stderr]     |
[INFO] [stderr]     = note: `#[warn(dead_code)]` on by default
[INFO] [stderr] 
[INFO] [stderr] warning: `tower-router` (lib test) generated 1 warning
[INFO] [stderr]     Finished test [unoptimized + debuginfo] target(s) in 0.08s
[INFO] [stderr]      Running unittests src/lib.rs (/opt/rustwide/target/debug/deps/tower_router-490e8ae6473b4d18)
[INFO] [stdout] 
[INFO] [stdout] running 78 tests
[INFO] [stdout] test error_handling::traits ... ok
[INFO] [stdout] test extract::nested_path::tests::deeply_nested_from_root_with_nest_service ... ok
[INFO] [stdout] test extract::nested_path::tests::in_middleware_with_nest_service ... ok
[INFO] [stdout] test extract::nested_path::tests::in_middleware ... ok
[INFO] [stdout] test extract::nested_path::tests::deeply_nested_from_root ... ok
[INFO] [stdout] test extract::nested_path::tests::nested_at_root ... ok
[INFO] [stdout] test extract::nested_path::tests::nested_at_root_with_nest_service ... ok
[INFO] [stdout] test extract::nested_path::tests::in_fallbacks_with_nest_service ... ok
[INFO] [stdout] test extract::nested_path::tests::in_fallbacks ... ok
[INFO] [stdout] test extract::nested_path::tests::one_level_of_nesting_with_trailing_slash ... ok
[INFO] [stdout] test extract::nested_path::tests::one_level_of_nesting ... ok
[INFO] [stdout] test extract::nested_path::tests::one_level_of_nesting_with_trailing_slash_with_nest_service ... ok
[INFO] [stdout] test handler::service::traits ... ok
[INFO] [stdout] test routing::into_make_service::tests::traits ... ok
[INFO] [stdout] test extract::nested_path::tests::two_levels_of_nesting ... ok
[INFO] [stdout] test extract::nested_path::tests::two_levels_of_nesting_with_trailing_slash ... ok
[INFO] [stdout] test extract::nested_path::tests::one_level_of_nesting_with_nest_service ... ok
[INFO] [stdout] test routing::method_filter::tests::from_http_method ... ok
[INFO] [stdout] test routing::method_routing::tests::allow_header_any ... ok
[INFO] [stdout] test routing::method_routing::tests::accessing_state ... ok
[INFO] [stdout] test extract::nested_path::tests::two_levels_of_nesting_with_nest_service ... ok
[INFO] [stdout] test extract::nested_path::tests::two_levels_of_nesting_with_trailing_slash_with_nest_service ... ok
[INFO] [stdout] test routing::method_routing::tests::allow_header_noop_middleware ... ok
[INFO] [stdout] test routing::method_routing::tests::allow_header_when_merging ... ok
[INFO] [stdout] test routing::method_routing::tests::allow_header_with_fallback ... ok
[INFO] [stdout] test routing::method_routing::tests::empty_allow_header_by_default ... ok
[INFO] [stdout] test handler::tests::handler_into_service ... ok
[INFO] [stdout] test routing::method_routing::tests::get_handler ... ok
[INFO] [stdout] test handler::tests::with_layer_that_changes_request_body_and_state ... ok
[INFO] [stdout] test routing::method_routing::tests::get_head_does_not_overlap ... ok
[INFO] [stdout] test routing::method_routing::tests::fallback_accessing_state ... ok
[INFO] [stdout] test routing::method_routing::tests::get_accepts_head ... ok
[INFO] [stdout] test routing::method_routing::tests::get_service_fn ... ok
[INFO] [stdout] test routing::method_routing::tests::allow_header_with_fallback_that_sets_allow ... ok
[INFO] [stdout] test routing::method_routing::tests::head_get_does_not_overlap ... ok
[INFO] [stdout] test routing::method_routing::tests::layer ... ok
[INFO] [stdout] test routing::method_routing::tests::head_takes_precedence_over_get ... ok
[INFO] [stdout] test routing::method_routing::tests::method_not_allowed_by_default ... ok
[INFO] [stdout] test routing::method_routing::tests::route_layer ... ok
[INFO] [stdout] test routing::method_routing::tests::merge_accessing_state ... ok
[INFO] [stdout] test routing::method_routing::tests::merge ... ok
[INFO] [stdout] test routing::method_routing::tests::sets_allow_header ... ok
[INFO] [stdout] test routing::route::tests::traits ... ok
[INFO] [stdout] test routing::strip_prefix::tests::empty ... ok
[INFO] [stdout] test routing::strip_prefix::tests::multi_segment ... ok
[INFO] [stdout] test routing::method_routing::tests::sets_allow_header_get_head ... ok
[INFO] [stdout] test routing::strip_prefix::tests::multi_segment_2 ... ok
[INFO] [stdout] test routing::strip_prefix::tests::multi_segment_3 ... ok
[INFO] [stdout] test routing::strip_prefix::tests::multi_segment_4 ... ok
[INFO] [stdout] test routing::strip_prefix::tests::multi_segment_trailing_slash ... ok
[INFO] [stdout] test routing::strip_prefix::tests::multi_segment_trailing_slash_3 ... ok
[INFO] [stdout] test routing::strip_prefix::tests::multi_segment_trailing_slash_2 ... ok
[INFO] [stdout] test routing::strip_prefix::tests::param_0 ... ok
[INFO] [stdout] test routing::strip_prefix::tests::param_1 ... ok
[INFO] [stdout] test routing::strip_prefix::tests::param_11 ... ok
[INFO] [stdout] test routing::strip_prefix::tests::param_10 ... ok
[INFO] [stdout] test routing::strip_prefix::tests::param_12 ... ok
[INFO] [stdout] test routing::strip_prefix::tests::param_13 ... ok
[INFO] [stdout] test routing::strip_prefix::tests::param_2 ... ok
[INFO] [stdout] test routing::strip_prefix::tests::param_4 ... ok
[INFO] [stdout] test routing::strip_prefix::tests::param_3 ... ok
[INFO] [stdout] test routing::strip_prefix::tests::param_5 ... ok
[INFO] [stdout] test routing::strip_prefix::tests::param_6 ... ok
[INFO] [stdout] test routing::strip_prefix::tests::single_segment_no_match ... ok
[INFO] [stdout] test routing::strip_prefix::tests::param_9 ... ok
[INFO] [stdout] test routing::strip_prefix::tests::param_7 ... ok
[INFO] [stdout] test routing::strip_prefix::tests::param_8 ... ok
[INFO] [stdout] test routing::strip_prefix::tests::single_segment ... ok
[INFO] [stdout] test routing::strip_prefix::tests::single_segment_root_prefix ... ok
[INFO] [stdout] test routing::strip_prefix::tests::single_segment_trailing_slash ... ok
[INFO] [stdout] test routing::strip_prefix::tests::single_segment_root_uri ... ok
[INFO] [stdout] test util::test_try_downcast ... ok
[INFO] [stdout] test routing::traits ... ok
[INFO] [stdout] test routing::strip_prefix::tests::single_segment_trailing_slash_2 ... ok
[INFO] [stdout] test routing::strip_prefix::tests::single_segment_trailing_slash_3 ... ok
[INFO] [stdout] test routing::strip_prefix::tests::does_not_panic ... ok
[INFO] [stdout] test routing::method_routing::tests::handler_overlaps - should panic ... ok
[INFO] [stdout] test routing::method_routing::tests::service_overlaps - should panic ... ok
[INFO] [stdout] 
[INFO] [stdout] test result: ok. 78 passed; 0 failed; 0 ignored; 0 measured; 0 filtered out; finished in 0.05s
[INFO] [stdout] 
[INFO] [stderr]    Doc-tests tower-router
[INFO] [stdout] 
[INFO] [stdout] running 61 tests
[INFO] [stdout] test src/error_handling/mod.rs - error_handling (line 147) ... FAILED
[INFO] [stdout] test src/error_handling/mod.rs - error_handling (line 106) ... FAILED
[INFO] [stdout] test src/handler/mod.rs - handler::Handler::layer (line 159) ... FAILED
[INFO] [stdout] test src/handler/mod.rs - handler (line 14) ... ok
[INFO] [stdout] test src/error_handling/mod.rs - error_handling (line 23) ... ok
[INFO] [stdout] test src/handler/mod.rs - handler::Handler (line 74) ... ok
[INFO] [stdout] test src/handler/service.rs - handler::service::HandlerService<H,T,S>::into_make_service (line 35) ... ok
[INFO] [stdout] test src/error_handling/mod.rs - error_handling (line 63) ... ok
[INFO] [stdout] test src/routing/method_routing.rs - routing::method_routing::MethodRouter<S,E>::layer (line 868) ... FAILED
[INFO] [stdout] test src/routing/method_routing.rs - routing::method_routing::MethodRouter (line 476) ... ok
[INFO] [stdout] test src/routing/method_routing.rs - routing::method_routing::MethodRouter<(),Infallible>::into_make_service (line 620) ... ok
[INFO] [stdout] test src/handler/mod.rs - handler::Handler (line 143) ... ok
[INFO] [stdout] test src/routing/method_routing.rs - routing::method_routing::MethodRouter<S,E>::fallback_service (line 847) ... ok
[INFO] [stdout] test src/routing/method_routing.rs - routing::method_routing::MethodRouter<S,E>::fallback_service (line 871) ... ok
[INFO] [stdout] test src/extract/nested_path.rs - extract::nested_path::NestedPath (line 19) ... ok
[INFO] [stdout] test src/routing/method_routing.rs - routing::method_routing::MethodRouter<S,E>::get_service (line 839) ... ok
[INFO] [stdout] test src/routing/method_routing.rs - routing::method_routing::MethodRouter<S,E>::on_service (line 693) ... ok
[INFO] [stdout] test src/routing/method_routing.rs - routing::method_routing::MethodRouter<S,E>::merge (line 978) ... ok
[INFO] [stdout] test src/routing/method_routing.rs - routing::method_routing::MethodRouter<S,Infallible>::get (line 598) ... ok
[INFO] [stdout] test src/routing/method_routing.rs - routing::method_routing::MethodRouter<S,Infallible>::on (line 564) ... ok
[INFO] [stdout] test src/routing/method_routing.rs - routing::method_routing::any (line 446) ... ok
[INFO] [stdout] test src/routing/method_routing.rs - routing::method_routing::any (line 431) ... ok
[INFO] [stdout] test src/routing/method_routing.rs - routing::method_routing::any_service (line 335) ... ok
[INFO] [stdout] test src/routing/mod.rs - routing::Router<S>::as_service (line 334) - compile fail ... ok
[INFO] [stdout] test src/routing/method_routing.rs - routing::method_routing::MethodRouter<S,E>::route_layer (line 897) ... ok
[INFO] [stdout] test src/routing/mod.rs - routing::Router<S>::as_service (line 353) ... ok
[INFO] [stdout] test src/routing/method_routing.rs - routing::method_routing::any_service (line 356) ... ok
[INFO] [stdout] test src/routing/method_routing.rs - routing::method_routing::get (line 397) ... ok
[INFO] [stdout] test src/routing/method_routing.rs - routing::method_routing::get_service (line 294) ... ok
[INFO] [stdout] test src/routing/mod.rs - routing::Router::into_make_service (line 396) ... ok
[INFO] [stdout] test src/routing/method_routing.rs - routing::method_routing::on_service (line 302) ... ok
[INFO] [stdout] test src/routing/mod.rs - routing::Router<S>::fallback (line 311) ... ok
[INFO] [stdout] test src/routing/method_routing.rs - routing::method_routing::on (line 405) ... ok
[INFO] [stdout] test src/routing/mod.rs - routing::Router<S>::fallback (line 268) ... ok
[INFO] [stdout] test src/routing/mod.rs - routing::Router<S>::fallback (line 296) ... ok
[INFO] [stdout] test src/routing/mod.rs - routing::Router<S>::merge (line 184) ... ok
[INFO] [stdout] test src/routing/mod.rs - routing::Router<S>::layer (line 244) ... ok
[INFO] [stdout] test src/routing/mod.rs - routing::Router<S>::merge (line 222) ... ok
[INFO] [stdout] test src/routing/mod.rs - routing::Router<S>::nest (line 152) ... ok
[INFO] [stdout] test src/routing/mod.rs - routing::Router<S>::nest (line 186) ... ok
[INFO] [stdout] test src/routing/mod.rs - routing::Router<S>::nest (line 213) ... ok
[INFO] [stdout] test src/routing/mod.rs - routing::Router<S>::nest (line 234) ... ok
[INFO] [stdout] test src/routing/mod.rs - routing::Router<S>::route (line 184) ... ok
[INFO] [stdout] test src/routing/mod.rs - routing::Router<S>::route_service (line 128) - compile ... ok
[INFO] [stdout] test src/routing/mod.rs - routing::Router<S>::nest (line 256) ... ok
[INFO] [stdout] test src/routing/mod.rs - routing::Router<S>::route (line 202) ... ok
[INFO] [stdout] test src/routing/mod.rs - routing::Router<S>::nest (line 294) ... ok
[INFO] [stdout] test src/routing/mod.rs - routing::Router<S>::route (line 247) ... ok
[INFO] [stdout] test src/routing/mod.rs - routing::Router<S>::route (line 219) ... ok
[INFO] [stdout] test src/routing/mod.rs - routing::Router<S>::layer (line 260) ... ok
[INFO] [stdout] test src/routing/mod.rs - routing::Router<S>::route_layer (line 260) ... ok
[INFO] [stdout] test src/routing/mod.rs - routing::Router<S>::with_state (line 463) - compile fail ... ok
[INFO] [stdout] test src/routing/mod.rs - routing::Router<S>::route_service (line 181) ... ok
[INFO] [stdout] test src/routing/mod.rs - routing::Router<S>::with_state (line 297) ... ok
[INFO] [stdout] test src/routing/mod.rs - routing::Router<S>::with_state (line 344) ... ok
[INFO] [stdout] test src/routing/mod.rs - routing::Router<S>::with_state (line 405) ... ok
[INFO] [stdout] test src/routing/mod.rs - routing::Router<S>::with_state (line 320) ... ok
[INFO] [stdout] test src/routing/mod.rs - routing::Router<S>::with_state (line 434) ... ok
[INFO] [stdout] test src/routing/mod.rs - routing::Router<S>::with_state (line 372) ... ok
[INFO] [stdout] test src/routing/mod.rs - routing::Router<S>::with_state (line 488) ... ok
[INFO] [stdout] test src/routing/mod.rs - routing::Router<S>::with_state (line 515) ... ok
[INFO] [stderr] error: doctest failed, to rerun pass `--doc`
[INFO] [stdout] 
[INFO] [stdout] failures:
[INFO] [stdout] 
[INFO] [stdout] ---- src/error_handling/mod.rs - error_handling (line 147) stdout ----
[INFO] [stdout] error[E0599]: no method named `timeout` found for struct `ServiceBuilder` in the current scope
[INFO] [stdout]   --> src/error_handling/mod.rs:165:14
[INFO] [stdout]    |
[INFO] [stdout] 16 | /         ServiceBuilder::new()
[INFO] [stdout] 17 | |             // `timeout` will produce an error if the handler takes
[INFO] [stdout] 18 | |             // too long so we must handle those
[INFO] [stdout] 19 | |             .layer(HandleErrorLayer::new(handle_timeout_error))
[INFO] [stdout] 20 | |             .timeout(Duration::from_secs(30))
[INFO] [stdout]    | |             -^^^^^^^ method not found in `ServiceBuilder<Stack<HandleErrorLayer<fn(Method, Uri, Box<...>) -> ... {handle_timeout_error}, ...>, ...>>`
[INFO] [stdout]    | |_____________|
[INFO] [stdout]    | 
[INFO] [stdout]    |
[INFO] [stdout]    = note: the full type name has been written to '/tmp/rustdoctestsNZ610/rust_out.long-type-10794268336101160858.txt'
[INFO] [stdout] 
[INFO] [stdout] error: aborting due to previous error
[INFO] [stdout] 
[INFO] [stdout] For more information about this error, try `rustc --explain E0599`.
[INFO] [stdout] Couldn't compile the test.
[INFO] [stdout] ---- src/error_handling/mod.rs - error_handling (line 106) stdout ----
[INFO] [stdout] error[E0433]: failed to resolve: could not find `timeout` in `tower`
[INFO] [stdout]   --> src/error_handling/mod.rs:128:24
[INFO] [stdout]    |
[INFO] [stdout] 24 |     if err.is::<tower::timeout::error::Elapsed>() {
[INFO] [stdout]    |                        ^^^^^^^ could not find `timeout` in `tower`
[INFO] [stdout]    |
[INFO] [stdout] help: consider importing this module
[INFO] [stdout]    |
[INFO] [stdout] 2  + use tokio::time::error;
[INFO] [stdout]    |
[INFO] [stdout] help: if you import `error`, refer to it directly
[INFO] [stdout]    |
[INFO] [stdout] 24 -     if err.is::<tower::timeout::error::Elapsed>() {
[INFO] [stdout] 24 +     if err.is::<error::Elapsed>() {
[INFO] [stdout]    |
[INFO] [stdout] 
[INFO] [stdout] error[E0599]: no method named `timeout` found for struct `ServiceBuilder` in the current scope
[INFO] [stdout]   --> src/error_handling/mod.rs:124:14
[INFO] [stdout]    |
[INFO] [stdout] 16 | /         ServiceBuilder::new()
[INFO] [stdout] 17 | |             // `timeout` will produce an error if the handler takes
[INFO] [stdout] 18 | |             // too long so we must handle those
[INFO] [stdout] 19 | |             .layer(HandleErrorLayer::new(handle_timeout_error))
[INFO] [stdout] 20 | |             .timeout(Duration::from_secs(30))
[INFO] [stdout]    | |             -^^^^^^^ method not found in `ServiceBuilder<Stack<HandleErrorLayer<fn(Box<...>) -> ... {handle_timeout_error}, ...>, ...>>`
[INFO] [stdout]    | |_____________|
[INFO] [stdout]    | 
[INFO] [stdout]    |
[INFO] [stdout]    = note: the full type name has been written to '/tmp/rustdoctestG7urw1/rust_out.long-type-16499236643986833797.txt'
[INFO] [stdout] 
[INFO] [stdout] error: aborting due to 2 previous errors
[INFO] [stdout] 
[INFO] [stdout] Some errors have detailed explanations: E0433, E0599.
[INFO] [stdout] For more information about an error, try `rustc --explain E0433`.
[INFO] [stdout] Couldn't compile the test.
[INFO] [stdout] ---- src/handler/mod.rs - handler::Handler::layer (line 159) stdout ----
[INFO] [stdout] error[E0432]: unresolved import `tower::limit`
[INFO] [stdout]  --> src/handler/mod.rs:165:12
[INFO] [stdout]   |
[INFO] [stdout] 8 | use tower::limit::{ConcurrencyLimitLayer, ConcurrencyLimit};
[INFO] [stdout]   |            ^^^^^ could not find `limit` in `tower`
[INFO] [stdout] 
[INFO] [stdout] error: aborting due to previous error
[INFO] [stdout] 
[INFO] [stdout] For more information about this error, try `rustc --explain E0432`.
[INFO] [stdout] Couldn't compile the test.
[INFO] [stdout] ---- src/routing/method_routing.rs - routing::method_routing::MethodRouter<S,E>::layer (line 868) stdout ----
[INFO] [stdout] error[E0432]: unresolved import `tower::limit`
[INFO] [stdout]  --> src/routing/method_routing.rs:870:12
[INFO] [stdout]   |
[INFO] [stdout] 4 | use tower::limit::ConcurrencyLimitLayer;
[INFO] [stdout]   |            ^^^^^ could not find `limit` in `tower`
[INFO] [stdout] 
[INFO] [stdout] error: aborting due to previous error
[INFO] [stdout] 
[INFO] [stdout] For more information about this error, try `rustc --explain E0432`.
[INFO] [stdout] Couldn't compile the test.
[INFO] [stdout] 
[INFO] [stdout] failures:
[INFO] [stdout]     src/error_handling/mod.rs - error_handling (line 106)
[INFO] [stdout]     src/error_handling/mod.rs - error_handling (line 147)
[INFO] [stdout]     src/handler/mod.rs - handler::Handler::layer (line 159)
[INFO] [stdout]     src/routing/method_routing.rs - routing::method_routing::MethodRouter<S,E>::layer (line 868)
[INFO] [stdout] 
[INFO] [stdout] test result: FAILED. 57 passed; 4 failed; 0 ignored; 0 measured; 0 filtered out; finished in 10.43s
[INFO] [stdout] 
[INFO] running `Command { std: "docker" "inspect" "88aa5a4b9966aa4953ddcc9885b5c062e49e1e72567da36ad542c3a2fe63c5c7", kill_on_drop: false }`
[INFO] running `Command { std: "docker" "rm" "-f" "88aa5a4b9966aa4953ddcc9885b5c062e49e1e72567da36ad542c3a2fe63c5c7", kill_on_drop: false }`
[INFO] [stdout] 88aa5a4b9966aa4953ddcc9885b5c062e49e1e72567da36ad542c3a2fe63c5c7
