[INFO] cloning repository https://github.com/tristanponessa/taskmaster__Rust
[INFO] running `Command { std: "git" "-c" "credential.helper=" "-c" "credential.helper=/workspace/cargo-home/bin/git-credential-null" "clone" "--bare" "https://github.com/tristanponessa/taskmaster__Rust" "/workspace/cache/git-repos/https%3A%2F%2Fgithub.com%2Ftristanponessa%2Ftaskmaster__Rust", kill_on_drop: false }`
[INFO] [stderr] Cloning into bare repository '/workspace/cache/git-repos/https%3A%2F%2Fgithub.com%2Ftristanponessa%2Ftaskmaster__Rust'...
[INFO] running `Command { std: "git" "rev-parse" "HEAD", kill_on_drop: false }`
[INFO] [stdout] f8f36b1bb2d13f38748226b99f89a8f6b21baf53
[INFO] testing tristanponessa/taskmaster__Rust against 1.75.0 for beta-1.76-1
[INFO] running `Command { std: "git" "clone" "/workspace/cache/git-repos/https%3A%2F%2Fgithub.com%2Ftristanponessa%2Ftaskmaster__Rust" "/workspace/builds/worker-5-tc1/source", kill_on_drop: false }`
[INFO] [stderr] Cloning into '/workspace/builds/worker-5-tc1/source'...
[INFO] [stderr] done.
[INFO] validating manifest of git repo https://github.com/tristanponessa/taskmaster__Rust on toolchain 1.75.0
[INFO] running `Command { std: CARGO_HOME="/workspace/cargo-home" RUSTUP_HOME="/workspace/rustup-home" "/workspace/cargo-home/bin/cargo" "+1.75.0" "metadata" "--manifest-path" "Cargo.toml" "--no-deps", kill_on_drop: false }`
[INFO] started tweaking git repo https://github.com/tristanponessa/taskmaster__Rust
[INFO] finished tweaking git repo https://github.com/tristanponessa/taskmaster__Rust
[INFO] tweaked toml for git repo https://github.com/tristanponessa/taskmaster__Rust written to /workspace/builds/worker-5-tc1/source/Cargo.toml
[INFO] crate git repo https://github.com/tristanponessa/taskmaster__Rust already has a lockfile, it will not be regenerated
[INFO] running `Command { std: CARGO_HOME="/workspace/cargo-home" RUSTUP_HOME="/workspace/rustup-home" "/workspace/cargo-home/bin/cargo" "+1.75.0" "fetch" "--manifest-path" "Cargo.toml", kill_on_drop: false }`
[INFO] running `Command { std: "docker" "create" "-v" "/var/lib/crater-agent-workspace/builds/worker-5-tc1/target:/opt/rustwide/target:rw,Z" "-v" "/var/lib/crater-agent-workspace/builds/worker-5-tc1/source:/opt/rustwide/workdir:ro,Z" "-v" "/var/lib/crater-agent-workspace/cargo-home:/opt/rustwide/cargo-home:ro,Z" "-v" "/var/lib/crater-agent-workspace/rustup-home:/opt/rustwide/rustup-home:ro,Z" "-e" "SOURCE_DIR=/opt/rustwide/workdir" "-e" "CARGO_TARGET_DIR=/opt/rustwide/target" "-e" "CARGO_HOME=/opt/rustwide/cargo-home" "-e" "RUSTUP_HOME=/opt/rustwide/rustup-home" "-w" "/opt/rustwide/workdir" "-m" "1610612736" "--user" "0:0" "--network" "none" "ghcr.io/rust-lang/crates-build-env/linux@sha256:2788e3201cd34a07e3172128adcd8b3090168a8e3bcc40d7c032b9dda1df7d1c" "/opt/rustwide/cargo-home/bin/cargo" "+1.75.0" "metadata" "--no-deps" "--format-version=1", kill_on_drop: false }`
[INFO] [stdout] 55b23cee77e82f169614801d8afc3a9804baf04d6c513a2b135708926cd2bd8a
[INFO] running `Command { std: "docker" "start" "-a" "55b23cee77e82f169614801d8afc3a9804baf04d6c513a2b135708926cd2bd8a", kill_on_drop: false }`
[INFO] running `Command { std: "docker" "inspect" "55b23cee77e82f169614801d8afc3a9804baf04d6c513a2b135708926cd2bd8a", kill_on_drop: false }`
[INFO] running `Command { std: "docker" "rm" "-f" "55b23cee77e82f169614801d8afc3a9804baf04d6c513a2b135708926cd2bd8a", kill_on_drop: false }`
[INFO] [stdout] 55b23cee77e82f169614801d8afc3a9804baf04d6c513a2b135708926cd2bd8a
[INFO] running `Command { std: "docker" "create" "-v" "/var/lib/crater-agent-workspace/builds/worker-5-tc1/target:/opt/rustwide/target:rw,Z" "-v" "/var/lib/crater-agent-workspace/builds/worker-5-tc1/source:/opt/rustwide/workdir:ro,Z" "-v" "/var/lib/crater-agent-workspace/cargo-home:/opt/rustwide/cargo-home:ro,Z" "-v" "/var/lib/crater-agent-workspace/rustup-home:/opt/rustwide/rustup-home:ro,Z" "-e" "SOURCE_DIR=/opt/rustwide/workdir" "-e" "CARGO_TARGET_DIR=/opt/rustwide/target" "-e" "CARGO_INCREMENTAL=0" "-e" "RUST_BACKTRACE=full" "-e" "RUSTFLAGS=--cap-lints=warn" "-e" "RUSTDOCFLAGS=--cap-lints=warn" "-e" "CARGO_HOME=/opt/rustwide/cargo-home" "-e" "RUSTUP_HOME=/opt/rustwide/rustup-home" "-w" "/opt/rustwide/workdir" "-m" "1610612736" "--user" "0:0" "--network" "none" "ghcr.io/rust-lang/crates-build-env/linux@sha256:2788e3201cd34a07e3172128adcd8b3090168a8e3bcc40d7c032b9dda1df7d1c" "/opt/rustwide/cargo-home/bin/cargo" "+1.75.0" "build" "--frozen" "--message-format=json", kill_on_drop: false }`
[INFO] [stdout] 156b990358ffeb1665cc62196f6b5aabae579fcfdff75456a1e658b56a3c5d9f
[INFO] running `Command { std: "docker" "start" "-a" "156b990358ffeb1665cc62196f6b5aabae579fcfdff75456a1e658b56a3c5d9f", kill_on_drop: false }`
[INFO] [stderr]    Compiling memchr v2.5.0
[INFO] [stderr]    Compiling regex-syntax v0.6.27
[INFO] [stderr]    Compiling lazy_static v1.4.0
[INFO] [stderr]    Compiling aho-corasick v0.7.18
[INFO] [stderr]    Compiling regex v1.6.0
[INFO] [stderr]    Compiling shellwords v1.1.0
[INFO] [stderr]    Compiling taskmaster v0.1.0 (/opt/rustwide/workdir)
[INFO] [stdout] warning: unused imports: `env`, `path::Path`, `process::Command`
[INFO] [stdout]  --> src/utils/terminal.rs:1:46
[INFO] [stdout]   |
[INFO] [stdout] 1 | use std::{io::{stdout, stdin, Write, Error}, process::Command, path::Path, env};
[INFO] [stdout]   |                                              ^^^^^^^^^^^^^^^^  ^^^^^^^^^^  ^^^
[INFO] [stdout]   |
[INFO] [stdout]   = note: `#[warn(unused_imports)]` on by default
[INFO] [stdout] 
[INFO] [stdout] 
[INFO] [stdout] warning: type `pgm_State` should have an upper camel case name
[INFO] [stdout]   --> src/utils/pgms.rs:14:8
[INFO] [stdout]    |
[INFO] [stdout] 14 | struct pgm_State {
[INFO] [stdout]    |        ^^^^^^^^^ help: convert the identifier to upper camel case: `PgmState`
[INFO] [stdout]    |
[INFO] [stdout]    = note: `#[warn(non_camel_case_types)]` on by default
[INFO] [stdout] 
[INFO] [stdout] 
[INFO] [stdout] warning: unused variable: `args`
[INFO] [stdout]   --> src/utils/terminal.rs:58:13
[INFO] [stdout]    |
[INFO] [stdout] 58 |         let args = match &parts {
[INFO] [stdout]    |             ^^^^ help: if this is intentional, prefix it with an underscore: `_args`
[INFO] [stdout]    |
[INFO] [stdout]    = note: `#[warn(unused_variables)]` on by default
[INFO] [stdout] 
[INFO] [stdout] 
[INFO] [stdout] warning: struct `Limits` is never constructed
[INFO] [stdout]   --> src/utils/parser.rs:36:8
[INFO] [stdout]    |
[INFO] [stdout] 36 | struct Limits {
[INFO] [stdout]    |        ^^^^^^
[INFO] [stdout]    |
[INFO] [stdout]    = note: `#[warn(dead_code)]` on by default
[INFO] [stdout] 
[INFO] [stdout] 
[INFO] [stdout] warning: function `get_pgrm` is never used
[INFO] [stdout]   --> src/utils/parser.rs:51:8
[INFO] [stdout]    |
[INFO] [stdout] 51 | pub fn get_pgrm<'a>(v:&'a Vec<ConfigParser>, name: &'a str) -> Option<&'a ConfigParser> {
[INFO] [stdout]    |        ^^^^^^^^
[INFO] [stdout] 
[INFO] [stdout] 
[INFO] [stdout] warning: multiple associated functions are never used
[INFO] [stdout]    --> src/utils/parser.rs:99:8
[INFO] [stdout]     |
[INFO] [stdout] 74  | impl ConfigParser {
[INFO] [stdout]     | ----------------- associated functions in this implementation
[INFO] [stdout] ...
[INFO] [stdout] 99  |     fn new_limits() -> Limits {
[INFO] [stdout]     |        ^^^^^^^^^^
[INFO] [stdout] ...
[INFO] [stdout] 129 |     fn get_regex(which: &str) -> &str {
[INFO] [stdout]     |        ^^^^^^^^^
[INFO] [stdout] ...
[INFO] [stdout] 152 |     fn is_regex(reg : &str , s : &String) -> bool {
[INFO] [stdout]     |        ^^^^^^^^
[INFO] [stdout] ...
[INFO] [stdout] 157 |     fn explode(s : &String , token : String) -> (String, String)  {
[INFO] [stdout]     |        ^^^^^^^
[INFO] [stdout] ...
[INFO] [stdout] 173 |     fn hashmap_to_ConfigParser(m : &HashMap<String, String>) -> ConfigParser {
[INFO] [stdout]     |        ^^^^^^^^^^^^^^^^^^^^^^^
[INFO] [stdout] ...
[INFO] [stdout] 206 |     fn check_file(file_name : &String) -> Result<File, ErrMsg> {
[INFO] [stdout]     |        ^^^^^^^^^^
[INFO] [stdout] ...
[INFO] [stdout] 246 |     fn read_file(file_name : &String) -> Result<Vec<String>, ErrMsg> {
[INFO] [stdout]     |        ^^^^^^^^^
[INFO] [stdout] ...
[INFO] [stdout] 273 |     pub fn main_parser(lines : Vec<String>) -> Result<Vec<ConfigParser>, ErrMsg> {
[INFO] [stdout]     |            ^^^^^^^^^^^
[INFO] [stdout] ...
[INFO] [stdout] 306 |     fn parse_file (lines : Vec<String>) -> Result<ConfigParser, ErrMsg> {
[INFO] [stdout]     |        ^^^^^^^^^^
[INFO] [stdout] 
[INFO] [stdout] 
[INFO] [stdout] warning: struct `FileErrMsgs` is never constructed
[INFO] [stdout]    --> src/utils/parser.rs:459:8
[INFO] [stdout]     |
[INFO] [stdout] 459 | struct FileErrMsgs {
[INFO] [stdout]     |        ^^^^^^^^^^^
[INFO] [stdout] 
[INFO] [stdout] 
[INFO] [stdout] warning: fields `name` and `msg` are never read
[INFO] [stdout]    --> src/utils/parser.rs:487:5
[INFO] [stdout]     |
[INFO] [stdout] 486 | pub struct ErrMsg {
[INFO] [stdout]     |            ------ fields in this struct
[INFO] [stdout] 487 |     name : String, 
[INFO] [stdout]     |     ^^^^
[INFO] [stdout] 488 |     msg : String,
[INFO] [stdout]     |     ^^^
[INFO] [stdout]     |
[INFO] [stdout]     = note: `ErrMsg` has a derived impl for the trait `Debug`, but this is intentionally ignored during dead code analysis
[INFO] [stdout] 
[INFO] [stdout] 
[INFO] [stdout] warning: associated functions `new_default` and `get` are never used
[INFO] [stdout]    --> src/utils/parser.rs:493:8
[INFO] [stdout]     |
[INFO] [stdout] 491 | impl FileErrMsgs {
[INFO] [stdout]     | ---------------- associated functions in this implementation
[INFO] [stdout] 492 |
[INFO] [stdout] 493 |     fn new_default() -> Self {
[INFO] [stdout]     |        ^^^^^^^^^^^
[INFO] [stdout] ...
[INFO] [stdout] 507 |     fn get(field : &str) -> String {
[INFO] [stdout]     |        ^^^
[INFO] [stdout] 
[INFO] [stdout] 
[INFO] [stdout] warning: struct `ParserErrsMsgs` is never constructed
[INFO] [stdout]    --> src/utils/parser.rs:528:8
[INFO] [stdout]     |
[INFO] [stdout] 528 | struct ParserErrsMsgs;
[INFO] [stdout]     |        ^^^^^^^^^^^^^^
[INFO] [stdout] 
[INFO] [stdout] 
[INFO] [stdout] warning: associated functions `new` and `get` are never used
[INFO] [stdout]    --> src/utils/parser.rs:531:8
[INFO] [stdout]     |
[INFO] [stdout] 529 | impl ParserErrsMsgs {
[INFO] [stdout]     | ------------------- associated functions in this implementation
[INFO] [stdout] 530 |
[INFO] [stdout] 531 |     fn new(which : &str, msg : &str) -> ErrMsg {
[INFO] [stdout]     |        ^^^
[INFO] [stdout] ...
[INFO] [stdout] 535 |     fn get(field : &str, msg : String) -> String {
[INFO] [stdout]     |        ^^^
[INFO] [stdout] 
[INFO] [stdout] 
[INFO] [stdout] warning: static `CONFIG_PARSER_VEC` is never used
[INFO] [stdout]  --> src/utils/pgms.rs:8:12
[INFO] [stdout]   |
[INFO] [stdout] 8 | static mut CONFIG_PARSER_VEC : Vec<ConfigParser> = vec![];
[INFO] [stdout]   |            ^^^^^^^^^^^^^^^^^
[INFO] [stdout] 
[INFO] [stdout] 
[INFO] [stdout] warning: static `PGM_STATES` is never used
[INFO] [stdout]   --> src/utils/pgms.rs:10:12
[INFO] [stdout]    |
[INFO] [stdout] 10 | static mut PGM_STATES : Vec<pgm_State> = vec![];
[INFO] [stdout]    |            ^^^^^^^^^^
[INFO] [stdout] 
[INFO] [stdout] 
[INFO] [stdout] warning: multiple fields are never read
[INFO] [stdout]   --> src/utils/pgms.rs:15:5
[INFO] [stdout]    |
[INFO] [stdout] 14 | struct pgm_State {
[INFO] [stdout]    |        --------- fields in this struct
[INFO] [stdout] 15 |     obj: Option<Command>,
[INFO] [stdout]    |     ^^^
[INFO] [stdout] 16 |     handler: Option<Result<Child,Error>>,
[INFO] [stdout]    |     ^^^^^^^
[INFO] [stdout] 17 |     name : Option<String>,
[INFO] [stdout]    |     ^^^^
[INFO] [stdout] 18 |     id: Option<usize>,
[INFO] [stdout]    |     ^^
[INFO] [stdout] 19 |     final_exit_code: Option<usize>,
[INFO] [stdout]    |     ^^^^^^^^^^^^^^^
[INFO] [stdout] 20 |     nb_restarted : Option<usize>,
[INFO] [stdout]    |     ^^^^^^^^^^^^
[INFO] [stdout] 21 |     time_elapsed: Option<String>,
[INFO] [stdout]    |     ^^^^^^^^^^^^
[INFO] [stdout]    |
[INFO] [stdout]    = note: `pgm_State` has a derived impl for the trait `Debug`, but this is intentionally ignored during dead code analysis
[INFO] [stdout] 
[INFO] [stdout] 
[INFO] [stdout] warning: associated function `new` is never used
[INFO] [stdout]   --> src/utils/pgms.rs:24:8
[INFO] [stdout]    |
[INFO] [stdout] 23 | impl pgm_State {
[INFO] [stdout]    | -------------- associated function in this implementation
[INFO] [stdout] 24 |     fn new() -> pgm_State {
[INFO] [stdout]    |        ^^^
[INFO] [stdout] 
[INFO] [stdout] 
[INFO] [stdout] warning: function `pgm_main` is never used
[INFO] [stdout]   --> src/utils/pgms.rs:53:8
[INFO] [stdout]    |
[INFO] [stdout] 53 | pub fn pgm_main() {
[INFO] [stdout]    |        ^^^^^^^^
[INFO] [stdout] 
[INFO] [stdout] 
[INFO] [stdout] warning: function `open_file_mode_append_as_stdio` is never used
[INFO] [stdout]   --> src/utils/pgms.rs:58:4
[INFO] [stdout]    |
[INFO] [stdout] 58 | fn open_file_mode_append_as_stdio(path: &str) -> Stdio {
[INFO] [stdout]    |    ^^^^^^^^^^^^^^^^^^^^^^^^^^^^^^
[INFO] [stdout] 
[INFO] [stdout] 
[INFO] [stdout] warning: function `setup_pgm` is never used
[INFO] [stdout]   --> src/utils/pgms.rs:75:4
[INFO] [stdout]    |
[INFO] [stdout] 75 | fn setup_pgm(cp: &ConfigParser) -> pgm_State {
[INFO] [stdout]    |    ^^^^^^^^^
[INFO] [stdout] 
[INFO] [stdout] 
[INFO] [stdout] warning: unused `Result` that must be used
[INFO] [stdout]  --> src/main.rs:6:5
[INFO] [stdout]   |
[INFO] [stdout] 6 |     run_terminal();
[INFO] [stdout]   |     ^^^^^^^^^^^^^^
[INFO] [stdout]   |
[INFO] [stdout]   = note: this `Result` may be an `Err` variant, which should be handled
[INFO] [stdout]   = note: `#[warn(unused_must_use)]` on by default
[INFO] [stdout] help: use `let _ = ...` to ignore the resulting value
[INFO] [stdout]   |
[INFO] [stdout] 6 |     let _ = run_terminal();
[INFO] [stdout]   |     +++++++
[INFO] [stdout] 
[INFO] [stdout] 
[INFO] [stdout] warning: method `hashmap_to_ConfigParser` should have a snake case name
[INFO] [stdout]    --> src/utils/parser.rs:173:8
[INFO] [stdout]     |
[INFO] [stdout] 173 |     fn hashmap_to_ConfigParser(m : &HashMap<String, String>) -> ConfigParser {
[INFO] [stdout]     |        ^^^^^^^^^^^^^^^^^^^^^^^ help: convert the identifier to snake case: `hashmap_to_config_parser`
[INFO] [stdout]     |
[INFO] [stdout]     = note: `#[warn(non_snake_case)]` on by default
[INFO] [stdout] 
[INFO] [stdout] 
[INFO] [stdout] warning: variable `FileErrMsgs` should have a snake case name
[INFO] [stdout]    --> src/utils/parser.rs:209:13
[INFO] [stdout]     |
[INFO] [stdout] 209 |         let FileErrMsgs = FileErrMsgs::new_default();
[INFO] [stdout]     |             ^^^^^^^^^^^ help: convert the identifier to snake case: `file_err_msgs`
[INFO] [stdout] 
[INFO] [stdout] 
[INFO] [stdout] warning: variable `FileErrMsgs` should have a snake case name
[INFO] [stdout]    --> src/utils/parser.rs:248:13
[INFO] [stdout]     |
[INFO] [stdout] 248 |         let FileErrMsgs = FileErrMsgs::new_default();
[INFO] [stdout]     |             ^^^^^^^^^^^ help: convert the identifier to snake case: `file_err_msgs`
[INFO] [stdout] 
[INFO] [stdout] 
[INFO] [stdout] warning: variable `FileErrMsgs` should have a snake case name
[INFO] [stdout]    --> src/utils/parser.rs:321:17
[INFO] [stdout]     |
[INFO] [stdout] 321 |             let FileErrMsgs = FileErrMsgs::new_default();
[INFO] [stdout]     |                 ^^^^^^^^^^^ help: convert the identifier to snake case: `file_err_msgs`
[INFO] [stdout] 
[INFO] [stdout] 
[INFO] [stdout] warning: variable `FileErrMsgs` should have a snake case name
[INFO] [stdout]    --> src/utils/parser.rs:508:13
[INFO] [stdout]     |
[INFO] [stdout] 508 |         let FileErrMsgs = Self::new_default();
[INFO] [stdout]     |             ^^^^^^^^^^^ help: convert the identifier to snake case: `file_err_msgs`
[INFO] [stdout] 
[INFO] [stdout] 
[INFO] [stdout] warning: 24 warnings emitted
[INFO] [stdout] 
[INFO] [stdout] 
[INFO] [stderr]     Finished dev [unoptimized + debuginfo] target(s) in 2.84s
[INFO] running `Command { std: "docker" "inspect" "156b990358ffeb1665cc62196f6b5aabae579fcfdff75456a1e658b56a3c5d9f", kill_on_drop: false }`
[INFO] running `Command { std: "docker" "rm" "-f" "156b990358ffeb1665cc62196f6b5aabae579fcfdff75456a1e658b56a3c5d9f", kill_on_drop: false }`
[INFO] [stdout] 156b990358ffeb1665cc62196f6b5aabae579fcfdff75456a1e658b56a3c5d9f
[INFO] running `Command { std: "docker" "create" "-v" "/var/lib/crater-agent-workspace/builds/worker-5-tc1/target:/opt/rustwide/target:rw,Z" "-v" "/var/lib/crater-agent-workspace/builds/worker-5-tc1/source:/opt/rustwide/workdir:ro,Z" "-v" "/var/lib/crater-agent-workspace/cargo-home:/opt/rustwide/cargo-home:ro,Z" "-v" "/var/lib/crater-agent-workspace/rustup-home:/opt/rustwide/rustup-home:ro,Z" "-e" "SOURCE_DIR=/opt/rustwide/workdir" "-e" "CARGO_TARGET_DIR=/opt/rustwide/target" "-e" "CARGO_INCREMENTAL=0" "-e" "RUST_BACKTRACE=full" "-e" "RUSTFLAGS=--cap-lints=warn" "-e" "RUSTDOCFLAGS=--cap-lints=warn" "-e" "CARGO_HOME=/opt/rustwide/cargo-home" "-e" "RUSTUP_HOME=/opt/rustwide/rustup-home" "-w" "/opt/rustwide/workdir" "-m" "1610612736" "--user" "0:0" "--network" "none" "ghcr.io/rust-lang/crates-build-env/linux@sha256:2788e3201cd34a07e3172128adcd8b3090168a8e3bcc40d7c032b9dda1df7d1c" "/opt/rustwide/cargo-home/bin/cargo" "+1.75.0" "test" "--frozen" "--no-run" "--message-format=json", kill_on_drop: false }`
[INFO] [stdout] ccba5b92ca8619b1870949d0252b47859c910372d5e0f0ba3b64ee398a381792
[INFO] running `Command { std: "docker" "start" "-a" "ccba5b92ca8619b1870949d0252b47859c910372d5e0f0ba3b64ee398a381792", kill_on_drop: false }`
[INFO] [stderr]    Compiling taskmaster v0.1.0 (/opt/rustwide/workdir)
[INFO] [stdout] warning: unused import: `std::hash::Hash`
[INFO] [stdout]    --> src/utils/parser.rs:562:9
[INFO] [stdout]     |
[INFO] [stdout] 562 |     use std::hash::Hash;
[INFO] [stdout]     |         ^^^^^^^^^^^^^^^
[INFO] [stdout]     |
[INFO] [stdout]     = note: `#[warn(unused_imports)]` on by default
[INFO] [stdout] 
[INFO] [stdout] 
[INFO] [stdout] warning: unused imports: `env`, `path::Path`, `process::Command`
[INFO] [stdout]  --> src/utils/terminal.rs:1:46
[INFO] [stdout]   |
[INFO] [stdout] 1 | use std::{io::{stdout, stdin, Write, Error}, process::Command, path::Path, env};
[INFO] [stdout]   |                                              ^^^^^^^^^^^^^^^^  ^^^^^^^^^^  ^^^
[INFO] [stdout] 
[INFO] [stdout] 
[INFO] [stdout] warning: type `pgm_State` should have an upper camel case name
[INFO] [stdout]   --> src/utils/pgms.rs:14:8
[INFO] [stdout]    |
[INFO] [stdout] 14 | struct pgm_State {
[INFO] [stdout]    |        ^^^^^^^^^ help: convert the identifier to upper camel case: `PgmState`
[INFO] [stdout]    |
[INFO] [stdout]    = note: `#[warn(non_camel_case_types)]` on by default
[INFO] [stdout] 
[INFO] [stdout] 
[INFO] [stdout] warning: unused variable: `r`
[INFO] [stdout]    --> src/utils/parser.rs:695:20
[INFO] [stdout]     |
[INFO] [stdout] 695 |                 Ok(r) => (),  //will never happen
[INFO] [stdout]     |                    ^ help: if this is intentional, prefix it with an underscore: `_r`
[INFO] [stdout]     |
[INFO] [stdout]     = note: `#[warn(unused_variables)]` on by default
[INFO] [stdout] 
[INFO] [stdout] 
[INFO] [stdout] warning: unused variable: `r`
[INFO] [stdout]    --> src/utils/parser.rs:762:16
[INFO] [stdout]     |
[INFO] [stdout] 762 |             Ok(r) => (),
[INFO] [stdout]     |                ^ help: if this is intentional, prefix it with an underscore: `_r`
[INFO] [stdout] 
[INFO] [stdout] 
[INFO] [stdout] warning: unused variable: `r`
[INFO] [stdout]    --> src/utils/parser.rs:771:16
[INFO] [stdout]     |
[INFO] [stdout] 771 |             Ok(r) => (),
[INFO] [stdout]     |                ^ help: if this is intentional, prefix it with an underscore: `_r`
[INFO] [stdout] 
[INFO] [stdout] 
[INFO] [stdout] warning: unused variable: `r`
[INFO] [stdout]    --> src/utils/parser.rs:855:16
[INFO] [stdout]     |
[INFO] [stdout] 855 |             Ok(r) => (),
[INFO] [stdout]     |                ^ help: if this is intentional, prefix it with an underscore: `_r`
[INFO] [stdout] 
[INFO] [stdout] 
[INFO] [stdout] warning: unused variable: `r`
[INFO] [stdout]    --> src/utils/parser.rs:867:16
[INFO] [stdout]     |
[INFO] [stdout] 867 |             Ok(r) => assert!(false, "suppose to fail with same prgm name"),
[INFO] [stdout]     |                ^ help: if this is intentional, prefix it with an underscore: `_r`
[INFO] [stdout] 
[INFO] [stdout] 
[INFO] [stdout] warning: unused variable: `args`
[INFO] [stdout]   --> src/utils/terminal.rs:58:13
[INFO] [stdout]    |
[INFO] [stdout] 58 |         let args = match &parts {
[INFO] [stdout]    |             ^^^^ help: if this is intentional, prefix it with an underscore: `_args`
[INFO] [stdout] 
[INFO] [stdout] 
[INFO] [stdout] warning: function `get_pgrm` is never used
[INFO] [stdout]   --> src/utils/parser.rs:51:8
[INFO] [stdout]    |
[INFO] [stdout] 51 | pub fn get_pgrm<'a>(v:&'a Vec<ConfigParser>, name: &'a str) -> Option<&'a ConfigParser> {
[INFO] [stdout]    |        ^^^^^^^^
[INFO] [stdout]    |
[INFO] [stdout]    = note: `#[warn(dead_code)]` on by default
[INFO] [stdout] 
[INFO] [stdout] 
[INFO] [stdout] warning: static `CONFIG_PARSER_VEC` is never used
[INFO] [stdout]  --> src/utils/pgms.rs:8:12
[INFO] [stdout]   |
[INFO] [stdout] 8 | static mut CONFIG_PARSER_VEC : Vec<ConfigParser> = vec![];
[INFO] [stdout]   |            ^^^^^^^^^^^^^^^^^
[INFO] [stdout] 
[INFO] [stdout] 
[INFO] [stdout] warning: static `PGM_STATES` is never used
[INFO] [stdout]   --> src/utils/pgms.rs:10:12
[INFO] [stdout]    |
[INFO] [stdout] 10 | static mut PGM_STATES : Vec<pgm_State> = vec![];
[INFO] [stdout]    |            ^^^^^^^^^^
[INFO] [stdout] 
[INFO] [stdout] 
[INFO] [stdout] warning: fields `handler`, `id`, `final_exit_code`, `nb_restarted`, and `time_elapsed` are never read
[INFO] [stdout]   --> src/utils/pgms.rs:16:5
[INFO] [stdout]    |
[INFO] [stdout] 14 | struct pgm_State {
[INFO] [stdout]    |        --------- fields in this struct
[INFO] [stdout] 15 |     obj: Option<Command>,
[INFO] [stdout] 16 |     handler: Option<Result<Child,Error>>,
[INFO] [stdout]    |     ^^^^^^^
[INFO] [stdout] 17 |     name : Option<String>,
[INFO] [stdout] 18 |     id: Option<usize>,
[INFO] [stdout]    |     ^^
[INFO] [stdout] 19 |     final_exit_code: Option<usize>,
[INFO] [stdout]    |     ^^^^^^^^^^^^^^^
[INFO] [stdout] 20 |     nb_restarted : Option<usize>,
[INFO] [stdout]    |     ^^^^^^^^^^^^
[INFO] [stdout] 21 |     time_elapsed: Option<String>,
[INFO] [stdout]    |     ^^^^^^^^^^^^
[INFO] [stdout]    |
[INFO] [stdout]    = note: `pgm_State` has a derived impl for the trait `Debug`, but this is intentionally ignored during dead code analysis
[INFO] [stdout] 
[INFO] [stdout] 
[INFO] [stdout] warning: function `pgm_main` is never used
[INFO] [stdout]   --> src/utils/pgms.rs:53:8
[INFO] [stdout]    |
[INFO] [stdout] 53 | pub fn pgm_main() {
[INFO] [stdout]    |        ^^^^^^^^
[INFO] [stdout] 
[INFO] [stdout] 
[INFO] [stdout] warning: unused `Result` that must be used
[INFO] [stdout]  --> src/main.rs:6:5
[INFO] [stdout]   |
[INFO] [stdout] 6 |     run_terminal();
[INFO] [stdout]   |     ^^^^^^^^^^^^^^
[INFO] [stdout]   |
[INFO] [stdout]   = note: this `Result` may be an `Err` variant, which should be handled
[INFO] [stdout]   = note: `#[warn(unused_must_use)]` on by default
[INFO] [stdout] help: use `let _ = ...` to ignore the resulting value
[INFO] [stdout]   |
[INFO] [stdout] 6 |     let _ = run_terminal();
[INFO] [stdout]   |     +++++++
[INFO] [stdout] 
[INFO] [stdout] 
[INFO] [stdout] warning: method `hashmap_to_ConfigParser` should have a snake case name
[INFO] [stdout]    --> src/utils/parser.rs:173:8
[INFO] [stdout]     |
[INFO] [stdout] 173 |     fn hashmap_to_ConfigParser(m : &HashMap<String, String>) -> ConfigParser {
[INFO] [stdout]     |        ^^^^^^^^^^^^^^^^^^^^^^^ help: convert the identifier to snake case: `hashmap_to_config_parser`
[INFO] [stdout]     |
[INFO] [stdout]     = note: `#[warn(non_snake_case)]` on by default
[INFO] [stdout] 
[INFO] [stdout] 
[INFO] [stdout] warning: variable `FileErrMsgs` should have a snake case name
[INFO] [stdout]    --> src/utils/parser.rs:209:13
[INFO] [stdout]     |
[INFO] [stdout] 209 |         let FileErrMsgs = FileErrMsgs::new_default();
[INFO] [stdout]     |             ^^^^^^^^^^^ help: convert the identifier to snake case: `file_err_msgs`
[INFO] [stdout] 
[INFO] [stdout] 
[INFO] [stdout] warning: variable `FileErrMsgs` should have a snake case name
[INFO] [stdout]    --> src/utils/parser.rs:248:13
[INFO] [stdout]     |
[INFO] [stdout] 248 |         let FileErrMsgs = FileErrMsgs::new_default();
[INFO] [stdout]     |             ^^^^^^^^^^^ help: convert the identifier to snake case: `file_err_msgs`
[INFO] [stdout] 
[INFO] [stdout] 
[INFO] [stdout] warning: variable `FileErrMsgs` should have a snake case name
[INFO] [stdout]    --> src/utils/parser.rs:321:17
[INFO] [stdout]     |
[INFO] [stdout] 321 |             let FileErrMsgs = FileErrMsgs::new_default();
[INFO] [stdout]     |                 ^^^^^^^^^^^ help: convert the identifier to snake case: `file_err_msgs`
[INFO] [stdout] 
[INFO] [stdout] 
[INFO] [stdout] warning: variable `FileErrMsgs` should have a snake case name
[INFO] [stdout]    --> src/utils/parser.rs:508:13
[INFO] [stdout]     |
[INFO] [stdout] 508 |         let FileErrMsgs = Self::new_default();
[INFO] [stdout]     |             ^^^^^^^^^^^ help: convert the identifier to snake case: `file_err_msgs`
[INFO] [stdout] 
[INFO] [stdout] 
[INFO] [stdout] warning: function `test_fn__check_file` should have a snake case name
[INFO] [stdout]    --> src/utils/parser.rs:625:8
[INFO] [stdout]     |
[INFO] [stdout] 625 |     fn test_fn__check_file() {
[INFO] [stdout]     |        ^^^^^^^^^^^^^^^^^^^ help: convert the identifier to snake case: `test_fn_check_file`
[INFO] [stdout] 
[INFO] [stdout] 
[INFO] [stdout] warning: function `test_fn__read_file` should have a snake case name
[INFO] [stdout]    --> src/utils/parser.rs:656:8
[INFO] [stdout]     |
[INFO] [stdout] 656 |     fn test_fn__read_file() {
[INFO] [stdout]     |        ^^^^^^^^^^^^^^^^^^ help: convert the identifier to snake case: `test_fn_read_file`
[INFO] [stdout] 
[INFO] [stdout] 
[INFO] [stdout] warning: function `test_fn__parse_file` should have a snake case name
[INFO] [stdout]    --> src/utils/parser.rs:702:7
[INFO] [stdout]     |
[INFO] [stdout] 702 |    fn test_fn__parse_file() {
[INFO] [stdout]     |       ^^^^^^^^^^^^^^^^^^^ help: convert the identifier to snake case: `test_fn_parse_file`
[INFO] [stdout] 
[INFO] [stdout] 
[INFO] [stdout] warning: function `assert_eq_pgmState` should have a snake case name
[INFO] [stdout]    --> src/utils/pgms.rs:120:9
[INFO] [stdout]     |
[INFO] [stdout] 120 |     fn  assert_eq_pgmState (pg1 : pgm_State , pg2 : pgm_State) {
[INFO] [stdout]     |         ^^^^^^^^^^^^^^^^^^ help: convert the identifier to snake case: `assert_eq_pgm_state`
[INFO] [stdout] 
[INFO] [stdout] 
[INFO] [stdout] warning: variable `expected_ConfigParser_1` should have a snake case name
[INFO] [stdout]    --> src/utils/pgms.rs:131:13
[INFO] [stdout]     |
[INFO] [stdout] 131 |         let expected_ConfigParser_1 : ConfigParser = ConfigParser {
[INFO] [stdout]     |             ^^^^^^^^^^^^^^^^^^^^^^^ help: convert the identifier to snake case: `expected_config_parser_1`
[INFO] [stdout] 
[INFO] [stdout] 
[INFO] [stdout] warning: variable `expected_pgm_State` should have a snake case name
[INFO] [stdout]    --> src/utils/pgms.rs:161:13
[INFO] [stdout]     |
[INFO] [stdout] 161 |         let expected_pgm_State = pgm_State {
[INFO] [stdout]     |             ^^^^^^^^^^^^^^^^^^ help: convert the identifier to snake case (notice the capitalization): `expected_pgm_state`
[INFO] [stdout] 
[INFO] [stdout] 
[INFO] [stdout] warning: 26 warnings emitted
[INFO] [stdout] 
[INFO] [stdout] 
[INFO] [stderr]     Finished test [unoptimized + debuginfo] target(s) in 0.71s
[INFO] running `Command { std: "docker" "inspect" "ccba5b92ca8619b1870949d0252b47859c910372d5e0f0ba3b64ee398a381792", kill_on_drop: false }`
[INFO] running `Command { std: "docker" "rm" "-f" "ccba5b92ca8619b1870949d0252b47859c910372d5e0f0ba3b64ee398a381792", kill_on_drop: false }`
[INFO] [stdout] ccba5b92ca8619b1870949d0252b47859c910372d5e0f0ba3b64ee398a381792
[INFO] running `Command { std: "docker" "create" "-v" "/var/lib/crater-agent-workspace/builds/worker-5-tc1/target:/opt/rustwide/target:rw,Z" "-v" "/var/lib/crater-agent-workspace/builds/worker-5-tc1/source:/opt/rustwide/workdir:ro,Z" "-v" "/var/lib/crater-agent-workspace/cargo-home:/opt/rustwide/cargo-home:ro,Z" "-v" "/var/lib/crater-agent-workspace/rustup-home:/opt/rustwide/rustup-home:ro,Z" "-e" "SOURCE_DIR=/opt/rustwide/workdir" "-e" "CARGO_TARGET_DIR=/opt/rustwide/target" "-e" "CARGO_INCREMENTAL=0" "-e" "RUST_BACKTRACE=full" "-e" "RUSTFLAGS=--cap-lints=warn" "-e" "RUSTDOCFLAGS=--cap-lints=warn" "-e" "CARGO_HOME=/opt/rustwide/cargo-home" "-e" "RUSTUP_HOME=/opt/rustwide/rustup-home" "-w" "/opt/rustwide/workdir" "-m" "1610612736" "--user" "0:0" "--network" "none" "ghcr.io/rust-lang/crates-build-env/linux@sha256:2788e3201cd34a07e3172128adcd8b3090168a8e3bcc40d7c032b9dda1df7d1c" "/opt/rustwide/cargo-home/bin/cargo" "+1.75.0" "test" "--frozen", kill_on_drop: false }`
[INFO] [stdout] fd0f801df582646dc5b83b1ddaaa48b9fcd200dbeda0e99df0199871fb801db5
[INFO] running `Command { std: "docker" "start" "-a" "fd0f801df582646dc5b83b1ddaaa48b9fcd200dbeda0e99df0199871fb801db5", kill_on_drop: false }`
[INFO] [stderr] warning: unused import: `std::hash::Hash`
[INFO] [stderr]    --> src/utils/parser.rs:562:9
[INFO] [stderr]     |
[INFO] [stderr] 562 |     use std::hash::Hash;
[INFO] [stderr]     |         ^^^^^^^^^^^^^^^
[INFO] [stderr]     |
[INFO] [stderr]     = note: `#[warn(unused_imports)]` on by default
[INFO] [stderr] 
[INFO] [stderr] warning: unused imports: `env`, `path::Path`, `process::Command`
[INFO] [stderr]  --> src/utils/terminal.rs:1:46
[INFO] [stderr]   |
[INFO] [stderr] 1 | use std::{io::{stdout, stdin, Write, Error}, process::Command, path::Path, env};
[INFO] [stderr]   |                                              ^^^^^^^^^^^^^^^^  ^^^^^^^^^^  ^^^
[INFO] [stderr] 
[INFO] [stderr] warning: type `pgm_State` should have an upper camel case name
[INFO] [stderr]   --> src/utils/pgms.rs:14:8
[INFO] [stderr]    |
[INFO] [stderr] 14 | struct pgm_State {
[INFO] [stderr]    |        ^^^^^^^^^ help: convert the identifier to upper camel case: `PgmState`
[INFO] [stderr]    |
[INFO] [stderr]    = note: `#[warn(non_camel_case_types)]` on by default
[INFO] [stderr] 
[INFO] [stderr] warning: unused variable: `r`
[INFO] [stderr]    --> src/utils/parser.rs:695:20
[INFO] [stderr]     |
[INFO] [stderr] 695 |                 Ok(r) => (),  //will never happen
[INFO] [stderr]     |                    ^ help: if this is intentional, prefix it with an underscore: `_r`
[INFO] [stderr]     |
[INFO] [stderr]     = note: `#[warn(unused_variables)]` on by default
[INFO] [stderr] 
[INFO] [stderr] warning: unused variable: `r`
[INFO] [stderr]    --> src/utils/parser.rs:762:16
[INFO] [stderr]     |
[INFO] [stderr] 762 |             Ok(r) => (),
[INFO] [stderr]     |                ^ help: if this is intentional, prefix it with an underscore: `_r`
[INFO] [stderr] 
[INFO] [stderr] warning: unused variable: `r`
[INFO] [stderr]    --> src/utils/parser.rs:771:16
[INFO] [stderr]     |
[INFO] [stderr] 771 |             Ok(r) => (),
[INFO] [stderr]     |                ^ help: if this is intentional, prefix it with an underscore: `_r`
[INFO] [stderr] 
[INFO] [stderr] warning: unused variable: `r`
[INFO] [stderr]    --> src/utils/parser.rs:855:16
[INFO] [stderr]     |
[INFO] [stderr] 855 |             Ok(r) => (),
[INFO] [stderr]     |                ^ help: if this is intentional, prefix it with an underscore: `_r`
[INFO] [stderr] 
[INFO] [stderr] warning: unused variable: `r`
[INFO] [stderr]    --> src/utils/parser.rs:867:16
[INFO] [stderr]     |
[INFO] [stderr] 867 |             Ok(r) => assert!(false, "suppose to fail with same prgm name"),
[INFO] [stderr]     |                ^ help: if this is intentional, prefix it with an underscore: `_r`
[INFO] [stderr] 
[INFO] [stderr] warning: unused variable: `args`
[INFO] [stderr]   --> src/utils/terminal.rs:58:13
[INFO] [stderr]    |
[INFO] [stderr] 58 |         let args = match &parts {
[INFO] [stderr]    |             ^^^^ help: if this is intentional, prefix it with an underscore: `_args`
[INFO] [stderr] 
[INFO] [stderr] warning: function `get_pgrm` is never used
[INFO] [stderr]   --> src/utils/parser.rs:51:8
[INFO] [stderr]    |
[INFO] [stderr] 51 | pub fn get_pgrm<'a>(v:&'a Vec<ConfigParser>, name: &'a str) -> Option<&'a ConfigParser> {
[INFO] [stderr]    |        ^^^^^^^^
[INFO] [stderr]    |
[INFO] [stderr]    = note: `#[warn(dead_code)]` on by default
[INFO] [stderr] 
[INFO] [stderr] warning: static `CONFIG_PARSER_VEC` is never used
[INFO] [stderr]  --> src/utils/pgms.rs:8:12
[INFO] [stderr]   |
[INFO] [stderr] 8 | static mut CONFIG_PARSER_VEC : Vec<ConfigParser> = vec![];
[INFO] [stderr]   |            ^^^^^^^^^^^^^^^^^
[INFO] [stderr] 
[INFO] [stderr] warning: static `PGM_STATES` is never used
[INFO] [stderr]   --> src/utils/pgms.rs:10:12
[INFO] [stderr]    |
[INFO] [stderr] 10 | static mut PGM_STATES : Vec<pgm_State> = vec![];
[INFO] [stderr]    |            ^^^^^^^^^^
[INFO] [stderr] 
[INFO] [stderr] warning: fields `handler`, `id`, `final_exit_code`, `nb_restarted`, and `time_elapsed` are never read
[INFO] [stderr]   --> src/utils/pgms.rs:16:5
[INFO] [stderr]    |
[INFO] [stderr] 14 | struct pgm_State {
[INFO] [stderr]    |        --------- fields in this struct
[INFO] [stderr] 15 |     obj: Option<Command>,
[INFO] [stderr] 16 |     handler: Option<Result<Child,Error>>,
[INFO] [stderr]    |     ^^^^^^^
[INFO] [stderr] 17 |     name : Option<String>,
[INFO] [stderr] 18 |     id: Option<usize>,
[INFO] [stderr]    |     ^^
[INFO] [stderr] 19 |     final_exit_code: Option<usize>,
[INFO] [stderr]    |     ^^^^^^^^^^^^^^^
[INFO] [stderr] 20 |     nb_restarted : Option<usize>,
[INFO] [stderr]    |     ^^^^^^^^^^^^
[INFO] [stderr] 21 |     time_elapsed: Option<String>,
[INFO] [stderr]    |     ^^^^^^^^^^^^
[INFO] [stderr]    |
[INFO] [stderr]    = note: `pgm_State` has a derived impl for the trait `Debug`, but this is intentionally ignored during dead code analysis
[INFO] [stderr] 
[INFO] [stderr] warning: function `pgm_main` is never used
[INFO] [stderr]   --> src/utils/pgms.rs:53:8
[INFO] [stderr]    |
[INFO] [stderr] 53 | pub fn pgm_main() {
[INFO] [stderr]    |        ^^^^^^^^
[INFO] [stderr] 
[INFO] [stderr] warning: unused `Result` that must be used
[INFO] [stderr]  --> src/main.rs:6:5
[INFO] [stderr]   |
[INFO] [stderr] 6 |     run_terminal();
[INFO] [stderr]   |     ^^^^^^^^^^^^^^
[INFO] [stderr]   |
[INFO] [stderr]   = note: this `Result` may be an `Err` variant, which should be handled
[INFO] [stderr]   = note: `#[warn(unused_must_use)]` on by default
[INFO] [stderr] help: use `let _ = ...` to ignore the resulting value
[INFO] [stderr]   |
[INFO] [stderr] 6 |     let _ = run_terminal();
[INFO] [stderr]   |     +++++++
[INFO] [stderr] 
[INFO] [stderr] warning: method `hashmap_to_ConfigParser` should have a snake case name
[INFO] [stderr]    --> src/utils/parser.rs:173:8
[INFO] [stderr]     |
[INFO] [stderr] 173 |     fn hashmap_to_ConfigParser(m : &HashMap<String, String>) -> ConfigParser {
[INFO] [stderr]     |        ^^^^^^^^^^^^^^^^^^^^^^^ help: convert the identifier to snake case: `hashmap_to_config_parser`
[INFO] [stderr]     |
[INFO] [stderr]     = note: `#[warn(non_snake_case)]` on by default
[INFO] [stderr] 
[INFO] [stderr] warning: variable `FileErrMsgs` should have a snake case name
[INFO] [stderr]    --> src/utils/parser.rs:209:13
[INFO] [stderr]     |
[INFO] [stderr] 209 |         let FileErrMsgs = FileErrMsgs::new_default();
[INFO] [stderr]     |             ^^^^^^^^^^^ help: convert the identifier to snake case: `file_err_msgs`
[INFO] [stderr] 
[INFO] [stderr] warning: variable `FileErrMsgs` should have a snake case name
[INFO] [stderr]    --> src/utils/parser.rs:248:13
[INFO] [stderr]     |
[INFO] [stderr] 248 |         let FileErrMsgs = FileErrMsgs::new_default();
[INFO] [stderr]     |             ^^^^^^^^^^^ help: convert the identifier to snake case: `file_err_msgs`
[INFO] [stderr] 
[INFO] [stderr] warning: variable `FileErrMsgs` should have a snake case name
[INFO] [stderr]    --> src/utils/parser.rs:321:17
[INFO] [stderr]     |
[INFO] [stderr] 321 |             let FileErrMsgs = FileErrMsgs::new_default();
[INFO] [stderr]     |                 ^^^^^^^^^^^ help: convert the identifier to snake case: `file_err_msgs`
[INFO] [stderr] 
[INFO] [stderr] warning: variable `FileErrMsgs` should have a snake case name
[INFO] [stderr]    --> src/utils/parser.rs:508:13
[INFO] [stderr]     |
[INFO] [stderr] 508 |         let FileErrMsgs = Self::new_default();
[INFO] [stderr]     |             ^^^^^^^^^^^ help: convert the identifier to snake case: `file_err_msgs`
[INFO] [stderr] 
[INFO] [stderr] warning: function `test_fn__check_file` should have a snake case name
[INFO] [stderr]    --> src/utils/parser.rs:625:8
[INFO] [stderr]     |
[INFO] [stderr] 625 |     fn test_fn__check_file() {
[INFO] [stderr]     |        ^^^^^^^^^^^^^^^^^^^ help: convert the identifier to snake case: `test_fn_check_file`
[INFO] [stderr] 
[INFO] [stderr] warning: function `test_fn__read_file` should have a snake case name
[INFO] [stderr]    --> src/utils/parser.rs:656:8
[INFO] [stderr]     |
[INFO] [stderr] 656 |     fn test_fn__read_file() {
[INFO] [stderr]     |        ^^^^^^^^^^^^^^^^^^ help: convert the identifier to snake case: `test_fn_read_file`
[INFO] [stderr] 
[INFO] [stderr] warning: function `test_fn__parse_file` should have a snake case name
[INFO] [stderr]    --> src/utils/parser.rs:702:7
[INFO] [stderr]     |
[INFO] [stderr] 702 |    fn test_fn__parse_file() {
[INFO] [stderr]     |       ^^^^^^^^^^^^^^^^^^^ help: convert the identifier to snake case: `test_fn_parse_file`
[INFO] [stderr] 
[INFO] [stderr] warning: function `assert_eq_pgmState` should have a snake case name
[INFO] [stderr]    --> src/utils/pgms.rs:120:9
[INFO] [stderr]     |
[INFO] [stderr] 120 |     fn  assert_eq_pgmState (pg1 : pgm_State , pg2 : pgm_State) {
[INFO] [stderr]     |         ^^^^^^^^^^^^^^^^^^ help: convert the identifier to snake case: `assert_eq_pgm_state`
[INFO] [stderr] 
[INFO] [stderr] warning: variable `expected_ConfigParser_1` should have a snake case name
[INFO] [stderr]    --> src/utils/pgms.rs:131:13
[INFO] [stderr]     |
[INFO] [stderr] 131 |         let expected_ConfigParser_1 : ConfigParser = ConfigParser {
[INFO] [stderr]     |             ^^^^^^^^^^^^^^^^^^^^^^^ help: convert the identifier to snake case: `expected_config_parser_1`
[INFO] [stderr] 
[INFO] [stderr] warning: variable `expected_pgm_State` should have a snake case name
[INFO] [stderr]    --> src/utils/pgms.rs:161:13
[INFO] [stderr]     |
[INFO] [stderr] 161 |         let expected_pgm_State = pgm_State {
[INFO] [stderr]     |             ^^^^^^^^^^^^^^^^^^ help: convert the identifier to snake case (notice the capitalization): `expected_pgm_state`
[INFO] [stderr] 
[INFO] [stderr] warning: `taskmaster` (bin "taskmaster" test) generated 26 warnings (run `cargo fix --bin "taskmaster" --tests` to apply 8 suggestions)
[INFO] [stderr]     Finished test [unoptimized + debuginfo] target(s) in 0.01s
[INFO] [stderr]      Running unittests src/main.rs (/opt/rustwide/target/debug/deps/taskmaster-d246301cdc3f61e5)
[INFO] [stdout] 
[INFO] [stdout] running 4 tests
[INFO] [stdout] test utils::parser::tests::test_fn__read_file ... ok
[INFO] [stdout] test utils::parser::tests::test_fn__check_file ... FAILED
[INFO] [stdout] test utils::pgms::tests::test_setup_pgm ... FAILED
[INFO] [stdout] test utils::parser::tests::test_fn__parse_file ... ok
[INFO] [stdout] 
[INFO] [stdout] failures:
[INFO] [stdout] 
[INFO] [stdout] ---- utils::parser::tests::test_fn__check_file stdout ----
[INFO] [stdout] thread 'utils::parser::tests::test_fn__check_file' panicked at src/utils/parser.rs:614:69:
[INFO] [stdout] failed to set file to write_only: Os { code: 30, kind: ReadOnlyFilesystem, message: "Read-only file system" }
[INFO] [stdout] stack backtrace:
[INFO] [stdout]    0:     0x55a75620835c - std::backtrace_rs::backtrace::libunwind::trace::ha637c64ce894333a
[INFO] [stdout]                                at /rustc/82e1608dfa6e0b5569232559e3d385fea5a93112/library/std/src/../../backtrace/src/backtrace/libunwind.rs:104:5
[INFO] [stdout]    1:     0x55a75620835c - std::backtrace_rs::backtrace::trace_unsynchronized::h47f62dea28e0c88d
[INFO] [stdout]                                at /rustc/82e1608dfa6e0b5569232559e3d385fea5a93112/library/std/src/../../backtrace/src/backtrace/mod.rs:66:5
[INFO] [stdout]    2:     0x55a75620835c - std::sys_common::backtrace::_print_fmt::h9eef0abe20ede486
[INFO] [stdout]                                at /rustc/82e1608dfa6e0b5569232559e3d385fea5a93112/library/std/src/sys_common/backtrace.rs:67:5
[INFO] [stdout]    3:     0x55a75620835c - <std::sys_common::backtrace::_print::DisplayBacktrace as core::fmt::Display>::fmt::hed7f999df88cc644
[INFO] [stdout]                                at /rustc/82e1608dfa6e0b5569232559e3d385fea5a93112/library/std/src/sys_common/backtrace.rs:44:22
[INFO] [stdout]    4:     0x55a7562327f0 - core::fmt::rt::Argument::fmt::h1539a9308b8d058d
[INFO] [stdout]                                at /rustc/82e1608dfa6e0b5569232559e3d385fea5a93112/library/core/src/fmt/rt.rs:142:9
[INFO] [stdout]    5:     0x55a7562327f0 - core::fmt::write::h3a39390d8560d9c9
[INFO] [stdout]                                at /rustc/82e1608dfa6e0b5569232559e3d385fea5a93112/library/core/src/fmt/mod.rs:1120:17
[INFO] [stdout]    6:     0x55a756205a9f - std::io::Write::write_fmt::h040b369f3a0f9cbc
[INFO] [stdout]                                at /rustc/82e1608dfa6e0b5569232559e3d385fea5a93112/library/std/src/io/mod.rs:1762:15
[INFO] [stdout]    7:     0x55a756208144 - std::sys_common::backtrace::_print::h894006fb5c6f3d45
[INFO] [stdout]                                at /rustc/82e1608dfa6e0b5569232559e3d385fea5a93112/library/std/src/sys_common/backtrace.rs:47:5
[INFO] [stdout]    8:     0x55a756208144 - std::sys_common::backtrace::print::h23a2d212c6fff936
[INFO] [stdout]                                at /rustc/82e1608dfa6e0b5569232559e3d385fea5a93112/library/std/src/sys_common/backtrace.rs:34:9
[INFO] [stdout]    9:     0x55a756209e07 - std::panicking::default_hook::{{closure}}::h8a1d2ee00185001a
[INFO] [stdout]   10:     0x55a756209af3 - std::panicking::default_hook::h6038f2eba384e475
[INFO] [stdout]                                at /rustc/82e1608dfa6e0b5569232559e3d385fea5a93112/library/std/src/panicking.rs:289:9
[INFO] [stdout]   11:     0x55a756051e77 - <alloc::boxed::Box<F,A> as core::ops::function::Fn<Args>>::call::h0ad024c9bdc6d768
[INFO] [stdout]                                at /rustc/82e1608dfa6e0b5569232559e3d385fea5a93112/library/alloc/src/boxed.rs:2021:9
[INFO] [stdout]   12:     0x55a756051e77 - test::test_main::{{closure}}::h7500b54257359db6
[INFO] [stdout]                                at /rustc/82e1608dfa6e0b5569232559e3d385fea5a93112/library/test/src/lib.rs:138:21
[INFO] [stdout]   13:     0x55a75620a418 - <alloc::boxed::Box<F,A> as core::ops::function::Fn<Args>>::call::h1f8f335eaa9cfaee
[INFO] [stdout]                                at /rustc/82e1608dfa6e0b5569232559e3d385fea5a93112/library/alloc/src/boxed.rs:2021:9
[INFO] [stdout]   14:     0x55a75620a418 - std::panicking::rust_panic_with_hook::h2b5517d590cab22e
[INFO] [stdout]                                at /rustc/82e1608dfa6e0b5569232559e3d385fea5a93112/library/std/src/panicking.rs:783:13
[INFO] [stdout]   15:     0x55a75620a16e - std::panicking::begin_panic_handler::{{closure}}::h233112c06e0ef43e
[INFO] [stdout]                                at /rustc/82e1608dfa6e0b5569232559e3d385fea5a93112/library/std/src/panicking.rs:657:13
[INFO] [stdout]   16:     0x55a756208826 - std::sys_common::backtrace::__rust_end_short_backtrace::h6e893f24d7ebbff8
[INFO] [stdout]                                at /rustc/82e1608dfa6e0b5569232559e3d385fea5a93112/library/std/src/sys_common/backtrace.rs:170:18
[INFO] [stdout]   17:     0x55a756209ed2 - rust_begin_unwind
[INFO] [stdout]                                at /rustc/82e1608dfa6e0b5569232559e3d385fea5a93112/library/std/src/panicking.rs:645:5
[INFO] [stdout]   18:     0x55a755feb335 - core::panicking::panic_fmt::hbf0e066aabfa482c
[INFO] [stdout]                                at /rustc/82e1608dfa6e0b5569232559e3d385fea5a93112/library/core/src/panicking.rs:72:14
[INFO] [stdout]   19:     0x55a755feb903 - core::result::unwrap_failed::hddb4fea594200c52
[INFO] [stdout]                                at /rustc/82e1608dfa6e0b5569232559e3d385fea5a93112/library/core/src/result.rs:1653:5
[INFO] [stdout]   20:     0x55a75601269f - core::result::Result<T,E>::expect::h73c5475173502708
[INFO] [stdout]                                at /rustc/82e1608dfa6e0b5569232559e3d385fea5a93112/library/core/src/result.rs:1034:23
[INFO] [stdout]   21:     0x55a755fff263 - taskmaster::utils::parser::tests::set_file_permission::h2608e664687b8b9e
[INFO] [stdout]                                at /opt/rustwide/workdir/src/utils/parser.rs:613:29
[INFO] [stdout]   22:     0x55a7560005fa - taskmaster::utils::parser::tests::test_fn__check_file::h46da197e1741a733
[INFO] [stdout]                                at /opt/rustwide/workdir/src/utils/parser.rs:639:9
[INFO] [stdout]   23:     0x55a755fffe17 - taskmaster::utils::parser::tests::test_fn__check_file::{{closure}}::hd9ec28bae4a481b7
[INFO] [stdout]                                at /opt/rustwide/workdir/src/utils/parser.rs:625:29
[INFO] [stdout]   24:     0x55a75600d236 - core::ops::function::FnOnce::call_once::h1b532b5ce5ea72d7
[INFO] [stdout]                                at /rustc/82e1608dfa6e0b5569232559e3d385fea5a93112/library/core/src/ops/function.rs:250:5
[INFO] [stdout]   25:     0x55a7560574cf - core::ops::function::FnOnce::call_once::h2b5d431d5046312d
[INFO] [stdout]                                at /rustc/82e1608dfa6e0b5569232559e3d385fea5a93112/library/core/src/ops/function.rs:250:5
[INFO] [stdout]   26:     0x55a7560574cf - test::__rust_begin_short_backtrace::h7714669af176e207
[INFO] [stdout]                                at /rustc/82e1608dfa6e0b5569232559e3d385fea5a93112/library/test/src/lib.rs:628:18
[INFO] [stdout]   27:     0x55a7560564e5 - test::run_test_in_process::{{closure}}::h85218797dcbcec12
[INFO] [stdout]                                at /rustc/82e1608dfa6e0b5569232559e3d385fea5a93112/library/test/src/lib.rs:651:60
[INFO] [stdout]   28:     0x55a7560564e5 - <core::panic::unwind_safe::AssertUnwindSafe<F> as core::ops::function::FnOnce<()>>::call_once::h76c106ea31c14d7b
[INFO] [stdout]                                at /rustc/82e1608dfa6e0b5569232559e3d385fea5a93112/library/core/src/panic/unwind_safe.rs:272:9
[INFO] [stdout]   29:     0x55a7560564e5 - std::panicking::try::do_call::h3bd5d0f6620ee946
[INFO] [stdout]                                at /rustc/82e1608dfa6e0b5569232559e3d385fea5a93112/library/std/src/panicking.rs:552:40
[INFO] [stdout]   30:     0x55a7560564e5 - std::panicking::try::h232e535e4744fe31
[INFO] [stdout]                                at /rustc/82e1608dfa6e0b5569232559e3d385fea5a93112/library/std/src/panicking.rs:516:19
[INFO] [stdout]   31:     0x55a7560564e5 - std::panic::catch_unwind::h3ce3bd6ca8dbac68
[INFO] [stdout]                                at /rustc/82e1608dfa6e0b5569232559e3d385fea5a93112/library/std/src/panic.rs:142:14
[INFO] [stdout]   32:     0x55a7560564e5 - test::run_test_in_process::hc97b257c9621286a
[INFO] [stdout]                                at /rustc/82e1608dfa6e0b5569232559e3d385fea5a93112/library/test/src/lib.rs:651:27
[INFO] [stdout]   33:     0x55a7560564e5 - test::run_test::{{closure}}::h2aa798823a438d38
[INFO] [stdout]                                at /rustc/82e1608dfa6e0b5569232559e3d385fea5a93112/library/test/src/lib.rs:574:43
[INFO] [stdout]   34:     0x55a75601e7a6 - test::run_test::{{closure}}::h87d231c78fb59832
[INFO] [stdout]                                at /rustc/82e1608dfa6e0b5569232559e3d385fea5a93112/library/test/src/lib.rs:602:41
[INFO] [stdout]   35:     0x55a75601e7a6 - std::sys_common::backtrace::__rust_begin_short_backtrace::he6df152596625789
[INFO] [stdout]                                at /rustc/82e1608dfa6e0b5569232559e3d385fea5a93112/library/std/src/sys_common/backtrace.rs:154:18
[INFO] [stdout]   36:     0x55a756023857 - std::thread::Builder::spawn_unchecked_::{{closure}}::{{closure}}::ha94be15d1e0acf36
[INFO] [stdout]                                at /rustc/82e1608dfa6e0b5569232559e3d385fea5a93112/library/std/src/thread/mod.rs:529:17
[INFO] [stdout]   37:     0x55a756023857 - <core::panic::unwind_safe::AssertUnwindSafe<F> as core::ops::function::FnOnce<()>>::call_once::h9dc6bd6372f16606
[INFO] [stdout]                                at /rustc/82e1608dfa6e0b5569232559e3d385fea5a93112/library/core/src/panic/unwind_safe.rs:272:9
[INFO] [stdout]   38:     0x55a756023857 - std::panicking::try::do_call::h9057517f80303cd4
[INFO] [stdout]                                at /rustc/82e1608dfa6e0b5569232559e3d385fea5a93112/library/std/src/panicking.rs:552:40
[INFO] [stdout]   39:     0x55a756023857 - std::panicking::try::he3a30b11ee45340c
[INFO] [stdout]                                at /rustc/82e1608dfa6e0b5569232559e3d385fea5a93112/library/std/src/panicking.rs:516:19
[INFO] [stdout]   40:     0x55a756023857 - std::panic::catch_unwind::h410458cfd3528b8b
[INFO] [stdout]                                at /rustc/82e1608dfa6e0b5569232559e3d385fea5a93112/library/std/src/panic.rs:142:14
[INFO] [stdout]   41:     0x55a756023857 - std::thread::Builder::spawn_unchecked_::{{closure}}::h72ac3bdb567b737b
[INFO] [stdout]                                at /rustc/82e1608dfa6e0b5569232559e3d385fea5a93112/library/std/src/thread/mod.rs:528:30
[INFO] [stdout]   42:     0x55a756023857 - core::ops::function::FnOnce::call_once{{vtable.shim}}::h38f34da3654a8344
[INFO] [stdout]                                at /rustc/82e1608dfa6e0b5569232559e3d385fea5a93112/library/core/src/ops/function.rs:250:5
[INFO] [stdout]   43:     0x55a75620f0f5 - <alloc::boxed::Box<F,A> as core::ops::function::FnOnce<Args>>::call_once::hc7eafaff61e32df9
[INFO] [stdout]                                at /rustc/82e1608dfa6e0b5569232559e3d385fea5a93112/library/alloc/src/boxed.rs:2007:9
[INFO] [stdout]   44:     0x55a75620f0f5 - <alloc::boxed::Box<F,A> as core::ops::function::FnOnce<Args>>::call_once::h6ba4a5de48dd2304
[INFO] [stdout]                                at /rustc/82e1608dfa6e0b5569232559e3d385fea5a93112/library/alloc/src/boxed.rs:2007:9
[INFO] [stdout]   45:     0x55a75620f0f5 - std::sys::unix::thread::Thread::new::thread_start::he469335aef763e45
[INFO] [stdout]                                at /rustc/82e1608dfa6e0b5569232559e3d385fea5a93112/library/std/src/sys/unix/thread.rs:108:17
[INFO] [stdout]   46:     0x7f1adb512ac3 - <unknown>
[INFO] [stdout]   47:     0x7f1adb5a3bf4 - __clone
[INFO] [stdout]   48:                0x0 - <unknown>
[INFO] [stdout] 
[INFO] [stdout] ---- utils::pgms::tests::test_setup_pgm stdout ----
[INFO] [stdout] thread 'utils::pgms::tests::test_setup_pgm' panicked at src/utils/pgms.rs:60:55:
[INFO] [stdout] called `Result::unwrap()` on an `Err` value: Os { code: 30, kind: ReadOnlyFilesystem, message: "Read-only file system" }
[INFO] [stdout] stack backtrace:
[INFO] [stdout]    0:     0x55a75620835c - std::backtrace_rs::backtrace::libunwind::trace::ha637c64ce894333a
[INFO] [stdout]                                at /rustc/82e1608dfa6e0b5569232559e3d385fea5a93112/library/std/src/../../backtrace/src/backtrace/libunwind.rs:104:5
[INFO] [stdout]    1:     0x55a75620835c - std::backtrace_rs::backtrace::trace_unsynchronized::h47f62dea28e0c88d
[INFO] [stdout]                                at /rustc/82e1608dfa6e0b5569232559e3d385fea5a93112/library/std/src/../../backtrace/src/backtrace/mod.rs:66:5
[INFO] [stdout]    2:     0x55a75620835c - std::sys_common::backtrace::_print_fmt::h9eef0abe20ede486
[INFO] [stdout]                                at /rustc/82e1608dfa6e0b5569232559e3d385fea5a93112/library/std/src/sys_common/backtrace.rs:67:5
[INFO] [stdout]    3:     0x55a75620835c - <std::sys_common::backtrace::_print::DisplayBacktrace as core::fmt::Display>::fmt::hed7f999df88cc644
[INFO] [stdout]                                at /rustc/82e1608dfa6e0b5569232559e3d385fea5a93112/library/std/src/sys_common/backtrace.rs:44:22
[INFO] [stdout]    4:     0x55a7562327f0 - core::fmt::rt::Argument::fmt::h1539a9308b8d058d
[INFO] [stdout]                                at /rustc/82e1608dfa6e0b5569232559e3d385fea5a93112/library/core/src/fmt/rt.rs:142:9
[INFO] [stdout]    5:     0x55a7562327f0 - core::fmt::write::h3a39390d8560d9c9
[INFO] [stdout]                                at /rustc/82e1608dfa6e0b5569232559e3d385fea5a93112/library/core/src/fmt/mod.rs:1120:17
[INFO] [stdout]    6:     0x55a756205a9f - std::io::Write::write_fmt::h040b369f3a0f9cbc
[INFO] [stdout]                                at /rustc/82e1608dfa6e0b5569232559e3d385fea5a93112/library/std/src/io/mod.rs:1762:15
[INFO] [stdout]    7:     0x55a756208144 - std::sys_common::backtrace::_print::h894006fb5c6f3d45
[INFO] [stdout]                                at /rustc/82e1608dfa6e0b5569232559e3d385fea5a93112/library/std/src/sys_common/backtrace.rs:47:5
[INFO] [stdout]    8:     0x55a756208144 - std::sys_common::backtrace::print::h23a2d212c6fff936
[INFO] [stdout]                                at /rustc/82e1608dfa6e0b5569232559e3d385fea5a93112/library/std/src/sys_common/backtrace.rs:34:9
[INFO] [stdout]    9:     0x55a756209e07 - std::panicking::default_hook::{{closure}}::h8a1d2ee00185001a
[INFO] [stdout]   10:     0x55a756209af3 - std::panicking::default_hook::h6038f2eba384e475
[INFO] [stdout]                                at /rustc/82e1608dfa6e0b5569232559e3d385fea5a93112/library/std/src/panicking.rs:289:9
[INFO] [stdout]   11:     0x55a756051e77 - <alloc::boxed::Box<F,A> as core::ops::function::Fn<Args>>::call::h0ad024c9bdc6d768
[INFO] [stdout]                                at /rustc/82e1608dfa6e0b5569232559e3d385fea5a93112/library/alloc/src/boxed.rs:2021:9
[INFO] [stdout]   12:     0x55a756051e77 - test::test_main::{{closure}}::h7500b54257359db6
[INFO] [stdout]                                at /rustc/82e1608dfa6e0b5569232559e3d385fea5a93112/library/test/src/lib.rs:138:21
[INFO] [stdout]   13:     0x55a75620a418 - <alloc::boxed::Box<F,A> as core::ops::function::Fn<Args>>::call::h1f8f335eaa9cfaee
[INFO] [stdout]                                at /rustc/82e1608dfa6e0b5569232559e3d385fea5a93112/library/alloc/src/boxed.rs:2021:9
[INFO] [stdout]   14:     0x55a75620a418 - std::panicking::rust_panic_with_hook::h2b5517d590cab22e
[INFO] [stdout]                                at /rustc/82e1608dfa6e0b5569232559e3d385fea5a93112/library/std/src/panicking.rs:783:13
[INFO] [stdout]   15:     0x55a75620a16e - std::panicking::begin_panic_handler::{{closure}}::h233112c06e0ef43e
[INFO] [stdout]                                at /rustc/82e1608dfa6e0b5569232559e3d385fea5a93112/library/std/src/panicking.rs:657:13
[INFO] [stdout]   16:     0x55a756208826 - std::sys_common::backtrace::__rust_end_short_backtrace::h6e893f24d7ebbff8
[INFO] [stdout]                                at /rustc/82e1608dfa6e0b5569232559e3d385fea5a93112/library/std/src/sys_common/backtrace.rs:170:18
[INFO] [stdout]   17:     0x55a756209ed2 - rust_begin_unwind
[INFO] [stdout]                                at /rustc/82e1608dfa6e0b5569232559e3d385fea5a93112/library/std/src/panicking.rs:645:5
[INFO] [stdout]   18:     0x55a755feb335 - core::panicking::panic_fmt::hbf0e066aabfa482c
[INFO] [stdout]                                at /rustc/82e1608dfa6e0b5569232559e3d385fea5a93112/library/core/src/panicking.rs:72:14
[INFO] [stdout]   19:     0x55a755feb903 - core::result::unwrap_failed::hddb4fea594200c52
[INFO] [stdout]                                at /rustc/82e1608dfa6e0b5569232559e3d385fea5a93112/library/core/src/result.rs:1653:5
[INFO] [stdout]   20:     0x55a7560128fb - core::result::Result<T,E>::unwrap::h3c8c43387d51399c
[INFO] [stdout]                                at /rustc/82e1608dfa6e0b5569232559e3d385fea5a93112/library/core/src/result.rs:1077:23
[INFO] [stdout]   21:     0x55a75600b033 - taskmaster::utils::pgms::open_file_mode_append_as_stdio::h1402bbff755b8de7
[INFO] [stdout]                                at /opt/rustwide/workdir/src/utils/pgms.rs:60:15
[INFO] [stdout]   22:     0x55a75600c35a - taskmaster::utils::pgms::tests::test_setup_pgm::hbca6685e3c8fa683
[INFO] [stdout]                                at /opt/rustwide/workdir/src/utils/pgms.rs:158:17
[INFO] [stdout]   23:     0x55a75600ba27 - taskmaster::utils::pgms::tests::test_setup_pgm::{{closure}}::h715ab13e14c42746
[INFO] [stdout]                                at /opt/rustwide/workdir/src/utils/pgms.rs:130:24
[INFO] [stdout]   24:     0x55a75600d4f6 - core::ops::function::FnOnce::call_once::hd9ba6b371eb858af
[INFO] [stdout]                                at /rustc/82e1608dfa6e0b5569232559e3d385fea5a93112/library/core/src/ops/function.rs:250:5
[INFO] [stdout]   25:     0x55a7560574cf - core::ops::function::FnOnce::call_once::h2b5d431d5046312d
[INFO] [stdout]                                at /rustc/82e1608dfa6e0b5569232559e3d385fea5a93112/library/core/src/ops/function.rs:250:5
[INFO] [stdout]   26:     0x55a7560574cf - test::__rust_begin_short_backtrace::h7714669af176e207
[INFO] [stdout]                                at /rustc/82e1608dfa6e0b5569232559e3d385fea5a93112/library/test/src/lib.rs:628:18
[INFO] [stdout]   27:     0x55a7560564e5 - test::run_test_in_process::{{closure}}::h85218797dcbcec12
[INFO] [stdout]                                at /rustc/82e1608dfa6e0b5569232559e3d385fea5a93112/library/test/src/lib.rs:651:60
[INFO] [stdout]   28:     0x55a7560564e5 - <core::panic::unwind_safe::AssertUnwindSafe<F> as core::ops::function::FnOnce<()>>::call_once::h76c106ea31c14d7b
[INFO] [stdout]                                at /rustc/82e1608dfa6e0b5569232559e3d385fea5a93112/library/core/src/panic/unwind_safe.rs:272:9
[INFO] [stdout]   29:     0x55a7560564e5 - std::panicking::try::do_call::h3bd5d0f6620ee946
[INFO] [stdout]                                at /rustc/82e1608dfa6e0b5569232559e3d385fea5a93112/library/std/src/panicking.rs:552:40
[INFO] [stdout]   30:     0x55a7560564e5 - std::panicking::try::h232e535e4744fe31
[INFO] [stdout]                                at /rustc/82e1608dfa6e0b5569232559e3d385fea5a93112/library/std/src/panicking.rs:516:19
[INFO] [stdout]   31:     0x55a7560564e5 - std::panic::catch_unwind::h3ce3bd6ca8dbac68
[INFO] [stdout]                                at /rustc/82e1608dfa6e0b5569232559e3d385fea5a93112/library/std/src/panic.rs:142:14
[INFO] [stdout]   32:     0x55a7560564e5 - test::run_test_in_process::hc97b257c9621286a
[INFO] [stdout]                                at /rustc/82e1608dfa6e0b5569232559e3d385fea5a93112/library/test/src/lib.rs:651:27
[INFO] [stdout]   33:     0x55a7560564e5 - test::run_test::{{closure}}::h2aa798823a438d38
[INFO] [stdout]                                at /rustc/82e1608dfa6e0b5569232559e3d385fea5a93112/library/test/src/lib.rs:574:43
[INFO] [stdout]   34:     0x55a75601e7a6 - test::run_test::{{closure}}::h87d231c78fb59832
[INFO] [stdout]                                at /rustc/82e1608dfa6e0b5569232559e3d385fea5a93112/library/test/src/lib.rs:602:41
[INFO] [stdout]   35:     0x55a75601e7a6 - std::sys_common::backtrace::__rust_begin_short_backtrace::he6df152596625789
[INFO] [stdout]                                at /rustc/82e1608dfa6e0b5569232559e3d385fea5a93112/library/std/src/sys_common/backtrace.rs:154:18
[INFO] [stdout]   36:     0x55a756023857 - std::thread::Builder::spawn_unchecked_::{{closure}}::{{closure}}::ha94be15d1e0acf36
[INFO] [stdout]                                at /rustc/82e1608dfa6e0b5569232559e3d385fea5a93112/library/std/src/thread/mod.rs:529:17
[INFO] [stdout]   37:     0x55a756023857 - <core::panic::unwind_safe::AssertUnwindSafe<F> as core::ops::function::FnOnce<()>>::call_once::h9dc6bd6372f16606
[INFO] [stdout]                                at /rustc/82e1608dfa6e0b5569232559e3d385fea5a93112/library/core/src/panic/unwind_safe.rs:272:9
[INFO] [stdout]   38:     0x55a756023857 - std::panicking::try::do_call::h9057517f80303cd4
[INFO] [stdout]                                at /rustc/82e1608dfa6e0b5569232559e3d385fea5a93112/library/std/src/panicking.rs:552:40
[INFO] [stdout]   39:     0x55a756023857 - std::panicking::try::he3a30b11ee45340c
[INFO] [stdout]                                at /rustc/82e1608dfa6e0b5569232559e3d385fea5a93112/library/std/src/panicking.rs:516:19
[INFO] [stdout]   40:     0x55a756023857 - std::panic::catch_unwind::h410458cfd3528b8b
[INFO] [stdout]                                at /rustc/82e1608dfa6e0b5569232559e3d385fea5a93112/library/std/src/panic.rs:142:14
[INFO] [stdout]   41:     0x55a756023857 - std::thread::Builder::spawn_unchecked_::{{closure}}::h72ac3bdb567b737b
[INFO] [stdout]                                at /rustc/82e1608dfa6e0b5569232559e3d385fea5a93112/library/std/src/thread/mod.rs:528:30
[INFO] [stdout]   42:     0x55a756023857 - core::ops::function::FnOnce::call_once{{vtable.shim}}::h38f34da3654a8344
[INFO] [stdout]                                at /rustc/82e1608dfa6e0b5569232559e3d385fea5a93112/library/core/src/ops/function.rs:250:5
[INFO] [stdout]   43:     0x55a75620f0f5 - <alloc::boxed::Box<F,A> as core::ops::function::FnOnce<Args>>::call_once::hc7eafaff61e32df9
[INFO] [stdout]                                at /rustc/82e1608dfa6e0b5569232559e3d385fea5a93112/library/alloc/src/boxed.rs:2007:9
[INFO] [stdout]   44:     0x55a75620f0f5 - <alloc::boxed::Box<F,A> as core::ops::function::FnOnce<Args>>::call_once::h6ba4a5de48dd2304
[INFO] [stdout]                                at /rustc/82e1608dfa6e0b5569232559e3d385fea5a93112/library/alloc/src/boxed.rs:2007:9
[INFO] [stdout]   45:     0x55a75620f0f5 - std::sys::unix::thread::Thread::new::thread_start::he469335aef763e45
[INFO] [stdout]                                at /rustc/82e1608dfa6e0b5569232559e3d385fea5a93112/library/std/src/sys/unix/thread.rs:108:17
[INFO] [stdout]   46:     0x7f1adb512ac3 - <unknown>
[INFO] [stdout]   47:     0x7f1adb5a3bf4 - __clone
[INFO] [stdout]   48:                0x0 - <unknown>
[INFO] [stdout] 
[INFO] [stdout] 
[INFO] [stdout] failures:
[INFO] [stdout]     utils::parser::tests::test_fn__check_file
[INFO] [stdout]     utils::pgms::tests::test_setup_pgm
[INFO] [stdout] 
[INFO] [stdout] test result: FAILED. 2 passed; 2 failed; 0 ignored; 0 measured; 0 filtered out; finished in 0.14s
[INFO] [stdout] 
[INFO] [stderr] error: test failed, to rerun pass `--bin taskmaster`
[INFO] running `Command { std: "docker" "inspect" "fd0f801df582646dc5b83b1ddaaa48b9fcd200dbeda0e99df0199871fb801db5", kill_on_drop: false }`
[INFO] running `Command { std: "docker" "rm" "-f" "fd0f801df582646dc5b83b1ddaaa48b9fcd200dbeda0e99df0199871fb801db5", kill_on_drop: false }`
[INFO] [stdout] fd0f801df582646dc5b83b1ddaaa48b9fcd200dbeda0e99df0199871fb801db5
[INFO] testing tristanponessa/taskmaster__Rust against beta-2023-12-22 for beta-1.76-1
[INFO] running `Command { std: "git" "clone" "/workspace/cache/git-repos/https%3A%2F%2Fgithub.com%2Ftristanponessa%2Ftaskmaster__Rust" "/workspace/builds/worker-5-tc2/source", kill_on_drop: false }`
[INFO] [stderr] Cloning into '/workspace/builds/worker-5-tc2/source'...
[INFO] [stderr] done.
[INFO] validating manifest of git repo https://github.com/tristanponessa/taskmaster__Rust on toolchain beta-2023-12-22
[INFO] running `Command { std: CARGO_HOME="/workspace/cargo-home" RUSTUP_HOME="/workspace/rustup-home" "/workspace/cargo-home/bin/cargo" "+beta-2023-12-22" "metadata" "--manifest-path" "Cargo.toml" "--no-deps", kill_on_drop: false }`
[INFO] started tweaking git repo https://github.com/tristanponessa/taskmaster__Rust
[INFO] finished tweaking git repo https://github.com/tristanponessa/taskmaster__Rust
[INFO] tweaked toml for git repo https://github.com/tristanponessa/taskmaster__Rust written to /workspace/builds/worker-5-tc2/source/Cargo.toml
[INFO] crate git repo https://github.com/tristanponessa/taskmaster__Rust already has a lockfile, it will not be regenerated
[INFO] running `Command { std: CARGO_HOME="/workspace/cargo-home" RUSTUP_HOME="/workspace/rustup-home" "/workspace/cargo-home/bin/cargo" "+beta-2023-12-22" "fetch" "--manifest-path" "Cargo.toml", kill_on_drop: false }`
[INFO] [stderr]     Blocking waiting for file lock on package cache
[INFO] [stderr]     Blocking waiting for file lock on package cache
[INFO] running `Command { std: "docker" "create" "-v" "/var/lib/crater-agent-workspace/builds/worker-5-tc2/target:/opt/rustwide/target:rw,Z" "-v" "/var/lib/crater-agent-workspace/builds/worker-5-tc2/source:/opt/rustwide/workdir:ro,Z" "-v" "/var/lib/crater-agent-workspace/cargo-home:/opt/rustwide/cargo-home:ro,Z" "-v" "/var/lib/crater-agent-workspace/rustup-home:/opt/rustwide/rustup-home:ro,Z" "-e" "SOURCE_DIR=/opt/rustwide/workdir" "-e" "CARGO_TARGET_DIR=/opt/rustwide/target" "-e" "CARGO_HOME=/opt/rustwide/cargo-home" "-e" "RUSTUP_HOME=/opt/rustwide/rustup-home" "-w" "/opt/rustwide/workdir" "-m" "1610612736" "--user" "0:0" "--network" "none" "ghcr.io/rust-lang/crates-build-env/linux@sha256:2788e3201cd34a07e3172128adcd8b3090168a8e3bcc40d7c032b9dda1df7d1c" "/opt/rustwide/cargo-home/bin/cargo" "+beta-2023-12-22" "metadata" "--no-deps" "--format-version=1", kill_on_drop: false }`
[INFO] [stdout] 93a0aad80ebb7dd519ec59d915d873750dee1390149c39e5a5851564fcc832fd
[INFO] running `Command { std: "docker" "start" "-a" "93a0aad80ebb7dd519ec59d915d873750dee1390149c39e5a5851564fcc832fd", kill_on_drop: false }`
[INFO] running `Command { std: "docker" "inspect" "93a0aad80ebb7dd519ec59d915d873750dee1390149c39e5a5851564fcc832fd", kill_on_drop: false }`
[INFO] running `Command { std: "docker" "rm" "-f" "93a0aad80ebb7dd519ec59d915d873750dee1390149c39e5a5851564fcc832fd", kill_on_drop: false }`
[INFO] [stdout] 93a0aad80ebb7dd519ec59d915d873750dee1390149c39e5a5851564fcc832fd
[INFO] running `Command { std: "docker" "create" "-v" "/var/lib/crater-agent-workspace/builds/worker-5-tc2/target:/opt/rustwide/target:rw,Z" "-v" "/var/lib/crater-agent-workspace/builds/worker-5-tc2/source:/opt/rustwide/workdir:ro,Z" "-v" "/var/lib/crater-agent-workspace/cargo-home:/opt/rustwide/cargo-home:ro,Z" "-v" "/var/lib/crater-agent-workspace/rustup-home:/opt/rustwide/rustup-home:ro,Z" "-e" "SOURCE_DIR=/opt/rustwide/workdir" "-e" "CARGO_TARGET_DIR=/opt/rustwide/target" "-e" "CARGO_INCREMENTAL=0" "-e" "RUST_BACKTRACE=full" "-e" "RUSTFLAGS=--cap-lints=warn" "-e" "RUSTDOCFLAGS=--cap-lints=warn" "-e" "CARGO_HOME=/opt/rustwide/cargo-home" "-e" "RUSTUP_HOME=/opt/rustwide/rustup-home" "-w" "/opt/rustwide/workdir" "-m" "1610612736" "--user" "0:0" "--network" "none" "ghcr.io/rust-lang/crates-build-env/linux@sha256:2788e3201cd34a07e3172128adcd8b3090168a8e3bcc40d7c032b9dda1df7d1c" "/opt/rustwide/cargo-home/bin/cargo" "+beta-2023-12-22" "build" "--frozen" "--message-format=json", kill_on_drop: false }`
[INFO] [stdout] 94866435da217d58a8292d78c0f6a429c72bf11dce07e8a341a3426bd50b316d
[INFO] running `Command { std: "docker" "start" "-a" "94866435da217d58a8292d78c0f6a429c72bf11dce07e8a341a3426bd50b316d", kill_on_drop: false }`
[INFO] [stderr]    Compiling memchr v2.5.0
[INFO] [stderr]    Compiling regex-syntax v0.6.27
[INFO] [stderr]    Compiling lazy_static v1.4.0
[INFO] [stderr]    Compiling aho-corasick v0.7.18
[INFO] [stderr]    Compiling regex v1.6.0
[INFO] [stderr]    Compiling shellwords v1.1.0
[INFO] [stderr]    Compiling taskmaster v0.1.0 (/opt/rustwide/workdir)
[INFO] [stdout] warning: unused imports: `env`, `path::Path`, `process::Command`
[INFO] [stdout]  --> src/utils/terminal.rs:1:46
[INFO] [stdout]   |
[INFO] [stdout] 1 | use std::{io::{stdout, stdin, Write, Error}, process::Command, path::Path, env};
[INFO] [stdout]   |                                              ^^^^^^^^^^^^^^^^  ^^^^^^^^^^  ^^^
[INFO] [stdout]   |
[INFO] [stdout]   = note: `#[warn(unused_imports)]` on by default
[INFO] [stdout] 
[INFO] [stdout] 
[INFO] [stdout] warning: type `pgm_State` should have an upper camel case name
[INFO] [stdout]   --> src/utils/pgms.rs:14:8
[INFO] [stdout]    |
[INFO] [stdout] 14 | struct pgm_State {
[INFO] [stdout]    |        ^^^^^^^^^ help: convert the identifier to upper camel case: `PgmState`
[INFO] [stdout]    |
[INFO] [stdout]    = note: `#[warn(non_camel_case_types)]` on by default
[INFO] [stdout] 
[INFO] [stdout] 
[INFO] [stdout] warning: unused variable: `args`
[INFO] [stdout]   --> src/utils/terminal.rs:58:13
[INFO] [stdout]    |
[INFO] [stdout] 58 |         let args = match &parts {
[INFO] [stdout]    |             ^^^^ help: if this is intentional, prefix it with an underscore: `_args`
[INFO] [stdout]    |
[INFO] [stdout]    = note: `#[warn(unused_variables)]` on by default
[INFO] [stdout] 
[INFO] [stdout] 
[INFO] [stdout] warning: struct `Limits` is never constructed
[INFO] [stdout]   --> src/utils/parser.rs:36:8
[INFO] [stdout]    |
[INFO] [stdout] 36 | struct Limits {
[INFO] [stdout]    |        ^^^^^^
[INFO] [stdout]    |
[INFO] [stdout]    = note: `#[warn(dead_code)]` on by default
[INFO] [stdout] 
[INFO] [stdout] 
[INFO] [stdout] warning: function `get_pgrm` is never used
[INFO] [stdout]   --> src/utils/parser.rs:51:8
[INFO] [stdout]    |
[INFO] [stdout] 51 | pub fn get_pgrm<'a>(v:&'a Vec<ConfigParser>, name: &'a str) -> Option<&'a ConfigParser> {
[INFO] [stdout]    |        ^^^^^^^^
[INFO] [stdout] 
[INFO] [stdout] 
[INFO] [stdout] warning: multiple associated functions are never used
[INFO] [stdout]    --> src/utils/parser.rs:99:8
[INFO] [stdout]     |
[INFO] [stdout] 74  | impl ConfigParser {
[INFO] [stdout]     | ----------------- associated functions in this implementation
[INFO] [stdout] ...
[INFO] [stdout] 99  |     fn new_limits() -> Limits {
[INFO] [stdout]     |        ^^^^^^^^^^
[INFO] [stdout] ...
[INFO] [stdout] 129 |     fn get_regex(which: &str) -> &str {
[INFO] [stdout]     |        ^^^^^^^^^
[INFO] [stdout] ...
[INFO] [stdout] 152 |     fn is_regex(reg : &str , s : &String) -> bool {
[INFO] [stdout]     |        ^^^^^^^^
[INFO] [stdout] ...
[INFO] [stdout] 157 |     fn explode(s : &String , token : String) -> (String, String)  {
[INFO] [stdout]     |        ^^^^^^^
[INFO] [stdout] ...
[INFO] [stdout] 173 |     fn hashmap_to_ConfigParser(m : &HashMap<String, String>) -> ConfigParser {
[INFO] [stdout]     |        ^^^^^^^^^^^^^^^^^^^^^^^
[INFO] [stdout] ...
[INFO] [stdout] 206 |     fn check_file(file_name : &String) -> Result<File, ErrMsg> {
[INFO] [stdout]     |        ^^^^^^^^^^
[INFO] [stdout] ...
[INFO] [stdout] 246 |     fn read_file(file_name : &String) -> Result<Vec<String>, ErrMsg> {
[INFO] [stdout]     |        ^^^^^^^^^
[INFO] [stdout] ...
[INFO] [stdout] 273 |     pub fn main_parser(lines : Vec<String>) -> Result<Vec<ConfigParser>, ErrMsg> {
[INFO] [stdout]     |            ^^^^^^^^^^^
[INFO] [stdout] ...
[INFO] [stdout] 306 |     fn parse_file (lines : Vec<String>) -> Result<ConfigParser, ErrMsg> {
[INFO] [stdout]     |        ^^^^^^^^^^
[INFO] [stdout] 
[INFO] [stdout] 
[INFO] [stdout] warning: struct `FileErrMsgs` is never constructed
[INFO] [stdout]    --> src/utils/parser.rs:459:8
[INFO] [stdout]     |
[INFO] [stdout] 459 | struct FileErrMsgs {
[INFO] [stdout]     |        ^^^^^^^^^^^
[INFO] [stdout] 
[INFO] [stdout] 
[INFO] [stdout] warning: fields `name` and `msg` are never read
[INFO] [stdout]    --> src/utils/parser.rs:487:5
[INFO] [stdout]     |
[INFO] [stdout] 486 | pub struct ErrMsg {
[INFO] [stdout]     |            ------ fields in this struct
[INFO] [stdout] 487 |     name : String, 
[INFO] [stdout]     |     ^^^^
[INFO] [stdout] 488 |     msg : String,
[INFO] [stdout]     |     ^^^
[INFO] [stdout]     |
[INFO] [stdout]     = note: `ErrMsg` has a derived impl for the trait `Debug`, but this is intentionally ignored during dead code analysis
[INFO] [stdout] 
[INFO] [stdout] 
[INFO] [stdout] warning: associated functions `new_default` and `get` are never used
[INFO] [stdout]    --> src/utils/parser.rs:493:8
[INFO] [stdout]     |
[INFO] [stdout] 491 | impl FileErrMsgs {
[INFO] [stdout]     | ---------------- associated functions in this implementation
[INFO] [stdout] 492 |
[INFO] [stdout] 493 |     fn new_default() -> Self {
[INFO] [stdout]     |        ^^^^^^^^^^^
[INFO] [stdout] ...
[INFO] [stdout] 507 |     fn get(field : &str) -> String {
[INFO] [stdout]     |        ^^^
[INFO] [stdout] 
[INFO] [stdout] 
[INFO] [stdout] warning: struct `ParserErrsMsgs` is never constructed
[INFO] [stdout]    --> src/utils/parser.rs:528:8
[INFO] [stdout]     |
[INFO] [stdout] 528 | struct ParserErrsMsgs;
[INFO] [stdout]     |        ^^^^^^^^^^^^^^
[INFO] [stdout] 
[INFO] [stdout] 
[INFO] [stdout] warning: associated functions `new` and `get` are never used
[INFO] [stdout]    --> src/utils/parser.rs:531:8
[INFO] [stdout]     |
[INFO] [stdout] 529 | impl ParserErrsMsgs {
[INFO] [stdout]     | ------------------- associated functions in this implementation
[INFO] [stdout] 530 |
[INFO] [stdout] 531 |     fn new(which : &str, msg : &str) -> ErrMsg {
[INFO] [stdout]     |        ^^^
[INFO] [stdout] ...
[INFO] [stdout] 535 |     fn get(field : &str, msg : String) -> String {
[INFO] [stdout]     |        ^^^
[INFO] [stdout] 
[INFO] [stdout] 
[INFO] [stdout] warning: static `CONFIG_PARSER_VEC` is never used
[INFO] [stdout]  --> src/utils/pgms.rs:8:12
[INFO] [stdout]   |
[INFO] [stdout] 8 | static mut CONFIG_PARSER_VEC : Vec<ConfigParser> = vec![];
[INFO] [stdout]   |            ^^^^^^^^^^^^^^^^^
[INFO] [stdout] 
[INFO] [stdout] 
[INFO] [stdout] warning: static `PGM_STATES` is never used
[INFO] [stdout]   --> src/utils/pgms.rs:10:12
[INFO] [stdout]    |
[INFO] [stdout] 10 | static mut PGM_STATES : Vec<pgm_State> = vec![];
[INFO] [stdout]    |            ^^^^^^^^^^
[INFO] [stdout] 
[INFO] [stdout] 
[INFO] [stdout] warning: multiple fields are never read
[INFO] [stdout]   --> src/utils/pgms.rs:15:5
[INFO] [stdout]    |
[INFO] [stdout] 14 | struct pgm_State {
[INFO] [stdout]    |        --------- fields in this struct
[INFO] [stdout] 15 |     obj: Option<Command>,
[INFO] [stdout]    |     ^^^
[INFO] [stdout] 16 |     handler: Option<Result<Child,Error>>,
[INFO] [stdout]    |     ^^^^^^^
[INFO] [stdout] 17 |     name : Option<String>,
[INFO] [stdout]    |     ^^^^
[INFO] [stdout] 18 |     id: Option<usize>,
[INFO] [stdout]    |     ^^
[INFO] [stdout] 19 |     final_exit_code: Option<usize>,
[INFO] [stdout]    |     ^^^^^^^^^^^^^^^
[INFO] [stdout] 20 |     nb_restarted : Option<usize>,
[INFO] [stdout]    |     ^^^^^^^^^^^^
[INFO] [stdout] 21 |     time_elapsed: Option<String>,
[INFO] [stdout]    |     ^^^^^^^^^^^^
[INFO] [stdout]    |
[INFO] [stdout]    = note: `pgm_State` has a derived impl for the trait `Debug`, but this is intentionally ignored during dead code analysis
[INFO] [stdout] 
[INFO] [stdout] 
[INFO] [stdout] warning: associated function `new` is never used
[INFO] [stdout]   --> src/utils/pgms.rs:24:8
[INFO] [stdout]    |
[INFO] [stdout] 23 | impl pgm_State {
[INFO] [stdout]    | -------------- associated function in this implementation
[INFO] [stdout] 24 |     fn new() -> pgm_State {
[INFO] [stdout]    |        ^^^
[INFO] [stdout] 
[INFO] [stdout] 
[INFO] [stdout] warning: function `pgm_main` is never used
[INFO] [stdout]   --> src/utils/pgms.rs:53:8
[INFO] [stdout]    |
[INFO] [stdout] 53 | pub fn pgm_main() {
[INFO] [stdout]    |        ^^^^^^^^
[INFO] [stdout] 
[INFO] [stdout] 
[INFO] [stdout] warning: function `open_file_mode_append_as_stdio` is never used
[INFO] [stdout]   --> src/utils/pgms.rs:58:4
[INFO] [stdout]    |
[INFO] [stdout] 58 | fn open_file_mode_append_as_stdio(path: &str) -> Stdio {
[INFO] [stdout]    |    ^^^^^^^^^^^^^^^^^^^^^^^^^^^^^^
[INFO] [stdout] 
[INFO] [stdout] 
[INFO] [stdout] warning: function `setup_pgm` is never used
[INFO] [stdout]   --> src/utils/pgms.rs:75:4
[INFO] [stdout]    |
[INFO] [stdout] 75 | fn setup_pgm(cp: &ConfigParser) -> pgm_State {
[INFO] [stdout]    |    ^^^^^^^^^
[INFO] [stdout] 
[INFO] [stdout] 
[INFO] [stdout] warning: unused `Result` that must be used
[INFO] [stdout]  --> src/main.rs:6:5
[INFO] [stdout]   |
[INFO] [stdout] 6 |     run_terminal();
[INFO] [stdout]   |     ^^^^^^^^^^^^^^
[INFO] [stdout]   |
[INFO] [stdout]   = note: this `Result` may be an `Err` variant, which should be handled
[INFO] [stdout]   = note: `#[warn(unused_must_use)]` on by default
[INFO] [stdout] help: use `let _ = ...` to ignore the resulting value
[INFO] [stdout]   |
[INFO] [stdout] 6 |     let _ = run_terminal();
[INFO] [stdout]   |     +++++++
[INFO] [stdout] 
[INFO] [stdout] 
[INFO] [stdout] warning: method `hashmap_to_ConfigParser` should have a snake case name
[INFO] [stdout]    --> src/utils/parser.rs:173:8
[INFO] [stdout]     |
[INFO] [stdout] 173 |     fn hashmap_to_ConfigParser(m : &HashMap<String, String>) -> ConfigParser {
[INFO] [stdout]     |        ^^^^^^^^^^^^^^^^^^^^^^^ help: convert the identifier to snake case: `hashmap_to_config_parser`
[INFO] [stdout]     |
[INFO] [stdout]     = note: `#[warn(non_snake_case)]` on by default
[INFO] [stdout] 
[INFO] [stdout] 
[INFO] [stdout] warning: variable `FileErrMsgs` should have a snake case name
[INFO] [stdout]    --> src/utils/parser.rs:209:13
[INFO] [stdout]     |
[INFO] [stdout] 209 |         let FileErrMsgs = FileErrMsgs::new_default();
[INFO] [stdout]     |             ^^^^^^^^^^^ help: convert the identifier to snake case: `file_err_msgs`
[INFO] [stdout] 
[INFO] [stdout] 
[INFO] [stdout] warning: variable `FileErrMsgs` should have a snake case name
[INFO] [stdout]    --> src/utils/parser.rs:248:13
[INFO] [stdout]     |
[INFO] [stdout] 248 |         let FileErrMsgs = FileErrMsgs::new_default();
[INFO] [stdout]     |             ^^^^^^^^^^^ help: convert the identifier to snake case: `file_err_msgs`
[INFO] [stdout] 
[INFO] [stdout] 
[INFO] [stdout] warning: variable `FileErrMsgs` should have a snake case name
[INFO] [stdout]    --> src/utils/parser.rs:321:17
[INFO] [stdout]     |
[INFO] [stdout] 321 |             let FileErrMsgs = FileErrMsgs::new_default();
[INFO] [stdout]     |                 ^^^^^^^^^^^ help: convert the identifier to snake case: `file_err_msgs`
[INFO] [stdout] 
[INFO] [stdout] 
[INFO] [stdout] warning: variable `FileErrMsgs` should have a snake case name
[INFO] [stdout]    --> src/utils/parser.rs:508:13
[INFO] [stdout]     |
[INFO] [stdout] 508 |         let FileErrMsgs = Self::new_default();
[INFO] [stdout]     |             ^^^^^^^^^^^ help: convert the identifier to snake case: `file_err_msgs`
[INFO] [stdout] 
[INFO] [stdout] 
[INFO] [stdout] warning: 24 warnings emitted
[INFO] [stdout] 
[INFO] [stdout] 
[INFO] [stderr]     Finished dev [unoptimized + debuginfo] target(s) in 3.23s
[INFO] running `Command { std: "docker" "inspect" "94866435da217d58a8292d78c0f6a429c72bf11dce07e8a341a3426bd50b316d", kill_on_drop: false }`
[INFO] running `Command { std: "docker" "rm" "-f" "94866435da217d58a8292d78c0f6a429c72bf11dce07e8a341a3426bd50b316d", kill_on_drop: false }`
[INFO] [stdout] 94866435da217d58a8292d78c0f6a429c72bf11dce07e8a341a3426bd50b316d
[INFO] running `Command { std: "docker" "create" "-v" "/var/lib/crater-agent-workspace/builds/worker-5-tc2/target:/opt/rustwide/target:rw,Z" "-v" "/var/lib/crater-agent-workspace/builds/worker-5-tc2/source:/opt/rustwide/workdir:ro,Z" "-v" "/var/lib/crater-agent-workspace/cargo-home:/opt/rustwide/cargo-home:ro,Z" "-v" "/var/lib/crater-agent-workspace/rustup-home:/opt/rustwide/rustup-home:ro,Z" "-e" "SOURCE_DIR=/opt/rustwide/workdir" "-e" "CARGO_TARGET_DIR=/opt/rustwide/target" "-e" "CARGO_INCREMENTAL=0" "-e" "RUST_BACKTRACE=full" "-e" "RUSTFLAGS=--cap-lints=warn" "-e" "RUSTDOCFLAGS=--cap-lints=warn" "-e" "CARGO_HOME=/opt/rustwide/cargo-home" "-e" "RUSTUP_HOME=/opt/rustwide/rustup-home" "-w" "/opt/rustwide/workdir" "-m" "1610612736" "--user" "0:0" "--network" "none" "ghcr.io/rust-lang/crates-build-env/linux@sha256:2788e3201cd34a07e3172128adcd8b3090168a8e3bcc40d7c032b9dda1df7d1c" "/opt/rustwide/cargo-home/bin/cargo" "+beta-2023-12-22" "test" "--frozen" "--no-run" "--message-format=json", kill_on_drop: false }`
[INFO] [stdout] 8223c65b8fb432748dd2e861380e6f682bf6cbea7a2ebf6b62328a3524da68d0
[INFO] running `Command { std: "docker" "start" "-a" "8223c65b8fb432748dd2e861380e6f682bf6cbea7a2ebf6b62328a3524da68d0", kill_on_drop: false }`
[INFO] [stderr]    Compiling taskmaster v0.1.0 (/opt/rustwide/workdir)
[INFO] [stdout] warning: unused import: `std::hash::Hash`
[INFO] [stdout]    --> src/utils/parser.rs:562:9
[INFO] [stdout]     |
[INFO] [stdout] 562 |     use std::hash::Hash;
[INFO] [stdout]     |         ^^^^^^^^^^^^^^^
[INFO] [stdout]     |
[INFO] [stdout]     = note: `#[warn(unused_imports)]` on by default
[INFO] [stdout] 
[INFO] [stdout] 
[INFO] [stdout] warning: unused imports: `env`, `path::Path`, `process::Command`
[INFO] [stdout]  --> src/utils/terminal.rs:1:46
[INFO] [stdout]   |
[INFO] [stdout] 1 | use std::{io::{stdout, stdin, Write, Error}, process::Command, path::Path, env};
[INFO] [stdout]   |                                              ^^^^^^^^^^^^^^^^  ^^^^^^^^^^  ^^^
[INFO] [stdout] 
[INFO] [stdout] 
[INFO] [stdout] warning: type `pgm_State` should have an upper camel case name
[INFO] [stdout]   --> src/utils/pgms.rs:14:8
[INFO] [stdout]    |
[INFO] [stdout] 14 | struct pgm_State {
[INFO] [stdout]    |        ^^^^^^^^^ help: convert the identifier to upper camel case: `PgmState`
[INFO] [stdout]    |
[INFO] [stdout]    = note: `#[warn(non_camel_case_types)]` on by default
[INFO] [stdout] 
[INFO] [stdout] 
[INFO] [stdout] warning: unused variable: `r`
[INFO] [stdout]    --> src/utils/parser.rs:695:20
[INFO] [stdout]     |
[INFO] [stdout] 695 |                 Ok(r) => (),  //will never happen
[INFO] [stdout]     |                    ^ help: if this is intentional, prefix it with an underscore: `_r`
[INFO] [stdout]     |
[INFO] [stdout]     = note: `#[warn(unused_variables)]` on by default
[INFO] [stdout] 
[INFO] [stdout] 
[INFO] [stdout] warning: unused variable: `r`
[INFO] [stdout]    --> src/utils/parser.rs:762:16
[INFO] [stdout]     |
[INFO] [stdout] 762 |             Ok(r) => (),
[INFO] [stdout]     |                ^ help: if this is intentional, prefix it with an underscore: `_r`
[INFO] [stdout] 
[INFO] [stdout] 
[INFO] [stdout] warning: unused variable: `r`
[INFO] [stdout]    --> src/utils/parser.rs:771:16
[INFO] [stdout]     |
[INFO] [stdout] 771 |             Ok(r) => (),
[INFO] [stdout]     |                ^ help: if this is intentional, prefix it with an underscore: `_r`
[INFO] [stdout] 
[INFO] [stdout] 
[INFO] [stdout] warning: unused variable: `r`
[INFO] [stdout]    --> src/utils/parser.rs:855:16
[INFO] [stdout]     |
[INFO] [stdout] 855 |             Ok(r) => (),
[INFO] [stdout]     |                ^ help: if this is intentional, prefix it with an underscore: `_r`
[INFO] [stdout] 
[INFO] [stdout] 
[INFO] [stdout] warning: unused variable: `r`
[INFO] [stdout]    --> src/utils/parser.rs:867:16
[INFO] [stdout]     |
[INFO] [stdout] 867 |             Ok(r) => assert!(false, "suppose to fail with same prgm name"),
[INFO] [stdout]     |                ^ help: if this is intentional, prefix it with an underscore: `_r`
[INFO] [stdout] 
[INFO] [stdout] 
[INFO] [stdout] warning: unused variable: `args`
[INFO] [stdout]   --> src/utils/terminal.rs:58:13
[INFO] [stdout]    |
[INFO] [stdout] 58 |         let args = match &parts {
[INFO] [stdout]    |             ^^^^ help: if this is intentional, prefix it with an underscore: `_args`
[INFO] [stdout] 
[INFO] [stdout] 
[INFO] [stdout] warning: function `get_pgrm` is never used
[INFO] [stdout]   --> src/utils/parser.rs:51:8
[INFO] [stdout]    |
[INFO] [stdout] 51 | pub fn get_pgrm<'a>(v:&'a Vec<ConfigParser>, name: &'a str) -> Option<&'a ConfigParser> {
[INFO] [stdout]    |        ^^^^^^^^
[INFO] [stdout]    |
[INFO] [stdout]    = note: `#[warn(dead_code)]` on by default
[INFO] [stdout] 
[INFO] [stdout] 
[INFO] [stdout] warning: static `CONFIG_PARSER_VEC` is never used
[INFO] [stdout]  --> src/utils/pgms.rs:8:12
[INFO] [stdout]   |
[INFO] [stdout] 8 | static mut CONFIG_PARSER_VEC : Vec<ConfigParser> = vec![];
[INFO] [stdout]   |            ^^^^^^^^^^^^^^^^^
[INFO] [stdout] 
[INFO] [stdout] 
[INFO] [stdout] warning: static `PGM_STATES` is never used
[INFO] [stdout]   --> src/utils/pgms.rs:10:12
[INFO] [stdout]    |
[INFO] [stdout] 10 | static mut PGM_STATES : Vec<pgm_State> = vec![];
[INFO] [stdout]    |            ^^^^^^^^^^
[INFO] [stdout] 
[INFO] [stdout] 
[INFO] [stdout] warning: fields `handler`, `id`, `final_exit_code`, `nb_restarted`, and `time_elapsed` are never read
[INFO] [stdout]   --> src/utils/pgms.rs:16:5
[INFO] [stdout]    |
[INFO] [stdout] 14 | struct pgm_State {
[INFO] [stdout]    |        --------- fields in this struct
[INFO] [stdout] 15 |     obj: Option<Command>,
[INFO] [stdout] 16 |     handler: Option<Result<Child,Error>>,
[INFO] [stdout]    |     ^^^^^^^
[INFO] [stdout] 17 |     name : Option<String>,
[INFO] [stdout] 18 |     id: Option<usize>,
[INFO] [stdout]    |     ^^
[INFO] [stdout] 19 |     final_exit_code: Option<usize>,
[INFO] [stdout]    |     ^^^^^^^^^^^^^^^
[INFO] [stdout] 20 |     nb_restarted : Option<usize>,
[INFO] [stdout]    |     ^^^^^^^^^^^^
[INFO] [stdout] 21 |     time_elapsed: Option<String>,
[INFO] [stdout]    |     ^^^^^^^^^^^^
[INFO] [stdout]    |
[INFO] [stdout]    = note: `pgm_State` has a derived impl for the trait `Debug`, but this is intentionally ignored during dead code analysis
[INFO] [stdout] 
[INFO] [stdout] 
[INFO] [stdout] warning: function `pgm_main` is never used
[INFO] [stdout]   --> src/utils/pgms.rs:53:8
[INFO] [stdout]    |
[INFO] [stdout] 53 | pub fn pgm_main() {
[INFO] [stdout]    |        ^^^^^^^^
[INFO] [stdout] 
[INFO] [stdout] 
[INFO] [stdout] warning: unused `Result` that must be used
[INFO] [stdout]  --> src/main.rs:6:5
[INFO] [stdout]   |
[INFO] [stdout] 6 |     run_terminal();
[INFO] [stdout]   |     ^^^^^^^^^^^^^^
[INFO] [stdout]   |
[INFO] [stdout]   = note: this `Result` may be an `Err` variant, which should be handled
[INFO] [stdout]   = note: `#[warn(unused_must_use)]` on by default
[INFO] [stdout] help: use `let _ = ...` to ignore the resulting value
[INFO] [stdout]   |
[INFO] [stdout] 6 |     let _ = run_terminal();
[INFO] [stdout]   |     +++++++
[INFO] [stdout] 
[INFO] [stdout] 
[INFO] [stdout] warning: method `hashmap_to_ConfigParser` should have a snake case name
[INFO] [stdout]    --> src/utils/parser.rs:173:8
[INFO] [stdout]     |
[INFO] [stdout] 173 |     fn hashmap_to_ConfigParser(m : &HashMap<String, String>) -> ConfigParser {
[INFO] [stdout]     |        ^^^^^^^^^^^^^^^^^^^^^^^ help: convert the identifier to snake case: `hashmap_to_config_parser`
[INFO] [stdout]     |
[INFO] [stdout]     = note: `#[warn(non_snake_case)]` on by default
[INFO] [stdout] 
[INFO] [stdout] 
[INFO] [stdout] warning: variable `FileErrMsgs` should have a snake case name
[INFO] [stdout]    --> src/utils/parser.rs:209:13
[INFO] [stdout]     |
[INFO] [stdout] 209 |         let FileErrMsgs = FileErrMsgs::new_default();
[INFO] [stdout]     |             ^^^^^^^^^^^ help: convert the identifier to snake case: `file_err_msgs`
[INFO] [stdout] 
[INFO] [stdout] 
[INFO] [stdout] warning: variable `FileErrMsgs` should have a snake case name
[INFO] [stdout]    --> src/utils/parser.rs:248:13
[INFO] [stdout]     |
[INFO] [stdout] 248 |         let FileErrMsgs = FileErrMsgs::new_default();
[INFO] [stdout]     |             ^^^^^^^^^^^ help: convert the identifier to snake case: `file_err_msgs`
[INFO] [stdout] 
[INFO] [stdout] 
[INFO] [stdout] warning: variable `FileErrMsgs` should have a snake case name
[INFO] [stdout]    --> src/utils/parser.rs:321:17
[INFO] [stdout]     |
[INFO] [stdout] 321 |             let FileErrMsgs = FileErrMsgs::new_default();
[INFO] [stdout]     |                 ^^^^^^^^^^^ help: convert the identifier to snake case: `file_err_msgs`
[INFO] [stdout] 
[INFO] [stdout] 
[INFO] [stdout] warning: variable `FileErrMsgs` should have a snake case name
[INFO] [stdout]    --> src/utils/parser.rs:508:13
[INFO] [stdout]     |
[INFO] [stdout] 508 |         let FileErrMsgs = Self::new_default();
[INFO] [stdout]     |             ^^^^^^^^^^^ help: convert the identifier to snake case: `file_err_msgs`
[INFO] [stdout] 
[INFO] [stdout] 
[INFO] [stdout] warning: function `test_fn__check_file` should have a snake case name
[INFO] [stdout]    --> src/utils/parser.rs:625:8
[INFO] [stdout]     |
[INFO] [stdout] 625 |     fn test_fn__check_file() {
[INFO] [stdout]     |        ^^^^^^^^^^^^^^^^^^^ help: convert the identifier to snake case: `test_fn_check_file`
[INFO] [stdout] 
[INFO] [stdout] 
[INFO] [stdout] warning: function `test_fn__read_file` should have a snake case name
[INFO] [stdout]    --> src/utils/parser.rs:656:8
[INFO] [stdout]     |
[INFO] [stdout] 656 |     fn test_fn__read_file() {
[INFO] [stdout]     |        ^^^^^^^^^^^^^^^^^^ help: convert the identifier to snake case: `test_fn_read_file`
[INFO] [stdout] 
[INFO] [stdout] 
[INFO] [stdout] warning: function `test_fn__parse_file` should have a snake case name
[INFO] [stdout]    --> src/utils/parser.rs:702:7
[INFO] [stdout]     |
[INFO] [stdout] 702 |    fn test_fn__parse_file() {
[INFO] [stdout]     |       ^^^^^^^^^^^^^^^^^^^ help: convert the identifier to snake case: `test_fn_parse_file`
[INFO] [stdout] 
[INFO] [stdout] 
[INFO] [stdout] warning: function `assert_eq_pgmState` should have a snake case name
[INFO] [stdout]    --> src/utils/pgms.rs:120:9
[INFO] [stdout]     |
[INFO] [stdout] 120 |     fn  assert_eq_pgmState (pg1 : pgm_State , pg2 : pgm_State) {
[INFO] [stdout]     |         ^^^^^^^^^^^^^^^^^^ help: convert the identifier to snake case: `assert_eq_pgm_state`
[INFO] [stdout] 
[INFO] [stdout] 
[INFO] [stdout] warning: variable `expected_ConfigParser_1` should have a snake case name
[INFO] [stdout]    --> src/utils/pgms.rs:131:13
[INFO] [stdout]     |
[INFO] [stdout] 131 |         let expected_ConfigParser_1 : ConfigParser = ConfigParser {
[INFO] [stdout]     |             ^^^^^^^^^^^^^^^^^^^^^^^ help: convert the identifier to snake case: `expected_config_parser_1`
[INFO] [stdout] 
[INFO] [stdout] 
[INFO] [stdout] warning: variable `expected_pgm_State` should have a snake case name
[INFO] [stdout]    --> src/utils/pgms.rs:161:13
[INFO] [stdout]     |
[INFO] [stdout] 161 |         let expected_pgm_State = pgm_State {
[INFO] [stdout]     |             ^^^^^^^^^^^^^^^^^^ help: convert the identifier to snake case (notice the capitalization): `expected_pgm_state`
[INFO] [stdout] 
[INFO] [stdout] 
[INFO] [stdout] warning: 26 warnings emitted
[INFO] [stdout] 
[INFO] [stdout] 
[INFO] [stderr]     Finished test [unoptimized + debuginfo] target(s) in 1.18s
[INFO] running `Command { std: "docker" "inspect" "8223c65b8fb432748dd2e861380e6f682bf6cbea7a2ebf6b62328a3524da68d0", kill_on_drop: false }`
[INFO] running `Command { std: "docker" "rm" "-f" "8223c65b8fb432748dd2e861380e6f682bf6cbea7a2ebf6b62328a3524da68d0", kill_on_drop: false }`
[INFO] [stdout] 8223c65b8fb432748dd2e861380e6f682bf6cbea7a2ebf6b62328a3524da68d0
[INFO] running `Command { std: "docker" "create" "-v" "/var/lib/crater-agent-workspace/builds/worker-5-tc2/target:/opt/rustwide/target:rw,Z" "-v" "/var/lib/crater-agent-workspace/builds/worker-5-tc2/source:/opt/rustwide/workdir:ro,Z" "-v" "/var/lib/crater-agent-workspace/cargo-home:/opt/rustwide/cargo-home:ro,Z" "-v" "/var/lib/crater-agent-workspace/rustup-home:/opt/rustwide/rustup-home:ro,Z" "-e" "SOURCE_DIR=/opt/rustwide/workdir" "-e" "CARGO_TARGET_DIR=/opt/rustwide/target" "-e" "CARGO_INCREMENTAL=0" "-e" "RUST_BACKTRACE=full" "-e" "RUSTFLAGS=--cap-lints=warn" "-e" "RUSTDOCFLAGS=--cap-lints=warn" "-e" "CARGO_HOME=/opt/rustwide/cargo-home" "-e" "RUSTUP_HOME=/opt/rustwide/rustup-home" "-w" "/opt/rustwide/workdir" "-m" "1610612736" "--user" "0:0" "--network" "none" "ghcr.io/rust-lang/crates-build-env/linux@sha256:2788e3201cd34a07e3172128adcd8b3090168a8e3bcc40d7c032b9dda1df7d1c" "/opt/rustwide/cargo-home/bin/cargo" "+beta-2023-12-22" "test" "--frozen", kill_on_drop: false }`
[INFO] [stdout] 5002d9879255e3c00bc23075c3ac8f06e58c67e588de59af6cdfb57c41d6f5c9
[INFO] running `Command { std: "docker" "start" "-a" "5002d9879255e3c00bc23075c3ac8f06e58c67e588de59af6cdfb57c41d6f5c9", kill_on_drop: false }`
[INFO] [stderr] warning: unused import: `std::hash::Hash`
[INFO] [stderr]    --> src/utils/parser.rs:562:9
[INFO] [stderr]     |
[INFO] [stderr] 562 |     use std::hash::Hash;
[INFO] [stderr]     |         ^^^^^^^^^^^^^^^
[INFO] [stderr]     |
[INFO] [stderr]     = note: `#[warn(unused_imports)]` on by default
[INFO] [stderr] 
[INFO] [stderr] warning: unused imports: `env`, `path::Path`, `process::Command`
[INFO] [stderr]  --> src/utils/terminal.rs:1:46
[INFO] [stderr]   |
[INFO] [stderr] 1 | use std::{io::{stdout, stdin, Write, Error}, process::Command, path::Path, env};
[INFO] [stderr]   |                                              ^^^^^^^^^^^^^^^^  ^^^^^^^^^^  ^^^
[INFO] [stderr] 
[INFO] [stderr] warning: type `pgm_State` should have an upper camel case name
[INFO] [stderr]   --> src/utils/pgms.rs:14:8
[INFO] [stderr]    |
[INFO] [stderr] 14 | struct pgm_State {
[INFO] [stderr]    |        ^^^^^^^^^ help: convert the identifier to upper camel case: `PgmState`
[INFO] [stderr]    |
[INFO] [stderr]    = note: `#[warn(non_camel_case_types)]` on by default
[INFO] [stderr] 
[INFO] [stderr] warning: unused variable: `r`
[INFO] [stderr]    --> src/utils/parser.rs:695:20
[INFO] [stderr]     |
[INFO] [stderr] 695 |                 Ok(r) => (),  //will never happen
[INFO] [stderr]     |                    ^ help: if this is intentional, prefix it with an underscore: `_r`
[INFO] [stderr]     |
[INFO] [stderr]     = note: `#[warn(unused_variables)]` on by default
[INFO] [stderr] 
[INFO] [stderr] warning: unused variable: `r`
[INFO] [stderr]    --> src/utils/parser.rs:762:16
[INFO] [stderr]     |
[INFO] [stderr] 762 |             Ok(r) => (),
[INFO] [stderr]     |                ^ help: if this is intentional, prefix it with an underscore: `_r`
[INFO] [stderr] 
[INFO] [stderr] warning: unused variable: `r`
[INFO] [stderr]    --> src/utils/parser.rs:771:16
[INFO] [stderr]     |
[INFO] [stderr] 771 |             Ok(r) => (),
[INFO] [stderr]     |                ^ help: if this is intentional, prefix it with an underscore: `_r`
[INFO] [stderr] 
[INFO] [stderr] warning: unused variable: `r`
[INFO] [stderr]    --> src/utils/parser.rs:855:16
[INFO] [stderr]     |
[INFO] [stderr] 855 |             Ok(r) => (),
[INFO] [stderr]     |                ^ help: if this is intentional, prefix it with an underscore: `_r`
[INFO] [stderr] 
[INFO] [stderr] warning: unused variable: `r`
[INFO] [stderr]    --> src/utils/parser.rs:867:16
[INFO] [stderr]     |
[INFO] [stderr] 867 |             Ok(r) => assert!(false, "suppose to fail with same prgm name"),
[INFO] [stderr]     |                ^ help: if this is intentional, prefix it with an underscore: `_r`
[INFO] [stderr] 
[INFO] [stderr] warning: unused variable: `args`
[INFO] [stderr]   --> src/utils/terminal.rs:58:13
[INFO] [stderr]    |
[INFO] [stderr] 58 |         let args = match &parts {
[INFO] [stderr]    |             ^^^^ help: if this is intentional, prefix it with an underscore: `_args`
[INFO] [stderr] 
[INFO] [stderr] warning: function `get_pgrm` is never used
[INFO] [stderr]   --> src/utils/parser.rs:51:8
[INFO] [stderr]    |
[INFO] [stderr] 51 | pub fn get_pgrm<'a>(v:&'a Vec<ConfigParser>, name: &'a str) -> Option<&'a ConfigParser> {
[INFO] [stderr]    |        ^^^^^^^^
[INFO] [stderr]    |
[INFO] [stderr]    = note: `#[warn(dead_code)]` on by default
[INFO] [stderr] 
[INFO] [stderr] warning: static `CONFIG_PARSER_VEC` is never used
[INFO] [stderr]  --> src/utils/pgms.rs:8:12
[INFO] [stderr]   |
[INFO] [stderr] 8 | static mut CONFIG_PARSER_VEC : Vec<ConfigParser> = vec![];
[INFO] [stderr]   |            ^^^^^^^^^^^^^^^^^
[INFO] [stderr] 
[INFO] [stderr] warning: static `PGM_STATES` is never used
[INFO] [stderr]   --> src/utils/pgms.rs:10:12
[INFO] [stderr]    |
[INFO] [stderr] 10 | static mut PGM_STATES : Vec<pgm_State> = vec![];
[INFO] [stderr]    |            ^^^^^^^^^^
[INFO] [stderr] 
[INFO] [stderr] warning: fields `handler`, `id`, `final_exit_code`, `nb_restarted`, and `time_elapsed` are never read
[INFO] [stderr]   --> src/utils/pgms.rs:16:5
[INFO] [stderr]    |
[INFO] [stderr] 14 | struct pgm_State {
[INFO] [stderr]    |        --------- fields in this struct
[INFO] [stderr] 15 |     obj: Option<Command>,
[INFO] [stderr] 16 |     handler: Option<Result<Child,Error>>,
[INFO] [stderr]    |     ^^^^^^^
[INFO] [stderr] 17 |     name : Option<String>,
[INFO] [stderr] 18 |     id: Option<usize>,
[INFO] [stderr]    |     ^^
[INFO] [stderr] 19 |     final_exit_code: Option<usize>,
[INFO] [stderr]    |     ^^^^^^^^^^^^^^^
[INFO] [stderr] 20 |     nb_restarted : Option<usize>,
[INFO] [stderr]    |     ^^^^^^^^^^^^
[INFO] [stderr] 21 |     time_elapsed: Option<String>,
[INFO] [stderr]    |     ^^^^^^^^^^^^
[INFO] [stderr]    |
[INFO] [stderr]    = note: `pgm_State` has a derived impl for the trait `Debug`, but this is intentionally ignored during dead code analysis
[INFO] [stderr] 
[INFO] [stderr] warning: function `pgm_main` is never used
[INFO] [stderr]   --> src/utils/pgms.rs:53:8
[INFO] [stderr]    |
[INFO] [stderr] 53 | pub fn pgm_main() {
[INFO] [stderr]    |        ^^^^^^^^
[INFO] [stderr] 
[INFO] [stderr] warning: unused `Result` that must be used
[INFO] [stderr]  --> src/main.rs:6:5
[INFO] [stderr]   |
[INFO] [stderr] 6 |     run_terminal();
[INFO] [stderr]   |     ^^^^^^^^^^^^^^
[INFO] [stderr]   |
[INFO] [stderr]   = note: this `Result` may be an `Err` variant, which should be handled
[INFO] [stderr]   = note: `#[warn(unused_must_use)]` on by default
[INFO] [stderr] help: use `let _ = ...` to ignore the resulting value
[INFO] [stderr]   |
[INFO] [stderr] 6 |     let _ = run_terminal();
[INFO] [stderr]   |     +++++++
[INFO] [stderr] 
[INFO] [stderr] warning: method `hashmap_to_ConfigParser` should have a snake case name
[INFO] [stderr]    --> src/utils/parser.rs:173:8
[INFO] [stderr]     |
[INFO] [stderr] 173 |     fn hashmap_to_ConfigParser(m : &HashMap<String, String>) -> ConfigParser {
[INFO] [stderr]     |        ^^^^^^^^^^^^^^^^^^^^^^^ help: convert the identifier to snake case: `hashmap_to_config_parser`
[INFO] [stderr]     |
[INFO] [stderr]     = note: `#[warn(non_snake_case)]` on by default
[INFO] [stderr] 
[INFO] [stderr] warning: variable `FileErrMsgs` should have a snake case name
[INFO] [stderr]    --> src/utils/parser.rs:209:13
[INFO] [stderr]     |
[INFO] [stderr] 209 |         let FileErrMsgs = FileErrMsgs::new_default();
[INFO] [stderr]     |             ^^^^^^^^^^^ help: convert the identifier to snake case: `file_err_msgs`
[INFO] [stderr] 
[INFO] [stderr] warning: variable `FileErrMsgs` should have a snake case name
[INFO] [stderr]    --> src/utils/parser.rs:248:13
[INFO] [stderr]     |
[INFO] [stderr] 248 |         let FileErrMsgs = FileErrMsgs::new_default();
[INFO] [stderr]     |             ^^^^^^^^^^^ help: convert the identifier to snake case: `file_err_msgs`
[INFO] [stderr] 
[INFO] [stderr] warning: variable `FileErrMsgs` should have a snake case name
[INFO] [stderr]    --> src/utils/parser.rs:321:17
[INFO] [stderr]     |
[INFO] [stderr] 321 |             let FileErrMsgs = FileErrMsgs::new_default();
[INFO] [stderr]     |                 ^^^^^^^^^^^ help: convert the identifier to snake case: `file_err_msgs`
[INFO] [stderr] 
[INFO] [stderr] warning: variable `FileErrMsgs` should have a snake case name
[INFO] [stderr]    --> src/utils/parser.rs:508:13
[INFO] [stderr]     |
[INFO] [stderr] 508 |         let FileErrMsgs = Self::new_default();
[INFO] [stderr]     |             ^^^^^^^^^^^ help: convert the identifier to snake case: `file_err_msgs`
[INFO] [stderr] 
[INFO] [stderr] warning: function `test_fn__check_file` should have a snake case name
[INFO] [stderr]    --> src/utils/parser.rs:625:8
[INFO] [stderr]     |
[INFO] [stderr] 625 |     fn test_fn__check_file() {
[INFO] [stderr]     |        ^^^^^^^^^^^^^^^^^^^ help: convert the identifier to snake case: `test_fn_check_file`
[INFO] [stderr] 
[INFO] [stderr] warning: function `test_fn__read_file` should have a snake case name
[INFO] [stderr]    --> src/utils/parser.rs:656:8
[INFO] [stderr]     |
[INFO] [stderr] 656 |     fn test_fn__read_file() {
[INFO] [stderr]     |        ^^^^^^^^^^^^^^^^^^ help: convert the identifier to snake case: `test_fn_read_file`
[INFO] [stderr] 
[INFO] [stderr] warning: function `test_fn__parse_file` should have a snake case name
[INFO] [stderr]    --> src/utils/parser.rs:702:7
[INFO] [stderr]     |
[INFO] [stderr] 702 |    fn test_fn__parse_file() {
[INFO] [stderr]     |       ^^^^^^^^^^^^^^^^^^^ help: convert the identifier to snake case: `test_fn_parse_file`
[INFO] [stderr] 
[INFO] [stderr] warning: function `assert_eq_pgmState` should have a snake case name
[INFO] [stderr]    --> src/utils/pgms.rs:120:9
[INFO] [stderr]     |
[INFO] [stderr] 120 |     fn  assert_eq_pgmState (pg1 : pgm_State , pg2 : pgm_State) {
[INFO] [stderr]     |         ^^^^^^^^^^^^^^^^^^ help: convert the identifier to snake case: `assert_eq_pgm_state`
[INFO] [stderr] 
[INFO] [stderr] warning: variable `expected_ConfigParser_1` should have a snake case name
[INFO] [stderr]    --> src/utils/pgms.rs:131:13
[INFO] [stderr]     |
[INFO] [stderr] 131 |         let expected_ConfigParser_1 : ConfigParser = ConfigParser {
[INFO] [stderr]     |             ^^^^^^^^^^^^^^^^^^^^^^^ help: convert the identifier to snake case: `expected_config_parser_1`
[INFO] [stderr] 
[INFO] [stderr] warning: variable `expected_pgm_State` should have a snake case name
[INFO] [stderr]    --> src/utils/pgms.rs:161:13
[INFO] [stderr]     |
[INFO] [stderr] 161 |         let expected_pgm_State = pgm_State {
[INFO] [stderr]     |             ^^^^^^^^^^^^^^^^^^ help: convert the identifier to snake case (notice the capitalization): `expected_pgm_state`
[INFO] [stderr] 
[INFO] [stderr] warning: `taskmaster` (bin "taskmaster" test) generated 26 warnings (run `cargo fix --bin "taskmaster" --tests` to apply 8 suggestions)
[INFO] [stderr]     Finished test [unoptimized + debuginfo] target(s) in 0.01s
[INFO] [stderr]      Running unittests src/main.rs (/opt/rustwide/target/debug/deps/taskmaster-b693918062470070)
[INFO] [stdout] 
[INFO] [stdout] running 4 tests
[INFO] [stdout] test utils::parser::tests::test_fn__read_file ... ok
[INFO] [stdout] test utils::parser::tests::test_fn__check_file ... FAILED
[INFO] [stdout] test utils::pgms::tests::test_setup_pgm ... FAILED
[INFO] [stdout] test utils::parser::tests::test_fn__parse_file ... ok
[INFO] [stdout] 
[INFO] [stdout] failures:
[INFO] [stdout] 
[INFO] [stdout] ---- utils::parser::tests::test_fn__check_file stdout ----
[INFO] [stdout] thread 'utils::parser::tests::test_fn__check_file' panicked at src/utils/parser.rs:614:69:
[INFO] [stdout] failed to set file to write_only: Os { code: 30, kind: ReadOnlyFilesystem, message: "Read-only file system" }
[INFO] [stdout] stack backtrace:
[INFO] [stdout]    0:     0x55cb0454d9c6 - std::backtrace_rs::backtrace::libunwind::trace::h261606ad26a499c1
[INFO] [stdout]                                at /rustc/0e09125c6c3c2fd70d7de961bcf0e51575235fad/library/std/src/../../backtrace/src/backtrace/libunwind.rs:104:5
[INFO] [stdout]    1:     0x55cb0454d9c6 - std::backtrace_rs::backtrace::trace_unsynchronized::hd183f0625477fb28
[INFO] [stdout]                                at /rustc/0e09125c6c3c2fd70d7de961bcf0e51575235fad/library/std/src/../../backtrace/src/backtrace/mod.rs:66:5
[INFO] [stdout]    2:     0x55cb0454d9c6 - std::sys_common::backtrace::_print_fmt::hd7f8fef21b4eda67
[INFO] [stdout]                                at /rustc/0e09125c6c3c2fd70d7de961bcf0e51575235fad/library/std/src/sys_common/backtrace.rs:68:5
[INFO] [stdout]    3:     0x55cb0454d9c6 - <std::sys_common::backtrace::_print::DisplayBacktrace as core::fmt::Display>::fmt::h623d9b51f2f453f1
[INFO] [stdout]                                at /rustc/0e09125c6c3c2fd70d7de961bcf0e51575235fad/library/std/src/sys_common/backtrace.rs:44:22
[INFO] [stdout]    4:     0x55cb04577140 - core::fmt::rt::Argument::fmt::h9f417ac76a86f368
[INFO] [stdout]                                at /rustc/0e09125c6c3c2fd70d7de961bcf0e51575235fad/library/core/src/fmt/rt.rs:142:9
[INFO] [stdout]    5:     0x55cb04577140 - core::fmt::write::hc9b6faf4ac2aeff7
[INFO] [stdout]                                at /rustc/0e09125c6c3c2fd70d7de961bcf0e51575235fad/library/core/src/fmt/mod.rs:1120:17
[INFO] [stdout]    6:     0x55cb0454b1bf - std::io::Write::write_fmt::he04625a3a989fec3
[INFO] [stdout]                                at /rustc/0e09125c6c3c2fd70d7de961bcf0e51575235fad/library/std/src/io/mod.rs:1810:15
[INFO] [stdout]    7:     0x55cb0454d7a4 - std::sys_common::backtrace::_print::hd5d66399c7df88a2
[INFO] [stdout]                                at /rustc/0e09125c6c3c2fd70d7de961bcf0e51575235fad/library/std/src/sys_common/backtrace.rs:47:5
[INFO] [stdout]    8:     0x55cb0454d7a4 - std::sys_common::backtrace::print::he81ed2da642d37e5
[INFO] [stdout]                                at /rustc/0e09125c6c3c2fd70d7de961bcf0e51575235fad/library/std/src/sys_common/backtrace.rs:34:9
[INFO] [stdout]    9:     0x55cb0454f517 - std::panicking::default_hook::{{closure}}::h85773f4fa117163d
[INFO] [stdout]   10:     0x55cb0454f1fd - std::panicking::default_hook::h6a1694a91d09b278
[INFO] [stdout]                                at /rustc/0e09125c6c3c2fd70d7de961bcf0e51575235fad/library/std/src/panicking.rs:289:9
[INFO] [stdout]   11:     0x55cb04395177 - <alloc::boxed::Box<F,A> as core::ops::function::Fn<Args>>::call::h616ac37fa3cd6c8f
[INFO] [stdout]                                at /rustc/0e09125c6c3c2fd70d7de961bcf0e51575235fad/library/alloc/src/boxed.rs:2029:9
[INFO] [stdout]   12:     0x55cb04395177 - test::test_main::{{closure}}::h00d84697cefdcbb6
[INFO] [stdout]                                at /rustc/0e09125c6c3c2fd70d7de961bcf0e51575235fad/library/test/src/lib.rs:138:21
[INFO] [stdout]   13:     0x55cb0454fb36 - <alloc::boxed::Box<F,A> as core::ops::function::Fn<Args>>::call::hcb3fe3b9bb537ba8
[INFO] [stdout]                                at /rustc/0e09125c6c3c2fd70d7de961bcf0e51575235fad/library/alloc/src/boxed.rs:2029:9
[INFO] [stdout]   14:     0x55cb0454fb36 - std::panicking::rust_panic_with_hook::h0a7ad96e90f7145b
[INFO] [stdout]                                at /rustc/0e09125c6c3c2fd70d7de961bcf0e51575235fad/library/std/src/panicking.rs:783:13
[INFO] [stdout]   15:     0x55cb0454f882 - std::panicking::begin_panic_handler::{{closure}}::h7919090525c6485e
[INFO] [stdout]                                at /rustc/0e09125c6c3c2fd70d7de961bcf0e51575235fad/library/std/src/panicking.rs:657:13
[INFO] [stdout]   16:     0x55cb0454dec6 - std::sys_common::backtrace::__rust_end_short_backtrace::hf3289479464f7dfe
[INFO] [stdout]                                at /rustc/0e09125c6c3c2fd70d7de961bcf0e51575235fad/library/std/src/sys_common/backtrace.rs:171:18
[INFO] [stdout]   17:     0x55cb0454f5e0 - rust_begin_unwind
[INFO] [stdout]                                at /rustc/0e09125c6c3c2fd70d7de961bcf0e51575235fad/library/std/src/panicking.rs:645:5
[INFO] [stdout]   18:     0x55cb0432d325 - core::panicking::panic_fmt::hcc9f77c5c132af55
[INFO] [stdout]                                at /rustc/0e09125c6c3c2fd70d7de961bcf0e51575235fad/library/core/src/panicking.rs:72:14
[INFO] [stdout]   19:     0x55cb0432d903 - core::result::unwrap_failed::hbe14f498be1452f9
[INFO] [stdout]                                at /rustc/0e09125c6c3c2fd70d7de961bcf0e51575235fad/library/core/src/result.rs:1649:5
[INFO] [stdout]   20:     0x55cb0435098f - core::result::Result<T,E>::expect::h623f1939d464ed5c
[INFO] [stdout]                                at /rustc/0e09125c6c3c2fd70d7de961bcf0e51575235fad/library/core/src/result.rs:1030:23
[INFO] [stdout]   21:     0x55cb04341293 - taskmaster::utils::parser::tests::set_file_permission::h5df5ef90945fdc0f
[INFO] [stdout]                                at /opt/rustwide/workdir/src/utils/parser.rs:613:29
[INFO] [stdout]   22:     0x55cb04342638 - taskmaster::utils::parser::tests::test_fn__check_file::hb3dfc86ee663613a
[INFO] [stdout]                                at /opt/rustwide/workdir/src/utils/parser.rs:639:9
[INFO] [stdout]   23:     0x55cb04341e57 - taskmaster::utils::parser::tests::test_fn__check_file::{{closure}}::hc9e95da0794fc28e
[INFO] [stdout]                                at /opt/rustwide/workdir/src/utils/parser.rs:625:29
[INFO] [stdout]   24:     0x55cb0434b636 - core::ops::function::FnOnce::call_once::h657b3af077145846
[INFO] [stdout]                                at /rustc/0e09125c6c3c2fd70d7de961bcf0e51575235fad/library/core/src/ops/function.rs:250:5
[INFO] [stdout]   25:     0x55cb0439aa4f - core::ops::function::FnOnce::call_once::hd64d26f405258157
[INFO] [stdout]                                at /rustc/0e09125c6c3c2fd70d7de961bcf0e51575235fad/library/core/src/ops/function.rs:250:5
[INFO] [stdout]   26:     0x55cb0439aa4f - test::__rust_begin_short_backtrace::he21b0b7a6d731bf9
[INFO] [stdout]                                at /rustc/0e09125c6c3c2fd70d7de961bcf0e51575235fad/library/test/src/lib.rs:627:18
[INFO] [stdout]   27:     0x55cb043997d1 - test::run_test_in_process::{{closure}}::hf5c73986d7bdfde2
[INFO] [stdout]                                at /rustc/0e09125c6c3c2fd70d7de961bcf0e51575235fad/library/test/src/lib.rs:650:60
[INFO] [stdout]   28:     0x55cb043997d1 - <core::panic::unwind_safe::AssertUnwindSafe<F> as core::ops::function::FnOnce<()>>::call_once::h330011ad032aadc0
[INFO] [stdout]                                at /rustc/0e09125c6c3c2fd70d7de961bcf0e51575235fad/library/core/src/panic/unwind_safe.rs:272:9
[INFO] [stdout]   29:     0x55cb043997d1 - std::panicking::try::do_call::he61b0a958b795a41
[INFO] [stdout]                                at /rustc/0e09125c6c3c2fd70d7de961bcf0e51575235fad/library/std/src/panicking.rs:552:40
[INFO] [stdout]   30:     0x55cb043997d1 - std::panicking::try::h7309da130f906eb7
[INFO] [stdout]                                at /rustc/0e09125c6c3c2fd70d7de961bcf0e51575235fad/library/std/src/panicking.rs:516:19
[INFO] [stdout]   31:     0x55cb043997d1 - std::panic::catch_unwind::hc5c3a06fdaf0a92a
[INFO] [stdout]                                at /rustc/0e09125c6c3c2fd70d7de961bcf0e51575235fad/library/std/src/panic.rs:142:14
[INFO] [stdout]   32:     0x55cb043997d1 - test::run_test_in_process::h7e7b7c71c3324e0f
[INFO] [stdout]                                at /rustc/0e09125c6c3c2fd70d7de961bcf0e51575235fad/library/test/src/lib.rs:650:27
[INFO] [stdout]   33:     0x55cb043997d1 - test::run_test::{{closure}}::h1f509f28f5cf20b1
[INFO] [stdout]                                at /rustc/0e09125c6c3c2fd70d7de961bcf0e51575235fad/library/test/src/lib.rs:573:43
[INFO] [stdout]   34:     0x55cb04360b06 - test::run_test::{{closure}}::h1754218abf443f6d
[INFO] [stdout]                                at /rustc/0e09125c6c3c2fd70d7de961bcf0e51575235fad/library/test/src/lib.rs:601:41
[INFO] [stdout]   35:     0x55cb04360b06 - std::sys_common::backtrace::__rust_begin_short_backtrace::h2ee174b9d5954948
[INFO] [stdout]                                at /rustc/0e09125c6c3c2fd70d7de961bcf0e51575235fad/library/std/src/sys_common/backtrace.rs:155:18
[INFO] [stdout]   36:     0x55cb04365b67 - std::thread::Builder::spawn_unchecked_::{{closure}}::{{closure}}::hf60bee9c1a17ef09
[INFO] [stdout]                                at /rustc/0e09125c6c3c2fd70d7de961bcf0e51575235fad/library/std/src/thread/mod.rs:529:17
[INFO] [stdout]   37:     0x55cb04365b67 - <core::panic::unwind_safe::AssertUnwindSafe<F> as core::ops::function::FnOnce<()>>::call_once::h33d0dddec5216160
[INFO] [stdout]                                at /rustc/0e09125c6c3c2fd70d7de961bcf0e51575235fad/library/core/src/panic/unwind_safe.rs:272:9
[INFO] [stdout]   38:     0x55cb04365b67 - std::panicking::try::do_call::h144b3048b546f835
[INFO] [stdout]                                at /rustc/0e09125c6c3c2fd70d7de961bcf0e51575235fad/library/std/src/panicking.rs:552:40
[INFO] [stdout]   39:     0x55cb04365b67 - std::panicking::try::h978244d04646189f
[INFO] [stdout]                                at /rustc/0e09125c6c3c2fd70d7de961bcf0e51575235fad/library/std/src/panicking.rs:516:19
[INFO] [stdout]   40:     0x55cb04365b67 - std::panic::catch_unwind::hdf436369d188fe86
[INFO] [stdout]                                at /rustc/0e09125c6c3c2fd70d7de961bcf0e51575235fad/library/std/src/panic.rs:142:14
[INFO] [stdout]   41:     0x55cb04365b67 - std::thread::Builder::spawn_unchecked_::{{closure}}::h87329cbdd33c79ec
[INFO] [stdout]                                at /rustc/0e09125c6c3c2fd70d7de961bcf0e51575235fad/library/std/src/thread/mod.rs:528:30
[INFO] [stdout]   42:     0x55cb04365b67 - core::ops::function::FnOnce::call_once{{vtable.shim}}::h401abbe67897d450
[INFO] [stdout]                                at /rustc/0e09125c6c3c2fd70d7de961bcf0e51575235fad/library/core/src/ops/function.rs:250:5
[INFO] [stdout]   43:     0x55cb04554825 - <alloc::boxed::Box<F,A> as core::ops::function::FnOnce<Args>>::call_once::h5d7c8f150ab9c84c
[INFO] [stdout]                                at /rustc/0e09125c6c3c2fd70d7de961bcf0e51575235fad/library/alloc/src/boxed.rs:2015:9
[INFO] [stdout]   44:     0x55cb04554825 - <alloc::boxed::Box<F,A> as core::ops::function::FnOnce<Args>>::call_once::h570d5b005c242c15
[INFO] [stdout]                                at /rustc/0e09125c6c3c2fd70d7de961bcf0e51575235fad/library/alloc/src/boxed.rs:2015:9
[INFO] [stdout]   45:     0x55cb04554825 - std::sys::unix::thread::Thread::new::thread_start::h36b0a20c0b2361ad
[INFO] [stdout]                                at /rustc/0e09125c6c3c2fd70d7de961bcf0e51575235fad/library/std/src/sys/unix/thread.rs:108:17
[INFO] [stdout]   46:     0x7fba48567ac3 - <unknown>
[INFO] [stdout]   47:     0x7fba485f8bf4 - __clone
[INFO] [stdout]   48:                0x0 - <unknown>
[INFO] [stdout] 
[INFO] [stdout] ---- utils::pgms::tests::test_setup_pgm stdout ----
[INFO] [stdout] thread 'utils::pgms::tests::test_setup_pgm' panicked at src/utils/pgms.rs:60:55:
[INFO] [stdout] called `Result::unwrap()` on an `Err` value: Os { code: 30, kind: ReadOnlyFilesystem, message: "Read-only file system" }
[INFO] [stdout] stack backtrace:
[INFO] [stdout]    0:     0x55cb0454d9c6 - std::backtrace_rs::backtrace::libunwind::trace::h261606ad26a499c1
[INFO] [stdout]                                at /rustc/0e09125c6c3c2fd70d7de961bcf0e51575235fad/library/std/src/../../backtrace/src/backtrace/libunwind.rs:104:5
[INFO] [stdout]    1:     0x55cb0454d9c6 - std::backtrace_rs::backtrace::trace_unsynchronized::hd183f0625477fb28
[INFO] [stdout]                                at /rustc/0e09125c6c3c2fd70d7de961bcf0e51575235fad/library/std/src/../../backtrace/src/backtrace/mod.rs:66:5
[INFO] [stdout]    2:     0x55cb0454d9c6 - std::sys_common::backtrace::_print_fmt::hd7f8fef21b4eda67
[INFO] [stdout]                                at /rustc/0e09125c6c3c2fd70d7de961bcf0e51575235fad/library/std/src/sys_common/backtrace.rs:68:5
[INFO] [stdout]    3:     0x55cb0454d9c6 - <std::sys_common::backtrace::_print::DisplayBacktrace as core::fmt::Display>::fmt::h623d9b51f2f453f1
[INFO] [stdout]                                at /rustc/0e09125c6c3c2fd70d7de961bcf0e51575235fad/library/std/src/sys_common/backtrace.rs:44:22
[INFO] [stdout]    4:     0x55cb04577140 - core::fmt::rt::Argument::fmt::h9f417ac76a86f368
[INFO] [stdout]                                at /rustc/0e09125c6c3c2fd70d7de961bcf0e51575235fad/library/core/src/fmt/rt.rs:142:9
[INFO] [stdout]    5:     0x55cb04577140 - core::fmt::write::hc9b6faf4ac2aeff7
[INFO] [stdout]                                at /rustc/0e09125c6c3c2fd70d7de961bcf0e51575235fad/library/core/src/fmt/mod.rs:1120:17
[INFO] [stdout]    6:     0x55cb0454b1bf - std::io::Write::write_fmt::he04625a3a989fec3
[INFO] [stdout]                                at /rustc/0e09125c6c3c2fd70d7de961bcf0e51575235fad/library/std/src/io/mod.rs:1810:15
[INFO] [stdout]    7:     0x55cb0454d7a4 - std::sys_common::backtrace::_print::hd5d66399c7df88a2
[INFO] [stdout]                                at /rustc/0e09125c6c3c2fd70d7de961bcf0e51575235fad/library/std/src/sys_common/backtrace.rs:47:5
[INFO] [stdout]    8:     0x55cb0454d7a4 - std::sys_common::backtrace::print::he81ed2da642d37e5
[INFO] [stdout]                                at /rustc/0e09125c6c3c2fd70d7de961bcf0e51575235fad/library/std/src/sys_common/backtrace.rs:34:9
[INFO] [stdout]    9:     0x55cb0454f517 - std::panicking::default_hook::{{closure}}::h85773f4fa117163d
[INFO] [stdout]   10:     0x55cb0454f1fd - std::panicking::default_hook::h6a1694a91d09b278
[INFO] [stdout]                                at /rustc/0e09125c6c3c2fd70d7de961bcf0e51575235fad/library/std/src/panicking.rs:289:9
[INFO] [stdout]   11:     0x55cb04395177 - <alloc::boxed::Box<F,A> as core::ops::function::Fn<Args>>::call::h616ac37fa3cd6c8f
[INFO] [stdout]                                at /rustc/0e09125c6c3c2fd70d7de961bcf0e51575235fad/library/alloc/src/boxed.rs:2029:9
[INFO] [stdout]   12:     0x55cb04395177 - test::test_main::{{closure}}::h00d84697cefdcbb6
[INFO] [stdout]                                at /rustc/0e09125c6c3c2fd70d7de961bcf0e51575235fad/library/test/src/lib.rs:138:21
[INFO] [stdout]   13:     0x55cb0454fb36 - <alloc::boxed::Box<F,A> as core::ops::function::Fn<Args>>::call::hcb3fe3b9bb537ba8
[INFO] [stdout]                                at /rustc/0e09125c6c3c2fd70d7de961bcf0e51575235fad/library/alloc/src/boxed.rs:2029:9
[INFO] [stdout]   14:     0x55cb0454fb36 - std::panicking::rust_panic_with_hook::h0a7ad96e90f7145b
[INFO] [stdout]                                at /rustc/0e09125c6c3c2fd70d7de961bcf0e51575235fad/library/std/src/panicking.rs:783:13
[INFO] [stdout]   15:     0x55cb0454f882 - std::panicking::begin_panic_handler::{{closure}}::h7919090525c6485e
[INFO] [stdout]                                at /rustc/0e09125c6c3c2fd70d7de961bcf0e51575235fad/library/std/src/panicking.rs:657:13
[INFO] [stdout]   16:     0x55cb0454dec6 - std::sys_common::backtrace::__rust_end_short_backtrace::hf3289479464f7dfe
[INFO] [stdout]                                at /rustc/0e09125c6c3c2fd70d7de961bcf0e51575235fad/library/std/src/sys_common/backtrace.rs:171:18
[INFO] [stdout]   17:     0x55cb0454f5e0 - rust_begin_unwind
[INFO] [stdout]                                at /rustc/0e09125c6c3c2fd70d7de961bcf0e51575235fad/library/std/src/panicking.rs:645:5
[INFO] [stdout]   18:     0x55cb0432d325 - core::panicking::panic_fmt::hcc9f77c5c132af55
[INFO] [stdout]                                at /rustc/0e09125c6c3c2fd70d7de961bcf0e51575235fad/library/core/src/panicking.rs:72:14
[INFO] [stdout]   19:     0x55cb0432d903 - core::result::unwrap_failed::hbe14f498be1452f9
[INFO] [stdout]                                at /rustc/0e09125c6c3c2fd70d7de961bcf0e51575235fad/library/core/src/result.rs:1649:5
[INFO] [stdout]   20:     0x55cb04350cdb - core::result::Result<T,E>::unwrap::hb6de4646f7ffd619
[INFO] [stdout]                                at /rustc/0e09125c6c3c2fd70d7de961bcf0e51575235fad/library/core/src/result.rs:1073:23
[INFO] [stdout]   21:     0x55cb0434efa3 - taskmaster::utils::pgms::open_file_mode_append_as_stdio::h9674847433ea32f6
[INFO] [stdout]                                at /opt/rustwide/workdir/src/utils/pgms.rs:60:15
[INFO] [stdout]   22:     0x55cb04356616 - taskmaster::utils::pgms::tests::test_setup_pgm::hb666a0a432dad913
[INFO] [stdout]                                at /opt/rustwide/workdir/src/utils/pgms.rs:158:17
[INFO] [stdout]   23:     0x55cb04355ce7 - taskmaster::utils::pgms::tests::test_setup_pgm::{{closure}}::h55379419a6e71456
[INFO] [stdout]                                at /opt/rustwide/workdir/src/utils/pgms.rs:130:24
[INFO] [stdout]   24:     0x55cb0434b506 - core::ops::function::FnOnce::call_once::h11befdafc47f64da
[INFO] [stdout]                                at /rustc/0e09125c6c3c2fd70d7de961bcf0e51575235fad/library/core/src/ops/function.rs:250:5
[INFO] [stdout]   25:     0x55cb0439aa4f - core::ops::function::FnOnce::call_once::hd64d26f405258157
[INFO] [stdout]                                at /rustc/0e09125c6c3c2fd70d7de961bcf0e51575235fad/library/core/src/ops/function.rs:250:5
[INFO] [stdout]   26:     0x55cb0439aa4f - test::__rust_begin_short_backtrace::he21b0b7a6d731bf9
[INFO] [stdout]                                at /rustc/0e09125c6c3c2fd70d7de961bcf0e51575235fad/library/test/src/lib.rs:627:18
[INFO] [stdout]   27:     0x55cb043997d1 - test::run_test_in_process::{{closure}}::hf5c73986d7bdfde2
[INFO] [stdout]                                at /rustc/0e09125c6c3c2fd70d7de961bcf0e51575235fad/library/test/src/lib.rs:650:60
[INFO] [stdout]   28:     0x55cb043997d1 - <core::panic::unwind_safe::AssertUnwindSafe<F> as core::ops::function::FnOnce<()>>::call_once::h330011ad032aadc0
[INFO] [stdout]                                at /rustc/0e09125c6c3c2fd70d7de961bcf0e51575235fad/library/core/src/panic/unwind_safe.rs:272:9
[INFO] [stdout]   29:     0x55cb043997d1 - std::panicking::try::do_call::he61b0a958b795a41
[INFO] [stdout]                                at /rustc/0e09125c6c3c2fd70d7de961bcf0e51575235fad/library/std/src/panicking.rs:552:40
[INFO] [stdout]   30:     0x55cb043997d1 - std::panicking::try::h7309da130f906eb7
[INFO] [stdout]                                at /rustc/0e09125c6c3c2fd70d7de961bcf0e51575235fad/library/std/src/panicking.rs:516:19
[INFO] [stdout]   31:     0x55cb043997d1 - std::panic::catch_unwind::hc5c3a06fdaf0a92a
[INFO] [stdout]                                at /rustc/0e09125c6c3c2fd70d7de961bcf0e51575235fad/library/std/src/panic.rs:142:14
[INFO] [stdout]   32:     0x55cb043997d1 - test::run_test_in_process::h7e7b7c71c3324e0f
[INFO] [stdout]                                at /rustc/0e09125c6c3c2fd70d7de961bcf0e51575235fad/library/test/src/lib.rs:650:27
[INFO] [stdout]   33:     0x55cb043997d1 - test::run_test::{{closure}}::h1f509f28f5cf20b1
[INFO] [stdout]                                at /rustc/0e09125c6c3c2fd70d7de961bcf0e51575235fad/library/test/src/lib.rs:573:43
[INFO] [stdout]   34:     0x55cb04360b06 - test::run_test::{{closure}}::h1754218abf443f6d
[INFO] [stdout]                                at /rustc/0e09125c6c3c2fd70d7de961bcf0e51575235fad/library/test/src/lib.rs:601:41
[INFO] [stdout]   35:     0x55cb04360b06 - std::sys_common::backtrace::__rust_begin_short_backtrace::h2ee174b9d5954948
[INFO] [stdout]                                at /rustc/0e09125c6c3c2fd70d7de961bcf0e51575235fad/library/std/src/sys_common/backtrace.rs:155:18
[INFO] [stdout]   36:     0x55cb04365b67 - std::thread::Builder::spawn_unchecked_::{{closure}}::{{closure}}::hf60bee9c1a17ef09
[INFO] [stdout]                                at /rustc/0e09125c6c3c2fd70d7de961bcf0e51575235fad/library/std/src/thread/mod.rs:529:17
[INFO] [stdout]   37:     0x55cb04365b67 - <core::panic::unwind_safe::AssertUnwindSafe<F> as core::ops::function::FnOnce<()>>::call_once::h33d0dddec5216160
[INFO] [stdout]                                at /rustc/0e09125c6c3c2fd70d7de961bcf0e51575235fad/library/core/src/panic/unwind_safe.rs:272:9
[INFO] [stdout]   38:     0x55cb04365b67 - std::panicking::try::do_call::h144b3048b546f835
[INFO] [stdout]                                at /rustc/0e09125c6c3c2fd70d7de961bcf0e51575235fad/library/std/src/panicking.rs:552:40
[INFO] [stdout]   39:     0x55cb04365b67 - std::panicking::try::h978244d04646189f
[INFO] [stdout]                                at /rustc/0e09125c6c3c2fd70d7de961bcf0e51575235fad/library/std/src/panicking.rs:516:19
[INFO] [stdout]   40:     0x55cb04365b67 - std::panic::catch_unwind::hdf436369d188fe86
[INFO] [stdout]                                at /rustc/0e09125c6c3c2fd70d7de961bcf0e51575235fad/library/std/src/panic.rs:142:14
[INFO] [stdout]   41:     0x55cb04365b67 - std::thread::Builder::spawn_unchecked_::{{closure}}::h87329cbdd33c79ec
[INFO] [stdout]                                at /rustc/0e09125c6c3c2fd70d7de961bcf0e51575235fad/library/std/src/thread/mod.rs:528:30
[INFO] [stdout]   42:     0x55cb04365b67 - core::ops::function::FnOnce::call_once{{vtable.shim}}::h401abbe67897d450
[INFO] [stdout]                                at /rustc/0e09125c6c3c2fd70d7de961bcf0e51575235fad/library/core/src/ops/function.rs:250:5
[INFO] [stdout]   43:     0x55cb04554825 - <alloc::boxed::Box<F,A> as core::ops::function::FnOnce<Args>>::call_once::h5d7c8f150ab9c84c
[INFO] [stdout]                                at /rustc/0e09125c6c3c2fd70d7de961bcf0e51575235fad/library/alloc/src/boxed.rs:2015:9
[INFO] [stdout]   44:     0x55cb04554825 - <alloc::boxed::Box<F,A> as core::ops::function::FnOnce<Args>>::call_once::h570d5b005c242c15
[INFO] [stdout]                                at /rustc/0e09125c6c3c2fd70d7de961bcf0e51575235fad/library/alloc/src/boxed.rs:2015:9
[INFO] [stdout]   45:     0x55cb04554825 - std::sys::unix::thread::Thread::new::thread_start::h36b0a20c0b2361ad
[INFO] [stdout]                                at /rustc/0e09125c6c3c2fd70d7de961bcf0e51575235fad/library/std/src/sys/unix/thread.rs:108:17
[INFO] [stdout]   46:     0x7fba48567ac3 - <unknown>
[INFO] [stdout]   47:     0x7fba485f8bf4 - __clone
[INFO] [stdout]   48:                0x0 - <unknown>
[INFO] [stdout] 
[INFO] [stdout] 
[INFO] [stdout] failures:
[INFO] [stdout]     utils::parser::tests::test_fn__check_file
[INFO] [stdout]     utils::pgms::tests::test_setup_pgm
[INFO] [stdout] 
[INFO] [stdout] test result: FAILED. 2 passed; 2 failed; 0 ignored; 0 measured; 0 filtered out; finished in 0.14s
[INFO] [stdout] 
[INFO] [stderr] error: test failed, to rerun pass `--bin taskmaster`
[INFO] running `Command { std: "docker" "inspect" "5002d9879255e3c00bc23075c3ac8f06e58c67e588de59af6cdfb57c41d6f5c9", kill_on_drop: false }`
[INFO] running `Command { std: "docker" "rm" "-f" "5002d9879255e3c00bc23075c3ac8f06e58c67e588de59af6cdfb57c41d6f5c9", kill_on_drop: false }`
[INFO] [stdout] 5002d9879255e3c00bc23075c3ac8f06e58c67e588de59af6cdfb57c41d6f5c9
