[INFO] cloning repository https://github.com/torogozpay/api-ecomerce
[INFO] running `Command { std: "git" "-c" "credential.helper=" "-c" "credential.helper=/workspace/cargo-home/bin/git-credential-null" "clone" "--bare" "https://github.com/torogozpay/api-ecomerce" "/workspace/cache/git-repos/https%3A%2F%2Fgithub.com%2Ftorogozpay%2Fapi-ecomerce", kill_on_drop: false }`
[INFO] [stderr] Cloning into bare repository '/workspace/cache/git-repos/https%3A%2F%2Fgithub.com%2Ftorogozpay%2Fapi-ecomerce'...
[INFO] running `Command { std: "git" "rev-parse" "HEAD", kill_on_drop: false }`
[INFO] [stdout] a6b2efeac883884f317e6920a12c547ff6a80421
[INFO] testing torogozpay/api-ecomerce against 1.75.0 for beta-1.76-1
[INFO] running `Command { std: "git" "clone" "/workspace/cache/git-repos/https%3A%2F%2Fgithub.com%2Ftorogozpay%2Fapi-ecomerce" "/workspace/builds/worker-1-tc1/source", kill_on_drop: false }`
[INFO] [stderr] Cloning into '/workspace/builds/worker-1-tc1/source'...
[INFO] [stderr] done.
[INFO] validating manifest of git repo https://github.com/torogozpay/api-ecomerce on toolchain 1.75.0
[INFO] running `Command { std: CARGO_HOME="/workspace/cargo-home" RUSTUP_HOME="/workspace/rustup-home" "/workspace/cargo-home/bin/cargo" "+1.75.0" "metadata" "--manifest-path" "Cargo.toml" "--no-deps", kill_on_drop: false }`
[INFO] started tweaking git repo https://github.com/torogozpay/api-ecomerce
[INFO] finished tweaking git repo https://github.com/torogozpay/api-ecomerce
[INFO] tweaked toml for git repo https://github.com/torogozpay/api-ecomerce written to /workspace/builds/worker-1-tc1/source/Cargo.toml
[INFO] crate git repo https://github.com/torogozpay/api-ecomerce already has a lockfile, it will not be regenerated
[INFO] running `Command { std: CARGO_HOME="/workspace/cargo-home" RUSTUP_HOME="/workspace/rustup-home" "/workspace/cargo-home/bin/cargo" "+1.75.0" "fetch" "--manifest-path" "Cargo.toml", kill_on_drop: false }`
[INFO] [stderr]     Updating crates.io index
[INFO] [stderr]  Downloading crates ...
[INFO] [stderr]   Downloaded utoipa v3.4.4
[INFO] [stderr]   Downloaded listenfd v1.0.1
[INFO] [stderr]   Downloaded utoipa-gen v3.4.5
[INFO] [stderr]   Downloaded serial-key v1.0.0
[INFO] running `Command { std: "docker" "create" "-v" "/var/lib/crater-agent-workspace/builds/worker-1-tc1/target:/opt/rustwide/target:rw,Z" "-v" "/var/lib/crater-agent-workspace/builds/worker-1-tc1/source:/opt/rustwide/workdir:ro,Z" "-v" "/var/lib/crater-agent-workspace/cargo-home:/opt/rustwide/cargo-home:ro,Z" "-v" "/var/lib/crater-agent-workspace/rustup-home:/opt/rustwide/rustup-home:ro,Z" "-e" "SOURCE_DIR=/opt/rustwide/workdir" "-e" "CARGO_TARGET_DIR=/opt/rustwide/target" "-e" "CARGO_HOME=/opt/rustwide/cargo-home" "-e" "RUSTUP_HOME=/opt/rustwide/rustup-home" "-w" "/opt/rustwide/workdir" "-m" "1610612736" "--user" "0:0" "--network" "none" "ghcr.io/rust-lang/crates-build-env/linux@sha256:2788e3201cd34a07e3172128adcd8b3090168a8e3bcc40d7c032b9dda1df7d1c" "/opt/rustwide/cargo-home/bin/cargo" "+1.75.0" "metadata" "--no-deps" "--format-version=1", kill_on_drop: false }`
[INFO] [stdout] 2def46270d8ff234c7b1aecff2ec77812f2132396afa33535a9c26f89e7c868d
[INFO] running `Command { std: "docker" "start" "-a" "2def46270d8ff234c7b1aecff2ec77812f2132396afa33535a9c26f89e7c868d", kill_on_drop: false }`
[INFO] running `Command { std: "docker" "inspect" "2def46270d8ff234c7b1aecff2ec77812f2132396afa33535a9c26f89e7c868d", kill_on_drop: false }`
[INFO] running `Command { std: "docker" "rm" "-f" "2def46270d8ff234c7b1aecff2ec77812f2132396afa33535a9c26f89e7c868d", kill_on_drop: false }`
[INFO] [stdout] 2def46270d8ff234c7b1aecff2ec77812f2132396afa33535a9c26f89e7c868d
[INFO] running `Command { std: "docker" "create" "-v" "/var/lib/crater-agent-workspace/builds/worker-1-tc1/target:/opt/rustwide/target:rw,Z" "-v" "/var/lib/crater-agent-workspace/builds/worker-1-tc1/source:/opt/rustwide/workdir:ro,Z" "-v" "/var/lib/crater-agent-workspace/cargo-home:/opt/rustwide/cargo-home:ro,Z" "-v" "/var/lib/crater-agent-workspace/rustup-home:/opt/rustwide/rustup-home:ro,Z" "-e" "SOURCE_DIR=/opt/rustwide/workdir" "-e" "CARGO_TARGET_DIR=/opt/rustwide/target" "-e" "CARGO_INCREMENTAL=0" "-e" "RUST_BACKTRACE=full" "-e" "RUSTFLAGS=--cap-lints=warn" "-e" "RUSTDOCFLAGS=--cap-lints=warn" "-e" "CARGO_HOME=/opt/rustwide/cargo-home" "-e" "RUSTUP_HOME=/opt/rustwide/rustup-home" "-w" "/opt/rustwide/workdir" "-m" "1610612736" "--user" "0:0" "--network" "none" "ghcr.io/rust-lang/crates-build-env/linux@sha256:2788e3201cd34a07e3172128adcd8b3090168a8e3bcc40d7c032b9dda1df7d1c" "/opt/rustwide/cargo-home/bin/cargo" "+1.75.0" "build" "--frozen" "--message-format=json", kill_on_drop: false }`
[INFO] [stdout] 915c0eab7210b52988e0525980321c21be4c3c31902efcd9c4bed6e46118beed
[INFO] running `Command { std: "docker" "start" "-a" "915c0eab7210b52988e0525980321c21be4c3c31902efcd9c4bed6e46118beed", kill_on_drop: false }`
[INFO] [stderr]    Compiling libc v0.2.146
[INFO] [stderr]    Compiling proc-macro2 v1.0.66
[INFO] [stderr]    Compiling unicode-ident v1.0.9
[INFO] [stderr]    Compiling quote v1.0.28
[INFO] [stderr]    Compiling cfg-if v1.0.0
[INFO] [stderr]    Compiling autocfg v1.1.0
[INFO] [stderr]    Compiling version_check v0.9.4
[INFO] [stderr]    Compiling log v0.4.18
[INFO] [stderr]    Compiling once_cell v1.18.0
[INFO] [stderr]    Compiling pin-project-lite v0.2.9
[INFO] [stderr]    Compiling memchr v2.5.0
[INFO] [stderr]    Compiling itoa v1.0.6
[INFO] [stderr]    Compiling serde_derive v1.0.178
[INFO] [stderr]    Compiling parking_lot_core v0.9.8
[INFO] [stderr]    Compiling lock_api v0.4.10
[INFO] [stderr]    Compiling bytes v1.4.0
[INFO] [stderr]    Compiling smallvec v1.10.0
[INFO] [stderr]    Compiling scopeguard v1.1.0
[INFO] [stderr]    Compiling pkg-config v0.3.27
[INFO] [stderr]    Compiling futures-core v0.3.28
[INFO] [stderr]    Compiling serde v1.0.178
[INFO] [stderr]    Compiling fnv v1.0.7
[INFO] [stderr]    Compiling syn v2.0.27
[INFO] [stderr]    Compiling jobserver v0.1.26
[INFO] [stderr]    Compiling num_cpus v1.15.0
[INFO] [stderr]    Compiling tokio v1.28.2
[INFO] [stderr]    Compiling signal-hook-registry v1.4.1
[INFO] [stderr]    Compiling cc v1.0.79
[INFO] [stderr]    Compiling parking_lot v0.12.1
[INFO] [stderr]    Compiling socket2 v0.4.9
[INFO] [stderr]    Compiling mio v0.8.8
[INFO] [stderr]    Compiling regex-syntax v0.7.2
[INFO] [stderr]    Compiling slab v0.4.8
[INFO] [stderr]    Compiling syn v1.0.109
[INFO] [stderr]    Compiling typenum v1.16.0
[INFO] [stderr]    Compiling futures-task v0.3.28
[INFO] [stderr]    Compiling generic-array v0.14.7
[INFO] [stderr]    Compiling tracing-core v0.1.31
[INFO] [stderr]    Compiling futures-util v0.3.28
[INFO] [stderr]    Compiling http v0.2.10
[INFO] [stderr]    Compiling pin-utils v0.1.0
[INFO] [stderr]    Compiling ryu v1.0.13
[INFO] [stderr]    Compiling tracing v0.1.37
[INFO] [stderr]    Compiling futures-io v0.3.28
[INFO] [stderr]    Compiling bitflags v1.3.2
[INFO] [stderr]    Compiling futures-sink v0.3.28
[INFO] [stderr]    Compiling ring v0.16.20
[INFO] [stderr]    Compiling aho-corasick v1.0.2
[INFO] [stderr]    Compiling getrandom v0.2.10
[INFO] [stderr]    Compiling num-traits v0.2.15
[INFO] [stderr]    Compiling indexmap v1.9.3
[INFO] [stderr]    Compiling serde_json v1.0.96
[INFO] [stderr]    Compiling crc32fast v1.3.2
[INFO] [stderr]    Compiling lazy_static v1.4.0
[INFO] [stderr]    Compiling regex v1.8.4
[INFO] [stderr]    Compiling block-buffer v0.10.4
[INFO] [stderr]    Compiling crypto-common v0.1.6
[INFO] [stderr]    Compiling adler v1.0.2
[INFO] [stderr]    Compiling percent-encoding v2.3.0
[INFO] [stderr]    Compiling httparse v1.8.0
[INFO] [stderr]    Compiling hashbrown v0.12.3
[INFO] [stderr]    Compiling miniz_oxide v0.7.1
[INFO] [stderr]    Compiling digest v0.10.7
[INFO] [stderr]    Compiling zstd-sys v2.0.8+zstd.1.5.5
[INFO] [stderr]    Compiling openssl-sys v0.9.90
[INFO] [stderr]    Compiling byteorder v1.4.3
[INFO] [stderr]    Compiling cpufeatures v0.2.9
[INFO] [stderr]    Compiling untrusted v0.7.1
[INFO] [stderr]    Compiling spin v0.5.2
[INFO] [stderr]    Compiling tinyvec_macros v0.1.1
[INFO] [stderr]    Compiling tinyvec v1.6.0
[INFO] [stderr]    Compiling proc-macro-error-attr v1.0.4
[INFO] [stderr]    Compiling tokio-macros v2.1.0
[INFO] [stderr]    Compiling futures-macro v0.3.28
[INFO] [stderr]    Compiling paste v1.0.14
[INFO] [stderr]    Compiling httpdate v1.0.2
[INFO] [stderr]    Compiling unicode-normalization v0.1.22
[INFO] [stderr]    Compiling form_urlencoded v1.2.0
[INFO] [stderr]    Compiling bytestring v1.3.0
[INFO] [stderr]    Compiling proc-macro-error v1.0.4
[INFO] [stderr]    Compiling unicase v2.7.0
[INFO] [stderr]    Compiling alloc-no-stdlib v2.0.4
[INFO] [stderr]    Compiling regex v0.2.11
[INFO] [stderr]    Compiling local-waker v0.1.3
[INFO] [stderr]    Compiling zstd-safe v6.0.6
[INFO] [stderr]    Compiling ucd-util v0.1.10
[INFO] [stderr]    Compiling pq-sys v0.4.8
[INFO] [stderr]    Compiling unicode-bidi v0.3.13
[INFO] [stderr]    Compiling regex-syntax v0.5.6
[INFO] [stderr]    Compiling idna v0.4.0
[INFO] [stderr]    Compiling alloc-stdlib v0.2.2
[INFO] [stderr]    Compiling actix-macros v0.2.4
[INFO] [stderr]    Compiling thread_local v0.3.6
[INFO] [stderr]    Compiling rand_core v0.6.4
[INFO] [stderr]    Compiling dirs-sys v0.3.7
[INFO] [stderr]    Compiling num-integer v0.1.45
[INFO] [stderr]    Compiling ahash v0.8.3
[INFO] [stderr]    Compiling strsim v0.10.0
[INFO] [stderr]    Compiling mime v0.3.17
[INFO] [stderr]    Compiling foreign-types-shared v0.1.1
[INFO] [stderr]    Compiling futures-channel v0.3.28
[INFO] [stderr]    Compiling time-core v0.1.1
[INFO] [stderr]    Compiling ident_case v1.0.1
[INFO] [stderr]    Compiling ppv-lite86 v0.2.17
[INFO] [stderr]    Compiling same-file v1.0.6
[INFO] [stderr]    Compiling utf8-ranges v1.0.5
[INFO] [stderr]    Compiling base64 v0.21.2
[INFO] [stderr]    Compiling unicode-xid v0.0.4
[INFO] [stderr]    Compiling openssl v0.10.55
[INFO] [stderr]    Compiling synom v0.11.3
[INFO] [stderr]    Compiling walkdir v2.3.3
[INFO] [stderr]    Compiling darling_core v0.20.3
[INFO] [stderr]    Compiling rand_chacha v0.3.1
[INFO] [stderr]    Compiling time-macros v0.2.9
[INFO] [stderr]    Compiling foreign-types v0.3.2
[INFO] [stderr]    Compiling dirs v4.0.0
[INFO] [stderr]    Compiling actix-service v2.0.2
[INFO] [stderr]    Compiling brotli-decompressor v2.3.4
[INFO] [stderr]    Compiling url v2.4.0
[INFO] [stderr]    Compiling actix-utils v3.0.1
[INFO] [stderr]    Compiling openssl-macros v0.1.1
[INFO] [stderr]    Compiling sha2 v0.10.7
[INFO] [stderr]    Compiling tokio-util v0.7.8
[INFO] [stderr]    Compiling actix-rt v2.8.0
[INFO] [stderr]    Compiling flate2 v1.0.26
[INFO] [stderr]    Compiling h2 v0.3.19
[INFO] [stderr]    Compiling num-bigint v0.4.3
[INFO] [stderr]    Compiling ahash v0.7.6
[INFO] [stderr]    Compiling cookie v0.16.2
[INFO] [stderr]    Compiling encoding_rs v0.8.32
[INFO] [stderr]    Compiling native-tls v0.2.11
[INFO] [stderr]    Compiling try-lock v0.2.4
[INFO] [stderr]    Compiling convert_case v0.4.0
[INFO] [stderr]    Compiling bitflags v2.3.3
[INFO] [stderr]    Compiling quote v0.3.15
[INFO] [stderr]    Compiling rustls v0.21.7
[INFO] [stderr]    Compiling syn v0.11.11
[INFO] [stderr]    Compiling darling_macro v0.20.3
[INFO] [stderr]    Compiling derive_more v0.99.17
[INFO] [stderr]    Compiling want v0.3.1
[INFO] [stderr]    Compiling zip v0.6.6
[INFO] [stderr]    Compiling time v0.3.21
[INFO] [stderr]    Compiling actix-codec v0.5.1
[INFO] [stderr]    Compiling brotli v3.3.4
[INFO] [stderr]    Compiling rust-embed-utils v7.8.1
[INFO] [stderr]    Compiling mime_guess v2.0.4
[INFO] [stderr]    Compiling rand v0.8.5
[INFO] [stderr]    Compiling shellexpand v2.1.2
[INFO] [stderr]    Compiling actix-router v0.5.1
[INFO] [stderr]    Compiling local-channel v0.1.3
[INFO] [stderr]    Compiling serde_urlencoded v0.7.1
[INFO] [stderr]    Compiling sct v0.7.0
[INFO] [stderr]    Compiling rustls-webpki v0.101.6
[INFO] [stderr]    Compiling sha1 v0.10.5
[INFO] [stderr]    Compiling http-body v0.4.5
[INFO] [stderr]    Compiling aho-corasick v0.6.10
[INFO] [stderr]    Compiling equivalent v1.0.1
[INFO] [stderr]    Compiling bitflags v0.9.1
[INFO] [stderr]    Compiling openssl-probe v0.1.5
[INFO] [stderr]    Compiling hashbrown v0.14.0
[INFO] [stderr]    Compiling lexical-core v0.7.6
[INFO] [stderr]    Compiling tower-service v0.3.2
[INFO] [stderr]    Compiling thiserror v1.0.40
[INFO] [stderr]    Compiling serde v0.8.23
[INFO] [stderr]    Compiling language-tags v0.3.2
[INFO] [stderr]    Compiling hyper v0.14.27
[INFO] [stderr]    Compiling indexmap v2.0.0
[INFO] [stderr]    Compiling diesel v0.16.0
[INFO] [stderr]    Compiling actix-web-codegen v4.2.0
[INFO] [stderr]    Compiling serde_test v0.8.23
[INFO] [stderr]    Compiling rust-embed-impl v6.8.1
[INFO] [stderr]    Compiling derive-error-chain v0.10.1
[INFO] [stderr]    Compiling darling v0.20.3
[INFO] [stderr]    Compiling utoipa-swagger-ui v3.1.4
[INFO] [stderr]    Compiling actix-server v2.2.0
[INFO] [stderr]    Compiling utoipa-gen v3.4.5
[INFO] [stderr]    Compiling thiserror-impl v1.0.40
[INFO] [stderr]    Compiling diesel_table_macro_syntax v0.1.0
[INFO] [stderr]    Compiling scheduled-thread-pool v0.2.7
[INFO] [stderr]    Compiling time v0.1.45
[INFO] [stderr]    Compiling nom v5.1.3
[INFO] [stderr]    Compiling error-chain v0.10.0
[INFO] [stderr]    Compiling arrayvec v0.5.2
[INFO] [stderr]    Compiling static_assertions v1.1.0
[INFO] [stderr]    Compiling iana-time-zone v0.1.57
[INFO] [stderr]    Compiling dotenv v0.10.1
[INFO] [stderr]    Compiling chrono v0.4.26
[INFO] [stderr]    Compiling r2d2 v0.8.10
[INFO] [stderr]    Compiling diesel_derives v2.1.0
[INFO] [stderr]    Compiling diesel_infer_schema v0.16.0
[INFO] [stderr]    Compiling tokio-rustls v0.24.1
[INFO] [stderr]    Compiling serde_with_macros v2.3.3
[INFO] [stderr]    Compiling rust-embed v6.8.1
[INFO] [stderr]    Compiling bigdecimal v0.3.1
[INFO] [stderr]    Compiling linked-hash-map v0.3.0
[INFO] [stderr]    Compiling tokio-native-tls v0.3.1
[INFO] [stderr]    Compiling webpki v0.22.1
[INFO] [stderr]    Compiling num-traits v0.1.43
[INFO] [stderr]    Compiling uuid v1.4.0
[INFO] [stderr]    Compiling rand v0.4.6
[INFO] [stderr]    Compiling linked-hash-map v0.5.6
[INFO] [stderr]    Compiling rustix v0.38.3
[INFO] [stderr]    Compiling anyhow v1.0.75
[INFO] [stderr]    Compiling either v1.9.0
[INFO] [stderr]    Compiling serde_with v2.3.3
[INFO] [stderr]    Compiling tokio-socks v0.5.1
[INFO] [stderr]    Compiling rand v0.3.23
[INFO] [stderr]    Compiling yaml-rust v0.4.5
[INFO] [stderr]    Compiling webpki-roots v0.22.6
[INFO] [stderr]    Compiling serde-hjson v0.9.1
[INFO] [stderr]    Compiling hyper-tls v0.5.0
[INFO] [stderr]    Compiling diesel_codegen v0.16.1
[INFO] [stderr]    Compiling hyper-rustls v0.24.1
[INFO] [stderr]    Compiling rustls-pemfile v1.0.3
[INFO] [stderr]    Compiling tokio-macros v0.2.6
[INFO] [stderr]    Compiling serde_path_to_error v0.1.14
[INFO] [stderr]    Compiling toml v0.5.11
[INFO] [stderr]    Compiling linux-raw-sys v0.4.5
[INFO] [stderr]    Compiling bytes v0.5.6
[INFO] [stderr]    Compiling ipnet v2.8.0
[INFO] [stderr]    Compiling pin-project-lite v0.1.12
[INFO] [stderr]    Compiling rust-ini v0.13.0
[INFO] [stderr]    Compiling config v0.10.1
[INFO] [stderr]    Compiling reqwest v0.11.18
[INFO] [stderr]    Compiling tokio v0.2.25
[INFO] [stderr]    Compiling utoipa v3.4.4
[INFO] [stderr]    Compiling serial-key v1.0.0
[INFO] [stderr]    Compiling dotenv v0.15.0
[INFO] [stderr]    Compiling base64 v0.13.1
[INFO] [stderr]    Compiling is-terminal v0.4.9
[INFO] [stderr]    Compiling validator_types v0.16.0
[INFO] [stderr]    Compiling if_chain v1.0.2
[INFO] [stderr]    Compiling dotenvy v0.15.7
[INFO] [stderr]    Compiling termcolor v1.3.0
[INFO] [stderr]    Compiling humantime v2.1.0
[INFO] [stderr]    Compiling env_logger v0.10.1
[INFO] [stderr]    Compiling validator_derive v0.16.0
[INFO] [stderr]    Compiling validator v0.16.1
[INFO] [stderr]    Compiling hex v0.4.3
[INFO] [stderr]    Compiling listenfd v1.0.1
[INFO] [stderr]    Compiling diesel v2.1.0
[INFO] [stderr]    Compiling zstd v0.12.4
[INFO] [stderr]    Compiling actix-http v3.3.1
[INFO] [stderr]    Compiling actix-web v4.3.1
[INFO] [stderr]    Compiling domain v0.1.0 (/opt/rustwide/workdir/domain)
[INFO] [stderr]    Compiling shared v0.1.0 (/opt/rustwide/workdir/shared)
[INFO] [stderr]    Compiling infrastructure v0.1.0 (/opt/rustwide/workdir/infrastructure)
[INFO] [stderr]    Compiling application v0.1.0 (/opt/rustwide/workdir/application)
[INFO] [stderr]    Compiling api v0.1.0 (/opt/rustwide/workdir/api)
[INFO] [stderr]     Finished dev [unoptimized + debuginfo] target(s) in 56.32s
[INFO] running `Command { std: "docker" "inspect" "915c0eab7210b52988e0525980321c21be4c3c31902efcd9c4bed6e46118beed", kill_on_drop: false }`
[INFO] running `Command { std: "docker" "rm" "-f" "915c0eab7210b52988e0525980321c21be4c3c31902efcd9c4bed6e46118beed", kill_on_drop: false }`
[INFO] [stdout] 915c0eab7210b52988e0525980321c21be4c3c31902efcd9c4bed6e46118beed
[INFO] running `Command { std: "docker" "create" "-v" "/var/lib/crater-agent-workspace/builds/worker-1-tc1/target:/opt/rustwide/target:rw,Z" "-v" "/var/lib/crater-agent-workspace/builds/worker-1-tc1/source:/opt/rustwide/workdir:ro,Z" "-v" "/var/lib/crater-agent-workspace/cargo-home:/opt/rustwide/cargo-home:ro,Z" "-v" "/var/lib/crater-agent-workspace/rustup-home:/opt/rustwide/rustup-home:ro,Z" "-e" "SOURCE_DIR=/opt/rustwide/workdir" "-e" "CARGO_TARGET_DIR=/opt/rustwide/target" "-e" "CARGO_INCREMENTAL=0" "-e" "RUST_BACKTRACE=full" "-e" "RUSTFLAGS=--cap-lints=warn" "-e" "RUSTDOCFLAGS=--cap-lints=warn" "-e" "CARGO_HOME=/opt/rustwide/cargo-home" "-e" "RUSTUP_HOME=/opt/rustwide/rustup-home" "-w" "/opt/rustwide/workdir" "-m" "1610612736" "--user" "0:0" "--network" "none" "ghcr.io/rust-lang/crates-build-env/linux@sha256:2788e3201cd34a07e3172128adcd8b3090168a8e3bcc40d7c032b9dda1df7d1c" "/opt/rustwide/cargo-home/bin/cargo" "+1.75.0" "test" "--frozen" "--no-run" "--message-format=json", kill_on_drop: false }`
[INFO] [stdout] 04415bd6ceb7c46d3794fbfc69f815bb884fa14cfdade178016c59a3677730b8
[INFO] running `Command { std: "docker" "start" "-a" "04415bd6ceb7c46d3794fbfc69f815bb884fa14cfdade178016c59a3677730b8", kill_on_drop: false }`
[INFO] [stderr]    Compiling infrastructure v0.1.0 (/opt/rustwide/workdir/infrastructure)
[INFO] [stderr]    Compiling shared v0.1.0 (/opt/rustwide/workdir/shared)
[INFO] [stderr]    Compiling domain v0.1.0 (/opt/rustwide/workdir/domain)
[INFO] [stderr]    Compiling application v0.1.0 (/opt/rustwide/workdir/application)
[INFO] [stderr]    Compiling api v0.1.0 (/opt/rustwide/workdir/api)
[INFO] [stderr]     Finished test [unoptimized + debuginfo] target(s) in 4.55s
[INFO] running `Command { std: "docker" "inspect" "04415bd6ceb7c46d3794fbfc69f815bb884fa14cfdade178016c59a3677730b8", kill_on_drop: false }`
[INFO] running `Command { std: "docker" "rm" "-f" "04415bd6ceb7c46d3794fbfc69f815bb884fa14cfdade178016c59a3677730b8", kill_on_drop: false }`
[INFO] [stdout] 04415bd6ceb7c46d3794fbfc69f815bb884fa14cfdade178016c59a3677730b8
[INFO] running `Command { std: "docker" "create" "-v" "/var/lib/crater-agent-workspace/builds/worker-1-tc1/target:/opt/rustwide/target:rw,Z" "-v" "/var/lib/crater-agent-workspace/builds/worker-1-tc1/source:/opt/rustwide/workdir:ro,Z" "-v" "/var/lib/crater-agent-workspace/cargo-home:/opt/rustwide/cargo-home:ro,Z" "-v" "/var/lib/crater-agent-workspace/rustup-home:/opt/rustwide/rustup-home:ro,Z" "-e" "SOURCE_DIR=/opt/rustwide/workdir" "-e" "CARGO_TARGET_DIR=/opt/rustwide/target" "-e" "CARGO_INCREMENTAL=0" "-e" "RUST_BACKTRACE=full" "-e" "RUSTFLAGS=--cap-lints=warn" "-e" "RUSTDOCFLAGS=--cap-lints=warn" "-e" "CARGO_HOME=/opt/rustwide/cargo-home" "-e" "RUSTUP_HOME=/opt/rustwide/rustup-home" "-w" "/opt/rustwide/workdir" "-m" "1610612736" "--user" "0:0" "--network" "none" "ghcr.io/rust-lang/crates-build-env/linux@sha256:2788e3201cd34a07e3172128adcd8b3090168a8e3bcc40d7c032b9dda1df7d1c" "/opt/rustwide/cargo-home/bin/cargo" "+1.75.0" "test" "--frozen", kill_on_drop: false }`
[INFO] [stdout] 069f908b74c56907ce745c08afe938b5f077fe29f079012cc6016913da880c0c
[INFO] running `Command { std: "docker" "start" "-a" "069f908b74c56907ce745c08afe938b5f077fe29f079012cc6016913da880c0c", kill_on_drop: false }`
[INFO] [stderr]     Finished test [unoptimized + debuginfo] target(s) in 0.14s
[INFO] [stderr]      Running unittests src/lib.rs (/opt/rustwide/target/debug/deps/api-293c7c961c7536fc)
[INFO] [stdout] 
[INFO] [stdout] running 0 tests
[INFO] [stdout] 
[INFO] [stdout] test result: ok. 0 passed; 0 failed; 0 ignored; 0 measured; 0 filtered out; finished in 0.00s
[INFO] [stdout] 
[INFO] [stderr]      Running unittests src/bin/main.rs (/opt/rustwide/target/debug/deps/main-0c6c6475414266ac)
[INFO] [stdout] 
[INFO] [stdout] running 0 tests
[INFO] [stdout] 
[INFO] [stdout] test result: ok. 0 passed; 0 failed; 0 ignored; 0 measured; 0 filtered out; finished in 0.00s
[INFO] [stdout] 
[INFO] [stderr]      Running unittests src/lib.rs (/opt/rustwide/target/debug/deps/application-16596667386ddf2a)
[INFO] [stdout] 
[INFO] [stdout] running 0 tests
[INFO] [stdout] 
[INFO] [stdout] test result: ok. 0 passed; 0 failed; 0 ignored; 0 measured; 0 filtered out; finished in 0.00s
[INFO] [stdout] 
[INFO] [stderr]      Running unittests src/lib.rs (/opt/rustwide/target/debug/deps/domain-5d481447b333bfde)
[INFO] [stdout] 
[INFO] [stdout] running 0 tests
[INFO] [stdout] 
[INFO] [stdout] test result: ok. 0 passed; 0 failed; 0 ignored; 0 measured; 0 filtered out; finished in 0.00s
[INFO] [stdout] 
[INFO] [stderr]      Running unittests src/lib.rs (/opt/rustwide/target/debug/deps/infrastructure-77da6ed2bf63a3ae)
[INFO] [stdout] 
[INFO] [stdout] running 0 tests
[INFO] [stdout] 
[INFO] [stdout] test result: ok. 0 passed; 0 failed; 0 ignored; 0 measured; 0 filtered out; finished in 0.00s
[INFO] [stdout] 
[INFO] [stderr]      Running unittests src/lib.rs (/opt/rustwide/target/debug/deps/shared-d0aeafcaddd385ec)
[INFO] [stdout] 
[INFO] [stdout] running 0 tests
[INFO] [stdout] 
[INFO] [stdout] test result: ok. 0 passed; 0 failed; 0 ignored; 0 measured; 0 filtered out; finished in 0.00s
[INFO] [stdout] 
[INFO] [stderr]    Doc-tests api
[INFO] [stdout] 
[INFO] [stdout] running 4 tests
[INFO] [stdout] test api/src/utils.rs - utils::check::validate_float (line 103) ... FAILED
[INFO] [stdout] test api/src/utils.rs - utils::check::validate_long (line 64) ... FAILED
[INFO] [stdout] test api/src/utils.rs - utils::check::validate_long (line 57) ... FAILED
[INFO] [stdout] test api/src/utils.rs - utils::check::validate_float (line 95) ... FAILED
[INFO] [stdout] 
[INFO] [stdout] failures:
[INFO] [stdout] 
[INFO] [stdout] ---- api/src/utils.rs - utils::check::validate_float (line 103) stdout ----
[INFO] [stdout] error[E0433]: failed to resolve: use of undeclared crate or module `lib_api`
[INFO] [stdout]  --> api/src/utils.rs:105:5
[INFO] [stdout]   |
[INFO] [stdout] 5 | use lib_api::utils::check;
[INFO] [stdout]   |     ^^^^^^^ use of undeclared crate or module `lib_api`
[INFO] [stdout] 
[INFO] [stdout] error: aborting due to previous error
[INFO] [stdout] 
[INFO] [stdout] For more information about this error, try `rustc --explain E0433`.
[INFO] [stdout] Couldn't compile the test.
[INFO] [stdout] ---- api/src/utils.rs - utils::check::validate_long (line 64) stdout ----
[INFO] [stdout] error[E0433]: failed to resolve: use of undeclared crate or module `lib_api`
[INFO] [stdout]  --> api/src/utils.rs:66:5
[INFO] [stdout]   |
[INFO] [stdout] 5 | use lib_api::utils::check;
[INFO] [stdout]   |     ^^^^^^^ use of undeclared crate or module `lib_api`
[INFO] [stdout] 
[INFO] [stdout] error: aborting due to previous error
[INFO] [stdout] 
[INFO] [stdout] For more information about this error, try `rustc --explain E0433`.
[INFO] [stdout] Couldn't compile the test.
[INFO] [stdout] ---- api/src/utils.rs - utils::check::validate_long (line 57) stdout ----
[INFO] [stdout] error[E0433]: failed to resolve: use of undeclared crate or module `lib_api`
[INFO] [stdout]  --> api/src/utils.rs:59:5
[INFO] [stdout]   |
[INFO] [stdout] 5 | use lib_api::utils::check;
[INFO] [stdout]   |     ^^^^^^^ use of undeclared crate or module `lib_api`
[INFO] [stdout] 
[INFO] [stdout] error: aborting due to previous error
[INFO] [stdout] 
[INFO] [stdout] For more information about this error, try `rustc --explain E0433`.
[INFO] [stdout] Couldn't compile the test.
[INFO] [stdout] ---- api/src/utils.rs - utils::check::validate_float (line 95) stdout ----
[INFO] [stdout] error[E0433]: failed to resolve: use of undeclared crate or module `lib_api`
[INFO] [stdout]  --> api/src/utils.rs:97:5
[INFO] [stdout]   |
[INFO] [stdout] 5 | use lib_api::utils::check;
[INFO] [stdout]   |     ^^^^^^^ use of undeclared crate or module `lib_api`
[INFO] [stdout] 
[INFO] [stdout] error: aborting due to previous error
[INFO] [stdout] 
[INFO] [stdout] For more information about this error, try `rustc --explain E0433`.
[INFO] [stdout] Couldn't compile the test.
[INFO] [stdout] 
[INFO] [stdout] failures:
[INFO] [stdout]     api/src/utils.rs - utils::check::validate_float (line 103)
[INFO] [stdout]     api/src/utils.rs - utils::check::validate_float (line 95)
[INFO] [stdout]     api/src/utils.rs - utils::check::validate_long (line 57)
[INFO] [stdout]     api/src/utils.rs - utils::check::validate_long (line 64)
[INFO] [stdout] 
[INFO] [stdout] test result: FAILED. 0 passed; 4 failed; 0 ignored; 0 measured; 0 filtered out; finished in 0.08s
[INFO] [stdout] 
[INFO] [stderr] error: doctest failed, to rerun pass `-p api --doc`
[INFO] running `Command { std: "docker" "inspect" "069f908b74c56907ce745c08afe938b5f077fe29f079012cc6016913da880c0c", kill_on_drop: false }`
[INFO] running `Command { std: "docker" "rm" "-f" "069f908b74c56907ce745c08afe938b5f077fe29f079012cc6016913da880c0c", kill_on_drop: false }`
[INFO] [stdout] 069f908b74c56907ce745c08afe938b5f077fe29f079012cc6016913da880c0c
