[INFO] cloning repository https://github.com/tomesm/rs-crud-api-tmpl
[INFO] running `Command { std: "git" "-c" "credential.helper=" "-c" "credential.helper=/workspace/cargo-home/bin/git-credential-null" "clone" "--bare" "https://github.com/tomesm/rs-crud-api-tmpl" "/workspace/cache/git-repos/https%3A%2F%2Fgithub.com%2Ftomesm%2Frs-crud-api-tmpl", kill_on_drop: false }`
[INFO] [stderr] Cloning into bare repository '/workspace/cache/git-repos/https%3A%2F%2Fgithub.com%2Ftomesm%2Frs-crud-api-tmpl'...
[INFO] running `Command { std: "git" "rev-parse" "HEAD", kill_on_drop: false }`
[INFO] [stdout] c4029c166c3e589756ec52c74424a3a675894b5f
[INFO] testing tomesm/rs-crud-api-tmpl against 1.75.0 for beta-1.76-1
[INFO] running `Command { std: "git" "clone" "/workspace/cache/git-repos/https%3A%2F%2Fgithub.com%2Ftomesm%2Frs-crud-api-tmpl" "/workspace/builds/worker-3-tc1/source", kill_on_drop: false }`
[INFO] [stderr] Cloning into '/workspace/builds/worker-3-tc1/source'...
[INFO] [stderr] done.
[INFO] validating manifest of git repo https://github.com/tomesm/rs-crud-api-tmpl on toolchain 1.75.0
[INFO] running `Command { std: CARGO_HOME="/workspace/cargo-home" RUSTUP_HOME="/workspace/rustup-home" "/workspace/cargo-home/bin/cargo" "+1.75.0" "metadata" "--manifest-path" "Cargo.toml" "--no-deps", kill_on_drop: false }`
[INFO] started tweaking git repo https://github.com/tomesm/rs-crud-api-tmpl
[INFO] finished tweaking git repo https://github.com/tomesm/rs-crud-api-tmpl
[INFO] tweaked toml for git repo https://github.com/tomesm/rs-crud-api-tmpl written to /workspace/builds/worker-3-tc1/source/Cargo.toml
[INFO] crate git repo https://github.com/tomesm/rs-crud-api-tmpl already has a lockfile, it will not be regenerated
[INFO] running `Command { std: CARGO_HOME="/workspace/cargo-home" RUSTUP_HOME="/workspace/rustup-home" "/workspace/cargo-home/bin/cargo" "+1.75.0" "fetch" "--manifest-path" "Cargo.toml", kill_on_drop: false }`
[INFO] [stderr] warning: virtual workspace defaulting to `resolver = "1"` despite one or more workspace members being on edition 2021 which implies `resolver = "2"`
[INFO] [stderr] note: to keep the current resolver, specify `workspace.resolver = "1"` in the workspace root's manifest
[INFO] [stderr] note: to use the edition 2021 resolver, specify `workspace.resolver = "2"` in the workspace root's manifest
[INFO] [stderr] note: for more details see https://doc.rust-lang.org/cargo/reference/resolver.html#resolver-versions
[INFO] [stderr]     Updating crates.io index
[INFO] [stderr]  Downloading crates ...
[INFO] [stderr]   Downloaded serde_with_macros v2.3.2
[INFO] [stderr]   Downloaded serde_with v2.3.2
[INFO] [stderr]   Downloaded socket2 v0.5.1
[INFO] [stderr]   Downloaded warp v0.3.4
[INFO] [stderr]   Downloaded multiparty v0.1.0
[INFO] [stderr]   Downloaded sea-query v0.28.3
[INFO] running `Command { std: "docker" "create" "-v" "/var/lib/crater-agent-workspace/builds/worker-3-tc1/target:/opt/rustwide/target:rw,Z" "-v" "/var/lib/crater-agent-workspace/builds/worker-3-tc1/source:/opt/rustwide/workdir:ro,Z" "-v" "/var/lib/crater-agent-workspace/cargo-home:/opt/rustwide/cargo-home:ro,Z" "-v" "/var/lib/crater-agent-workspace/rustup-home:/opt/rustwide/rustup-home:ro,Z" "-e" "SOURCE_DIR=/opt/rustwide/workdir" "-e" "CARGO_TARGET_DIR=/opt/rustwide/target" "-e" "CARGO_HOME=/opt/rustwide/cargo-home" "-e" "RUSTUP_HOME=/opt/rustwide/rustup-home" "-w" "/opt/rustwide/workdir" "-m" "1610612736" "--user" "0:0" "--network" "none" "ghcr.io/rust-lang/crates-build-env/linux@sha256:2788e3201cd34a07e3172128adcd8b3090168a8e3bcc40d7c032b9dda1df7d1c" "/opt/rustwide/cargo-home/bin/cargo" "+1.75.0" "metadata" "--no-deps" "--format-version=1", kill_on_drop: false }`
[INFO] [stdout] 266d9111c6c37a28b8dd4630020c86493fce29076d9014b69b5acf2aa2733a00
[INFO] running `Command { std: "docker" "start" "-a" "266d9111c6c37a28b8dd4630020c86493fce29076d9014b69b5acf2aa2733a00", kill_on_drop: false }`
[INFO] running `Command { std: "docker" "inspect" "266d9111c6c37a28b8dd4630020c86493fce29076d9014b69b5acf2aa2733a00", kill_on_drop: false }`
[INFO] running `Command { std: "docker" "rm" "-f" "266d9111c6c37a28b8dd4630020c86493fce29076d9014b69b5acf2aa2733a00", kill_on_drop: false }`
[INFO] [stdout] 266d9111c6c37a28b8dd4630020c86493fce29076d9014b69b5acf2aa2733a00
[INFO] running `Command { std: "docker" "create" "-v" "/var/lib/crater-agent-workspace/builds/worker-3-tc1/target:/opt/rustwide/target:rw,Z" "-v" "/var/lib/crater-agent-workspace/builds/worker-3-tc1/source:/opt/rustwide/workdir:ro,Z" "-v" "/var/lib/crater-agent-workspace/cargo-home:/opt/rustwide/cargo-home:ro,Z" "-v" "/var/lib/crater-agent-workspace/rustup-home:/opt/rustwide/rustup-home:ro,Z" "-e" "SOURCE_DIR=/opt/rustwide/workdir" "-e" "CARGO_TARGET_DIR=/opt/rustwide/target" "-e" "CARGO_INCREMENTAL=0" "-e" "RUST_BACKTRACE=full" "-e" "RUSTFLAGS=--cap-lints=warn" "-e" "RUSTDOCFLAGS=--cap-lints=warn" "-e" "CARGO_HOME=/opt/rustwide/cargo-home" "-e" "RUSTUP_HOME=/opt/rustwide/rustup-home" "-w" "/opt/rustwide/workdir" "-m" "1610612736" "--user" "0:0" "--network" "none" "ghcr.io/rust-lang/crates-build-env/linux@sha256:2788e3201cd34a07e3172128adcd8b3090168a8e3bcc40d7c032b9dda1df7d1c" "/opt/rustwide/cargo-home/bin/cargo" "+1.75.0" "build" "--frozen" "--message-format=json", kill_on_drop: false }`
[INFO] [stdout] 324e31f5cf4b948cd2ab29b2a5b623fe5d5555dc5130950be01ba1ae60245635
[INFO] running `Command { std: "docker" "start" "-a" "324e31f5cf4b948cd2ab29b2a5b623fe5d5555dc5130950be01ba1ae60245635", kill_on_drop: false }`
[INFO] [stderr] warning: virtual workspace defaulting to `resolver = "1"` despite one or more workspace members being on edition 2021 which implies `resolver = "2"`
[INFO] [stderr] note: to keep the current resolver, specify `workspace.resolver = "1"` in the workspace root's manifest
[INFO] [stderr] note: to use the edition 2021 resolver, specify `workspace.resolver = "2"` in the workspace root's manifest
[INFO] [stderr] note: for more details see https://doc.rust-lang.org/cargo/reference/resolver.html#resolver-versions
[INFO] [stderr]    Compiling proc-macro2 v1.0.56
[INFO] [stderr]    Compiling cfg-if v1.0.0
[INFO] [stderr]    Compiling quote v1.0.26
[INFO] [stderr]    Compiling unicode-ident v1.0.8
[INFO] [stderr]    Compiling libc v0.2.141
[INFO] [stderr]    Compiling version_check v0.9.4
[INFO] [stderr]    Compiling typenum v1.16.0
[INFO] [stderr]    Compiling syn v1.0.109
[INFO] [stderr]    Compiling memchr v2.5.0
[INFO] [stderr]    Compiling bytes v1.4.0
[INFO] [stderr]    Compiling subtle v2.4.1
[INFO] [stderr]    Compiling serde_derive v1.0.159
[INFO] [stderr]    Compiling log v0.4.17
[INFO] [stderr]    Compiling once_cell v1.17.1
[INFO] [stderr]    Compiling itoa v1.0.6
[INFO] [stderr]    Compiling serde v1.0.159
[INFO] [stderr]    Compiling pin-project-lite v0.2.9
[INFO] [stderr]    Compiling lock_api v0.4.9
[INFO] [stderr]    Compiling smallvec v1.10.0
[INFO] [stderr]    Compiling futures-core v0.3.28
[INFO] [stderr]    Compiling cpufeatures v0.2.6
[INFO] [stderr]    Compiling parking_lot_core v0.9.7
[INFO] [stderr]    Compiling ppv-lite86 v0.2.17
[INFO] [stderr]    Compiling tokio v1.27.0
[INFO] [stderr]    Compiling tinyvec_macros v0.1.1
[INFO] [stderr]    Compiling slab v0.4.8
[INFO] [stderr]    Compiling generic-array v0.14.7
[INFO] [stderr]    Compiling futures-sink v0.3.28
[INFO] [stderr]    Compiling byteorder v1.4.3
[INFO] [stderr]    Compiling tinyvec v1.6.0
[INFO] [stderr]    Compiling futures-channel v0.3.28
[INFO] [stderr]    Compiling futures-task v0.3.28
[INFO] [stderr]    Compiling cc v1.0.79
[INFO] [stderr]    Compiling futures-util v0.3.28
[INFO] [stderr]    Compiling unicode-bidi v0.3.13
[INFO] [stderr]    Compiling indexmap v1.9.3
[INFO] [stderr]    Compiling futures-io v0.3.28
[INFO] [stderr]    Compiling ryu v1.0.13
[INFO] [stderr]    Compiling num-traits v0.2.15
[INFO] [stderr]    Compiling base64 v0.13.1
[INFO] [stderr]    Compiling thiserror v1.0.40
[INFO] [stderr]    Compiling hashbrown v0.12.3
[INFO] [stderr]    Compiling serde_json v1.0.95
[INFO] [stderr]    Compiling untrusted v0.7.1
[INFO] [stderr]    Compiling percent-encoding v2.2.0
[INFO] [stderr]    Compiling spin v0.5.2
[INFO] [stderr]    Compiling http v0.2.9
[INFO] [stderr]    Compiling form_urlencoded v1.1.0
[INFO] [stderr]    Compiling syn v2.0.13
[INFO] [stderr]    Compiling getrandom v0.2.8
[INFO] [stderr]    Compiling mio v0.8.6
[INFO] [stderr]    Compiling num_cpus v1.15.0
[INFO] [stderr]    Compiling signal-hook-registry v1.4.1
[INFO] [stderr]    Compiling rand_core v0.6.4
[INFO] [stderr]    Compiling socket2 v0.4.9
[INFO] [stderr]    Compiling parking_lot v0.12.1
[INFO] [stderr]    Compiling unicode-normalization v0.1.22
[INFO] [stderr]    Compiling rand_chacha v0.3.1
[INFO] [stderr]    Compiling dirs-sys v0.3.7
[INFO] [stderr]    Compiling unicase v2.6.0
[INFO] [stderr]    Compiling ahash v0.7.6
[INFO] [stderr]    Compiling rand v0.8.5
[INFO] [stderr]    Compiling dirs v4.0.0
[INFO] [stderr]    Compiling crc32fast v1.3.2
[INFO] [stderr]    Compiling ring v0.16.20
[INFO] [stderr]    Compiling idna v0.3.0
[INFO] [stderr]    Compiling parking_lot_core v0.8.6
[INFO] [stderr]    Compiling httparse v1.8.0
[INFO] [stderr]    Compiling stringprep v0.1.2
[INFO] [stderr]    Compiling proc-macro-error-attr v1.0.4
[INFO] [stderr]    Compiling tracing-core v0.1.30
[INFO] [stderr]    Compiling block-buffer v0.10.4
[INFO] [stderr]    Compiling crypto-common v0.1.6
[INFO] [stderr]    Compiling instant v0.1.12
[INFO] [stderr]    Compiling crossbeam-utils v0.8.15
[INFO] [stderr]    Compiling adler v1.0.2
[INFO] [stderr]    Compiling digest v0.10.6
[INFO] [stderr]    Compiling miniz_oxide v0.6.2
[INFO] [stderr]    Compiling proc-macro-error v1.0.4
[INFO] [stderr]    Compiling sha2 v0.10.6
[INFO] [stderr]    Compiling hmac v0.12.1
[INFO] [stderr]    Compiling url v2.3.1
[INFO] [stderr]    Compiling md-5 v0.10.5
[INFO] [stderr]    Compiling tracing v0.1.37
[INFO] [stderr]    Compiling num-integer v0.1.45
[INFO] [stderr]    Compiling paste v1.0.12
[INFO] [stderr]    Compiling crossbeam-queue v0.3.8
[INFO] [stderr]    Compiling either v1.8.1
[INFO] [stderr]    Compiling uuid v0.8.2
[INFO] [stderr]    Compiling base64 v0.21.0
[INFO] [stderr]    Compiling same-file v1.0.6
[INFO] [stderr]    Compiling strsim v0.10.0
[INFO] [stderr]    Compiling minimal-lexical v0.2.1
[INFO] [stderr]    Compiling ident_case v1.0.1
[INFO] [stderr]    Compiling bitflags v1.3.2
[INFO] [stderr]    Compiling unicode-segmentation v1.10.1
[INFO] [stderr]    Compiling flate2 v1.0.25
[INFO] [stderr]    Compiling itertools v0.10.5
[INFO] [stderr]    Compiling walkdir v2.3.3
[INFO] [stderr]    Compiling hashbrown v0.11.2
[INFO] [stderr]    Compiling mime_guess v2.0.4
[INFO] [stderr]    Compiling parking_lot v0.11.2
[INFO] [stderr]    Compiling nom v7.1.3
[INFO] [stderr]    Compiling sha1 v0.10.5
[INFO] [stderr]    Compiling aho-corasick v0.7.20
[INFO] [stderr]    Compiling heck v0.4.1
[INFO] [stderr]    Compiling mime v0.3.17
[INFO] [stderr]    Compiling crc-catalog v1.1.1
[INFO] [stderr]    Compiling regex-syntax v0.6.29
[INFO] [stderr]    Compiling unicode_categories v0.1.1
[INFO] [stderr]    Compiling try-lock v0.2.4
[INFO] [stderr]    Compiling crc v2.1.0
[INFO] [stderr]    Compiling hashlink v0.7.0
[INFO] [stderr]    Compiling zip v0.6.4
[INFO] [stderr]    Compiling futures-intrusive v0.4.2
[INFO] [stderr]    Compiling rust-embed-utils v7.5.0
[INFO] [stderr]    Compiling hkdf v0.12.3
[INFO] [stderr]    Compiling sha-1 v0.10.1
[INFO] [stderr]    Compiling atoi v0.4.0
[INFO] [stderr]    Compiling shellexpand v2.1.2
[INFO] [stderr]    Compiling fallible-iterator v0.2.0
[INFO] [stderr]    Compiling unsafe-libyaml v0.2.8
[INFO] [stderr]    Compiling whoami v1.4.0
[INFO] [stderr]    Compiling event-listener v2.5.3
[INFO] [stderr]    Compiling httpdate v1.0.2
[INFO] [stderr]    Compiling iana-time-zone v0.1.56
[INFO] [stderr]    Compiling async-trait v0.1.68
[INFO] [stderr]    Compiling utf-8 v0.7.6
[INFO] [stderr]    Compiling siphasher v0.3.10
[INFO] [stderr]    Compiling hex v0.4.3
[INFO] [stderr]    Compiling postgres-protocol v0.6.5
[INFO] [stderr]    Compiling chrono v0.4.24
[INFO] [stderr]    Compiling want v0.3.0
[INFO] [stderr]    Compiling phf_shared v0.11.1
[INFO] [stderr]    Compiling headers-core v0.2.0
[INFO] [stderr]    Compiling http-body v0.4.5
[INFO] [stderr]    Compiling dotenv v0.15.0
[INFO] [stderr]    Compiling tower-service v0.3.2
[INFO] [stderr]    Compiling phf v0.11.1
[INFO] [stderr]    Compiling headers v0.3.8
[INFO] [stderr]    Compiling multiparty v0.1.0
[INFO] [stderr]    Compiling rustls-pemfile v1.0.2
[INFO] [stderr]    Compiling socket2 v0.5.1
[INFO] [stderr]    Compiling scoped-tls v1.0.1
[INFO] [stderr]    Compiling sqlbuilder v0.1.0 (/opt/rustwide/workdir/backend/sql_builder)
[INFO] [stderr]    Compiling sqlformat v0.1.8
[INFO] [stderr]    Compiling darling_core v0.14.4
[INFO] [stderr]    Compiling regex v1.7.3
[INFO] [stderr]    Compiling tokio-macros v2.0.0
[INFO] [stderr]    Compiling futures-macro v0.3.28
[INFO] [stderr]    Compiling thiserror-impl v1.0.40
[INFO] [stderr]    Compiling webpki v0.21.4
[INFO] [stderr]    Compiling sct v0.6.1
[INFO] [stderr]    Compiling uuid-macro-internal v1.3.0
[INFO] [stderr]    Compiling pin-project-internal v1.0.12
[INFO] [stderr]    Compiling rust-embed-impl v6.5.0
[INFO] [stderr]    Compiling rustls v0.19.1
[INFO] [stderr]    Compiling webpki-roots v0.21.1
[INFO] [stderr]    Compiling darling_macro v0.14.4
[INFO] [stderr]    Compiling rust-embed v6.6.1
[INFO] [stderr]    Compiling tungstenite v0.18.0
[INFO] [stderr]    Compiling utoipa-swagger-ui v3.1.3
[INFO] [stderr]    Compiling sea-query-derive v0.3.0
[INFO] [stderr]    Compiling pin-project v1.0.12
[INFO] [stderr]    Compiling darling v0.14.4
[INFO] [stderr]    Compiling serde_with_macros v2.3.2
[INFO] [stderr]    Compiling sea-query v0.28.3
[INFO] [stderr]    Compiling futures-executor v0.3.28
[INFO] [stderr]    Compiling futures v0.3.28
[INFO] [stderr]    Compiling tokio-rustls v0.22.0
[INFO] [stderr]    Compiling tokio-util v0.7.7
[INFO] [stderr]    Compiling tokio-stream v0.1.12
[INFO] [stderr]    Compiling tokio-tungstenite v0.18.0
[INFO] [stderr]    Compiling sqlx-rt v0.5.13
[INFO] [stderr]    Compiling uuid v1.3.0
[INFO] [stderr]    Compiling serde_urlencoded v0.7.1
[INFO] [stderr]    Compiling serde_with v2.3.2
[INFO] [stderr]    Compiling utoipa-gen v3.2.1
[INFO] [stderr]    Compiling serde_yaml v0.9.21
[INFO] [stderr]    Compiling h2 v0.3.16
[INFO] [stderr]    Compiling sqlx-core v0.5.13
[INFO] [stderr]    Compiling postgres-types v0.2.5
[INFO] [stderr]    Compiling tokio-postgres v0.7.8
[INFO] [stderr]    Compiling utoipa v3.2.1
[INFO] [stderr]    Compiling hyper v0.14.25
[INFO] [stderr]    Compiling sqlx-macros v0.5.13
[INFO] [stderr]    Compiling warp v0.3.4
[INFO] [stderr]    Compiling sqlx v0.5.13
[INFO] [stderr]    Compiling passenger_service v0.1.0 (/opt/rustwide/workdir/backend/passenger_service)
[INFO] [stderr]     Finished dev [unoptimized + debuginfo] target(s) in 30.28s
[INFO] running `Command { std: "docker" "inspect" "324e31f5cf4b948cd2ab29b2a5b623fe5d5555dc5130950be01ba1ae60245635", kill_on_drop: false }`
[INFO] running `Command { std: "docker" "rm" "-f" "324e31f5cf4b948cd2ab29b2a5b623fe5d5555dc5130950be01ba1ae60245635", kill_on_drop: false }`
[INFO] [stdout] 324e31f5cf4b948cd2ab29b2a5b623fe5d5555dc5130950be01ba1ae60245635
[INFO] running `Command { std: "docker" "create" "-v" "/var/lib/crater-agent-workspace/builds/worker-3-tc1/target:/opt/rustwide/target:rw,Z" "-v" "/var/lib/crater-agent-workspace/builds/worker-3-tc1/source:/opt/rustwide/workdir:ro,Z" "-v" "/var/lib/crater-agent-workspace/cargo-home:/opt/rustwide/cargo-home:ro,Z" "-v" "/var/lib/crater-agent-workspace/rustup-home:/opt/rustwide/rustup-home:ro,Z" "-e" "SOURCE_DIR=/opt/rustwide/workdir" "-e" "CARGO_TARGET_DIR=/opt/rustwide/target" "-e" "CARGO_INCREMENTAL=0" "-e" "RUST_BACKTRACE=full" "-e" "RUSTFLAGS=--cap-lints=warn" "-e" "RUSTDOCFLAGS=--cap-lints=warn" "-e" "CARGO_HOME=/opt/rustwide/cargo-home" "-e" "RUSTUP_HOME=/opt/rustwide/rustup-home" "-w" "/opt/rustwide/workdir" "-m" "1610612736" "--user" "0:0" "--network" "none" "ghcr.io/rust-lang/crates-build-env/linux@sha256:2788e3201cd34a07e3172128adcd8b3090168a8e3bcc40d7c032b9dda1df7d1c" "/opt/rustwide/cargo-home/bin/cargo" "+1.75.0" "test" "--frozen" "--no-run" "--message-format=json", kill_on_drop: false }`
[INFO] [stdout] 21eb8cfebca9786c96885946c455bd69957b227977b02067b8292162c4d82407
[INFO] running `Command { std: "docker" "start" "-a" "21eb8cfebca9786c96885946c455bd69957b227977b02067b8292162c4d82407", kill_on_drop: false }`
[INFO] [stderr] warning: virtual workspace defaulting to `resolver = "1"` despite one or more workspace members being on edition 2021 which implies `resolver = "2"`
[INFO] [stderr] note: to keep the current resolver, specify `workspace.resolver = "1"` in the workspace root's manifest
[INFO] [stderr] note: to use the edition 2021 resolver, specify `workspace.resolver = "2"` in the workspace root's manifest
[INFO] [stderr] note: for more details see https://doc.rust-lang.org/cargo/reference/resolver.html#resolver-versions
[INFO] [stderr]    Compiling anyhow v1.0.70
[INFO] [stderr]    Compiling sqlbuilder v0.1.0 (/opt/rustwide/workdir/backend/sql_builder)
[INFO] [stderr]    Compiling passenger_service v0.1.0 (/opt/rustwide/workdir/backend/passenger_service)
[INFO] [stderr]     Finished test [unoptimized + debuginfo] target(s) in 6.01s
[INFO] running `Command { std: "docker" "inspect" "21eb8cfebca9786c96885946c455bd69957b227977b02067b8292162c4d82407", kill_on_drop: false }`
[INFO] running `Command { std: "docker" "rm" "-f" "21eb8cfebca9786c96885946c455bd69957b227977b02067b8292162c4d82407", kill_on_drop: false }`
[INFO] [stdout] 21eb8cfebca9786c96885946c455bd69957b227977b02067b8292162c4d82407
[INFO] running `Command { std: "docker" "create" "-v" "/var/lib/crater-agent-workspace/builds/worker-3-tc1/target:/opt/rustwide/target:rw,Z" "-v" "/var/lib/crater-agent-workspace/builds/worker-3-tc1/source:/opt/rustwide/workdir:ro,Z" "-v" "/var/lib/crater-agent-workspace/cargo-home:/opt/rustwide/cargo-home:ro,Z" "-v" "/var/lib/crater-agent-workspace/rustup-home:/opt/rustwide/rustup-home:ro,Z" "-e" "SOURCE_DIR=/opt/rustwide/workdir" "-e" "CARGO_TARGET_DIR=/opt/rustwide/target" "-e" "CARGO_INCREMENTAL=0" "-e" "RUST_BACKTRACE=full" "-e" "RUSTFLAGS=--cap-lints=warn" "-e" "RUSTDOCFLAGS=--cap-lints=warn" "-e" "CARGO_HOME=/opt/rustwide/cargo-home" "-e" "RUSTUP_HOME=/opt/rustwide/rustup-home" "-w" "/opt/rustwide/workdir" "-m" "1610612736" "--user" "0:0" "--network" "none" "ghcr.io/rust-lang/crates-build-env/linux@sha256:2788e3201cd34a07e3172128adcd8b3090168a8e3bcc40d7c032b9dda1df7d1c" "/opt/rustwide/cargo-home/bin/cargo" "+1.75.0" "test" "--frozen", kill_on_drop: false }`
[INFO] [stdout] f6b59bbd752d8c60905fdfdf57213cdea4c75106527a43523f273830fd5e727f
[INFO] running `Command { std: "docker" "start" "-a" "f6b59bbd752d8c60905fdfdf57213cdea4c75106527a43523f273830fd5e727f", kill_on_drop: false }`
[INFO] [stderr] warning: virtual workspace defaulting to `resolver = "1"` despite one or more workspace members being on edition 2021 which implies `resolver = "2"`
[INFO] [stderr] note: to keep the current resolver, specify `workspace.resolver = "1"` in the workspace root's manifest
[INFO] [stderr] note: to use the edition 2021 resolver, specify `workspace.resolver = "2"` in the workspace root's manifest
[INFO] [stderr] note: for more details see https://doc.rust-lang.org/cargo/reference/resolver.html#resolver-versions
[INFO] [stderr]     Finished test [unoptimized + debuginfo] target(s) in 0.12s
[INFO] [stderr]      Running unittests src/main.rs (/opt/rustwide/target/debug/deps/passenger_service-e898500d1516d63f)
[INFO] [stdout] 
[INFO] [stdout] running 12 tests
[INFO] [stdout] test model::passenger::tests::model_passenger_create ... FAILED
[INFO] [stdout] test web::handlers::tests::web_passenger_update_ok ... FAILED
[INFO] [stdout] test model::passenger::tests::model_passenger_get_ok ... FAILED
[INFO] [stdout] test model::db::tests::model_db_init_db ... FAILED
[INFO] [stdout] test model::passenger::tests::model_passenger_list ... FAILED
[INFO] [stdout] test model::passenger::tests::model_passenger_update_ok ... FAILED
[INFO] [stdout] test model::passenger::tests::model_passenger_get_wrong_id ... FAILED
[INFO] [stdout] test web::handlers::tests::web_passenger_get_ok ... FAILED
[INFO] [stdout] test web::handlers::tests::web_todo_delete_ok ... FAILED
[INFO] [stdout] test model::passenger::tests::model_passenger_delete_simple ... FAILED
[INFO] [stdout] test web::handlers::tests::web_passenger_create_ok ... FAILED
[INFO] [stdout] test web::handlers::tests::web_handlers_list ... FAILED
[INFO] [stdout] 
[INFO] [stdout] failures:
[INFO] [stdout] 
[INFO] [stdout] ---- model::passenger::tests::model_passenger_create stdout ----
[INFO] [stdout] Error: PoolTimedOut
[INFO] [stdout] 
[INFO] [stdout] ---- web::handlers::tests::web_passenger_update_ok stdout ----
[INFO] [stdout] Error: pool timed out while waiting for an open connection
[INFO] [stdout] 
[INFO] [stdout] ---- model::passenger::tests::model_passenger_get_ok stdout ----
[INFO] [stdout] Error: PoolTimedOut
[INFO] [stdout] 
[INFO] [stdout] ---- model::db::tests::model_db_init_db stdout ----
[INFO] [stdout] Error: PoolTimedOut
[INFO] [stdout] 
[INFO] [stdout] ---- model::passenger::tests::model_passenger_list stdout ----
[INFO] [stdout] Error: PoolTimedOut
[INFO] [stdout] 
[INFO] [stdout] ---- model::passenger::tests::model_passenger_update_ok stdout ----
[INFO] [stdout] Error: PoolTimedOut
[INFO] [stdout] 
[INFO] [stdout] ---- model::passenger::tests::model_passenger_get_wrong_id stdout ----
[INFO] [stdout] Error: PoolTimedOut
[INFO] [stdout] 
[INFO] [stdout] ---- web::handlers::tests::web_passenger_get_ok stdout ----
[INFO] [stdout] Error: pool timed out while waiting for an open connection
[INFO] [stdout] 
[INFO] [stdout] ---- web::handlers::tests::web_todo_delete_ok stdout ----
[INFO] [stdout] Error: pool timed out while waiting for an open connection
[INFO] [stdout] 
[INFO] [stdout] ---- model::passenger::tests::model_passenger_delete_simple stdout ----
[INFO] [stdout] Error: PoolTimedOut
[INFO] [stdout] 
[INFO] [stdout] ---- web::handlers::tests::web_passenger_create_ok stdout ----
[INFO] [stdout] Error: pool timed out while waiting for an open connection
[INFO] [stdout] 
[INFO] [stdout] ---- web::handlers::tests::web_handlers_list stdout ----
[INFO] [stdout] Error: pool timed out while waiting for an open connection
[INFO] [stdout] 
[INFO] [stdout] 
[INFO] [stdout] failures:
[INFO] [stdout]     model::db::tests::model_db_init_db
[INFO] [stdout]     model::passenger::tests::model_passenger_create
[INFO] [stdout]     model::passenger::tests::model_passenger_delete_simple
[INFO] [stdout]     model::passenger::tests::model_passenger_get_ok
[INFO] [stdout]     model::passenger::tests::model_passenger_get_wrong_id
[INFO] [stdout]     model::passenger::tests::model_passenger_list
[INFO] [stdout]     model::passenger::tests::model_passenger_update_ok
[INFO] [stdout]     web::handlers::tests::web_handlers_list
[INFO] [stdout]     web::handlers::tests::web_passenger_create_ok
[INFO] [stdout]     web::handlers::tests::web_passenger_get_ok
[INFO] [stdout]     web::handlers::tests::web_passenger_update_ok
[INFO] [stdout]     web::handlers::tests::web_todo_delete_ok
[INFO] [stdout] 
[INFO] [stdout] test result: FAILED. 0 passed; 12 failed; 0 ignored; 0 measured; 0 filtered out; finished in 0.56s
[INFO] [stdout] 
[INFO] [stderr] error: test failed, to rerun pass `-p passenger_service --bin passenger_service`
[INFO] running `Command { std: "docker" "inspect" "f6b59bbd752d8c60905fdfdf57213cdea4c75106527a43523f273830fd5e727f", kill_on_drop: false }`
[INFO] running `Command { std: "docker" "rm" "-f" "f6b59bbd752d8c60905fdfdf57213cdea4c75106527a43523f273830fd5e727f", kill_on_drop: false }`
[INFO] [stdout] f6b59bbd752d8c60905fdfdf57213cdea4c75106527a43523f273830fd5e727f
[INFO] testing tomesm/rs-crud-api-tmpl against beta-2023-12-22 for beta-1.76-1
[INFO] running `Command { std: "git" "clone" "/workspace/cache/git-repos/https%3A%2F%2Fgithub.com%2Ftomesm%2Frs-crud-api-tmpl" "/workspace/builds/worker-3-tc2/source", kill_on_drop: false }`
[INFO] [stderr] Cloning into '/workspace/builds/worker-3-tc2/source'...
[INFO] [stderr] done.
[INFO] validating manifest of git repo https://github.com/tomesm/rs-crud-api-tmpl on toolchain beta-2023-12-22
[INFO] running `Command { std: CARGO_HOME="/workspace/cargo-home" RUSTUP_HOME="/workspace/rustup-home" "/workspace/cargo-home/bin/cargo" "+beta-2023-12-22" "metadata" "--manifest-path" "Cargo.toml" "--no-deps", kill_on_drop: false }`
[INFO] started tweaking git repo https://github.com/tomesm/rs-crud-api-tmpl
[INFO] finished tweaking git repo https://github.com/tomesm/rs-crud-api-tmpl
[INFO] tweaked toml for git repo https://github.com/tomesm/rs-crud-api-tmpl written to /workspace/builds/worker-3-tc2/source/Cargo.toml
[INFO] crate git repo https://github.com/tomesm/rs-crud-api-tmpl already has a lockfile, it will not be regenerated
[INFO] running `Command { std: CARGO_HOME="/workspace/cargo-home" RUSTUP_HOME="/workspace/rustup-home" "/workspace/cargo-home/bin/cargo" "+beta-2023-12-22" "fetch" "--manifest-path" "Cargo.toml", kill_on_drop: false }`
[INFO] [stderr] warning: virtual workspace defaulting to `resolver = "1"` despite one or more workspace members being on edition 2021 which implies `resolver = "2"`
[INFO] [stderr] note: to keep the current resolver, specify `workspace.resolver = "1"` in the workspace root's manifest
[INFO] [stderr] note: to use the edition 2021 resolver, specify `workspace.resolver = "2"` in the workspace root's manifest
[INFO] [stderr] note: for more details see https://doc.rust-lang.org/cargo/reference/resolver.html#resolver-versions
[INFO] running `Command { std: "docker" "create" "-v" "/var/lib/crater-agent-workspace/builds/worker-3-tc2/target:/opt/rustwide/target:rw,Z" "-v" "/var/lib/crater-agent-workspace/builds/worker-3-tc2/source:/opt/rustwide/workdir:ro,Z" "-v" "/var/lib/crater-agent-workspace/cargo-home:/opt/rustwide/cargo-home:ro,Z" "-v" "/var/lib/crater-agent-workspace/rustup-home:/opt/rustwide/rustup-home:ro,Z" "-e" "SOURCE_DIR=/opt/rustwide/workdir" "-e" "CARGO_TARGET_DIR=/opt/rustwide/target" "-e" "CARGO_HOME=/opt/rustwide/cargo-home" "-e" "RUSTUP_HOME=/opt/rustwide/rustup-home" "-w" "/opt/rustwide/workdir" "-m" "1610612736" "--user" "0:0" "--network" "none" "ghcr.io/rust-lang/crates-build-env/linux@sha256:2788e3201cd34a07e3172128adcd8b3090168a8e3bcc40d7c032b9dda1df7d1c" "/opt/rustwide/cargo-home/bin/cargo" "+beta-2023-12-22" "metadata" "--no-deps" "--format-version=1", kill_on_drop: false }`
[INFO] [stdout] a27e6a350eb5c25b3c58435ba27248caae662aadf9da40db1204313240771415
[INFO] running `Command { std: "docker" "start" "-a" "a27e6a350eb5c25b3c58435ba27248caae662aadf9da40db1204313240771415", kill_on_drop: false }`
[INFO] running `Command { std: "docker" "inspect" "a27e6a350eb5c25b3c58435ba27248caae662aadf9da40db1204313240771415", kill_on_drop: false }`
[INFO] running `Command { std: "docker" "rm" "-f" "a27e6a350eb5c25b3c58435ba27248caae662aadf9da40db1204313240771415", kill_on_drop: false }`
[INFO] [stdout] a27e6a350eb5c25b3c58435ba27248caae662aadf9da40db1204313240771415
[INFO] running `Command { std: "docker" "create" "-v" "/var/lib/crater-agent-workspace/builds/worker-3-tc2/target:/opt/rustwide/target:rw,Z" "-v" "/var/lib/crater-agent-workspace/builds/worker-3-tc2/source:/opt/rustwide/workdir:ro,Z" "-v" "/var/lib/crater-agent-workspace/cargo-home:/opt/rustwide/cargo-home:ro,Z" "-v" "/var/lib/crater-agent-workspace/rustup-home:/opt/rustwide/rustup-home:ro,Z" "-e" "SOURCE_DIR=/opt/rustwide/workdir" "-e" "CARGO_TARGET_DIR=/opt/rustwide/target" "-e" "CARGO_INCREMENTAL=0" "-e" "RUST_BACKTRACE=full" "-e" "RUSTFLAGS=--cap-lints=warn" "-e" "RUSTDOCFLAGS=--cap-lints=warn" "-e" "CARGO_HOME=/opt/rustwide/cargo-home" "-e" "RUSTUP_HOME=/opt/rustwide/rustup-home" "-w" "/opt/rustwide/workdir" "-m" "1610612736" "--user" "0:0" "--network" "none" "ghcr.io/rust-lang/crates-build-env/linux@sha256:2788e3201cd34a07e3172128adcd8b3090168a8e3bcc40d7c032b9dda1df7d1c" "/opt/rustwide/cargo-home/bin/cargo" "+beta-2023-12-22" "build" "--frozen" "--message-format=json", kill_on_drop: false }`
[INFO] [stdout] ec30b520b70d50f8ec5b638d6c2b13969ee652244bf1b6b5cd1c55a51621c07e
[INFO] running `Command { std: "docker" "start" "-a" "ec30b520b70d50f8ec5b638d6c2b13969ee652244bf1b6b5cd1c55a51621c07e", kill_on_drop: false }`
[INFO] [stderr] warning: virtual workspace defaulting to `resolver = "1"` despite one or more workspace members being on edition 2021 which implies `resolver = "2"`
[INFO] [stderr] note: to keep the current resolver, specify `workspace.resolver = "1"` in the workspace root's manifest
[INFO] [stderr] note: to use the edition 2021 resolver, specify `workspace.resolver = "2"` in the workspace root's manifest
[INFO] [stderr] note: for more details see https://doc.rust-lang.org/cargo/reference/resolver.html#resolver-versions
[INFO] [stderr]    Compiling cfg-if v1.0.0
[INFO] [stderr]    Compiling proc-macro2 v1.0.56
[INFO] [stderr]    Compiling quote v1.0.26
[INFO] [stderr]    Compiling unicode-ident v1.0.8
[INFO] [stderr]    Compiling libc v0.2.141
[INFO] [stderr]    Compiling version_check v0.9.4
[INFO] [stderr]    Compiling typenum v1.16.0
[INFO] [stderr]    Compiling syn v1.0.109
[INFO] [stderr]    Compiling memchr v2.5.0
[INFO] [stderr]    Compiling bytes v1.4.0
[INFO] [stderr]    Compiling subtle v2.4.1
[INFO] [stderr]    Compiling log v0.4.17
[INFO] [stderr]    Compiling once_cell v1.17.1
[INFO] [stderr]    Compiling serde_derive v1.0.159
[INFO] [stderr]    Compiling serde v1.0.159
[INFO] [stderr]    Compiling pin-project-lite v0.2.9
[INFO] [stderr]    Compiling itoa v1.0.6
[INFO] [stderr]    Compiling lock_api v0.4.9
[INFO] [stderr]    Compiling futures-core v0.3.28
[INFO] [stderr]    Compiling smallvec v1.10.0
[INFO] [stderr]    Compiling cpufeatures v0.2.6
[INFO] [stderr]    Compiling parking_lot_core v0.9.7
[INFO] [stderr]    Compiling ppv-lite86 v0.2.17
[INFO] [stderr]    Compiling tokio v1.27.0
[INFO] [stderr]    Compiling tinyvec_macros v0.1.1
[INFO] [stderr]    Compiling generic-array v0.14.7
[INFO] [stderr]    Compiling slab v0.4.8
[INFO] [stderr]    Compiling tinyvec v1.6.0
[INFO] [stderr]    Compiling futures-channel v0.3.28
[INFO] [stderr]    Compiling futures-sink v0.3.28
[INFO] [stderr]    Compiling byteorder v1.4.3
[INFO] [stderr]    Compiling futures-task v0.3.28
[INFO] [stderr]    Compiling futures-util v0.3.28
[INFO] [stderr]    Compiling cc v1.0.79
[INFO] [stderr]    Compiling unicode-bidi v0.3.13
[INFO] [stderr]    Compiling indexmap v1.9.3
[INFO] [stderr]    Compiling ryu v1.0.13
[INFO] [stderr]    Compiling futures-io v0.3.28
[INFO] [stderr]    Compiling num-traits v0.2.15
[INFO] [stderr]    Compiling spin v0.5.2
[INFO] [stderr]    Compiling percent-encoding v2.2.0
[INFO] [stderr]    Compiling thiserror v1.0.40
[INFO] [stderr]    Compiling base64 v0.13.1
[INFO] [stderr]    Compiling hashbrown v0.12.3
[INFO] [stderr]    Compiling serde_json v1.0.95
[INFO] [stderr]    Compiling untrusted v0.7.1
[INFO] [stderr]    Compiling form_urlencoded v1.1.0
[INFO] [stderr]    Compiling http v0.2.9
[INFO] [stderr]    Compiling ahash v0.7.6
[INFO] [stderr]    Compiling unicase v2.6.0
[INFO] [stderr]    Compiling syn v2.0.13
[INFO] [stderr]    Compiling getrandom v0.2.8
[INFO] [stderr]    Compiling mio v0.8.6
[INFO] [stderr]    Compiling signal-hook-registry v1.4.1
[INFO] [stderr]    Compiling num_cpus v1.15.0
[INFO] [stderr]    Compiling socket2 v0.4.9
[INFO] [stderr]    Compiling rand_core v0.6.4
[INFO] [stderr]    Compiling parking_lot v0.12.1
[INFO] [stderr]    Compiling unicode-normalization v0.1.22
[INFO] [stderr]    Compiling rand_chacha v0.3.1
[INFO] [stderr]    Compiling dirs-sys v0.3.7
[INFO] [stderr]    Compiling parking_lot_core v0.8.6
[INFO] [stderr]    Compiling crc32fast v1.3.2
[INFO] [stderr]    Compiling rand v0.8.5
[INFO] [stderr]    Compiling dirs v4.0.0
[INFO] [stderr]    Compiling httparse v1.8.0
[INFO] [stderr]    Compiling ring v0.16.20
[INFO] [stderr]    Compiling proc-macro-error-attr v1.0.4
[INFO] [stderr]    Compiling tracing-core v0.1.30
[INFO] [stderr]    Compiling instant v0.1.12
[INFO] [stderr]    Compiling idna v0.3.0
[INFO] [stderr]    Compiling stringprep v0.1.2
[INFO] [stderr]    Compiling crossbeam-utils v0.8.15
[INFO] [stderr]    Compiling adler v1.0.2
[INFO] [stderr]    Compiling miniz_oxide v0.6.2
[INFO] [stderr]    Compiling block-buffer v0.10.4
[INFO] [stderr]    Compiling crypto-common v0.1.6
[INFO] [stderr]    Compiling digest v0.10.6
[INFO] [stderr]    Compiling tracing v0.1.37
[INFO] [stderr]    Compiling proc-macro-error v1.0.4
[INFO] [stderr]    Compiling num-integer v0.1.45
[INFO] [stderr]    Compiling sha2 v0.10.6
[INFO] [stderr]    Compiling hmac v0.12.1
[INFO] [stderr]    Compiling md-5 v0.10.5
[INFO] [stderr]    Compiling url v2.3.1
[INFO] [stderr]    Compiling same-file v1.0.6
[INFO] [stderr]    Compiling unicode-segmentation v1.10.1
[INFO] [stderr]    Compiling base64 v0.21.0
[INFO] [stderr]    Compiling strsim v0.10.0
[INFO] [stderr]    Compiling crossbeam-queue v0.3.8
[INFO] [stderr]    Compiling minimal-lexical v0.2.1
[INFO] [stderr]    Compiling paste v1.0.12
[INFO] [stderr]    Compiling uuid v0.8.2
[INFO] [stderr]    Compiling either v1.8.1
[INFO] [stderr]    Compiling bitflags v1.3.2
[INFO] [stderr]    Compiling ident_case v1.0.1
[INFO] [stderr]    Compiling itertools v0.10.5
[INFO] [stderr]    Compiling nom v7.1.3
[INFO] [stderr]    Compiling walkdir v2.3.3
[INFO] [stderr]    Compiling heck v0.4.1
[INFO] [stderr]    Compiling flate2 v1.0.25
[INFO] [stderr]    Compiling hashbrown v0.11.2
[INFO] [stderr]    Compiling sha1 v0.10.5
[INFO] [stderr]    Compiling mime_guess v2.0.4
[INFO] [stderr]    Compiling parking_lot v0.11.2
[INFO] [stderr]    Compiling aho-corasick v0.7.20
[INFO] [stderr]    Compiling unicode_categories v0.1.1
[INFO] [stderr]    Compiling mime v0.3.17
[INFO] [stderr]    Compiling try-lock v0.2.4
[INFO] [stderr]    Compiling regex-syntax v0.6.29
[INFO] [stderr]    Compiling crc-catalog v1.1.1
[INFO] [stderr]    Compiling hashlink v0.7.0
[INFO] [stderr]    Compiling crc v2.1.0
[INFO] [stderr]    Compiling zip v0.6.4
[INFO] [stderr]    Compiling futures-intrusive v0.4.2
[INFO] [stderr]    Compiling rust-embed-utils v7.5.0
[INFO] [stderr]    Compiling hkdf v0.12.3
[INFO] [stderr]    Compiling sha-1 v0.10.1
[INFO] [stderr]    Compiling atoi v0.4.0
[INFO] [stderr]    Compiling shellexpand v2.1.2
[INFO] [stderr]    Compiling event-listener v2.5.3
[INFO] [stderr]    Compiling siphasher v0.3.10
[INFO] [stderr]    Compiling fallible-iterator v0.2.0
[INFO] [stderr]    Compiling hex v0.4.3
[INFO] [stderr]    Compiling whoami v1.4.0
[INFO] [stderr]    Compiling httpdate v1.0.2
[INFO] [stderr]    Compiling unsafe-libyaml v0.2.8
[INFO] [stderr]    Compiling async-trait v0.1.68
[INFO] [stderr]    Compiling utf-8 v0.7.6
[INFO] [stderr]    Compiling iana-time-zone v0.1.56
[INFO] [stderr]    Compiling phf_shared v0.11.1
[INFO] [stderr]    Compiling postgres-protocol v0.6.5
[INFO] [stderr]    Compiling chrono v0.4.24
[INFO] [stderr]    Compiling want v0.3.0
[INFO] [stderr]    Compiling http-body v0.4.5
[INFO] [stderr]    Compiling headers-core v0.2.0
[INFO] [stderr]    Compiling tower-service v0.3.2
[INFO] [stderr]    Compiling dotenv v0.15.0
[INFO] [stderr]    Compiling phf v0.11.1
[INFO] [stderr]    Compiling headers v0.3.8
[INFO] [stderr]    Compiling multiparty v0.1.0
[INFO] [stderr]    Compiling rustls-pemfile v1.0.2
[INFO] [stderr]    Compiling socket2 v0.5.1
[INFO] [stderr]    Compiling scoped-tls v1.0.1
[INFO] [stderr]    Compiling sqlbuilder v0.1.0 (/opt/rustwide/workdir/backend/sql_builder)
[INFO] [stderr]    Compiling sqlformat v0.1.8
[INFO] [stderr]    Compiling darling_core v0.14.4
[INFO] [stderr]    Compiling regex v1.7.3
[INFO] [stderr]    Compiling tokio-macros v2.0.0
[INFO] [stderr]    Compiling futures-macro v0.3.28
[INFO] [stderr]    Compiling thiserror-impl v1.0.40
[INFO] [stderr]    Compiling webpki v0.21.4
[INFO] [stderr]    Compiling sct v0.6.1
[INFO] [stderr]    Compiling rustls v0.19.1
[INFO] [stderr]    Compiling webpki-roots v0.21.1
[INFO] [stderr]    Compiling uuid-macro-internal v1.3.0
[INFO] [stderr]    Compiling rust-embed-impl v6.5.0
[INFO] [stderr]    Compiling pin-project-internal v1.0.12
[INFO] [stderr]    Compiling darling_macro v0.14.4
[INFO] [stderr]    Compiling tungstenite v0.18.0
[INFO] [stderr]    Compiling sea-query-derive v0.3.0
[INFO] [stderr]    Compiling utoipa-swagger-ui v3.1.3
[INFO] [stderr]    Compiling rust-embed v6.6.1
[INFO] [stderr]    Compiling pin-project v1.0.12
[INFO] [stderr]    Compiling darling v0.14.4
[INFO] [stderr]    Compiling serde_with_macros v2.3.2
[INFO] [stderr]    Compiling sea-query v0.28.3
[INFO] [stderr]    Compiling futures-executor v0.3.28
[INFO] [stderr]    Compiling futures v0.3.28
[INFO] [stderr]    Compiling tokio-rustls v0.22.0
[INFO] [stderr]    Compiling tokio-stream v0.1.12
[INFO] [stderr]    Compiling tokio-util v0.7.7
[INFO] [stderr]    Compiling tokio-tungstenite v0.18.0
[INFO] [stderr]    Compiling sqlx-rt v0.5.13
[INFO] [stderr]    Compiling uuid v1.3.0
[INFO] [stderr]    Compiling serde_urlencoded v0.7.1
[INFO] [stderr]    Compiling serde_with v2.3.2
[INFO] [stderr]    Compiling utoipa-gen v3.2.1
[INFO] [stderr]    Compiling h2 v0.3.16
[INFO] [stderr]    Compiling serde_yaml v0.9.21
[INFO] [stderr]    Compiling sqlx-core v0.5.13
[INFO] [stderr]    Compiling postgres-types v0.2.5
[INFO] [stderr]    Compiling tokio-postgres v0.7.8
[INFO] [stderr]    Compiling utoipa v3.2.1
[INFO] [stderr]    Compiling hyper v0.14.25
[INFO] [stderr]    Compiling sqlx-macros v0.5.13
[INFO] [stderr]    Compiling warp v0.3.4
[INFO] [stderr]    Compiling sqlx v0.5.13
[INFO] [stderr]    Compiling passenger_service v0.1.0 (/opt/rustwide/workdir/backend/passenger_service)
[INFO] [stderr]     Finished dev [unoptimized + debuginfo] target(s) in 29.95s
[INFO] running `Command { std: "docker" "inspect" "ec30b520b70d50f8ec5b638d6c2b13969ee652244bf1b6b5cd1c55a51621c07e", kill_on_drop: false }`
[INFO] running `Command { std: "docker" "rm" "-f" "ec30b520b70d50f8ec5b638d6c2b13969ee652244bf1b6b5cd1c55a51621c07e", kill_on_drop: false }`
[INFO] [stdout] ec30b520b70d50f8ec5b638d6c2b13969ee652244bf1b6b5cd1c55a51621c07e
[INFO] running `Command { std: "docker" "create" "-v" "/var/lib/crater-agent-workspace/builds/worker-3-tc2/target:/opt/rustwide/target:rw,Z" "-v" "/var/lib/crater-agent-workspace/builds/worker-3-tc2/source:/opt/rustwide/workdir:ro,Z" "-v" "/var/lib/crater-agent-workspace/cargo-home:/opt/rustwide/cargo-home:ro,Z" "-v" "/var/lib/crater-agent-workspace/rustup-home:/opt/rustwide/rustup-home:ro,Z" "-e" "SOURCE_DIR=/opt/rustwide/workdir" "-e" "CARGO_TARGET_DIR=/opt/rustwide/target" "-e" "CARGO_INCREMENTAL=0" "-e" "RUST_BACKTRACE=full" "-e" "RUSTFLAGS=--cap-lints=warn" "-e" "RUSTDOCFLAGS=--cap-lints=warn" "-e" "CARGO_HOME=/opt/rustwide/cargo-home" "-e" "RUSTUP_HOME=/opt/rustwide/rustup-home" "-w" "/opt/rustwide/workdir" "-m" "1610612736" "--user" "0:0" "--network" "none" "ghcr.io/rust-lang/crates-build-env/linux@sha256:2788e3201cd34a07e3172128adcd8b3090168a8e3bcc40d7c032b9dda1df7d1c" "/opt/rustwide/cargo-home/bin/cargo" "+beta-2023-12-22" "test" "--frozen" "--no-run" "--message-format=json", kill_on_drop: false }`
[INFO] [stdout] 4452e38fc4a6972c104ad2e2d9548bc9dd6bb17b3f8d040496b0f0445b196c28
[INFO] running `Command { std: "docker" "start" "-a" "4452e38fc4a6972c104ad2e2d9548bc9dd6bb17b3f8d040496b0f0445b196c28", kill_on_drop: false }`
[INFO] [stderr] warning: virtual workspace defaulting to `resolver = "1"` despite one or more workspace members being on edition 2021 which implies `resolver = "2"`
[INFO] [stderr] note: to keep the current resolver, specify `workspace.resolver = "1"` in the workspace root's manifest
[INFO] [stderr] note: to use the edition 2021 resolver, specify `workspace.resolver = "2"` in the workspace root's manifest
[INFO] [stderr] note: for more details see https://doc.rust-lang.org/cargo/reference/resolver.html#resolver-versions
[INFO] [stderr]    Compiling anyhow v1.0.70
[INFO] [stderr]    Compiling sqlbuilder v0.1.0 (/opt/rustwide/workdir/backend/sql_builder)
[INFO] [stderr]    Compiling passenger_service v0.1.0 (/opt/rustwide/workdir/backend/passenger_service)
[INFO] [stderr]     Finished test [unoptimized + debuginfo] target(s) in 6.95s
[INFO] running `Command { std: "docker" "inspect" "4452e38fc4a6972c104ad2e2d9548bc9dd6bb17b3f8d040496b0f0445b196c28", kill_on_drop: false }`
[INFO] running `Command { std: "docker" "rm" "-f" "4452e38fc4a6972c104ad2e2d9548bc9dd6bb17b3f8d040496b0f0445b196c28", kill_on_drop: false }`
[INFO] [stdout] 4452e38fc4a6972c104ad2e2d9548bc9dd6bb17b3f8d040496b0f0445b196c28
[INFO] running `Command { std: "docker" "create" "-v" "/var/lib/crater-agent-workspace/builds/worker-3-tc2/target:/opt/rustwide/target:rw,Z" "-v" "/var/lib/crater-agent-workspace/builds/worker-3-tc2/source:/opt/rustwide/workdir:ro,Z" "-v" "/var/lib/crater-agent-workspace/cargo-home:/opt/rustwide/cargo-home:ro,Z" "-v" "/var/lib/crater-agent-workspace/rustup-home:/opt/rustwide/rustup-home:ro,Z" "-e" "SOURCE_DIR=/opt/rustwide/workdir" "-e" "CARGO_TARGET_DIR=/opt/rustwide/target" "-e" "CARGO_INCREMENTAL=0" "-e" "RUST_BACKTRACE=full" "-e" "RUSTFLAGS=--cap-lints=warn" "-e" "RUSTDOCFLAGS=--cap-lints=warn" "-e" "CARGO_HOME=/opt/rustwide/cargo-home" "-e" "RUSTUP_HOME=/opt/rustwide/rustup-home" "-w" "/opt/rustwide/workdir" "-m" "1610612736" "--user" "0:0" "--network" "none" "ghcr.io/rust-lang/crates-build-env/linux@sha256:2788e3201cd34a07e3172128adcd8b3090168a8e3bcc40d7c032b9dda1df7d1c" "/opt/rustwide/cargo-home/bin/cargo" "+beta-2023-12-22" "test" "--frozen", kill_on_drop: false }`
[INFO] [stdout] d7f0d36457576aaae957c27d23d7fce123231b57be411749837bc21d80458bb6
[INFO] running `Command { std: "docker" "start" "-a" "d7f0d36457576aaae957c27d23d7fce123231b57be411749837bc21d80458bb6", kill_on_drop: false }`
[INFO] [stderr] warning: virtual workspace defaulting to `resolver = "1"` despite one or more workspace members being on edition 2021 which implies `resolver = "2"`
[INFO] [stderr] note: to keep the current resolver, specify `workspace.resolver = "1"` in the workspace root's manifest
[INFO] [stderr] note: to use the edition 2021 resolver, specify `workspace.resolver = "2"` in the workspace root's manifest
[INFO] [stderr] note: for more details see https://doc.rust-lang.org/cargo/reference/resolver.html#resolver-versions
[INFO] [stderr]     Finished test [unoptimized + debuginfo] target(s) in 0.13s
[INFO] [stderr]      Running unittests src/main.rs (/opt/rustwide/target/debug/deps/passenger_service-41bc64fdfafb6181)
[INFO] [stdout] 
[INFO] [stdout] running 12 tests
[INFO] [stdout] test model::passenger::tests::model_passenger_create ... FAILED
[INFO] [stdout] test model::db::tests::model_db_init_db ... FAILED
[INFO] [stdout] test model::passenger::tests::model_passenger_update_ok ... FAILED
[INFO] [stdout] test web::handlers::tests::web_todo_delete_ok ... FAILED
[INFO] [stdout] test model::passenger::tests::model_passenger_get_wrong_id ... FAILED
[INFO] [stdout] test model::passenger::tests::model_passenger_delete_simple ... FAILED
[INFO] [stdout] test web::handlers::tests::web_passenger_get_ok ... FAILED
[INFO] [stdout] test web::handlers::tests::web_passenger_update_ok ... FAILED
[INFO] [stdout] test web::handlers::tests::web_handlers_list ... FAILED
[INFO] [stdout] test model::passenger::tests::model_passenger_list ... FAILED
[INFO] [stdout] test model::passenger::tests::model_passenger_get_ok ... FAILED
[INFO] [stdout] test web::handlers::tests::web_passenger_create_ok ... FAILED
[INFO] [stdout] 
[INFO] [stdout] failures:
[INFO] [stdout] 
[INFO] [stdout] ---- model::passenger::tests::model_passenger_create stdout ----
[INFO] [stdout] Error: PoolTimedOut
[INFO] [stdout] 
[INFO] [stdout] ---- model::db::tests::model_db_init_db stdout ----
[INFO] [stdout] Error: PoolTimedOut
[INFO] [stdout] 
[INFO] [stdout] ---- model::passenger::tests::model_passenger_update_ok stdout ----
[INFO] [stdout] Error: PoolTimedOut
[INFO] [stdout] 
[INFO] [stdout] ---- web::handlers::tests::web_todo_delete_ok stdout ----
[INFO] [stdout] Error: pool timed out while waiting for an open connection
[INFO] [stdout] 
[INFO] [stdout] ---- model::passenger::tests::model_passenger_get_wrong_id stdout ----
[INFO] [stdout] Error: PoolTimedOut
[INFO] [stdout] 
[INFO] [stdout] ---- model::passenger::tests::model_passenger_delete_simple stdout ----
[INFO] [stdout] Error: PoolTimedOut
[INFO] [stdout] 
[INFO] [stdout] ---- web::handlers::tests::web_passenger_get_ok stdout ----
[INFO] [stdout] Error: pool timed out while waiting for an open connection
[INFO] [stdout] 
[INFO] [stdout] ---- web::handlers::tests::web_passenger_update_ok stdout ----
[INFO] [stdout] Error: pool timed out while waiting for an open connection
[INFO] [stdout] 
[INFO] [stdout] ---- web::handlers::tests::web_handlers_list stdout ----
[INFO] [stdout] Error: pool timed out while waiting for an open connection
[INFO] [stdout] 
[INFO] [stdout] ---- model::passenger::tests::model_passenger_list stdout ----
[INFO] [stdout] Error: PoolTimedOut
[INFO] [stdout] 
[INFO] [stdout] ---- model::passenger::tests::model_passenger_get_ok stdout ----
[INFO] [stdout] Error: PoolTimedOut
[INFO] [stdout] 
[INFO] [stdout] ---- web::handlers::tests::web_passenger_create_ok stdout ----
[INFO] [stdout] Error: pool timed out while waiting for an open connection
[INFO] [stdout] 
[INFO] [stdout] 
[INFO] [stdout] failures:
[INFO] [stdout]     model::db::tests::model_db_init_db
[INFO] [stdout]     model::passenger::tests::model_passenger_create
[INFO] [stdout]     model::passenger::tests::model_passenger_delete_simple
[INFO] [stdout]     model::passenger::tests::model_passenger_get_ok
[INFO] [stdout]     model::passenger::tests::model_passenger_get_wrong_id
[INFO] [stdout]     model::passenger::tests::model_passenger_list
[INFO] [stdout]     model::passenger::tests::model_passenger_update_ok
[INFO] [stdout]     web::handlers::tests::web_handlers_list
[INFO] [stdout]     web::handlers::tests::web_passenger_create_ok
[INFO] [stdout]     web::handlers::tests::web_passenger_get_ok
[INFO] [stdout]     web::handlers::tests::web_passenger_update_ok
[INFO] [stdout]     web::handlers::tests::web_todo_delete_ok
[INFO] [stdout] 
[INFO] [stdout] test result: FAILED. 0 passed; 12 failed; 0 ignored; 0 measured; 0 filtered out; finished in 0.59s
[INFO] [stdout] 
[INFO] [stderr] error: test failed, to rerun pass `-p passenger_service --bin passenger_service`
[INFO] running `Command { std: "docker" "inspect" "d7f0d36457576aaae957c27d23d7fce123231b57be411749837bc21d80458bb6", kill_on_drop: false }`
[INFO] running `Command { std: "docker" "rm" "-f" "d7f0d36457576aaae957c27d23d7fce123231b57be411749837bc21d80458bb6", kill_on_drop: false }`
[INFO] [stdout] d7f0d36457576aaae957c27d23d7fce123231b57be411749837bc21d80458bb6
