[INFO] cloning repository https://github.com/tmyers273/composable_query_builder
[INFO] running `Command { std: "git" "-c" "credential.helper=" "-c" "credential.helper=/workspace/cargo-home/bin/git-credential-null" "clone" "--bare" "https://github.com/tmyers273/composable_query_builder" "/workspace/cache/git-repos/https%3A%2F%2Fgithub.com%2Ftmyers273%2Fcomposable_query_builder", kill_on_drop: false }`
[INFO] [stderr] Cloning into bare repository '/workspace/cache/git-repos/https%3A%2F%2Fgithub.com%2Ftmyers273%2Fcomposable_query_builder'...
[INFO] running `Command { std: "git" "rev-parse" "HEAD", kill_on_drop: false }`
[INFO] [stdout] 9db67ddb9531e5036951a1490163ec5853f94c55
[INFO] testing tmyers273/composable_query_builder against 1.75.0 for beta-1.76-1
[INFO] running `Command { std: "git" "clone" "/workspace/cache/git-repos/https%3A%2F%2Fgithub.com%2Ftmyers273%2Fcomposable_query_builder" "/workspace/builds/worker-2-tc1/source", kill_on_drop: false }`
[INFO] [stderr] Cloning into '/workspace/builds/worker-2-tc1/source'...
[INFO] [stderr] done.
[INFO] validating manifest of git repo https://github.com/tmyers273/composable_query_builder on toolchain 1.75.0
[INFO] running `Command { std: CARGO_HOME="/workspace/cargo-home" RUSTUP_HOME="/workspace/rustup-home" "/workspace/cargo-home/bin/cargo" "+1.75.0" "metadata" "--manifest-path" "Cargo.toml" "--no-deps", kill_on_drop: false }`
[INFO] started tweaking git repo https://github.com/tmyers273/composable_query_builder
[INFO] finished tweaking git repo https://github.com/tmyers273/composable_query_builder
[INFO] tweaked toml for git repo https://github.com/tmyers273/composable_query_builder written to /workspace/builds/worker-2-tc1/source/Cargo.toml
[INFO] crate git repo https://github.com/tmyers273/composable_query_builder already has a lockfile, it will not be regenerated
[INFO] running `Command { std: CARGO_HOME="/workspace/cargo-home" RUSTUP_HOME="/workspace/rustup-home" "/workspace/cargo-home/bin/cargo" "+1.75.0" "fetch" "--manifest-path" "Cargo.toml", kill_on_drop: false }`
[INFO] running `Command { std: "docker" "create" "-v" "/var/lib/crater-agent-workspace/builds/worker-2-tc1/target:/opt/rustwide/target:rw,Z" "-v" "/var/lib/crater-agent-workspace/builds/worker-2-tc1/source:/opt/rustwide/workdir:ro,Z" "-v" "/var/lib/crater-agent-workspace/cargo-home:/opt/rustwide/cargo-home:ro,Z" "-v" "/var/lib/crater-agent-workspace/rustup-home:/opt/rustwide/rustup-home:ro,Z" "-e" "SOURCE_DIR=/opt/rustwide/workdir" "-e" "CARGO_TARGET_DIR=/opt/rustwide/target" "-e" "CARGO_HOME=/opt/rustwide/cargo-home" "-e" "RUSTUP_HOME=/opt/rustwide/rustup-home" "-w" "/opt/rustwide/workdir" "-m" "1610612736" "--user" "0:0" "--network" "none" "ghcr.io/rust-lang/crates-build-env/linux@sha256:2788e3201cd34a07e3172128adcd8b3090168a8e3bcc40d7c032b9dda1df7d1c" "/opt/rustwide/cargo-home/bin/cargo" "+1.75.0" "metadata" "--no-deps" "--format-version=1", kill_on_drop: false }`
[INFO] [stdout] eb7bf13526cea724901df0ff1992303ed8adea0da0463ead50c8d8dcceaf2173
[INFO] running `Command { std: "docker" "start" "-a" "eb7bf13526cea724901df0ff1992303ed8adea0da0463ead50c8d8dcceaf2173", kill_on_drop: false }`
[INFO] running `Command { std: "docker" "inspect" "eb7bf13526cea724901df0ff1992303ed8adea0da0463ead50c8d8dcceaf2173", kill_on_drop: false }`
[INFO] running `Command { std: "docker" "rm" "-f" "eb7bf13526cea724901df0ff1992303ed8adea0da0463ead50c8d8dcceaf2173", kill_on_drop: false }`
[INFO] [stdout] eb7bf13526cea724901df0ff1992303ed8adea0da0463ead50c8d8dcceaf2173
[INFO] running `Command { std: "docker" "create" "-v" "/var/lib/crater-agent-workspace/builds/worker-2-tc1/target:/opt/rustwide/target:rw,Z" "-v" "/var/lib/crater-agent-workspace/builds/worker-2-tc1/source:/opt/rustwide/workdir:ro,Z" "-v" "/var/lib/crater-agent-workspace/cargo-home:/opt/rustwide/cargo-home:ro,Z" "-v" "/var/lib/crater-agent-workspace/rustup-home:/opt/rustwide/rustup-home:ro,Z" "-e" "SOURCE_DIR=/opt/rustwide/workdir" "-e" "CARGO_TARGET_DIR=/opt/rustwide/target" "-e" "CARGO_INCREMENTAL=0" "-e" "RUST_BACKTRACE=full" "-e" "RUSTFLAGS=--cap-lints=warn" "-e" "RUSTDOCFLAGS=--cap-lints=warn" "-e" "CARGO_HOME=/opt/rustwide/cargo-home" "-e" "RUSTUP_HOME=/opt/rustwide/rustup-home" "-w" "/opt/rustwide/workdir" "-m" "1610612736" "--user" "0:0" "--network" "none" "ghcr.io/rust-lang/crates-build-env/linux@sha256:2788e3201cd34a07e3172128adcd8b3090168a8e3bcc40d7c032b9dda1df7d1c" "/opt/rustwide/cargo-home/bin/cargo" "+1.75.0" "build" "--frozen" "--message-format=json", kill_on_drop: false }`
[INFO] [stdout] 1c8955093edd1c83f728ba253049c72d08792e2ab3ea9a2b1e021f26c8706423
[INFO] running `Command { std: "docker" "start" "-a" "1c8955093edd1c83f728ba253049c72d08792e2ab3ea9a2b1e021f26c8706423", kill_on_drop: false }`
[INFO] [stderr]    Compiling version_check v0.9.4
[INFO] [stderr]    Compiling autocfg v1.1.0
[INFO] [stderr]    Compiling proc-macro2 v1.0.66
[INFO] [stderr]    Compiling unicode-ident v1.0.11
[INFO] [stderr]    Compiling libc v0.2.147
[INFO] [stderr]    Compiling typenum v1.16.0
[INFO] [stderr]    Compiling once_cell v1.18.0
[INFO] [stderr]    Compiling subtle v2.5.0
[INFO] [stderr]    Compiling pkg-config v0.3.27
[INFO] [stderr]    Compiling cc v1.0.79
[INFO] [stderr]    Compiling futures-core v0.3.28
[INFO] [stderr]    Compiling serde v1.0.171
[INFO] [stderr]    Compiling parking_lot_core v0.9.8
[INFO] [stderr]    Compiling pin-project-lite v0.2.10
[INFO] [stderr]    Compiling smallvec v1.11.0
[INFO] [stderr]    Compiling allocator-api2 v0.2.16
[INFO] [stderr]    Compiling memchr v2.5.0
[INFO] [stderr]    Compiling scopeguard v1.2.0
[INFO] [stderr]    Compiling openssl v0.10.55
[INFO] [stderr]    Compiling tinyvec_macros v0.1.1
[INFO] [stderr]    Compiling bytes v1.4.0
[INFO] [stderr]    Compiling tinyvec v1.6.0
[INFO] [stderr]    Compiling generic-array v0.14.7
[INFO] [stderr]    Compiling ahash v0.8.3
[INFO] [stderr]    Compiling lock_api v0.4.10
[INFO] [stderr]    Compiling tokio v1.29.1
[INFO] [stderr]    Compiling num-traits v0.2.15
[INFO] [stderr]    Compiling cpufeatures v0.2.9
[INFO] [stderr]    Compiling slab v0.4.8
[INFO] [stderr]    Compiling futures-task v0.3.28
[INFO] [stderr]    Compiling log v0.4.19
[INFO] [stderr]    Compiling native-tls v0.2.11
[INFO] [stderr]    Compiling unicode-bidi v0.3.13
[INFO] [stderr]    Compiling crossbeam-utils v0.8.16
[INFO] [stderr]    Compiling time-core v0.1.1
[INFO] [stderr]    Compiling serde_json v1.0.103
[INFO] [stderr]    Compiling futures-util v0.3.28
[INFO] [stderr]    Compiling thiserror v1.0.43
[INFO] [stderr]    Compiling quote v1.0.31
[INFO] [stderr]    Compiling openssl-probe v0.1.5
[INFO] [stderr]    Compiling syn v2.0.26
[INFO] [stderr]    Compiling getrandom v0.2.10
[INFO] [stderr]    Compiling unicode-normalization v0.1.22
[INFO] [stderr]    Compiling minimal-lexical v0.2.1
[INFO] [stderr]    Compiling paste v1.0.14
[INFO] [stderr]    Compiling itoa v1.0.9
[INFO] [stderr]    Compiling futures-channel v0.3.28
[INFO] [stderr]    Compiling equivalent v1.0.1
[INFO] [stderr]    Compiling crossbeam-queue v0.3.8
[INFO] [stderr]    Compiling ppv-lite86 v0.2.17
[INFO] [stderr]    Compiling percent-encoding v2.3.0
[INFO] [stderr]    Compiling futures-sink v0.3.28
[INFO] [stderr]    Compiling iana-time-zone v0.1.57
[INFO] [stderr]    Compiling form_urlencoded v1.2.0
[INFO] [stderr]    Compiling openssl-sys v0.9.90
[INFO] [stderr]    Compiling nom v7.1.3
[INFO] [stderr]    Compiling time-macros v0.2.10
[INFO] [stderr]    Compiling idna v0.4.0
[INFO] [stderr]    Compiling tracing-core v0.1.31
[INFO] [stderr]    Compiling unicode_categories v0.1.1
[INFO] [stderr]    Compiling ryu v1.0.15
[INFO] [stderr]    Compiling futures-io v0.3.28
[INFO] [stderr]    Compiling crc-catalog v2.2.0
[INFO] [stderr]    Compiling socket2 v0.4.9
[INFO] [stderr]    Compiling crc v3.0.1
[INFO] [stderr]    Compiling atoi v2.0.0
[INFO] [stderr]    Compiling mio v0.8.8
[INFO] [stderr]    Compiling event-listener v2.5.3
[INFO] [stderr]    Compiling block-buffer v0.10.4
[INFO] [stderr]    Compiling crypto-common v0.1.6
[INFO] [stderr]    Compiling hashbrown v0.14.0
[INFO] [stderr]    Compiling digest v0.10.7
[INFO] [stderr]    Compiling url v2.4.0
[INFO] [stderr]    Compiling io-lifetimes v1.0.11
[INFO] [stderr]    Compiling byteorder v1.4.3
[INFO] [stderr]    Compiling dotenvy v0.15.7
[INFO] [stderr]    Compiling hex v0.4.3
[INFO] [stderr]    Compiling parking_lot v0.12.1
[INFO] [stderr]    Compiling rand_core v0.6.4
[INFO] [stderr]    Compiling rustix v0.37.23
[INFO] [stderr]    Compiling rand_chacha v0.3.1
[INFO] [stderr]    Compiling hmac v0.12.1
[INFO] [stderr]    Compiling futures-intrusive v0.5.0
[INFO] [stderr]    Compiling hashlink v0.8.3
[INFO] [stderr]    Compiling indexmap v2.0.0
[INFO] [stderr]    Compiling sha2 v0.10.7
[INFO] [stderr]    Compiling chrono v0.4.26
[INFO] [stderr]    Compiling stringprep v0.1.3
[INFO] [stderr]    Compiling tempfile v3.6.0
[INFO] [stderr]    Compiling linux-raw-sys v0.3.8
[INFO] [stderr]    Compiling bitflags v2.3.3
[INFO] [stderr]    Compiling home v0.5.5
[INFO] [stderr]    Compiling base64 v0.21.2
[INFO] [stderr]    Compiling time v0.3.23
[INFO] [stderr]    Compiling syn v1.0.109
[INFO] [stderr]    Compiling whoami v1.4.1
[INFO] [stderr]    Compiling rand v0.8.5
[INFO] [stderr]    Compiling hkdf v0.12.3
[INFO] [stderr]    Compiling md-5 v0.10.5
[INFO] [stderr]    Compiling sha1 v0.10.5
[INFO] [stderr]    Compiling time v0.1.45
[INFO] [stderr]    Compiling fastrand v1.9.0
[INFO] [stderr]    Compiling unicode-segmentation v1.10.1
[INFO] [stderr]    Compiling heck v0.4.1
[INFO] [stderr]    Compiling serde_derive v1.0.171
[INFO] [stderr]    Compiling openssl-macros v0.1.1
[INFO] [stderr]    Compiling thiserror-impl v1.0.43
[INFO] [stderr]    Compiling tracing-attributes v0.1.26
[INFO] [stderr]    Compiling tokio-stream v0.1.14
[INFO] [stderr]    Compiling tracing v0.1.37
[INFO] [stderr]    Compiling either v1.8.1
[INFO] [stderr]    Compiling itertools v0.10.5
[INFO] [stderr]    Compiling itertools v0.11.0
[INFO] [stderr]    Compiling sqlformat v0.2.1
[INFO] [stderr]    Compiling sqlx-core v0.7.1
[INFO] [stderr]    Compiling sqlx-postgres v0.7.1
[INFO] [stderr]    Compiling sqlx-macros-core v0.7.1
[INFO] [stderr]    Compiling sqlx-macros v0.7.1
[INFO] [stderr]    Compiling sqlx v0.7.1
[INFO] [stderr]    Compiling composable_query_builder v0.1.0 (/opt/rustwide/workdir)
[INFO] [stderr]     Finished dev [unoptimized + debuginfo] target(s) in 19.36s
[INFO] running `Command { std: "docker" "inspect" "1c8955093edd1c83f728ba253049c72d08792e2ab3ea9a2b1e021f26c8706423", kill_on_drop: false }`
[INFO] running `Command { std: "docker" "rm" "-f" "1c8955093edd1c83f728ba253049c72d08792e2ab3ea9a2b1e021f26c8706423", kill_on_drop: false }`
[INFO] [stdout] 1c8955093edd1c83f728ba253049c72d08792e2ab3ea9a2b1e021f26c8706423
[INFO] running `Command { std: "docker" "create" "-v" "/var/lib/crater-agent-workspace/builds/worker-2-tc1/target:/opt/rustwide/target:rw,Z" "-v" "/var/lib/crater-agent-workspace/builds/worker-2-tc1/source:/opt/rustwide/workdir:ro,Z" "-v" "/var/lib/crater-agent-workspace/cargo-home:/opt/rustwide/cargo-home:ro,Z" "-v" "/var/lib/crater-agent-workspace/rustup-home:/opt/rustwide/rustup-home:ro,Z" "-e" "SOURCE_DIR=/opt/rustwide/workdir" "-e" "CARGO_TARGET_DIR=/opt/rustwide/target" "-e" "CARGO_INCREMENTAL=0" "-e" "RUST_BACKTRACE=full" "-e" "RUSTFLAGS=--cap-lints=warn" "-e" "RUSTDOCFLAGS=--cap-lints=warn" "-e" "CARGO_HOME=/opt/rustwide/cargo-home" "-e" "RUSTUP_HOME=/opt/rustwide/rustup-home" "-w" "/opt/rustwide/workdir" "-m" "1610612736" "--user" "0:0" "--network" "none" "ghcr.io/rust-lang/crates-build-env/linux@sha256:2788e3201cd34a07e3172128adcd8b3090168a8e3bcc40d7c032b9dda1df7d1c" "/opt/rustwide/cargo-home/bin/cargo" "+1.75.0" "test" "--frozen" "--no-run" "--message-format=json", kill_on_drop: false }`
[INFO] [stdout] 73e3dfa8df9bdf7337e1952a73c0435387bc41e611a2e1a3984f61a150e11b11
[INFO] running `Command { std: "docker" "start" "-a" "73e3dfa8df9bdf7337e1952a73c0435387bc41e611a2e1a3984f61a150e11b11", kill_on_drop: false }`
[INFO] [stderr]    Compiling composable_query_builder v0.1.0 (/opt/rustwide/workdir)
[INFO] [stderr]     Finished test [unoptimized + debuginfo] target(s) in 2.66s
[INFO] running `Command { std: "docker" "inspect" "73e3dfa8df9bdf7337e1952a73c0435387bc41e611a2e1a3984f61a150e11b11", kill_on_drop: false }`
[INFO] running `Command { std: "docker" "rm" "-f" "73e3dfa8df9bdf7337e1952a73c0435387bc41e611a2e1a3984f61a150e11b11", kill_on_drop: false }`
[INFO] [stdout] 73e3dfa8df9bdf7337e1952a73c0435387bc41e611a2e1a3984f61a150e11b11
[INFO] running `Command { std: "docker" "create" "-v" "/var/lib/crater-agent-workspace/builds/worker-2-tc1/target:/opt/rustwide/target:rw,Z" "-v" "/var/lib/crater-agent-workspace/builds/worker-2-tc1/source:/opt/rustwide/workdir:ro,Z" "-v" "/var/lib/crater-agent-workspace/cargo-home:/opt/rustwide/cargo-home:ro,Z" "-v" "/var/lib/crater-agent-workspace/rustup-home:/opt/rustwide/rustup-home:ro,Z" "-e" "SOURCE_DIR=/opt/rustwide/workdir" "-e" "CARGO_TARGET_DIR=/opt/rustwide/target" "-e" "CARGO_INCREMENTAL=0" "-e" "RUST_BACKTRACE=full" "-e" "RUSTFLAGS=--cap-lints=warn" "-e" "RUSTDOCFLAGS=--cap-lints=warn" "-e" "CARGO_HOME=/opt/rustwide/cargo-home" "-e" "RUSTUP_HOME=/opt/rustwide/rustup-home" "-w" "/opt/rustwide/workdir" "-m" "1610612736" "--user" "0:0" "--network" "none" "ghcr.io/rust-lang/crates-build-env/linux@sha256:2788e3201cd34a07e3172128adcd8b3090168a8e3bcc40d7c032b9dda1df7d1c" "/opt/rustwide/cargo-home/bin/cargo" "+1.75.0" "test" "--frozen", kill_on_drop: false }`
[INFO] [stdout] 5d4c0d3ce09fccf18ba3a29b56995fba8a50ffd0ac456870d67739938885b451
[INFO] running `Command { std: "docker" "start" "-a" "5d4c0d3ce09fccf18ba3a29b56995fba8a50ffd0ac456870d67739938885b451", kill_on_drop: false }`
[INFO] [stderr]     Finished test [unoptimized + debuginfo] target(s) in 0.10s
[INFO] [stderr]      Running unittests src/lib.rs (/opt/rustwide/target/debug/deps/composable_query_builder-5a06f330bafb9244)
[INFO] [stdout] 
[INFO] [stdout] running 7 tests
[INFO] [stdout] test composable_query_builder_tests::limit_opt_works ... ok
[INFO] [stdout] test composable_query_builder_tests::multi_where_works ... ok
[INFO] [stdout] test composable_query_builder_tests::limit_works ... ok
[INFO] [stdout] test composable_query_builder_tests::offset_opt_works ... ok
[INFO] [stdout] test composable_query_builder_tests::offset_works ... ok
[INFO] [stdout] test composable_query_builder_tests::or_where_works ... ok
[INFO] [stdout] test composable_query_builder_tests::order_by_works ... ok
[INFO] [stdout] 
[INFO] [stdout] test result: ok. 7 passed; 0 failed; 0 ignored; 0 measured; 0 filtered out; finished in 0.00s
[INFO] [stdout] 
[INFO] [stderr]    Doc-tests composable_query_builder
[INFO] [stdout] 
[INFO] [stdout] running 5 tests
[INFO] [stdout] test src/sql_value.rs - sql_value::SQLValue (line 10) ... FAILED
[INFO] [stdout] test src/lib.rs - ComposableQueryBuilder::where_clause (line 161) ... FAILED
[INFO] [stdout] test src/lib.rs - ComposableQueryBuilder::join (line 145) ... ok
[INFO] [stdout] test src/lib.rs - (line 45) ... ok
[INFO] [stdout] test src/lib.rs - (line 32) ... ok
[INFO] [stdout] 
[INFO] [stdout] failures:
[INFO] [stdout] 
[INFO] [stdout] ---- src/sql_value.rs - sql_value::SQLValue (line 10) stdout ----
[INFO] [stdout] error[E0277]: the trait bound `composable_query_builder::sql_value::SQLValue: From<&str>` is not satisfied
[INFO] [stdout]    --> src/sql_value.rs:16:32
[INFO] [stdout]     |
[INFO] [stdout] 9   |     .where_clause("email = ?", "test@example") // a string
[INFO] [stdout]     |      ------------              ^^^^^^^^^^^^^^ the trait `From<&str>` is not implemented for `composable_query_builder::sql_value::SQLValue`
[INFO] [stdout]     |      |
[INFO] [stdout]     |      required by a bound introduced by this call
[INFO] [stdout]     |
[INFO] [stdout]     = help: the following other types implement trait `From<T>`:
[INFO] [stdout]               <composable_query_builder::sql_value::SQLValue as From<bool>>
[INFO] [stdout]               <composable_query_builder::sql_value::SQLValue as From<i16>>
[INFO] [stdout]               <composable_query_builder::sql_value::SQLValue as From<i32>>
[INFO] [stdout]               <composable_query_builder::sql_value::SQLValue as From<i64>>
[INFO] [stdout]               <composable_query_builder::sql_value::SQLValue as From<u64>>
[INFO] [stdout]               <composable_query_builder::sql_value::SQLValue as From<f64>>
[INFO] [stdout]               <composable_query_builder::sql_value::SQLValue as From<chrono::naive::datetime::NaiveDateTime>>
[INFO] [stdout]               <composable_query_builder::sql_value::SQLValue as From<Vec<i64>>>
[INFO] [stdout]               <composable_query_builder::sql_value::SQLValue as From<String>>
[INFO] [stdout]     = note: required for `&str` to implement `Into<composable_query_builder::sql_value::SQLValue>`
[INFO] [stdout] note: required by a bound in `ComposableQueryBuilder::where_clause`
[INFO] [stdout]    --> /opt/rustwide/workdir/src/lib.rs:170:76
[INFO] [stdout]     |
[INFO] [stdout] 170 |     pub fn where_clause(mut self, where_clause: impl Into<String>, v: impl Into<SQLValue>) -> Self {
[INFO] [stdout]     |                                                                            ^^^^^^^^^^^^^^ required by this bound in `ComposableQueryBuilder::where_clause`
[INFO] [stdout] 
[INFO] [stdout] error: aborting due to previous error
[INFO] [stdout] 
[INFO] [stdout] For more information about this error, try `rustc --explain E0277`.
[INFO] [stdout] Couldn't compile the test.
[INFO] [stdout] ---- src/lib.rs - ComposableQueryBuilder::where_clause (line 161) stdout ----
[INFO] [stdout] error[E0599]: no method named `sql` found for struct `ComposableQueryBuilder` in the current scope
[INFO] [stdout]  --> src/lib.rs:167:17
[INFO] [stdout]   |
[INFO] [stdout] 9 | let sql = query.sql();
[INFO] [stdout]   |                 ^^^ method not found in `ComposableQueryBuilder`
[INFO] [stdout] 
[INFO] [stdout] error: aborting due to previous error
[INFO] [stdout] 
[INFO] [stdout] For more information about this error, try `rustc --explain E0599`.
[INFO] [stdout] Couldn't compile the test.
[INFO] [stdout] 
[INFO] [stdout] failures:
[INFO] [stdout]     src/lib.rs - ComposableQueryBuilder::where_clause (line 161)
[INFO] [stdout]     src/sql_value.rs - sql_value::SQLValue (line 10)
[INFO] [stdout] 
[INFO] [stdout] test result: FAILED. 3 passed; 2 failed; 0 ignored; 0 measured; 0 filtered out; finished in 2.23s
[INFO] [stdout] 
[INFO] [stderr] error: doctest failed, to rerun pass `--doc`
[INFO] running `Command { std: "docker" "inspect" "5d4c0d3ce09fccf18ba3a29b56995fba8a50ffd0ac456870d67739938885b451", kill_on_drop: false }`
[INFO] running `Command { std: "docker" "rm" "-f" "5d4c0d3ce09fccf18ba3a29b56995fba8a50ffd0ac456870d67739938885b451", kill_on_drop: false }`
[INFO] [stdout] 5d4c0d3ce09fccf18ba3a29b56995fba8a50ffd0ac456870d67739938885b451
