[INFO] cloning repository https://github.com/tifrel/banter
[INFO] running `Command { std: "git" "-c" "credential.helper=" "-c" "credential.helper=/workspace/cargo-home/bin/git-credential-null" "clone" "--bare" "https://github.com/tifrel/banter" "/workspace/cache/git-repos/https%3A%2F%2Fgithub.com%2Ftifrel%2Fbanter", kill_on_drop: false }`
[INFO] [stderr] Cloning into bare repository '/workspace/cache/git-repos/https%3A%2F%2Fgithub.com%2Ftifrel%2Fbanter'...
[INFO] running `Command { std: "git" "rev-parse" "HEAD", kill_on_drop: false }`
[INFO] [stdout] 84994492991db052f8788c8ce698839affc2dd0d
[INFO] testing tifrel/banter against 1.75.0 for beta-1.76-1
[INFO] running `Command { std: "git" "clone" "/workspace/cache/git-repos/https%3A%2F%2Fgithub.com%2Ftifrel%2Fbanter" "/workspace/builds/worker-6-tc1/source", kill_on_drop: false }`
[INFO] [stderr] Cloning into '/workspace/builds/worker-6-tc1/source'...
[INFO] [stderr] done.
[INFO] validating manifest of git repo https://github.com/tifrel/banter on toolchain 1.75.0
[INFO] running `Command { std: CARGO_HOME="/workspace/cargo-home" RUSTUP_HOME="/workspace/rustup-home" "/workspace/cargo-home/bin/cargo" "+1.75.0" "metadata" "--manifest-path" "Cargo.toml" "--no-deps", kill_on_drop: false }`
[INFO] started tweaking git repo https://github.com/tifrel/banter
[INFO] finished tweaking git repo https://github.com/tifrel/banter
[INFO] tweaked toml for git repo https://github.com/tifrel/banter written to /workspace/builds/worker-6-tc1/source/Cargo.toml
[INFO] crate git repo https://github.com/tifrel/banter already has a lockfile, it will not be regenerated
[INFO] running `Command { std: CARGO_HOME="/workspace/cargo-home" RUSTUP_HOME="/workspace/rustup-home" "/workspace/cargo-home/bin/cargo" "+1.75.0" "fetch" "--manifest-path" "Cargo.toml", kill_on_drop: false }`
[INFO] [stderr]  Downloading crates ...
[INFO] [stderr]   Downloaded actix-rt v2.4.0
[INFO] running `Command { std: "docker" "create" "-v" "/var/lib/crater-agent-workspace/builds/worker-6-tc1/target:/opt/rustwide/target:rw,Z" "-v" "/var/lib/crater-agent-workspace/builds/worker-6-tc1/source:/opt/rustwide/workdir:ro,Z" "-v" "/var/lib/crater-agent-workspace/cargo-home:/opt/rustwide/cargo-home:ro,Z" "-v" "/var/lib/crater-agent-workspace/rustup-home:/opt/rustwide/rustup-home:ro,Z" "-e" "SOURCE_DIR=/opt/rustwide/workdir" "-e" "CARGO_TARGET_DIR=/opt/rustwide/target" "-e" "CARGO_HOME=/opt/rustwide/cargo-home" "-e" "RUSTUP_HOME=/opt/rustwide/rustup-home" "-w" "/opt/rustwide/workdir" "-m" "1610612736" "--user" "0:0" "--network" "none" "ghcr.io/rust-lang/crates-build-env/linux@sha256:2788e3201cd34a07e3172128adcd8b3090168a8e3bcc40d7c032b9dda1df7d1c" "/opt/rustwide/cargo-home/bin/cargo" "+1.75.0" "metadata" "--no-deps" "--format-version=1", kill_on_drop: false }`
[INFO] [stdout] 9154d8fa15ff7394e9758ee527ca7465f7b2010b50867affa2c9be7b655e750a
[INFO] running `Command { std: "docker" "start" "-a" "9154d8fa15ff7394e9758ee527ca7465f7b2010b50867affa2c9be7b655e750a", kill_on_drop: false }`
[INFO] running `Command { std: "docker" "inspect" "9154d8fa15ff7394e9758ee527ca7465f7b2010b50867affa2c9be7b655e750a", kill_on_drop: false }`
[INFO] running `Command { std: "docker" "rm" "-f" "9154d8fa15ff7394e9758ee527ca7465f7b2010b50867affa2c9be7b655e750a", kill_on_drop: false }`
[INFO] [stdout] 9154d8fa15ff7394e9758ee527ca7465f7b2010b50867affa2c9be7b655e750a
[INFO] running `Command { std: "docker" "create" "-v" "/var/lib/crater-agent-workspace/builds/worker-6-tc1/target:/opt/rustwide/target:rw,Z" "-v" "/var/lib/crater-agent-workspace/builds/worker-6-tc1/source:/opt/rustwide/workdir:ro,Z" "-v" "/var/lib/crater-agent-workspace/cargo-home:/opt/rustwide/cargo-home:ro,Z" "-v" "/var/lib/crater-agent-workspace/rustup-home:/opt/rustwide/rustup-home:ro,Z" "-e" "SOURCE_DIR=/opt/rustwide/workdir" "-e" "CARGO_TARGET_DIR=/opt/rustwide/target" "-e" "CARGO_INCREMENTAL=0" "-e" "RUST_BACKTRACE=full" "-e" "RUSTFLAGS=--cap-lints=warn" "-e" "RUSTDOCFLAGS=--cap-lints=warn" "-e" "CARGO_HOME=/opt/rustwide/cargo-home" "-e" "RUSTUP_HOME=/opt/rustwide/rustup-home" "-w" "/opt/rustwide/workdir" "-m" "1610612736" "--user" "0:0" "--network" "none" "ghcr.io/rust-lang/crates-build-env/linux@sha256:2788e3201cd34a07e3172128adcd8b3090168a8e3bcc40d7c032b9dda1df7d1c" "/opt/rustwide/cargo-home/bin/cargo" "+1.75.0" "build" "--frozen" "--message-format=json", kill_on_drop: false }`
[INFO] [stdout] 29753b321f53a9dd90f587fede9a8a098a75aee94eca88076f1895d381c18e01
[INFO] running `Command { std: "docker" "start" "-a" "29753b321f53a9dd90f587fede9a8a098a75aee94eca88076f1895d381c18e01", kill_on_drop: false }`
[INFO] [stderr]    Compiling libc v0.2.106
[INFO] [stderr]    Compiling cfg-if v1.0.0
[INFO] [stderr]    Compiling proc-macro2 v1.0.32
[INFO] [stderr]    Compiling unicode-xid v0.2.2
[INFO] [stderr]    Compiling syn v1.0.81
[INFO] [stderr]    Compiling autocfg v1.0.1
[INFO] [stderr]    Compiling parking_lot_core v0.8.5
[INFO] [stderr]    Compiling log v0.4.14
[INFO] [stderr]    Compiling memchr v2.4.1
[INFO] [stderr]    Compiling smallvec v1.7.0
[INFO] [stderr]    Compiling futures-core v0.3.17
[INFO] [stderr]    Compiling scopeguard v1.1.0
[INFO] [stderr]    Compiling pin-project-lite v0.2.7
[INFO] [stderr]    Compiling crossbeam-utils v0.8.5
[INFO] [stderr]    Compiling futures-task v0.3.17
[INFO] [stderr]    Compiling once_cell v1.8.0
[INFO] [stderr]    Compiling instant v0.1.12
[INFO] [stderr]    Compiling bytes v1.1.0
[INFO] [stderr]    Compiling lazy_static v1.4.0
[INFO] [stderr]    Compiling futures-sink v0.3.17
[INFO] [stderr]    Compiling lock_api v0.4.5
[INFO] [stderr]    Compiling ppv-lite86 v0.2.15
[INFO] [stderr]    Compiling bitflags v1.3.2
[INFO] [stderr]    Compiling pin-utils v0.1.0
[INFO] [stderr]    Compiling base64 v0.13.0
[INFO] [stderr]    Compiling unicode-width v0.1.9
[INFO] [stderr]    Compiling strsim v0.8.0
[INFO] [stderr]    Compiling vec_map v0.8.2
[INFO] [stderr]    Compiling textwrap v0.11.0
[INFO] [stderr]    Compiling ansi_term v0.11.0
[INFO] [stderr]    Compiling tokio v1.13.0
[INFO] [stderr]    Compiling futures-util v0.3.17
[INFO] [stderr]    Compiling crossbeam-channel v0.5.1
[INFO] [stderr]    Compiling mio v0.7.14
[INFO] [stderr]    Compiling signal-hook-registry v1.4.0
[INFO] [stderr]    Compiling num_cpus v1.13.0
[INFO] [stderr]    Compiling getrandom v0.2.3
[INFO] [stderr]    Compiling atty v0.2.14
[INFO] [stderr]    Compiling clap v2.33.3
[INFO] [stderr]    Compiling quote v1.0.10
[INFO] [stderr]    Compiling rand_core v0.6.3
[INFO] [stderr]    Compiling parking_lot v0.11.2
[INFO] [stderr]    Compiling rand_chacha v0.3.1
[INFO] [stderr]    Compiling rand v0.8.4
[INFO] [stderr]    Compiling tokio-macros v1.5.1
[INFO] [stderr]    Compiling actix-macros v0.2.3
[INFO] [stderr]    Compiling actix_derive v0.6.0
[INFO] [stderr]    Compiling actix-rt v2.4.0
[INFO] [stderr]    Compiling tokio-util v0.6.9
[INFO] [stderr]    Compiling actix v0.12.0
[INFO] [stderr]    Compiling banter_p2p v0.1.0 (/opt/rustwide/workdir/p2p)
[INFO] [stdout] warning: field `task` is never read
[INFO] [stdout]   --> p2p/src/peerlist.rs:21:5
[INFO] [stdout]    |
[INFO] [stdout] 20 | pub struct Peerlist {
[INFO] [stdout]    |            -------- field in this struct
[INFO] [stdout] 21 |     task: tokio::task::JoinHandle<()>,
[INFO] [stdout]    |     ^^^^
[INFO] [stdout]    |
[INFO] [stdout]    = note: `Peerlist` has a derived impl for the trait `Debug`, but this is intentionally ignored during dead code analysis
[INFO] [stdout]    = note: `#[warn(dead_code)]` on by default
[INFO] [stdout] 
[INFO] [stdout] 
[INFO] [stderr]    Compiling banter v0.1.0 (/opt/rustwide/workdir/lib)
[INFO] [stdout] warning: 1 warning emitted
[INFO] [stdout] 
[INFO] [stdout] 
[INFO] [stderr]    Compiling banter-peer-explorer v0.1.0 (/opt/rustwide/workdir/peer-explorer)
[INFO] [stderr]    Compiling banter-node v0.1.0 (/opt/rustwide/workdir/node)
[INFO] [stderr]     Finished dev [unoptimized + debuginfo] target(s) in 16.44s
[INFO] running `Command { std: "docker" "inspect" "29753b321f53a9dd90f587fede9a8a098a75aee94eca88076f1895d381c18e01", kill_on_drop: false }`
[INFO] running `Command { std: "docker" "rm" "-f" "29753b321f53a9dd90f587fede9a8a098a75aee94eca88076f1895d381c18e01", kill_on_drop: false }`
[INFO] [stdout] 29753b321f53a9dd90f587fede9a8a098a75aee94eca88076f1895d381c18e01
[INFO] running `Command { std: "docker" "create" "-v" "/var/lib/crater-agent-workspace/builds/worker-6-tc1/target:/opt/rustwide/target:rw,Z" "-v" "/var/lib/crater-agent-workspace/builds/worker-6-tc1/source:/opt/rustwide/workdir:ro,Z" "-v" "/var/lib/crater-agent-workspace/cargo-home:/opt/rustwide/cargo-home:ro,Z" "-v" "/var/lib/crater-agent-workspace/rustup-home:/opt/rustwide/rustup-home:ro,Z" "-e" "SOURCE_DIR=/opt/rustwide/workdir" "-e" "CARGO_TARGET_DIR=/opt/rustwide/target" "-e" "CARGO_INCREMENTAL=0" "-e" "RUST_BACKTRACE=full" "-e" "RUSTFLAGS=--cap-lints=warn" "-e" "RUSTDOCFLAGS=--cap-lints=warn" "-e" "CARGO_HOME=/opt/rustwide/cargo-home" "-e" "RUSTUP_HOME=/opt/rustwide/rustup-home" "-w" "/opt/rustwide/workdir" "-m" "1610612736" "--user" "0:0" "--network" "none" "ghcr.io/rust-lang/crates-build-env/linux@sha256:2788e3201cd34a07e3172128adcd8b3090168a8e3bcc40d7c032b9dda1df7d1c" "/opt/rustwide/cargo-home/bin/cargo" "+1.75.0" "test" "--frozen" "--no-run" "--message-format=json", kill_on_drop: false }`
[INFO] [stdout] c3b264247bca5cf7ac79d1805d3abbc0cc438fd0292cbb048fb4817b32ec7fa3
[INFO] running `Command { std: "docker" "start" "-a" "c3b264247bca5cf7ac79d1805d3abbc0cc438fd0292cbb048fb4817b32ec7fa3", kill_on_drop: false }`
[INFO] [stderr]    Compiling banter_p2p v0.1.0 (/opt/rustwide/workdir/p2p)
[INFO] [stderr]    Compiling banter-peer-explorer v0.1.0 (/opt/rustwide/workdir/peer-explorer)
[INFO] [stderr]    Compiling banter v0.1.0 (/opt/rustwide/workdir/lib)
[INFO] [stdout] warning: field `task` is never read
[INFO] [stdout]   --> p2p/src/peerlist.rs:21:5
[INFO] [stdout]    |
[INFO] [stdout] 20 | pub struct Peerlist {
[INFO] [stdout]    |            -------- field in this struct
[INFO] [stdout] 21 |     task: tokio::task::JoinHandle<()>,
[INFO] [stdout]    |     ^^^^
[INFO] [stdout]    |
[INFO] [stdout]    = note: `Peerlist` has a derived impl for the trait `Debug`, but this is intentionally ignored during dead code analysis
[INFO] [stdout]    = note: `#[warn(dead_code)]` on by default
[INFO] [stdout] 
[INFO] [stdout] 
[INFO] [stdout] warning: 1 warning emitted
[INFO] [stdout] 
[INFO] [stdout] 
[INFO] [stderr]    Compiling banter-node v0.1.0 (/opt/rustwide/workdir/node)
[INFO] [stdout] warning: field `task` is never read
[INFO] [stdout]   --> p2p/src/peerlist.rs:21:5
[INFO] [stdout]    |
[INFO] [stdout] 20 | pub struct Peerlist {
[INFO] [stdout]    |            -------- field in this struct
[INFO] [stdout] 21 |     task: tokio::task::JoinHandle<()>,
[INFO] [stdout]    |     ^^^^
[INFO] [stdout]    |
[INFO] [stdout]    = note: `Peerlist` has a derived impl for the trait `Debug`, but this is intentionally ignored during dead code analysis
[INFO] [stdout]    = note: `#[warn(dead_code)]` on by default
[INFO] [stdout] 
[INFO] [stdout] 
[INFO] [stdout] warning: 1 warning emitted
[INFO] [stdout] 
[INFO] [stdout] 
[INFO] [stderr]     Finished test [unoptimized + debuginfo] target(s) in 1.19s
[INFO] running `Command { std: "docker" "inspect" "c3b264247bca5cf7ac79d1805d3abbc0cc438fd0292cbb048fb4817b32ec7fa3", kill_on_drop: false }`
[INFO] running `Command { std: "docker" "rm" "-f" "c3b264247bca5cf7ac79d1805d3abbc0cc438fd0292cbb048fb4817b32ec7fa3", kill_on_drop: false }`
[INFO] [stdout] c3b264247bca5cf7ac79d1805d3abbc0cc438fd0292cbb048fb4817b32ec7fa3
[INFO] running `Command { std: "docker" "create" "-v" "/var/lib/crater-agent-workspace/builds/worker-6-tc1/target:/opt/rustwide/target:rw,Z" "-v" "/var/lib/crater-agent-workspace/builds/worker-6-tc1/source:/opt/rustwide/workdir:ro,Z" "-v" "/var/lib/crater-agent-workspace/cargo-home:/opt/rustwide/cargo-home:ro,Z" "-v" "/var/lib/crater-agent-workspace/rustup-home:/opt/rustwide/rustup-home:ro,Z" "-e" "SOURCE_DIR=/opt/rustwide/workdir" "-e" "CARGO_TARGET_DIR=/opt/rustwide/target" "-e" "CARGO_INCREMENTAL=0" "-e" "RUST_BACKTRACE=full" "-e" "RUSTFLAGS=--cap-lints=warn" "-e" "RUSTDOCFLAGS=--cap-lints=warn" "-e" "CARGO_HOME=/opt/rustwide/cargo-home" "-e" "RUSTUP_HOME=/opt/rustwide/rustup-home" "-w" "/opt/rustwide/workdir" "-m" "1610612736" "--user" "0:0" "--network" "none" "ghcr.io/rust-lang/crates-build-env/linux@sha256:2788e3201cd34a07e3172128adcd8b3090168a8e3bcc40d7c032b9dda1df7d1c" "/opt/rustwide/cargo-home/bin/cargo" "+1.75.0" "test" "--frozen", kill_on_drop: false }`
[INFO] [stdout] 9abd9ea660788cc44de5c35876829d7d9b4c302e3873276765343b6cf13e7945
[INFO] running `Command { std: "docker" "start" "-a" "9abd9ea660788cc44de5c35876829d7d9b4c302e3873276765343b6cf13e7945", kill_on_drop: false }`
[INFO] [stderr] warning: field `task` is never read
[INFO] [stderr]   --> p2p/src/peerlist.rs:21:5
[INFO] [stderr]    |
[INFO] [stderr] 20 | pub struct Peerlist {
[INFO] [stderr]    |            -------- field in this struct
[INFO] [stderr] 21 |     task: tokio::task::JoinHandle<()>,
[INFO] [stderr]    |     ^^^^
[INFO] [stderr]    |
[INFO] [stderr]    = note: `Peerlist` has a derived impl for the trait `Debug`, but this is intentionally ignored during dead code analysis
[INFO] [stderr]    = note: `#[warn(dead_code)]` on by default
[INFO] [stderr] 
[INFO] [stderr] warning: `banter_p2p` (lib) generated 1 warning
[INFO] [stderr] warning: `banter_p2p` (lib test) generated 1 warning (1 duplicate)
[INFO] [stderr]     Finished test [unoptimized + debuginfo] target(s) in 0.06s
[INFO] [stderr]      Running unittests src/lib.rs (/opt/rustwide/target/debug/deps/banter-16b8960f5a969bf8)
[INFO] [stdout] 
[INFO] [stdout] running 0 tests
[INFO] [stdout] 
[INFO] [stdout] test result: ok. 0 passed; 0 failed; 0 ignored; 0 measured; 0 filtered out; finished in 0.00s
[INFO] [stdout] 
[INFO] [stderr]      Running unittests main.rs (/opt/rustwide/target/debug/deps/banter_node-19a33aa185afb37c)
[INFO] [stdout] 
[INFO] [stdout] running 0 tests
[INFO] [stdout] 
[INFO] [stdout] test result: ok. 0 passed; 0 failed; 0 ignored; 0 measured; 0 filtered out; finished in 0.00s
[INFO] [stdout] 
[INFO] [stderr]      Running unittests main.rs (/opt/rustwide/target/debug/deps/banter_peer_explorer-65dd22c6f9f234b2)
[INFO] [stdout] 
[INFO] [stdout] running 0 tests
[INFO] [stdout] 
[INFO] [stdout] test result: ok. 0 passed; 0 failed; 0 ignored; 0 measured; 0 filtered out; finished in 0.00s
[INFO] [stdout] 
[INFO] [stderr]      Running unittests src/lib.rs (/opt/rustwide/target/debug/deps/banter_p2p-a799c38dfc65104d)
[INFO] [stdout] 
[INFO] [stdout] running 3 tests
[INFO] [stderr]    Doc-tests banter
[INFO] [stdout] test peer::tests::peer_serde ... ok
[INFO] [stdout] test message::tests::p2pmsg_serde ... ok
[INFO] [stdout] test id::tests::peer_id_serde ... ok
[INFO] [stdout] 
[INFO] [stdout] test result: ok. 3 passed; 0 failed; 0 ignored; 0 measured; 0 filtered out; finished in 0.01s
[INFO] [stdout] 
[INFO] [stdout] 
[INFO] [stdout] running 0 tests
[INFO] [stdout] 
[INFO] [stdout] test result: ok. 0 passed; 0 failed; 0 ignored; 0 measured; 0 filtered out; finished in 0.00s
[INFO] [stdout] 
[INFO] [stderr]    Doc-tests banter_p2p
[INFO] [stdout] 
[INFO] [stdout] running 1 test
[INFO] [stdout] test p2p/src/peer.rs - peer::Peer (line 11) ... FAILED
[INFO] [stdout] 
[INFO] [stdout] failures:
[INFO] [stdout] 
[INFO] [stdout] ---- p2p/src/peer.rs - peer::Peer (line 11) stdout ----
[INFO] [stdout] error[E0433]: failed to resolve: use of undeclared crate or module `banter`
[INFO] [stdout]  --> p2p/src/peer.rs:12:12
[INFO] [stdout]   |
[INFO] [stdout] 3 | let peer = banter::Peer::try_from_socket_str("127.0.0.1:12001").unwrap();
[INFO] [stdout]   |            ^^^^^^ use of undeclared crate or module `banter`
[INFO] [stdout]   |
[INFO] [stdout] help: consider importing this struct
[INFO] [stdout]   |
[INFO] [stdout] 2 + use banter_p2p::Peer;
[INFO] [stdout]   |
[INFO] [stdout] help: if you import `Peer`, refer to it directly
[INFO] [stdout]   |
[INFO] [stdout] 3 - let peer = banter::Peer::try_from_socket_str("127.0.0.1:12001").unwrap();
[INFO] [stdout] 3 + let peer = Peer::try_from_socket_str("127.0.0.1:12001").unwrap();
[INFO] [stdout]   |
[INFO] [stdout] 
[INFO] [stdout] error[E0728]: `await` is only allowed inside `async` functions and blocks
[INFO] [stdout]  --> p2p/src/peer.rs:15:18
[INFO] [stdout]   |
[INFO] [stdout] 2 | fn main() { #[allow(non_snake_case)] fn _doctest_main_p2p_src_peer_rs_11_0() {
[INFO] [stdout]   |                                         ---------------------------------- this is not `async`
[INFO] [stdout] ...
[INFO] [stdout] 6 | peer.send(bytes).await;
[INFO] [stdout]   |                  ^^^^^ only allowed inside `async` functions and blocks
[INFO] [stdout] 
[INFO] [stdout] error[E0277]: the trait bound `bytes::Bytes: From<&[u8; 13]>` is not satisfied
[INFO] [stdout]  --> p2p/src/peer.rs:13:17
[INFO] [stdout]   |
[INFO] [stdout] 4 | let mut bytes = bytes::Bytes::from(b"Hello, World!");
[INFO] [stdout]   |                 ^^^^^^^^^^^^ the trait `From<&[u8; 13]>` is not implemented for `bytes::Bytes`
[INFO] [stdout]   |
[INFO] [stdout]   = help: the following other types implement trait `From<T>`:
[INFO] [stdout]             <bytes::Bytes as From<Box<[u8]>>>
[INFO] [stdout]             <bytes::Bytes as From<BytesMut>>
[INFO] [stdout]             <bytes::Bytes as From<Vec<u8>>>
[INFO] [stdout]             <bytes::Bytes as From<String>>
[INFO] [stdout]             <bytes::Bytes as From<&'static str>>
[INFO] [stdout]             <bytes::Bytes as From<&'static [u8]>>
[INFO] [stdout] 
[INFO] [stdout] error: aborting due to 3 previous errors
[INFO] [stdout] 
[INFO] [stdout] Some errors have detailed explanations: E0277, E0433, E0728.
[INFO] [stdout] For more information about an error, try `rustc --explain E0277`.
[INFO] [stdout] Couldn't compile the test.
[INFO] [stdout] 
[INFO] [stdout] failures:
[INFO] [stdout]     p2p/src/peer.rs - peer::Peer (line 11)
[INFO] [stdout] 
[INFO] [stdout] test result: FAILED. 0 passed; 1 failed; 0 ignored; 0 measured; 0 filtered out; finished in 0.09s
[INFO] [stdout] 
[INFO] [stderr] error: doctest failed, to rerun pass `-p banter_p2p --doc`
[INFO] running `Command { std: "docker" "inspect" "9abd9ea660788cc44de5c35876829d7d9b4c302e3873276765343b6cf13e7945", kill_on_drop: false }`
[INFO] running `Command { std: "docker" "rm" "-f" "9abd9ea660788cc44de5c35876829d7d9b4c302e3873276765343b6cf13e7945", kill_on_drop: false }`
[INFO] [stdout] 9abd9ea660788cc44de5c35876829d7d9b4c302e3873276765343b6cf13e7945
[INFO] testing tifrel/banter against beta-2023-12-22 for beta-1.76-1
[INFO] running `Command { std: "git" "clone" "/workspace/cache/git-repos/https%3A%2F%2Fgithub.com%2Ftifrel%2Fbanter" "/workspace/builds/worker-6-tc2/source", kill_on_drop: false }`
[INFO] [stderr] Cloning into '/workspace/builds/worker-6-tc2/source'...
[INFO] [stderr] done.
[INFO] validating manifest of git repo https://github.com/tifrel/banter on toolchain beta-2023-12-22
[INFO] running `Command { std: CARGO_HOME="/workspace/cargo-home" RUSTUP_HOME="/workspace/rustup-home" "/workspace/cargo-home/bin/cargo" "+beta-2023-12-22" "metadata" "--manifest-path" "Cargo.toml" "--no-deps", kill_on_drop: false }`
[INFO] started tweaking git repo https://github.com/tifrel/banter
[INFO] finished tweaking git repo https://github.com/tifrel/banter
[INFO] tweaked toml for git repo https://github.com/tifrel/banter written to /workspace/builds/worker-6-tc2/source/Cargo.toml
[INFO] crate git repo https://github.com/tifrel/banter already has a lockfile, it will not be regenerated
[INFO] running `Command { std: CARGO_HOME="/workspace/cargo-home" RUSTUP_HOME="/workspace/rustup-home" "/workspace/cargo-home/bin/cargo" "+beta-2023-12-22" "fetch" "--manifest-path" "Cargo.toml", kill_on_drop: false }`
[INFO] running `Command { std: "docker" "create" "-v" "/var/lib/crater-agent-workspace/builds/worker-6-tc2/target:/opt/rustwide/target:rw,Z" "-v" "/var/lib/crater-agent-workspace/builds/worker-6-tc2/source:/opt/rustwide/workdir:ro,Z" "-v" "/var/lib/crater-agent-workspace/cargo-home:/opt/rustwide/cargo-home:ro,Z" "-v" "/var/lib/crater-agent-workspace/rustup-home:/opt/rustwide/rustup-home:ro,Z" "-e" "SOURCE_DIR=/opt/rustwide/workdir" "-e" "CARGO_TARGET_DIR=/opt/rustwide/target" "-e" "CARGO_HOME=/opt/rustwide/cargo-home" "-e" "RUSTUP_HOME=/opt/rustwide/rustup-home" "-w" "/opt/rustwide/workdir" "-m" "1610612736" "--user" "0:0" "--network" "none" "ghcr.io/rust-lang/crates-build-env/linux@sha256:2788e3201cd34a07e3172128adcd8b3090168a8e3bcc40d7c032b9dda1df7d1c" "/opt/rustwide/cargo-home/bin/cargo" "+beta-2023-12-22" "metadata" "--no-deps" "--format-version=1", kill_on_drop: false }`
[INFO] [stdout] e391e54a7b9ebe2a2cbb5529657011604429b394f66ac9de42d2978c7af41b65
[INFO] running `Command { std: "docker" "start" "-a" "e391e54a7b9ebe2a2cbb5529657011604429b394f66ac9de42d2978c7af41b65", kill_on_drop: false }`
[INFO] running `Command { std: "docker" "inspect" "e391e54a7b9ebe2a2cbb5529657011604429b394f66ac9de42d2978c7af41b65", kill_on_drop: false }`
[INFO] running `Command { std: "docker" "rm" "-f" "e391e54a7b9ebe2a2cbb5529657011604429b394f66ac9de42d2978c7af41b65", kill_on_drop: false }`
[INFO] [stdout] e391e54a7b9ebe2a2cbb5529657011604429b394f66ac9de42d2978c7af41b65
[INFO] running `Command { std: "docker" "create" "-v" "/var/lib/crater-agent-workspace/builds/worker-6-tc2/target:/opt/rustwide/target:rw,Z" "-v" "/var/lib/crater-agent-workspace/builds/worker-6-tc2/source:/opt/rustwide/workdir:ro,Z" "-v" "/var/lib/crater-agent-workspace/cargo-home:/opt/rustwide/cargo-home:ro,Z" "-v" "/var/lib/crater-agent-workspace/rustup-home:/opt/rustwide/rustup-home:ro,Z" "-e" "SOURCE_DIR=/opt/rustwide/workdir" "-e" "CARGO_TARGET_DIR=/opt/rustwide/target" "-e" "CARGO_INCREMENTAL=0" "-e" "RUST_BACKTRACE=full" "-e" "RUSTFLAGS=--cap-lints=warn" "-e" "RUSTDOCFLAGS=--cap-lints=warn" "-e" "CARGO_HOME=/opt/rustwide/cargo-home" "-e" "RUSTUP_HOME=/opt/rustwide/rustup-home" "-w" "/opt/rustwide/workdir" "-m" "1610612736" "--user" "0:0" "--network" "none" "ghcr.io/rust-lang/crates-build-env/linux@sha256:2788e3201cd34a07e3172128adcd8b3090168a8e3bcc40d7c032b9dda1df7d1c" "/opt/rustwide/cargo-home/bin/cargo" "+beta-2023-12-22" "build" "--frozen" "--message-format=json", kill_on_drop: false }`
[INFO] [stdout] b9575ba1a12b294428ef5fb5b11c7c0514fc4a498c2f9e6c791721346690d276
[INFO] running `Command { std: "docker" "start" "-a" "b9575ba1a12b294428ef5fb5b11c7c0514fc4a498c2f9e6c791721346690d276", kill_on_drop: false }`
[INFO] [stderr]    Compiling libc v0.2.106
[INFO] [stderr]    Compiling cfg-if v1.0.0
[INFO] [stderr]    Compiling proc-macro2 v1.0.32
[INFO] [stderr]    Compiling unicode-xid v0.2.2
[INFO] [stderr]    Compiling autocfg v1.0.1
[INFO] [stderr]    Compiling syn v1.0.81
[INFO] [stderr]    Compiling log v0.4.14
[INFO] [stderr]    Compiling parking_lot_core v0.8.5
[INFO] [stderr]    Compiling futures-core v0.3.17
[INFO] [stderr]    Compiling scopeguard v1.1.0
[INFO] [stderr]    Compiling smallvec v1.7.0
[INFO] [stderr]    Compiling memchr v2.4.1
[INFO] [stderr]    Compiling pin-project-lite v0.2.7
[INFO] [stderr]    Compiling crossbeam-utils v0.8.5
[INFO] [stderr]    Compiling once_cell v1.8.0
[INFO] [stderr]    Compiling futures-task v0.3.17
[INFO] [stderr]    Compiling bytes v1.1.0
[INFO] [stderr]    Compiling instant v0.1.12
[INFO] [stderr]    Compiling lazy_static v1.4.0
[INFO] [stderr]    Compiling lock_api v0.4.5
[INFO] [stderr]    Compiling futures-sink v0.3.17
[INFO] [stderr]    Compiling bitflags v1.3.2
[INFO] [stderr]    Compiling pin-utils v0.1.0
[INFO] [stderr]    Compiling ppv-lite86 v0.2.15
[INFO] [stderr]    Compiling unicode-width v0.1.9
[INFO] [stderr]    Compiling base64 v0.13.0
[INFO] [stderr]    Compiling textwrap v0.11.0
[INFO] [stderr]    Compiling ansi_term v0.11.0
[INFO] [stderr]    Compiling strsim v0.8.0
[INFO] [stderr]    Compiling vec_map v0.8.2
[INFO] [stderr]    Compiling tokio v1.13.0
[INFO] [stderr]    Compiling futures-util v0.3.17
[INFO] [stderr]    Compiling crossbeam-channel v0.5.1
[INFO] [stderr]    Compiling quote v1.0.10
[INFO] [stderr]    Compiling signal-hook-registry v1.4.0
[INFO] [stderr]    Compiling num_cpus v1.13.0
[INFO] [stderr]    Compiling mio v0.7.14
[INFO] [stderr]    Compiling getrandom v0.2.3
[INFO] [stderr]    Compiling atty v0.2.14
[INFO] [stderr]    Compiling clap v2.33.3
[INFO] [stderr]    Compiling rand_core v0.6.3
[INFO] [stderr]    Compiling parking_lot v0.11.2
[INFO] [stderr]    Compiling rand_chacha v0.3.1
[INFO] [stderr]    Compiling rand v0.8.4
[INFO] [stderr]    Compiling tokio-macros v1.5.1
[INFO] [stderr]    Compiling actix-macros v0.2.3
[INFO] [stderr]    Compiling actix_derive v0.6.0
[INFO] [stderr]    Compiling actix-rt v2.4.0
[INFO] [stderr]    Compiling tokio-util v0.6.9
[INFO] [stderr]    Compiling actix v0.12.0
[INFO] [stderr]    Compiling banter_p2p v0.1.0 (/opt/rustwide/workdir/p2p)
[INFO] [stdout] warning: field `task` is never read
[INFO] [stdout]   --> p2p/src/peerlist.rs:21:5
[INFO] [stdout]    |
[INFO] [stdout] 20 | pub struct Peerlist {
[INFO] [stdout]    |            -------- field in this struct
[INFO] [stdout] 21 |     task: tokio::task::JoinHandle<()>,
[INFO] [stdout]    |     ^^^^
[INFO] [stdout]    |
[INFO] [stdout]    = note: `Peerlist` has a derived impl for the trait `Debug`, but this is intentionally ignored during dead code analysis
[INFO] [stdout]    = note: `#[warn(dead_code)]` on by default
[INFO] [stdout] 
[INFO] [stdout] 
[INFO] [stderr]    Compiling banter v0.1.0 (/opt/rustwide/workdir/lib)
[INFO] [stdout] warning: 1 warning emitted
[INFO] [stdout] 
[INFO] [stdout] 
[INFO] [stderr]    Compiling banter-node v0.1.0 (/opt/rustwide/workdir/node)
[INFO] [stderr]    Compiling banter-peer-explorer v0.1.0 (/opt/rustwide/workdir/peer-explorer)
[INFO] [stderr]     Finished dev [unoptimized + debuginfo] target(s) in 15.98s
[INFO] running `Command { std: "docker" "inspect" "b9575ba1a12b294428ef5fb5b11c7c0514fc4a498c2f9e6c791721346690d276", kill_on_drop: false }`
[INFO] running `Command { std: "docker" "rm" "-f" "b9575ba1a12b294428ef5fb5b11c7c0514fc4a498c2f9e6c791721346690d276", kill_on_drop: false }`
[INFO] [stdout] b9575ba1a12b294428ef5fb5b11c7c0514fc4a498c2f9e6c791721346690d276
[INFO] running `Command { std: "docker" "create" "-v" "/var/lib/crater-agent-workspace/builds/worker-6-tc2/target:/opt/rustwide/target:rw,Z" "-v" "/var/lib/crater-agent-workspace/builds/worker-6-tc2/source:/opt/rustwide/workdir:ro,Z" "-v" "/var/lib/crater-agent-workspace/cargo-home:/opt/rustwide/cargo-home:ro,Z" "-v" "/var/lib/crater-agent-workspace/rustup-home:/opt/rustwide/rustup-home:ro,Z" "-e" "SOURCE_DIR=/opt/rustwide/workdir" "-e" "CARGO_TARGET_DIR=/opt/rustwide/target" "-e" "CARGO_INCREMENTAL=0" "-e" "RUST_BACKTRACE=full" "-e" "RUSTFLAGS=--cap-lints=warn" "-e" "RUSTDOCFLAGS=--cap-lints=warn" "-e" "CARGO_HOME=/opt/rustwide/cargo-home" "-e" "RUSTUP_HOME=/opt/rustwide/rustup-home" "-w" "/opt/rustwide/workdir" "-m" "1610612736" "--user" "0:0" "--network" "none" "ghcr.io/rust-lang/crates-build-env/linux@sha256:2788e3201cd34a07e3172128adcd8b3090168a8e3bcc40d7c032b9dda1df7d1c" "/opt/rustwide/cargo-home/bin/cargo" "+beta-2023-12-22" "test" "--frozen" "--no-run" "--message-format=json", kill_on_drop: false }`
[INFO] [stdout] 3ec5a3c3997be02b817824a5653a3ffd51e65210c83f809cd53ab3a7d4d2e4d1
[INFO] running `Command { std: "docker" "start" "-a" "3ec5a3c3997be02b817824a5653a3ffd51e65210c83f809cd53ab3a7d4d2e4d1", kill_on_drop: false }`
[INFO] [stdout] warning: field `task` is never read
[INFO] [stdout]   --> p2p/src/peerlist.rs:21:5
[INFO] [stdout]    |
[INFO] [stdout] 20 | pub struct Peerlist {
[INFO] [stdout]    |            -------- field in this struct
[INFO] [stdout] 21 |     task: tokio::task::JoinHandle<()>,
[INFO] [stdout]    |     ^^^^
[INFO] [stdout]    |
[INFO] [stdout]    = note: `Peerlist` has a derived impl for the trait `Debug`, but this is intentionally ignored during dead code analysis
[INFO] [stdout]    = note: `#[warn(dead_code)]` on by default
[INFO] [stdout] 
[INFO] [stdout] 
[INFO] [stdout] warning: 1 warning emitted
[INFO] [stdout] 
[INFO] [stdout] 
[INFO] [stderr]    Compiling banter_p2p v0.1.0 (/opt/rustwide/workdir/p2p)
[INFO] [stderr]    Compiling banter v0.1.0 (/opt/rustwide/workdir/lib)
[INFO] [stderr]    Compiling banter-peer-explorer v0.1.0 (/opt/rustwide/workdir/peer-explorer)
[INFO] [stderr]    Compiling banter-node v0.1.0 (/opt/rustwide/workdir/node)
[INFO] [stdout] warning: field `task` is never read
[INFO] [stdout]   --> p2p/src/peerlist.rs:21:5
[INFO] [stdout]    |
[INFO] [stdout] 20 | pub struct Peerlist {
[INFO] [stdout]    |            -------- field in this struct
[INFO] [stdout] 21 |     task: tokio::task::JoinHandle<()>,
[INFO] [stdout]    |     ^^^^
[INFO] [stdout]    |
[INFO] [stdout]    = note: `Peerlist` has a derived impl for the trait `Debug`, but this is intentionally ignored during dead code analysis
[INFO] [stdout]    = note: `#[warn(dead_code)]` on by default
[INFO] [stdout] 
[INFO] [stdout] 
[INFO] [stdout] warning: 1 warning emitted
[INFO] [stdout] 
[INFO] [stdout] 
[INFO] [stderr]     Finished test [unoptimized + debuginfo] target(s) in 0.83s
[INFO] running `Command { std: "docker" "inspect" "3ec5a3c3997be02b817824a5653a3ffd51e65210c83f809cd53ab3a7d4d2e4d1", kill_on_drop: false }`
[INFO] running `Command { std: "docker" "rm" "-f" "3ec5a3c3997be02b817824a5653a3ffd51e65210c83f809cd53ab3a7d4d2e4d1", kill_on_drop: false }`
[INFO] [stdout] 3ec5a3c3997be02b817824a5653a3ffd51e65210c83f809cd53ab3a7d4d2e4d1
[INFO] running `Command { std: "docker" "create" "-v" "/var/lib/crater-agent-workspace/builds/worker-6-tc2/target:/opt/rustwide/target:rw,Z" "-v" "/var/lib/crater-agent-workspace/builds/worker-6-tc2/source:/opt/rustwide/workdir:ro,Z" "-v" "/var/lib/crater-agent-workspace/cargo-home:/opt/rustwide/cargo-home:ro,Z" "-v" "/var/lib/crater-agent-workspace/rustup-home:/opt/rustwide/rustup-home:ro,Z" "-e" "SOURCE_DIR=/opt/rustwide/workdir" "-e" "CARGO_TARGET_DIR=/opt/rustwide/target" "-e" "CARGO_INCREMENTAL=0" "-e" "RUST_BACKTRACE=full" "-e" "RUSTFLAGS=--cap-lints=warn" "-e" "RUSTDOCFLAGS=--cap-lints=warn" "-e" "CARGO_HOME=/opt/rustwide/cargo-home" "-e" "RUSTUP_HOME=/opt/rustwide/rustup-home" "-w" "/opt/rustwide/workdir" "-m" "1610612736" "--user" "0:0" "--network" "none" "ghcr.io/rust-lang/crates-build-env/linux@sha256:2788e3201cd34a07e3172128adcd8b3090168a8e3bcc40d7c032b9dda1df7d1c" "/opt/rustwide/cargo-home/bin/cargo" "+beta-2023-12-22" "test" "--frozen", kill_on_drop: false }`
[INFO] [stdout] 69cf83998bbb2eb0e1a80c7e0626745c658ef230c16f0b5c9ada8914d83adc1c
[INFO] running `Command { std: "docker" "start" "-a" "69cf83998bbb2eb0e1a80c7e0626745c658ef230c16f0b5c9ada8914d83adc1c", kill_on_drop: false }`
[INFO] [stderr] warning: field `task` is never read
[INFO] [stderr]   --> p2p/src/peerlist.rs:21:5
[INFO] [stderr]    |
[INFO] [stderr] 20 | pub struct Peerlist {
[INFO] [stderr]    |            -------- field in this struct
[INFO] [stderr] 21 |     task: tokio::task::JoinHandle<()>,
[INFO] [stderr]    |     ^^^^
[INFO] [stderr]    |
[INFO] [stderr]    = note: `Peerlist` has a derived impl for the trait `Debug`, but this is intentionally ignored during dead code analysis
[INFO] [stderr]    = note: `#[warn(dead_code)]` on by default
[INFO] [stderr] 
[INFO] [stderr] warning: `banter_p2p` (lib) generated 1 warning
[INFO] [stderr] warning: `banter_p2p` (lib test) generated 1 warning (1 duplicate)
[INFO] [stderr]     Finished test [unoptimized + debuginfo] target(s) in 0.06s
[INFO] [stderr]      Running unittests src/lib.rs (/opt/rustwide/target/debug/deps/banter-500852b883bd78d8)
[INFO] [stdout] 
[INFO] [stderr]      Running unittests main.rs (/opt/rustwide/target/debug/deps/banter_node-c0f7f5002ea61a32)
[INFO] [stdout] running 0 tests
[INFO] [stdout] 
[INFO] [stdout] test result: ok. 0 passed; 0 failed; 0 ignored; 0 measured; 0 filtered out; finished in 0.00s
[INFO] [stdout] 
[INFO] [stderr]      Running unittests main.rs (/opt/rustwide/target/debug/deps/banter_peer_explorer-1ec756602e4846b2)
[INFO] [stdout] 
[INFO] [stdout] running 0 tests
[INFO] [stdout] 
[INFO] [stdout] test result: ok. 0 passed; 0 failed; 0 ignored; 0 measured; 0 filtered out; finished in 0.00s
[INFO] [stdout] 
[INFO] [stdout] 
[INFO] [stdout] running 0 tests
[INFO] [stdout] 
[INFO] [stdout] test result: ok. 0 passed; 0 failed; 0 ignored; 0 measured; 0 filtered out; finished in 0.00s
[INFO] [stdout] 
[INFO] [stderr]      Running unittests src/lib.rs (/opt/rustwide/target/debug/deps/banter_p2p-c589286161a0631a)
[INFO] [stdout] 
[INFO] [stdout] running 3 tests
[INFO] [stdout] test id::tests::peer_id_serde ... ok
[INFO] [stdout] test peer::tests::peer_serde ... ok
[INFO] [stdout] test message::tests::p2pmsg_serde ... ok
[INFO] [stdout] 
[INFO] [stdout] test result: ok. 3 passed; 0 failed; 0 ignored; 0 measured; 0 filtered out; finished in 0.00s
[INFO] [stdout] 
[INFO] [stderr]    Doc-tests banter
[INFO] [stdout] 
[INFO] [stdout] running 0 tests
[INFO] [stdout] 
[INFO] [stdout] test result: ok. 0 passed; 0 failed; 0 ignored; 0 measured; 0 filtered out; finished in 0.00s
[INFO] [stdout] 
[INFO] [stderr]    Doc-tests banter_p2p
[INFO] [stdout] 
[INFO] [stdout] running 1 test
[INFO] [stdout] test p2p/src/peer.rs - peer::Peer (line 11) ... FAILED
[INFO] [stdout] 
[INFO] [stdout] failures:
[INFO] [stdout] 
[INFO] [stdout] ---- p2p/src/peer.rs - peer::Peer (line 11) stdout ----
[INFO] [stdout] error[E0433]: failed to resolve: use of undeclared crate or module `banter`
[INFO] [stdout]  --> p2p/src/peer.rs:12:12
[INFO] [stdout]   |
[INFO] [stdout] 3 | let peer = banter::Peer::try_from_socket_str("127.0.0.1:12001").unwrap();
[INFO] [stdout]   |            ^^^^^^ use of undeclared crate or module `banter`
[INFO] [stdout]   |
[INFO] [stdout] help: consider importing this struct
[INFO] [stdout]   |
[INFO] [stdout] 2 + use banter_p2p::Peer;
[INFO] [stdout]   |
[INFO] [stdout] help: if you import `Peer`, refer to it directly
[INFO] [stdout]   |
[INFO] [stdout] 3 - let peer = banter::Peer::try_from_socket_str("127.0.0.1:12001").unwrap();
[INFO] [stdout] 3 + let peer = Peer::try_from_socket_str("127.0.0.1:12001").unwrap();
[INFO] [stdout]   |
[INFO] [stdout] 
[INFO] [stdout] error[E0728]: `await` is only allowed inside `async` functions and blocks
[INFO] [stdout]  --> p2p/src/peer.rs:15:18
[INFO] [stdout]   |
[INFO] [stdout] 2 | fn main() { #[allow(non_snake_case)] fn _doctest_main_p2p_src_peer_rs_11_0() {
[INFO] [stdout]   |                                         ---------------------------------- this is not `async`
[INFO] [stdout] ...
[INFO] [stdout] 6 | peer.send(bytes).await;
[INFO] [stdout]   |                  ^^^^^ only allowed inside `async` functions and blocks
[INFO] [stdout] 
[INFO] [stdout] error[E0277]: the trait bound `bytes::Bytes: From<&[u8; 13]>` is not satisfied
[INFO] [stdout]  --> p2p/src/peer.rs:13:17
[INFO] [stdout]   |
[INFO] [stdout] 4 | let mut bytes = bytes::Bytes::from(b"Hello, World!");
[INFO] [stdout]   |                 ^^^^^^^^^^^^ the trait `From<&[u8; 13]>` is not implemented for `bytes::Bytes`
[INFO] [stdout]   |
[INFO] [stdout]   = help: the following other types implement trait `From<T>`:
[INFO] [stdout]             <bytes::Bytes as From<Box<[u8]>>>
[INFO] [stdout]             <bytes::Bytes as From<BytesMut>>
[INFO] [stdout]             <bytes::Bytes as From<Vec<u8>>>
[INFO] [stdout]             <bytes::Bytes as From<String>>
[INFO] [stdout]             <bytes::Bytes as From<&'static str>>
[INFO] [stdout]             <bytes::Bytes as From<&'static [u8]>>
[INFO] [stdout] 
[INFO] [stdout] error: aborting due to 3 previous errors
[INFO] [stdout] 
[INFO] [stdout] Some errors have detailed explanations: E0277, E0433, E0728.
[INFO] [stdout] For more information about an error, try `rustc --explain E0277`.
[INFO] [stdout] Couldn't compile the test.
[INFO] [stdout] 
[INFO] [stdout] failures:
[INFO] [stdout]     p2p/src/peer.rs - peer::Peer (line 11)
[INFO] [stdout] 
[INFO] [stdout] test result: FAILED. 0 passed; 1 failed; 0 ignored; 0 measured; 0 filtered out; finished in 0.08s
[INFO] [stdout] 
[INFO] [stderr] error: doctest failed, to rerun pass `-p banter_p2p --doc`
[INFO] running `Command { std: "docker" "inspect" "69cf83998bbb2eb0e1a80c7e0626745c658ef230c16f0b5c9ada8914d83adc1c", kill_on_drop: false }`
[INFO] running `Command { std: "docker" "rm" "-f" "69cf83998bbb2eb0e1a80c7e0626745c658ef230c16f0b5c9ada8914d83adc1c", kill_on_drop: false }`
[INFO] [stdout] 69cf83998bbb2eb0e1a80c7e0626745c658ef230c16f0b5c9ada8914d83adc1c
