[INFO] cloning repository https://github.com/thorrester/opsml-cli
[INFO] running `Command { std: "git" "-c" "credential.helper=" "-c" "credential.helper=/workspace/cargo-home/bin/git-credential-null" "clone" "--bare" "https://github.com/thorrester/opsml-cli" "/workspace/cache/git-repos/https%3A%2F%2Fgithub.com%2Fthorrester%2Fopsml-cli", kill_on_drop: false }`
[INFO] [stderr] Cloning into bare repository '/workspace/cache/git-repos/https%3A%2F%2Fgithub.com%2Fthorrester%2Fopsml-cli'...
[INFO] running `Command { std: "git" "rev-parse" "HEAD", kill_on_drop: false }`
[INFO] [stdout] 4e9725a5ae77d45f80dbf94bf812fc75668daf7c
[INFO] testing thorrester/opsml-cli against 1.75.0 for beta-1.76-1
[INFO] running `Command { std: "git" "clone" "/workspace/cache/git-repos/https%3A%2F%2Fgithub.com%2Fthorrester%2Fopsml-cli" "/workspace/builds/worker-5-tc1/source", kill_on_drop: false }`
[INFO] [stderr] Cloning into '/workspace/builds/worker-5-tc1/source'...
[INFO] [stderr] done.
[INFO] validating manifest of git repo https://github.com/thorrester/opsml-cli on toolchain 1.75.0
[INFO] running `Command { std: CARGO_HOME="/workspace/cargo-home" RUSTUP_HOME="/workspace/rustup-home" "/workspace/cargo-home/bin/cargo" "+1.75.0" "metadata" "--manifest-path" "Cargo.toml" "--no-deps", kill_on_drop: false }`
[INFO] started tweaking git repo https://github.com/thorrester/opsml-cli
[INFO] finished tweaking git repo https://github.com/thorrester/opsml-cli
[INFO] tweaked toml for git repo https://github.com/thorrester/opsml-cli written to /workspace/builds/worker-5-tc1/source/Cargo.toml
[INFO] crate git repo https://github.com/thorrester/opsml-cli already has a lockfile, it will not be regenerated
[INFO] running `Command { std: CARGO_HOME="/workspace/cargo-home" RUSTUP_HOME="/workspace/rustup-home" "/workspace/cargo-home/bin/cargo" "+1.75.0" "fetch" "--manifest-path" "Cargo.toml", kill_on_drop: false }`
[INFO] [stderr]  Downloading crates ...
[INFO] [stderr]   Downloaded papergrid v0.10.0
[INFO] [stderr]   Downloaded ansi-str v0.8.0
[INFO] [stderr]   Downloaded tabled v0.14.0
[INFO] running `Command { std: "docker" "create" "-v" "/var/lib/crater-agent-workspace/builds/worker-5-tc1/target:/opt/rustwide/target:rw,Z" "-v" "/var/lib/crater-agent-workspace/builds/worker-5-tc1/source:/opt/rustwide/workdir:ro,Z" "-v" "/var/lib/crater-agent-workspace/cargo-home:/opt/rustwide/cargo-home:ro,Z" "-v" "/var/lib/crater-agent-workspace/rustup-home:/opt/rustwide/rustup-home:ro,Z" "-e" "SOURCE_DIR=/opt/rustwide/workdir" "-e" "CARGO_TARGET_DIR=/opt/rustwide/target" "-e" "CARGO_HOME=/opt/rustwide/cargo-home" "-e" "RUSTUP_HOME=/opt/rustwide/rustup-home" "-w" "/opt/rustwide/workdir" "-m" "1610612736" "--user" "0:0" "--network" "none" "ghcr.io/rust-lang/crates-build-env/linux@sha256:2788e3201cd34a07e3172128adcd8b3090168a8e3bcc40d7c032b9dda1df7d1c" "/opt/rustwide/cargo-home/bin/cargo" "+1.75.0" "metadata" "--no-deps" "--format-version=1", kill_on_drop: false }`
[INFO] [stdout] 7ab0ff99327c48019d42d13ede47c68fe44a8e31ff7d672cf042174e63208528
[INFO] running `Command { std: "docker" "start" "-a" "7ab0ff99327c48019d42d13ede47c68fe44a8e31ff7d672cf042174e63208528", kill_on_drop: false }`
[INFO] running `Command { std: "docker" "inspect" "7ab0ff99327c48019d42d13ede47c68fe44a8e31ff7d672cf042174e63208528", kill_on_drop: false }`
[INFO] running `Command { std: "docker" "rm" "-f" "7ab0ff99327c48019d42d13ede47c68fe44a8e31ff7d672cf042174e63208528", kill_on_drop: false }`
[INFO] [stdout] 7ab0ff99327c48019d42d13ede47c68fe44a8e31ff7d672cf042174e63208528
[INFO] running `Command { std: "docker" "create" "-v" "/var/lib/crater-agent-workspace/builds/worker-5-tc1/target:/opt/rustwide/target:rw,Z" "-v" "/var/lib/crater-agent-workspace/builds/worker-5-tc1/source:/opt/rustwide/workdir:ro,Z" "-v" "/var/lib/crater-agent-workspace/cargo-home:/opt/rustwide/cargo-home:ro,Z" "-v" "/var/lib/crater-agent-workspace/rustup-home:/opt/rustwide/rustup-home:ro,Z" "-e" "SOURCE_DIR=/opt/rustwide/workdir" "-e" "CARGO_TARGET_DIR=/opt/rustwide/target" "-e" "CARGO_INCREMENTAL=0" "-e" "RUST_BACKTRACE=full" "-e" "RUSTFLAGS=--cap-lints=warn" "-e" "RUSTDOCFLAGS=--cap-lints=warn" "-e" "CARGO_HOME=/opt/rustwide/cargo-home" "-e" "RUSTUP_HOME=/opt/rustwide/rustup-home" "-w" "/opt/rustwide/workdir" "-m" "1610612736" "--user" "0:0" "--network" "none" "ghcr.io/rust-lang/crates-build-env/linux@sha256:2788e3201cd34a07e3172128adcd8b3090168a8e3bcc40d7c032b9dda1df7d1c" "/opt/rustwide/cargo-home/bin/cargo" "+1.75.0" "build" "--frozen" "--message-format=json", kill_on_drop: false }`
[INFO] [stdout] 48d309b32c8943602dbf81c5ab2d21272eac7f6cc52031c0cbe965ce1da8b823
[INFO] running `Command { std: "docker" "start" "-a" "48d309b32c8943602dbf81c5ab2d21272eac7f6cc52031c0cbe965ce1da8b823", kill_on_drop: false }`
[INFO] [stderr]    Compiling proc-macro2 v1.0.66
[INFO] [stderr]    Compiling unicode-ident v1.0.11
[INFO] [stderr]    Compiling libc v0.2.147
[INFO] [stderr]    Compiling memchr v2.5.0
[INFO] [stderr]    Compiling autocfg v1.1.0
[INFO] [stderr]    Compiling pin-project-lite v0.2.12
[INFO] [stderr]    Compiling futures-core v0.3.28
[INFO] [stderr]    Compiling once_cell v1.18.0
[INFO] [stderr]    Compiling pkg-config v0.3.27
[INFO] [stderr]    Compiling cfg-if v1.0.0
[INFO] [stderr]    Compiling vcpkg v0.2.15
[INFO] [stderr]    Compiling bytes v1.4.0
[INFO] [stderr]    Compiling futures-task v0.3.28
[INFO] [stderr]    Compiling futures-sink v0.3.28
[INFO] [stderr]    Compiling utf8parse v0.2.1
[INFO] [stderr]    Compiling futures-channel v0.3.28
[INFO] [stderr]    Compiling itoa v1.0.9
[INFO] [stderr]    Compiling futures-util v0.3.28
[INFO] [stderr]    Compiling fnv v1.0.7
[INFO] [stderr]    Compiling version_check v0.9.4
[INFO] [stderr]    Compiling futures-io v0.3.28
[INFO] [stderr]    Compiling pin-utils v0.1.0
[INFO] [stderr]    Compiling tracing-core v0.1.31
[INFO] [stderr]    Compiling foreign-types-shared v0.1.1
[INFO] [stderr]    Compiling rustix v0.38.8
[INFO] [stderr]    Compiling openssl v0.10.56
[INFO] [stderr]    Compiling foreign-types v0.3.2
[INFO] [stderr]    Compiling minimal-lexical v0.2.1
[INFO] [stderr]    Compiling http v0.2.9
[INFO] [stderr]    Compiling serde v1.0.183
[INFO] [stderr]    Compiling proc-macro-error-attr v1.0.4
[INFO] [stderr]    Compiling slab v0.4.8
[INFO] [stderr]    Compiling indexmap v1.9.3
[INFO] [stderr]    Compiling tracing v0.1.37
[INFO] [stderr]    Compiling httparse v1.8.0
[INFO] [stderr]    Compiling bitflags v1.3.2
[INFO] [stderr]    Compiling syn v1.0.109
[INFO] [stderr]    Compiling bitflags v2.4.0
[INFO] [stderr]    Compiling tinyvec_macros v0.1.1
[INFO] [stderr]    Compiling arrayvec v0.5.2
[INFO] [stderr]    Compiling hashbrown v0.12.3
[INFO] [stderr]    Compiling linux-raw-sys v0.4.5
[INFO] [stderr]    Compiling native-tls v0.2.11
[INFO] [stderr]    Compiling quote v1.0.32
[INFO] [stderr]    Compiling tinyvec v1.6.0
[INFO] [stderr]    Compiling nom v7.1.3
[INFO] [stderr]    Compiling proc-macro-error v1.0.4
[INFO] [stderr]    Compiling openssl-probe v0.1.5
[INFO] [stderr]    Compiling log v0.4.20
[INFO] [stderr]    Compiling cc v1.0.82
[INFO] [stderr]    Compiling num_cpus v1.16.0
[INFO] [stderr]    Compiling syn v2.0.28
[INFO] [stderr]    Compiling mio v0.8.8
[INFO] [stderr]    Compiling socket2 v0.5.3
[INFO] [stderr]    Compiling serde_derive v1.0.183
[INFO] [stderr]    Compiling try-lock v0.2.4
[INFO] [stderr]    Compiling percent-encoding v2.3.0
[INFO] [stderr]    Compiling heck v0.4.1
[INFO] [stderr]    Compiling http-body v0.4.5
[INFO] [stderr]    Compiling want v0.3.1
[INFO] [stderr]    Compiling vte_generate_state_changes v0.1.1
[INFO] [stderr]    Compiling form_urlencoded v1.2.0
[INFO] [stderr]    Compiling socket2 v0.4.9
[INFO] [stderr]    Compiling anstyle-parse v0.2.1
[INFO] [stderr]    Compiling unicode-normalization v0.1.22
[INFO] [stderr]    Compiling vte v0.10.1
[INFO] [stderr]    Compiling httpdate v1.0.3
[INFO] [stderr]    Compiling serde_json v1.0.104
[INFO] [stderr]    Compiling is-terminal v0.4.9
[INFO] [stderr]    Compiling anstyle v1.0.1
[INFO] [stderr]    Compiling colorchoice v1.0.0
[INFO] [stderr]    Compiling tower-service v0.3.2
[INFO] [stderr]    Compiling unicode-bidi v0.3.13
[INFO] [stderr]    Compiling anstyle-query v1.0.0
[INFO] [stderr]    Compiling ryu v1.0.15
[INFO] [stderr]    Compiling strsim v0.10.0
[INFO] [stderr]    Compiling anstream v0.3.2
[INFO] [stderr]    Compiling clap_lex v0.5.0
[INFO] [stderr]    Compiling unicode-width v0.1.10
[INFO] [stderr]    Compiling bytecount v0.6.3
[INFO] [stderr]    Compiling encoding_rs v0.8.32
[INFO] [stderr]    Compiling base64 v0.21.2
[INFO] [stderr]    Compiling ipnet v2.8.0
[INFO] [stderr]    Compiling mime v0.3.17
[INFO] [stderr]    Compiling clap_builder v4.3.21
[INFO] [stderr]    Compiling idna v0.4.0
[INFO] [stderr]    Compiling lazy_static v1.4.0
[INFO] [stderr]    Compiling owo-colors v3.5.0
[INFO] [stderr]    Compiling openssl-sys v0.9.91
[INFO] [stderr]    Compiling ansitok v0.2.0
[INFO] [stderr]    Compiling url v2.4.0
[INFO] [stderr]    Compiling ansi-str v0.8.0
[INFO] [stderr]    Compiling papergrid v0.10.0
[INFO] [stderr]    Compiling tabled_derive v0.6.0
[INFO] [stderr]    Compiling tokio-macros v2.1.0
[INFO] [stderr]    Compiling futures-macro v0.3.28
[INFO] [stderr]    Compiling openssl-macros v0.1.1
[INFO] [stderr]    Compiling clap_derive v4.3.12
[INFO] [stderr]    Compiling serde_urlencoded v0.7.1
[INFO] [stderr]    Compiling tabled v0.14.0
[INFO] [stderr]    Compiling tokio v1.31.0
[INFO] [stderr]    Compiling clap v4.3.21
[INFO] [stderr]    Compiling futures-executor v0.3.28
[INFO] [stderr]    Compiling futures v0.3.28
[INFO] [stderr]    Compiling tokio-util v0.7.8
[INFO] [stderr]    Compiling tokio-native-tls v0.3.1
[INFO] [stderr]    Compiling h2 v0.3.20
[INFO] [stderr]    Compiling hyper v0.14.27
[INFO] [stderr]    Compiling hyper-tls v0.5.0
[INFO] [stderr]    Compiling reqwest v0.11.18
[INFO] [stderr]    Compiling opsml-cli v0.1.0 (/opt/rustwide/workdir)
[INFO] [stderr]     Finished dev [unoptimized + debuginfo] target(s) in 21.18s
[INFO] running `Command { std: "docker" "inspect" "48d309b32c8943602dbf81c5ab2d21272eac7f6cc52031c0cbe965ce1da8b823", kill_on_drop: false }`
[INFO] running `Command { std: "docker" "rm" "-f" "48d309b32c8943602dbf81c5ab2d21272eac7f6cc52031c0cbe965ce1da8b823", kill_on_drop: false }`
[INFO] [stdout] 48d309b32c8943602dbf81c5ab2d21272eac7f6cc52031c0cbe965ce1da8b823
[INFO] running `Command { std: "docker" "create" "-v" "/var/lib/crater-agent-workspace/builds/worker-5-tc1/target:/opt/rustwide/target:rw,Z" "-v" "/var/lib/crater-agent-workspace/builds/worker-5-tc1/source:/opt/rustwide/workdir:ro,Z" "-v" "/var/lib/crater-agent-workspace/cargo-home:/opt/rustwide/cargo-home:ro,Z" "-v" "/var/lib/crater-agent-workspace/rustup-home:/opt/rustwide/rustup-home:ro,Z" "-e" "SOURCE_DIR=/opt/rustwide/workdir" "-e" "CARGO_TARGET_DIR=/opt/rustwide/target" "-e" "CARGO_INCREMENTAL=0" "-e" "RUST_BACKTRACE=full" "-e" "RUSTFLAGS=--cap-lints=warn" "-e" "RUSTDOCFLAGS=--cap-lints=warn" "-e" "CARGO_HOME=/opt/rustwide/cargo-home" "-e" "RUSTUP_HOME=/opt/rustwide/rustup-home" "-w" "/opt/rustwide/workdir" "-m" "1610612736" "--user" "0:0" "--network" "none" "ghcr.io/rust-lang/crates-build-env/linux@sha256:2788e3201cd34a07e3172128adcd8b3090168a8e3bcc40d7c032b9dda1df7d1c" "/opt/rustwide/cargo-home/bin/cargo" "+1.75.0" "test" "--frozen" "--no-run" "--message-format=json", kill_on_drop: false }`
[INFO] [stdout] 19cfe3fa139c7b37414218efd87b0a27cb7f053f737652becb35ffa1d7fd8631
[INFO] running `Command { std: "docker" "start" "-a" "19cfe3fa139c7b37414218efd87b0a27cb7f053f737652becb35ffa1d7fd8631", kill_on_drop: false }`
[INFO] [stderr]    Compiling parking_lot_core v0.9.8
[INFO] [stderr]    Compiling smallvec v1.11.0
[INFO] [stderr]    Compiling lock_api v0.4.10
[INFO] [stderr]    Compiling scopeguard v1.2.0
[INFO] [stderr]    Compiling signal-hook-registry v1.4.1
[INFO] [stderr]    Compiling getrandom v0.2.10
[INFO] [stderr]    Compiling aho-corasick v1.0.4
[INFO] [stderr]    Compiling regex-syntax v0.7.4
[INFO] [stderr]    Compiling ppv-lite86 v0.2.17
[INFO] [stderr]    Compiling colored v2.0.4
[INFO] [stderr]    Compiling assert-json-diff v2.0.2
[INFO] [stderr]    Compiling similar v2.2.1
[INFO] [stderr]    Compiling rand_core v0.6.4
[INFO] [stderr]    Compiling rand_chacha v0.3.1
[INFO] [stderr]    Compiling rand v0.8.5
[INFO] [stderr]    Compiling parking_lot v0.12.1
[INFO] [stderr]    Compiling tokio v1.31.0
[INFO] [stderr]    Compiling regex-automata v0.3.6
[INFO] [stderr]    Compiling regex v1.9.3
[INFO] [stderr]    Compiling tokio-util v0.7.8
[INFO] [stderr]    Compiling tokio-native-tls v0.3.1
[INFO] [stderr]    Compiling h2 v0.3.20
[INFO] [stderr]    Compiling hyper v0.14.27
[INFO] [stderr]    Compiling hyper-tls v0.5.0
[INFO] [stderr]    Compiling mockito v1.1.0
[INFO] [stderr]    Compiling reqwest v0.11.18
[INFO] [stderr]    Compiling opsml-cli v0.1.0 (/opt/rustwide/workdir)
[INFO] [stderr]     Finished test [unoptimized + debuginfo] target(s) in 24.50s
[INFO] running `Command { std: "docker" "inspect" "19cfe3fa139c7b37414218efd87b0a27cb7f053f737652becb35ffa1d7fd8631", kill_on_drop: false }`
[INFO] running `Command { std: "docker" "rm" "-f" "19cfe3fa139c7b37414218efd87b0a27cb7f053f737652becb35ffa1d7fd8631", kill_on_drop: false }`
[INFO] [stdout] 19cfe3fa139c7b37414218efd87b0a27cb7f053f737652becb35ffa1d7fd8631
[INFO] running `Command { std: "docker" "create" "-v" "/var/lib/crater-agent-workspace/builds/worker-5-tc1/target:/opt/rustwide/target:rw,Z" "-v" "/var/lib/crater-agent-workspace/builds/worker-5-tc1/source:/opt/rustwide/workdir:ro,Z" "-v" "/var/lib/crater-agent-workspace/cargo-home:/opt/rustwide/cargo-home:ro,Z" "-v" "/var/lib/crater-agent-workspace/rustup-home:/opt/rustwide/rustup-home:ro,Z" "-e" "SOURCE_DIR=/opt/rustwide/workdir" "-e" "CARGO_TARGET_DIR=/opt/rustwide/target" "-e" "CARGO_INCREMENTAL=0" "-e" "RUST_BACKTRACE=full" "-e" "RUSTFLAGS=--cap-lints=warn" "-e" "RUSTDOCFLAGS=--cap-lints=warn" "-e" "CARGO_HOME=/opt/rustwide/cargo-home" "-e" "RUSTUP_HOME=/opt/rustwide/rustup-home" "-w" "/opt/rustwide/workdir" "-m" "1610612736" "--user" "0:0" "--network" "none" "ghcr.io/rust-lang/crates-build-env/linux@sha256:2788e3201cd34a07e3172128adcd8b3090168a8e3bcc40d7c032b9dda1df7d1c" "/opt/rustwide/cargo-home/bin/cargo" "+1.75.0" "test" "--frozen", kill_on_drop: false }`
[INFO] [stdout] d1385f6cfd1ce646302a0c575e831e80c8b73689cd07f7f6f4f8e2d9e9b864fa
[INFO] running `Command { std: "docker" "start" "-a" "d1385f6cfd1ce646302a0c575e831e80c8b73689cd07f7f6f4f8e2d9e9b864fa", kill_on_drop: false }`
[INFO] [stderr]     Finished test [unoptimized + debuginfo] target(s) in 0.13s
[INFO] [stderr]      Running unittests src/main.rs (/opt/rustwide/target/debug/deps/opsml_cli-9ac9b37ce7c428a0)
[INFO] [stdout] 
[INFO] [stdout] running 10 tests
[INFO] [stdout] test api::download_file::tests::test_model_metadata_loading ... ok
[INFO] [stdout] test api::utils::tests::test_remove_suffix ... ok
[INFO] [stdout] test api::list_cards::tests::test_parse_response ... ok
[INFO] [stdout] test api::metrics::tests::test_parse_compare_metric_response ... ok
[INFO] [stdout] test api::list_cards::tests::test_get_registry ... ok
[INFO] [stdout] test api::metrics::tests::test_parse_metric_response ... ok
[INFO] [stdout] test api::download_file::tests::test_save_json ... FAILED
[INFO] [stdout] test api::download_file::tests::test_parse_response ... ok
[INFO] [stdout] test api::download_file::tests::test_make_post_request ... ok
[INFO] [stdout] test api::download_file::tests::test_download_stream_to_file ... FAILED
[INFO] [stdout] 
[INFO] [stdout] failures:
[INFO] [stdout] 
[INFO] [stdout] ---- api::download_file::tests::test_save_json stdout ----
[INFO] [stdout] thread 'api::download_file::tests::test_save_json' panicked at src/api/download_file.rs:54:28:
[INFO] [stdout] Unable to create metadata file: Os { code: 30, kind: ReadOnlyFilesystem, message: "Read-only file system" }
[INFO] [stdout] stack backtrace:
[INFO] [stdout]    0:     0x55d626c005ec - std::backtrace_rs::backtrace::libunwind::trace::ha637c64ce894333a
[INFO] [stdout]                                at /rustc/82e1608dfa6e0b5569232559e3d385fea5a93112/library/std/src/../../backtrace/src/backtrace/libunwind.rs:104:5
[INFO] [stdout]    1:     0x55d626c005ec - std::backtrace_rs::backtrace::trace_unsynchronized::h47f62dea28e0c88d
[INFO] [stdout]                                at /rustc/82e1608dfa6e0b5569232559e3d385fea5a93112/library/std/src/../../backtrace/src/backtrace/mod.rs:66:5
[INFO] [stdout]    2:     0x55d626c005ec - std::sys_common::backtrace::_print_fmt::h9eef0abe20ede486
[INFO] [stdout]                                at /rustc/82e1608dfa6e0b5569232559e3d385fea5a93112/library/std/src/sys_common/backtrace.rs:67:5
[INFO] [stdout]    3:     0x55d626c005ec - <std::sys_common::backtrace::_print::DisplayBacktrace as core::fmt::Display>::fmt::hed7f999df88cc644
[INFO] [stdout]                                at /rustc/82e1608dfa6e0b5569232559e3d385fea5a93112/library/std/src/sys_common/backtrace.rs:44:22
[INFO] [stdout]    4:     0x55d626c2dc40 - core::fmt::rt::Argument::fmt::h1539a9308b8d058d
[INFO] [stdout]                                at /rustc/82e1608dfa6e0b5569232559e3d385fea5a93112/library/core/src/fmt/rt.rs:142:9
[INFO] [stdout]    5:     0x55d626c2dc40 - core::fmt::write::h3a39390d8560d9c9
[INFO] [stdout]                                at /rustc/82e1608dfa6e0b5569232559e3d385fea5a93112/library/core/src/fmt/mod.rs:1120:17
[INFO] [stdout]    6:     0x55d626bfd44f - std::io::Write::write_fmt::h040b369f3a0f9cbc
[INFO] [stdout]                                at /rustc/82e1608dfa6e0b5569232559e3d385fea5a93112/library/std/src/io/mod.rs:1762:15
[INFO] [stdout]    7:     0x55d626c003d4 - std::sys_common::backtrace::_print::h894006fb5c6f3d45
[INFO] [stdout]                                at /rustc/82e1608dfa6e0b5569232559e3d385fea5a93112/library/std/src/sys_common/backtrace.rs:47:5
[INFO] [stdout]    8:     0x55d626c003d4 - std::sys_common::backtrace::print::h23a2d212c6fff936
[INFO] [stdout]                                at /rustc/82e1608dfa6e0b5569232559e3d385fea5a93112/library/std/src/sys_common/backtrace.rs:34:9
[INFO] [stdout]    9:     0x55d626c02097 - std::panicking::default_hook::{{closure}}::h8a1d2ee00185001a
[INFO] [stdout]   10:     0x55d626c01d83 - std::panicking::default_hook::h6038f2eba384e475
[INFO] [stdout]                                at /rustc/82e1608dfa6e0b5569232559e3d385fea5a93112/library/std/src/panicking.rs:289:9
[INFO] [stdout]   11:     0x55d626680617 - <alloc::boxed::Box<F,A> as core::ops::function::Fn<Args>>::call::h0ad024c9bdc6d768
[INFO] [stdout]                                at /rustc/82e1608dfa6e0b5569232559e3d385fea5a93112/library/alloc/src/boxed.rs:2021:9
[INFO] [stdout]   12:     0x55d626680617 - test::test_main::{{closure}}::h7500b54257359db6
[INFO] [stdout]                                at /rustc/82e1608dfa6e0b5569232559e3d385fea5a93112/library/test/src/lib.rs:138:21
[INFO] [stdout]   13:     0x55d626c026a8 - <alloc::boxed::Box<F,A> as core::ops::function::Fn<Args>>::call::h1f8f335eaa9cfaee
[INFO] [stdout]                                at /rustc/82e1608dfa6e0b5569232559e3d385fea5a93112/library/alloc/src/boxed.rs:2021:9
[INFO] [stdout]   14:     0x55d626c026a8 - std::panicking::rust_panic_with_hook::h2b5517d590cab22e
[INFO] [stdout]                                at /rustc/82e1608dfa6e0b5569232559e3d385fea5a93112/library/std/src/panicking.rs:783:13
[INFO] [stdout]   15:     0x55d626c023fe - std::panicking::begin_panic_handler::{{closure}}::h233112c06e0ef43e
[INFO] [stdout]                                at /rustc/82e1608dfa6e0b5569232559e3d385fea5a93112/library/std/src/panicking.rs:657:13
[INFO] [stdout]   16:     0x55d626c00ab6 - std::sys_common::backtrace::__rust_end_short_backtrace::h6e893f24d7ebbff8
[INFO] [stdout]                                at /rustc/82e1608dfa6e0b5569232559e3d385fea5a93112/library/std/src/sys_common/backtrace.rs:170:18
[INFO] [stdout]   17:     0x55d626c02162 - rust_begin_unwind
[INFO] [stdout]                                at /rustc/82e1608dfa6e0b5569232559e3d385fea5a93112/library/std/src/panicking.rs:645:5
[INFO] [stdout]   18:     0x55d626223735 - core::panicking::panic_fmt::hbf0e066aabfa482c
[INFO] [stdout]                                at /rustc/82e1608dfa6e0b5569232559e3d385fea5a93112/library/core/src/panicking.rs:72:14
[INFO] [stdout]   19:     0x55d626223d63 - core::result::unwrap_failed::hddb4fea594200c52
[INFO] [stdout]                                at /rustc/82e1608dfa6e0b5569232559e3d385fea5a93112/library/core/src/result.rs:1653:5
[INFO] [stdout]   20:     0x55d62626704d - core::result::Result<T,E>::expect::h49e3bc93e2e2a7ca
[INFO] [stdout]                                at /rustc/82e1608dfa6e0b5569232559e3d385fea5a93112/library/core/src/result.rs:1034:23
[INFO] [stdout]   21:     0x55d626278172 - opsml_cli::api::download_file::save_metadata_to_json::{{closure}}::he04d401b6974f45a
[INFO] [stdout]                                at /opt/rustwide/workdir/src/api/download_file.rs:54:5
[INFO] [stdout]   22:     0x55d6262709bd - opsml_cli::api::download_file::tests::test_save_json::{{closure}}::h6f0706e84f35d90b
[INFO] [stdout]                                at /opt/rustwide/workdir/src/api/download_file.rs:239:62
[INFO] [stdout]   23:     0x55d62626878d - <core::pin::Pin<P> as core::future::future::Future>::poll::h011e01a0d7adeafc
[INFO] [stdout]                                at /rustc/82e1608dfa6e0b5569232559e3d385fea5a93112/library/core/src/future/future.rs:125:9
[INFO] [stdout]   24:     0x55d6262687ea - <core::pin::Pin<P> as core::future::future::Future>::poll::h6b99602363370dad
[INFO] [stdout]                                at /rustc/82e1608dfa6e0b5569232559e3d385fea5a93112/library/core/src/future/future.rs:125:9
[INFO] [stdout]   25:     0x55d62627dc73 - tokio::runtime::scheduler::current_thread::CoreGuard::block_on::{{closure}}::{{closure}}::{{closure}}::hc95ec5181b507e42
[INFO] [stdout]                                at /opt/rustwide/cargo-home/registry/src/index.crates.io-6f17d22bba15001f/tokio-1.31.0/src/runtime/scheduler/current_thread/mod.rs:665:57
[INFO] [stdout]   26:     0x55d62627d94f - tokio::runtime::coop::with_budget::h9070c61232b866e6
[INFO] [stdout]                                at /opt/rustwide/cargo-home/registry/src/index.crates.io-6f17d22bba15001f/tokio-1.31.0/src/runtime/coop.rs:107:5
[INFO] [stdout]   27:     0x55d62627d94f - tokio::runtime::coop::budget::hd198837d01448b5b
[INFO] [stdout]                                at /opt/rustwide/cargo-home/registry/src/index.crates.io-6f17d22bba15001f/tokio-1.31.0/src/runtime/coop.rs:73:5
[INFO] [stdout]   28:     0x55d62627d94f - tokio::runtime::scheduler::current_thread::CoreGuard::block_on::{{closure}}::{{closure}}::h156822751ddb7cda
[INFO] [stdout]                                at /opt/rustwide/cargo-home/registry/src/index.crates.io-6f17d22bba15001f/tokio-1.31.0/src/runtime/scheduler/current_thread/mod.rs:665:25
[INFO] [stdout]   29:     0x55d62627b34d - tokio::runtime::scheduler::current_thread::Context::enter::he9fb5fc54557699f
[INFO] [stdout]                                at /opt/rustwide/cargo-home/registry/src/index.crates.io-6f17d22bba15001f/tokio-1.31.0/src/runtime/scheduler/current_thread/mod.rs:410:19
[INFO] [stdout]   30:     0x55d62627c71e - tokio::runtime::scheduler::current_thread::CoreGuard::block_on::{{closure}}::h9a4eaeabc87abb62
[INFO] [stdout]                                at /opt/rustwide/cargo-home/registry/src/index.crates.io-6f17d22bba15001f/tokio-1.31.0/src/runtime/scheduler/current_thread/mod.rs:664:36
[INFO] [stdout]   31:     0x55d62627c382 - tokio::runtime::scheduler::current_thread::CoreGuard::enter::{{closure}}::hd2d44f98598f049f
[INFO] [stdout]                                at /opt/rustwide/cargo-home/registry/src/index.crates.io-6f17d22bba15001f/tokio-1.31.0/src/runtime/scheduler/current_thread/mod.rs:743:68
[INFO] [stdout]   32:     0x55d62628ce5a - tokio::runtime::context::scoped::Scoped<T>::set::hcdf801f32f83ae13
[INFO] [stdout]                                at /opt/rustwide/cargo-home/registry/src/index.crates.io-6f17d22bba15001f/tokio-1.31.0/src/runtime/context/scoped.rs:40:9
[INFO] [stdout]   33:     0x55d626278e2a - tokio::runtime::context::set_scheduler::{{closure}}::hbb487107021ad52c
[INFO] [stdout]                                at /opt/rustwide/cargo-home/registry/src/index.crates.io-6f17d22bba15001f/tokio-1.31.0/src/runtime/context.rs:176:26
[INFO] [stdout]   34:     0x55d62628e006 - std::thread::local::LocalKey<T>::try_with::h25621f2625e7019d
[INFO] [stdout]                                at /rustc/82e1608dfa6e0b5569232559e3d385fea5a93112/library/std/src/thread/local.rs:270:16
[INFO] [stdout]   35:     0x55d62628dd3d - std::thread::local::LocalKey<T>::with::hc14c14fb3ed16881
[INFO] [stdout]                                at /rustc/82e1608dfa6e0b5569232559e3d385fea5a93112/library/std/src/thread/local.rs:246:9
[INFO] [stdout]   36:     0x55d626278d41 - tokio::runtime::context::set_scheduler::h7877bc3471df279e
[INFO] [stdout]                                at /opt/rustwide/cargo-home/registry/src/index.crates.io-6f17d22bba15001f/tokio-1.31.0/src/runtime/context.rs:176:9
[INFO] [stdout]   37:     0x55d62627bc5e - tokio::runtime::scheduler::current_thread::CoreGuard::enter::h650f28a9e8ae40d3
[INFO] [stdout]                                at /opt/rustwide/cargo-home/registry/src/index.crates.io-6f17d22bba15001f/tokio-1.31.0/src/runtime/scheduler/current_thread/mod.rs:743:27
[INFO] [stdout]   38:     0x55d62627c432 - tokio::runtime::scheduler::current_thread::CoreGuard::block_on::h90a5935b61bc2a39
[INFO] [stdout]                                at /opt/rustwide/cargo-home/registry/src/index.crates.io-6f17d22bba15001f/tokio-1.31.0/src/runtime/scheduler/current_thread/mod.rs:652:19
[INFO] [stdout]   39:     0x55d626279f4f - tokio::runtime::scheduler::current_thread::CurrentThread::block_on::{{closure}}::h778fb24606d105f7
[INFO] [stdout]                                at /opt/rustwide/cargo-home/registry/src/index.crates.io-6f17d22bba15001f/tokio-1.31.0/src/runtime/scheduler/current_thread/mod.rs:175:28
[INFO] [stdout]   40:     0x55d62626d9e1 - tokio::runtime::context::runtime::enter_runtime::h63147e0fc53409c6
[INFO] [stdout]                                at /opt/rustwide/cargo-home/registry/src/index.crates.io-6f17d22bba15001f/tokio-1.31.0/src/runtime/context/runtime.rs:65:16
[INFO] [stdout]   41:     0x55d626279d88 - tokio::runtime::scheduler::current_thread::CurrentThread::block_on::h3e161dbf4b2e30ff
[INFO] [stdout]                                at /opt/rustwide/cargo-home/registry/src/index.crates.io-6f17d22bba15001f/tokio-1.31.0/src/runtime/scheduler/current_thread/mod.rs:167:9
[INFO] [stdout]   42:     0x55d62626e9ea - tokio::runtime::runtime::Runtime::block_on::h7462e13564eaf354
[INFO] [stdout]                                at /opt/rustwide/cargo-home/registry/src/index.crates.io-6f17d22bba15001f/tokio-1.31.0/src/runtime/runtime.rs:347:47
[INFO] [stdout]   43:     0x55d62627060b - opsml_cli::api::download_file::tests::test_save_json::h1aed409ba5dd9ccc
[INFO] [stdout]                                at /opt/rustwide/workdir/src/api/download_file.rs:250:9
[INFO] [stdout]   44:     0x55d62627047d - opsml_cli::api::download_file::tests::test_save_json::{{closure}}::h3ddeef934fbcd439
[INFO] [stdout]                                at /opt/rustwide/workdir/src/api/download_file.rs:232:34
[INFO] [stdout]   45:     0x55d62625aa26 - core::ops::function::FnOnce::call_once::h7fba0fc6e2ccde0a
[INFO] [stdout]                                at /rustc/82e1608dfa6e0b5569232559e3d385fea5a93112/library/core/src/ops/function.rs:250:5
[INFO] [stdout]   46:     0x55d626685c6f - core::ops::function::FnOnce::call_once::h2b5d431d5046312d
[INFO] [stdout]                                at /rustc/82e1608dfa6e0b5569232559e3d385fea5a93112/library/core/src/ops/function.rs:250:5
[INFO] [stdout]   47:     0x55d626685c6f - test::__rust_begin_short_backtrace::h7714669af176e207
[INFO] [stdout]                                at /rustc/82e1608dfa6e0b5569232559e3d385fea5a93112/library/test/src/lib.rs:628:18
[INFO] [stdout]   48:     0x55d626684c85 - test::run_test_in_process::{{closure}}::h85218797dcbcec12
[INFO] [stdout]                                at /rustc/82e1608dfa6e0b5569232559e3d385fea5a93112/library/test/src/lib.rs:651:60
[INFO] [stdout]   49:     0x55d626684c85 - <core::panic::unwind_safe::AssertUnwindSafe<F> as core::ops::function::FnOnce<()>>::call_once::h76c106ea31c14d7b
[INFO] [stdout]                                at /rustc/82e1608dfa6e0b5569232559e3d385fea5a93112/library/core/src/panic/unwind_safe.rs:272:9
[INFO] [stdout]   50:     0x55d626684c85 - std::panicking::try::do_call::h3bd5d0f6620ee946
[INFO] [stdout]                                at /rustc/82e1608dfa6e0b5569232559e3d385fea5a93112/library/std/src/panicking.rs:552:40
[INFO] [stdout]   51:     0x55d626684c85 - std::panicking::try::h232e535e4744fe31
[INFO] [stdout]                                at /rustc/82e1608dfa6e0b5569232559e3d385fea5a93112/library/std/src/panicking.rs:516:19
[INFO] [stdout]   52:     0x55d626684c85 - std::panic::catch_unwind::h3ce3bd6ca8dbac68
[INFO] [stdout]                                at /rustc/82e1608dfa6e0b5569232559e3d385fea5a93112/library/std/src/panic.rs:142:14
[INFO] [stdout]   53:     0x55d626684c85 - test::run_test_in_process::hc97b257c9621286a
[INFO] [stdout]                                at /rustc/82e1608dfa6e0b5569232559e3d385fea5a93112/library/test/src/lib.rs:651:27
[INFO] [stdout]   54:     0x55d626684c85 - test::run_test::{{closure}}::h2aa798823a438d38
[INFO] [stdout]                                at /rustc/82e1608dfa6e0b5569232559e3d385fea5a93112/library/test/src/lib.rs:574:43
[INFO] [stdout]   55:     0x55d62664cf46 - test::run_test::{{closure}}::h87d231c78fb59832
[INFO] [stdout]                                at /rustc/82e1608dfa6e0b5569232559e3d385fea5a93112/library/test/src/lib.rs:602:41
[INFO] [stdout]   56:     0x55d62664cf46 - std::sys_common::backtrace::__rust_begin_short_backtrace::he6df152596625789
[INFO] [stdout]                                at /rustc/82e1608dfa6e0b5569232559e3d385fea5a93112/library/std/src/sys_common/backtrace.rs:154:18
[INFO] [stdout]   57:     0x55d626651ff7 - std::thread::Builder::spawn_unchecked_::{{closure}}::{{closure}}::ha94be15d1e0acf36
[INFO] [stdout]                                at /rustc/82e1608dfa6e0b5569232559e3d385fea5a93112/library/std/src/thread/mod.rs:529:17
[INFO] [stdout]   58:     0x55d626651ff7 - <core::panic::unwind_safe::AssertUnwindSafe<F> as core::ops::function::FnOnce<()>>::call_once::h9dc6bd6372f16606
[INFO] [stdout]                                at /rustc/82e1608dfa6e0b5569232559e3d385fea5a93112/library/core/src/panic/unwind_safe.rs:272:9
[INFO] [stdout]   59:     0x55d626651ff7 - std::panicking::try::do_call::h9057517f80303cd4
[INFO] [stdout]                                at /rustc/82e1608dfa6e0b5569232559e3d385fea5a93112/library/std/src/panicking.rs:552:40
[INFO] [stdout]   60:     0x55d626651ff7 - std::panicking::try::he3a30b11ee45340c
[INFO] [stdout]                                at /rustc/82e1608dfa6e0b5569232559e3d385fea5a93112/library/std/src/panicking.rs:516:19
[INFO] [stdout]   61:     0x55d626651ff7 - std::panic::catch_unwind::h410458cfd3528b8b
[INFO] [stdout]                                at /rustc/82e1608dfa6e0b5569232559e3d385fea5a93112/library/std/src/panic.rs:142:14
[INFO] [stdout]   62:     0x55d626651ff7 - std::thread::Builder::spawn_unchecked_::{{closure}}::h72ac3bdb567b737b
[INFO] [stdout]                                at /rustc/82e1608dfa6e0b5569232559e3d385fea5a93112/library/std/src/thread/mod.rs:528:30
[INFO] [stdout]   63:     0x55d626651ff7 - core::ops::function::FnOnce::call_once{{vtable.shim}}::h38f34da3654a8344
[INFO] [stdout]                                at /rustc/82e1608dfa6e0b5569232559e3d385fea5a93112/library/core/src/ops/function.rs:250:5
[INFO] [stdout]   64:     0x55d626c074f5 - <alloc::boxed::Box<F,A> as core::ops::function::FnOnce<Args>>::call_once::hc7eafaff61e32df9
[INFO] [stdout]                                at /rustc/82e1608dfa6e0b5569232559e3d385fea5a93112/library/alloc/src/boxed.rs:2007:9
[INFO] [stdout]   65:     0x55d626c074f5 - <alloc::boxed::Box<F,A> as core::ops::function::FnOnce<Args>>::call_once::h6ba4a5de48dd2304
[INFO] [stdout]                                at /rustc/82e1608dfa6e0b5569232559e3d385fea5a93112/library/alloc/src/boxed.rs:2007:9
[INFO] [stdout]   66:     0x55d626c074f5 - std::sys::unix::thread::Thread::new::thread_start::he469335aef763e45
[INFO] [stdout]                                at /rustc/82e1608dfa6e0b5569232559e3d385fea5a93112/library/std/src/sys/unix/thread.rs:108:17
[INFO] [stdout]   67:     0x7fbf936e3ac3 - <unknown>
[INFO] [stdout]   68:     0x7fbf93774bf4 - __clone
[INFO] [stdout]   69:                0x0 - <unknown>
[INFO] [stdout] 
[INFO] [stdout] ---- api::download_file::tests::test_download_stream_to_file stdout ----
[INFO] [stdout] thread 'api::download_file::tests::test_download_stream_to_file' panicked at src/api/download_file.rs:28:60:
[INFO] [stdout] called `Result::unwrap()` on an `Err` value: Os { code: 30, kind: ReadOnlyFilesystem, message: "Read-only file system" }
[INFO] [stdout] stack backtrace:
[INFO] [stdout]    0:     0x55d626c005ec - std::backtrace_rs::backtrace::libunwind::trace::ha637c64ce894333a
[INFO] [stdout]                                at /rustc/82e1608dfa6e0b5569232559e3d385fea5a93112/library/std/src/../../backtrace/src/backtrace/libunwind.rs:104:5
[INFO] [stdout]    1:     0x55d626c005ec - std::backtrace_rs::backtrace::trace_unsynchronized::h47f62dea28e0c88d
[INFO] [stdout]                                at /rustc/82e1608dfa6e0b5569232559e3d385fea5a93112/library/std/src/../../backtrace/src/backtrace/mod.rs:66:5
[INFO] [stdout]    2:     0x55d626c005ec - std::sys_common::backtrace::_print_fmt::h9eef0abe20ede486
[INFO] [stdout]                                at /rustc/82e1608dfa6e0b5569232559e3d385fea5a93112/library/std/src/sys_common/backtrace.rs:67:5
[INFO] [stdout]    3:     0x55d626c005ec - <std::sys_common::backtrace::_print::DisplayBacktrace as core::fmt::Display>::fmt::hed7f999df88cc644
[INFO] [stdout]                                at /rustc/82e1608dfa6e0b5569232559e3d385fea5a93112/library/std/src/sys_common/backtrace.rs:44:22
[INFO] [stdout]    4:     0x55d626c2dc40 - core::fmt::rt::Argument::fmt::h1539a9308b8d058d
[INFO] [stdout]                                at /rustc/82e1608dfa6e0b5569232559e3d385fea5a93112/library/core/src/fmt/rt.rs:142:9
[INFO] [stdout]    5:     0x55d626c2dc40 - core::fmt::write::h3a39390d8560d9c9
[INFO] [stdout]                                at /rustc/82e1608dfa6e0b5569232559e3d385fea5a93112/library/core/src/fmt/mod.rs:1120:17
[INFO] [stdout]    6:     0x55d626bfd44f - std::io::Write::write_fmt::h040b369f3a0f9cbc
[INFO] [stdout]                                at /rustc/82e1608dfa6e0b5569232559e3d385fea5a93112/library/std/src/io/mod.rs:1762:15
[INFO] [stdout]    7:     0x55d626c003d4 - std::sys_common::backtrace::_print::h894006fb5c6f3d45
[INFO] [stdout]                                at /rustc/82e1608dfa6e0b5569232559e3d385fea5a93112/library/std/src/sys_common/backtrace.rs:47:5
[INFO] [stdout]    8:     0x55d626c003d4 - std::sys_common::backtrace::print::h23a2d212c6fff936
[INFO] [stdout]                                at /rustc/82e1608dfa6e0b5569232559e3d385fea5a93112/library/std/src/sys_common/backtrace.rs:34:9
[INFO] [stdout]    9:     0x55d626c02097 - std::panicking::default_hook::{{closure}}::h8a1d2ee00185001a
[INFO] [stdout]   10:     0x55d626c01d83 - std::panicking::default_hook::h6038f2eba384e475
[INFO] [stdout]                                at /rustc/82e1608dfa6e0b5569232559e3d385fea5a93112/library/std/src/panicking.rs:289:9
[INFO] [stdout]   11:     0x55d626680617 - <alloc::boxed::Box<F,A> as core::ops::function::Fn<Args>>::call::h0ad024c9bdc6d768
[INFO] [stdout]                                at /rustc/82e1608dfa6e0b5569232559e3d385fea5a93112/library/alloc/src/boxed.rs:2021:9
[INFO] [stdout]   12:     0x55d626680617 - test::test_main::{{closure}}::h7500b54257359db6
[INFO] [stdout]                                at /rustc/82e1608dfa6e0b5569232559e3d385fea5a93112/library/test/src/lib.rs:138:21
[INFO] [stdout]   13:     0x55d626c026a8 - <alloc::boxed::Box<F,A> as core::ops::function::Fn<Args>>::call::h1f8f335eaa9cfaee
[INFO] [stdout]                                at /rustc/82e1608dfa6e0b5569232559e3d385fea5a93112/library/alloc/src/boxed.rs:2021:9
[INFO] [stdout]   14:     0x55d626c026a8 - std::panicking::rust_panic_with_hook::h2b5517d590cab22e
[INFO] [stdout]                                at /rustc/82e1608dfa6e0b5569232559e3d385fea5a93112/library/std/src/panicking.rs:783:13
[INFO] [stdout]   15:     0x55d626c023fe - std::panicking::begin_panic_handler::{{closure}}::h233112c06e0ef43e
[INFO] [stdout]                                at /rustc/82e1608dfa6e0b5569232559e3d385fea5a93112/library/std/src/panicking.rs:657:13
[INFO] [stdout]   16:     0x55d626c00ab6 - std::sys_common::backtrace::__rust_end_short_backtrace::h6e893f24d7ebbff8
[INFO] [stdout]                                at /rustc/82e1608dfa6e0b5569232559e3d385fea5a93112/library/std/src/sys_common/backtrace.rs:170:18
[INFO] [stdout]   17:     0x55d626c02162 - rust_begin_unwind
[INFO] [stdout]                                at /rustc/82e1608dfa6e0b5569232559e3d385fea5a93112/library/std/src/panicking.rs:645:5
[INFO] [stdout]   18:     0x55d626223735 - core::panicking::panic_fmt::hbf0e066aabfa482c
[INFO] [stdout]                                at /rustc/82e1608dfa6e0b5569232559e3d385fea5a93112/library/core/src/panicking.rs:72:14
[INFO] [stdout]   19:     0x55d626223d63 - core::result::unwrap_failed::hddb4fea594200c52
[INFO] [stdout]                                at /rustc/82e1608dfa6e0b5569232559e3d385fea5a93112/library/core/src/result.rs:1653:5
[INFO] [stdout]   20:     0x55d626267370 - core::result::Result<T,E>::unwrap::h0238d65783ea1301
[INFO] [stdout]                                at /rustc/82e1608dfa6e0b5569232559e3d385fea5a93112/library/core/src/result.rs:1077:23
[INFO] [stdout]   21:     0x55d626277bb8 - opsml_cli::api::download_file::download_stream_to_file::{{closure}}::h08be99085b67fe17
[INFO] [stdout]                                at /opt/rustwide/workdir/src/api/download_file.rs:28:20
[INFO] [stdout]   22:     0x55d626271ad1 - opsml_cli::api::download_file::tests::test_download_stream_to_file::{{closure}}::h936d348465bb26c1
[INFO] [stdout]                                at /opt/rustwide/workdir/src/api/download_file.rs:286:64
[INFO] [stdout]   23:     0x55d62626878d - <core::pin::Pin<P> as core::future::future::Future>::poll::h011e01a0d7adeafc
[INFO] [stdout]                                at /rustc/82e1608dfa6e0b5569232559e3d385fea5a93112/library/core/src/future/future.rs:125:9
[INFO] [stdout]   24:     0x55d6262687ea - <core::pin::Pin<P> as core::future::future::Future>::poll::h6b99602363370dad
[INFO] [stdout]                                at /rustc/82e1608dfa6e0b5569232559e3d385fea5a93112/library/core/src/future/future.rs:125:9
[INFO] [stdout]   25:     0x55d62627dc73 - tokio::runtime::scheduler::current_thread::CoreGuard::block_on::{{closure}}::{{closure}}::{{closure}}::hc95ec5181b507e42
[INFO] [stdout]                                at /opt/rustwide/cargo-home/registry/src/index.crates.io-6f17d22bba15001f/tokio-1.31.0/src/runtime/scheduler/current_thread/mod.rs:665:57
[INFO] [stdout]   26:     0x55d62627d94f - tokio::runtime::coop::with_budget::h9070c61232b866e6
[INFO] [stdout]                                at /opt/rustwide/cargo-home/registry/src/index.crates.io-6f17d22bba15001f/tokio-1.31.0/src/runtime/coop.rs:107:5
[INFO] [stdout]   27:     0x55d62627d94f - tokio::runtime::coop::budget::hd198837d01448b5b
[INFO] [stdout]                                at /opt/rustwide/cargo-home/registry/src/index.crates.io-6f17d22bba15001f/tokio-1.31.0/src/runtime/coop.rs:73:5
[INFO] [stdout]   28:     0x55d62627d94f - tokio::runtime::scheduler::current_thread::CoreGuard::block_on::{{closure}}::{{closure}}::h156822751ddb7cda
[INFO] [stdout]                                at /opt/rustwide/cargo-home/registry/src/index.crates.io-6f17d22bba15001f/tokio-1.31.0/src/runtime/scheduler/current_thread/mod.rs:665:25
[INFO] [stdout]   29:     0x55d62627b34d - tokio::runtime::scheduler::current_thread::Context::enter::he9fb5fc54557699f
[INFO] [stdout]                                at /opt/rustwide/cargo-home/registry/src/index.crates.io-6f17d22bba15001f/tokio-1.31.0/src/runtime/scheduler/current_thread/mod.rs:410:19
[INFO] [stdout]   30:     0x55d62627c71e - tokio::runtime::scheduler::current_thread::CoreGuard::block_on::{{closure}}::h9a4eaeabc87abb62
[INFO] [stdout]                                at /opt/rustwide/cargo-home/registry/src/index.crates.io-6f17d22bba15001f/tokio-1.31.0/src/runtime/scheduler/current_thread/mod.rs:664:36
[INFO] [stdout]   31:     0x55d62627c382 - tokio::runtime::scheduler::current_thread::CoreGuard::enter::{{closure}}::hd2d44f98598f049f
[INFO] [stdout]                                at /opt/rustwide/cargo-home/registry/src/index.crates.io-6f17d22bba15001f/tokio-1.31.0/src/runtime/scheduler/current_thread/mod.rs:743:68
[INFO] [stdout]   32:     0x55d62628ce5a - tokio::runtime::context::scoped::Scoped<T>::set::hcdf801f32f83ae13
[INFO] [stdout]                                at /opt/rustwide/cargo-home/registry/src/index.crates.io-6f17d22bba15001f/tokio-1.31.0/src/runtime/context/scoped.rs:40:9
[INFO] [stdout]   33:     0x55d626278e2a - tokio::runtime::context::set_scheduler::{{closure}}::hbb487107021ad52c
[INFO] [stdout]                                at /opt/rustwide/cargo-home/registry/src/index.crates.io-6f17d22bba15001f/tokio-1.31.0/src/runtime/context.rs:176:26
[INFO] [stdout]   34:     0x55d62628e006 - std::thread::local::LocalKey<T>::try_with::h25621f2625e7019d
[INFO] [stdout]                                at /rustc/82e1608dfa6e0b5569232559e3d385fea5a93112/library/std/src/thread/local.rs:270:16
[INFO] [stdout]   35:     0x55d62628dd3d - std::thread::local::LocalKey<T>::with::hc14c14fb3ed16881
[INFO] [stdout]                                at /rustc/82e1608dfa6e0b5569232559e3d385fea5a93112/library/std/src/thread/local.rs:246:9
[INFO] [stdout]   36:     0x55d626278d41 - tokio::runtime::context::set_scheduler::h7877bc3471df279e
[INFO] [stdout]                                at /opt/rustwide/cargo-home/registry/src/index.crates.io-6f17d22bba15001f/tokio-1.31.0/src/runtime/context.rs:176:9
[INFO] [stdout]   37:     0x55d62627bc5e - tokio::runtime::scheduler::current_thread::CoreGuard::enter::h650f28a9e8ae40d3
[INFO] [stdout]                                at /opt/rustwide/cargo-home/registry/src/index.crates.io-6f17d22bba15001f/tokio-1.31.0/src/runtime/scheduler/current_thread/mod.rs:743:27
[INFO] [stdout]   38:     0x55d62627c432 - tokio::runtime::scheduler::current_thread::CoreGuard::block_on::h90a5935b61bc2a39
[INFO] [stdout]                                at /opt/rustwide/cargo-home/registry/src/index.crates.io-6f17d22bba15001f/tokio-1.31.0/src/runtime/scheduler/current_thread/mod.rs:652:19
[INFO] [stdout]   39:     0x55d626279f4f - tokio::runtime::scheduler::current_thread::CurrentThread::block_on::{{closure}}::h778fb24606d105f7
[INFO] [stdout]                                at /opt/rustwide/cargo-home/registry/src/index.crates.io-6f17d22bba15001f/tokio-1.31.0/src/runtime/scheduler/current_thread/mod.rs:175:28
[INFO] [stdout]   40:     0x55d62626d9e1 - tokio::runtime::context::runtime::enter_runtime::h63147e0fc53409c6
[INFO] [stdout]                                at /opt/rustwide/cargo-home/registry/src/index.crates.io-6f17d22bba15001f/tokio-1.31.0/src/runtime/context/runtime.rs:65:16
[INFO] [stdout]   41:     0x55d626279d88 - tokio::runtime::scheduler::current_thread::CurrentThread::block_on::h3e161dbf4b2e30ff
[INFO] [stdout]                                at /opt/rustwide/cargo-home/registry/src/index.crates.io-6f17d22bba15001f/tokio-1.31.0/src/runtime/scheduler/current_thread/mod.rs:167:9
[INFO] [stdout]   42:     0x55d62626e9ea - tokio::runtime::runtime::Runtime::block_on::h7462e13564eaf354
[INFO] [stdout]                                at /opt/rustwide/cargo-home/registry/src/index.crates.io-6f17d22bba15001f/tokio-1.31.0/src/runtime/runtime.rs:347:47
[INFO] [stdout]   43:     0x55d6262712eb - opsml_cli::api::download_file::tests::test_download_stream_to_file::h0e8e1ca904e87b56
[INFO] [stdout]                                at /opt/rustwide/workdir/src/api/download_file.rs:290:9
[INFO] [stdout]   44:     0x55d62627115d - opsml_cli::api::download_file::tests::test_download_stream_to_file::{{closure}}::hec3e1fd161c6b9d8
[INFO] [stdout]                                at /opt/rustwide/workdir/src/api/download_file.rs:269:48
[INFO] [stdout]   45:     0x55d62625ab46 - core::ops::function::FnOnce::call_once::h9823f346d0446ba9
[INFO] [stdout]                                at /rustc/82e1608dfa6e0b5569232559e3d385fea5a93112/library/core/src/ops/function.rs:250:5
[INFO] [stdout]   46:     0x55d626685c6f - core::ops::function::FnOnce::call_once::h2b5d431d5046312d
[INFO] [stdout]                                at /rustc/82e1608dfa6e0b5569232559e3d385fea5a93112/library/core/src/ops/function.rs:250:5
[INFO] [stdout]   47:     0x55d626685c6f - test::__rust_begin_short_backtrace::h7714669af176e207
[INFO] [stdout]                                at /rustc/82e1608dfa6e0b5569232559e3d385fea5a93112/library/test/src/lib.rs:628:18
[INFO] [stdout]   48:     0x55d626684c85 - test::run_test_in_process::{{closure}}::h85218797dcbcec12
[INFO] [stdout]                                at /rustc/82e1608dfa6e0b5569232559e3d385fea5a93112/library/test/src/lib.rs:651:60
[INFO] [stdout]   49:     0x55d626684c85 - <core::panic::unwind_safe::AssertUnwindSafe<F> as core::ops::function::FnOnce<()>>::call_once::h76c106ea31c14d7b
[INFO] [stdout]                                at /rustc/82e1608dfa6e0b5569232559e3d385fea5a93112/library/core/src/panic/unwind_safe.rs:272:9
[INFO] [stdout]   50:     0x55d626684c85 - std::panicking::try::do_call::h3bd5d0f6620ee946
[INFO] [stdout]                                at /rustc/82e1608dfa6e0b5569232559e3d385fea5a93112/library/std/src/panicking.rs:552:40
[INFO] [stdout]   51:     0x55d626684c85 - std::panicking::try::h232e535e4744fe31
[INFO] [stdout]                                at /rustc/82e1608dfa6e0b5569232559e3d385fea5a93112/library/std/src/panicking.rs:516:19
[INFO] [stdout]   52:     0x55d626684c85 - std::panic::catch_unwind::h3ce3bd6ca8dbac68
[INFO] [stdout]                                at /rustc/82e1608dfa6e0b5569232559e3d385fea5a93112/library/std/src/panic.rs:142:14
[INFO] [stdout]   53:     0x55d626684c85 - test::run_test_in_process::hc97b257c9621286a
[INFO] [stdout]                                at /rustc/82e1608dfa6e0b5569232559e3d385fea5a93112/library/test/src/lib.rs:651:27
[INFO] [stdout]   54:     0x55d626684c85 - test::run_test::{{closure}}::h2aa798823a438d38
[INFO] [stdout]                                at /rustc/82e1608dfa6e0b5569232559e3d385fea5a93112/library/test/src/lib.rs:574:43
[INFO] [stdout]   55:     0x55d62664cf46 - test::run_test::{{closure}}::h87d231c78fb59832
[INFO] [stdout]                                at /rustc/82e1608dfa6e0b5569232559e3d385fea5a93112/library/test/src/lib.rs:602:41
[INFO] [stdout]   56:     0x55d62664cf46 - std::sys_common::backtrace::__rust_begin_short_backtrace::he6df152596625789
[INFO] [stdout]                                at /rustc/82e1608dfa6e0b5569232559e3d385fea5a93112/library/std/src/sys_common/backtrace.rs:154:18
[INFO] [stdout]   57:     0x55d626651ff7 - std::thread::Builder::spawn_unchecked_::{{closure}}::{{closure}}::ha94be15d1e0acf36
[INFO] [stdout]                                at /rustc/82e1608dfa6e0b5569232559e3d385fea5a93112/library/std/src/thread/mod.rs:529:17
[INFO] [stdout]   58:     0x55d626651ff7 - <core::panic::unwind_safe::AssertUnwindSafe<F> as core::ops::function::FnOnce<()>>::call_once::h9dc6bd6372f16606
[INFO] [stdout]                                at /rustc/82e1608dfa6e0b5569232559e3d385fea5a93112/library/core/src/panic/unwind_safe.rs:272:9
[INFO] [stdout]   59:     0x55d626651ff7 - std::panicking::try::do_call::h9057517f80303cd4
[INFO] [stdout]                                at /rustc/82e1608dfa6e0b5569232559e3d385fea5a93112/library/std/src/panicking.rs:552:40
[INFO] [stdout]   60:     0x55d626651ff7 - std::panicking::try::he3a30b11ee45340c
[INFO] [stdout]                                at /rustc/82e1608dfa6e0b5569232559e3d385fea5a93112/library/std/src/panicking.rs:516:19
[INFO] [stdout]   61:     0x55d626651ff7 - std::panic::catch_unwind::h410458cfd3528b8b
[INFO] [stdout]                                at /rustc/82e1608dfa6e0b5569232559e3d385fea5a93112/library/std/src/panic.rs:142:14
[INFO] [stdout]   62:     0x55d626651ff7 - std::thread::Builder::spawn_unchecked_::{{closure}}::h72ac3bdb567b737b
[INFO] [stdout]                                at /rustc/82e1608dfa6e0b5569232559e3d385fea5a93112/library/std/src/thread/mod.rs:528:30
[INFO] [stdout]   63:     0x55d626651ff7 - core::ops::function::FnOnce::call_once{{vtable.shim}}::h38f34da3654a8344
[INFO] [stdout]                                at /rustc/82e1608dfa6e0b5569232559e3d385fea5a93112/library/core/src/ops/function.rs:250:5
[INFO] [stdout]   64:     0x55d626c074f5 - <alloc::boxed::Box<F,A> as core::ops::function::FnOnce<Args>>::call_once::hc7eafaff61e32df9
[INFO] [stdout]                                at /rustc/82e1608dfa6e0b5569232559e3d385fea5a93112/library/alloc/src/boxed.rs:2007:9
[INFO] [stdout]   65:     0x55d626c074f5 - <alloc::boxed::Box<F,A> as core::ops::function::FnOnce<Args>>::call_once::h6ba4a5de48dd2304
[INFO] [stdout]                                at /rustc/82e1608dfa6e0b5569232559e3d385fea5a93112/library/alloc/src/boxed.rs:2007:9
[INFO] [stdout]   66:     0x55d626c074f5 - std::sys::unix::thread::Thread::new::thread_start::he469335aef763e45
[INFO] [stdout]                                at /rustc/82e1608dfa6e0b5569232559e3d385fea5a93112/library/std/src/sys/unix/thread.rs:108:17
[INFO] [stdout]   67:     0x7fbf936e3ac3 - <unknown>
[INFO] [stdout]   68:     0x7fbf93774bf4 - __clone
[INFO] [stdout]   69:                0x0 - <unknown>
[INFO] [stdout] 
[INFO] [stdout] 
[INFO] [stdout] failures:
[INFO] [stdout]     api::download_file::tests::test_download_stream_to_file
[INFO] [stdout]     api::download_file::tests::test_save_json
[INFO] [stdout] 
[INFO] [stdout] test result: FAILED. 8 passed; 2 failed; 0 ignored; 0 measured; 0 filtered out; finished in 0.29s
[INFO] [stdout] 
[INFO] [stderr] error: test failed, to rerun pass `--bin opsml-cli`
[INFO] running `Command { std: "docker" "inspect" "d1385f6cfd1ce646302a0c575e831e80c8b73689cd07f7f6f4f8e2d9e9b864fa", kill_on_drop: false }`
[INFO] running `Command { std: "docker" "rm" "-f" "d1385f6cfd1ce646302a0c575e831e80c8b73689cd07f7f6f4f8e2d9e9b864fa", kill_on_drop: false }`
[INFO] [stdout] d1385f6cfd1ce646302a0c575e831e80c8b73689cd07f7f6f4f8e2d9e9b864fa
[INFO] testing thorrester/opsml-cli against beta-2023-12-22 for beta-1.76-1
[INFO] running `Command { std: "git" "clone" "/workspace/cache/git-repos/https%3A%2F%2Fgithub.com%2Fthorrester%2Fopsml-cli" "/workspace/builds/worker-5-tc2/source", kill_on_drop: false }`
[INFO] [stderr] Cloning into '/workspace/builds/worker-5-tc2/source'...
[INFO] [stderr] done.
[INFO] validating manifest of git repo https://github.com/thorrester/opsml-cli on toolchain beta-2023-12-22
[INFO] running `Command { std: CARGO_HOME="/workspace/cargo-home" RUSTUP_HOME="/workspace/rustup-home" "/workspace/cargo-home/bin/cargo" "+beta-2023-12-22" "metadata" "--manifest-path" "Cargo.toml" "--no-deps", kill_on_drop: false }`
[INFO] started tweaking git repo https://github.com/thorrester/opsml-cli
[INFO] finished tweaking git repo https://github.com/thorrester/opsml-cli
[INFO] tweaked toml for git repo https://github.com/thorrester/opsml-cli written to /workspace/builds/worker-5-tc2/source/Cargo.toml
[INFO] crate git repo https://github.com/thorrester/opsml-cli already has a lockfile, it will not be regenerated
[INFO] running `Command { std: CARGO_HOME="/workspace/cargo-home" RUSTUP_HOME="/workspace/rustup-home" "/workspace/cargo-home/bin/cargo" "+beta-2023-12-22" "fetch" "--manifest-path" "Cargo.toml", kill_on_drop: false }`
[INFO] running `Command { std: "docker" "create" "-v" "/var/lib/crater-agent-workspace/builds/worker-5-tc2/target:/opt/rustwide/target:rw,Z" "-v" "/var/lib/crater-agent-workspace/builds/worker-5-tc2/source:/opt/rustwide/workdir:ro,Z" "-v" "/var/lib/crater-agent-workspace/cargo-home:/opt/rustwide/cargo-home:ro,Z" "-v" "/var/lib/crater-agent-workspace/rustup-home:/opt/rustwide/rustup-home:ro,Z" "-e" "SOURCE_DIR=/opt/rustwide/workdir" "-e" "CARGO_TARGET_DIR=/opt/rustwide/target" "-e" "CARGO_HOME=/opt/rustwide/cargo-home" "-e" "RUSTUP_HOME=/opt/rustwide/rustup-home" "-w" "/opt/rustwide/workdir" "-m" "1610612736" "--user" "0:0" "--network" "none" "ghcr.io/rust-lang/crates-build-env/linux@sha256:2788e3201cd34a07e3172128adcd8b3090168a8e3bcc40d7c032b9dda1df7d1c" "/opt/rustwide/cargo-home/bin/cargo" "+beta-2023-12-22" "metadata" "--no-deps" "--format-version=1", kill_on_drop: false }`
[INFO] [stdout] b4fb9735a87c3a2c1ac48e61ee882b93f9b9e6131c2653719650ad7bef7e5e18
[INFO] running `Command { std: "docker" "start" "-a" "b4fb9735a87c3a2c1ac48e61ee882b93f9b9e6131c2653719650ad7bef7e5e18", kill_on_drop: false }`
[INFO] running `Command { std: "docker" "inspect" "b4fb9735a87c3a2c1ac48e61ee882b93f9b9e6131c2653719650ad7bef7e5e18", kill_on_drop: false }`
[INFO] running `Command { std: "docker" "rm" "-f" "b4fb9735a87c3a2c1ac48e61ee882b93f9b9e6131c2653719650ad7bef7e5e18", kill_on_drop: false }`
[INFO] [stdout] b4fb9735a87c3a2c1ac48e61ee882b93f9b9e6131c2653719650ad7bef7e5e18
[INFO] running `Command { std: "docker" "create" "-v" "/var/lib/crater-agent-workspace/builds/worker-5-tc2/target:/opt/rustwide/target:rw,Z" "-v" "/var/lib/crater-agent-workspace/builds/worker-5-tc2/source:/opt/rustwide/workdir:ro,Z" "-v" "/var/lib/crater-agent-workspace/cargo-home:/opt/rustwide/cargo-home:ro,Z" "-v" "/var/lib/crater-agent-workspace/rustup-home:/opt/rustwide/rustup-home:ro,Z" "-e" "SOURCE_DIR=/opt/rustwide/workdir" "-e" "CARGO_TARGET_DIR=/opt/rustwide/target" "-e" "CARGO_INCREMENTAL=0" "-e" "RUST_BACKTRACE=full" "-e" "RUSTFLAGS=--cap-lints=warn" "-e" "RUSTDOCFLAGS=--cap-lints=warn" "-e" "CARGO_HOME=/opt/rustwide/cargo-home" "-e" "RUSTUP_HOME=/opt/rustwide/rustup-home" "-w" "/opt/rustwide/workdir" "-m" "1610612736" "--user" "0:0" "--network" "none" "ghcr.io/rust-lang/crates-build-env/linux@sha256:2788e3201cd34a07e3172128adcd8b3090168a8e3bcc40d7c032b9dda1df7d1c" "/opt/rustwide/cargo-home/bin/cargo" "+beta-2023-12-22" "build" "--frozen" "--message-format=json", kill_on_drop: false }`
[INFO] [stdout] 23eb724a97e13c7980e1795dc0fa98b444ab119828743346f1e47a100a9e4bce
[INFO] running `Command { std: "docker" "start" "-a" "23eb724a97e13c7980e1795dc0fa98b444ab119828743346f1e47a100a9e4bce", kill_on_drop: false }`
[INFO] [stderr]    Compiling proc-macro2 v1.0.66
[INFO] [stderr]    Compiling unicode-ident v1.0.11
[INFO] [stderr]    Compiling libc v0.2.147
[INFO] [stderr]    Compiling memchr v2.5.0
[INFO] [stderr]    Compiling autocfg v1.1.0
[INFO] [stderr]    Compiling pin-project-lite v0.2.12
[INFO] [stderr]    Compiling futures-core v0.3.28
[INFO] [stderr]    Compiling once_cell v1.18.0
[INFO] [stderr]    Compiling cfg-if v1.0.0
[INFO] [stderr]    Compiling pkg-config v0.3.27
[INFO] [stderr]    Compiling vcpkg v0.2.15
[INFO] [stderr]    Compiling futures-task v0.3.28
[INFO] [stderr]    Compiling futures-sink v0.3.28
[INFO] [stderr]    Compiling futures-channel v0.3.28
[INFO] [stderr]    Compiling utf8parse v0.2.1
[INFO] [stderr]    Compiling bytes v1.4.0
[INFO] [stderr]    Compiling fnv v1.0.7
[INFO] [stderr]    Compiling futures-util v0.3.28
[INFO] [stderr]    Compiling version_check v0.9.4
[INFO] [stderr]    Compiling itoa v1.0.9
[INFO] [stderr]    Compiling futures-io v0.3.28
[INFO] [stderr]    Compiling pin-utils v0.1.0
[INFO] [stderr]    Compiling openssl v0.10.56
[INFO] [stderr]    Compiling foreign-types-shared v0.1.1
[INFO] [stderr]    Compiling rustix v0.38.8
[INFO] [stderr]    Compiling tracing-core v0.1.31
[INFO] [stderr]    Compiling foreign-types v0.3.2
[INFO] [stderr]    Compiling bitflags v1.3.2
[INFO] [stderr]    Compiling slab v0.4.8
[INFO] [stderr]    Compiling indexmap v1.9.3
[INFO] [stderr]    Compiling bitflags v2.4.0
[INFO] [stderr]    Compiling arrayvec v0.5.2
[INFO] [stderr]    Compiling proc-macro-error-attr v1.0.4
[INFO] [stderr]    Compiling linux-raw-sys v0.4.5
[INFO] [stderr]    Compiling native-tls v0.2.11
[INFO] [stderr]    Compiling hashbrown v0.12.3
[INFO] [stderr]    Compiling httparse v1.8.0
[INFO] [stderr]    Compiling serde v1.0.183
[INFO] [stderr]    Compiling http v0.2.9
[INFO] [stderr]    Compiling minimal-lexical v0.2.1
[INFO] [stderr]    Compiling tracing v0.1.37
[INFO] [stderr]    Compiling syn v1.0.109
[INFO] [stderr]    Compiling tinyvec_macros v0.1.1
[INFO] [stderr]    Compiling tinyvec v1.6.0
[INFO] [stderr]    Compiling nom v7.1.3
[INFO] [stderr]    Compiling proc-macro-error v1.0.4
[INFO] [stderr]    Compiling openssl-probe v0.1.5
[INFO] [stderr]    Compiling log v0.4.20
[INFO] [stderr]    Compiling heck v0.4.1
[INFO] [stderr]    Compiling percent-encoding v2.3.0
[INFO] [stderr]    Compiling quote v1.0.32
[INFO] [stderr]    Compiling serde_derive v1.0.183
[INFO] [stderr]    Compiling try-lock v0.2.4
[INFO] [stderr]    Compiling want v0.3.1
[INFO] [stderr]    Compiling form_urlencoded v1.2.0
[INFO] [stderr]    Compiling anstyle-parse v0.2.1
[INFO] [stderr]    Compiling ryu v1.0.15
[INFO] [stderr]    Compiling cc v1.0.82
[INFO] [stderr]    Compiling num_cpus v1.16.0
[INFO] [stderr]    Compiling mio v0.8.8
[INFO] [stderr]    Compiling socket2 v0.5.3
[INFO] [stderr]    Compiling syn v2.0.28
[INFO] [stderr]    Compiling socket2 v0.4.9
[INFO] [stderr]    Compiling colorchoice v1.0.0
[INFO] [stderr]    Compiling vte_generate_state_changes v0.1.1
[INFO] [stderr]    Compiling http-body v0.4.5
[INFO] [stderr]    Compiling unicode-normalization v0.1.22
[INFO] [stderr]    Compiling vte v0.10.1
[INFO] [stderr]    Compiling is-terminal v0.4.9
[INFO] [stderr]    Compiling unicode-bidi v0.3.13
[INFO] [stderr]    Compiling anstyle-query v1.0.0
[INFO] [stderr]    Compiling tower-service v0.3.2
[INFO] [stderr]    Compiling serde_json v1.0.104
[INFO] [stderr]    Compiling httpdate v1.0.3
[INFO] [stderr]    Compiling anstyle v1.0.1
[INFO] [stderr]    Compiling strsim v0.10.0
[INFO] [stderr]    Compiling unicode-width v0.1.10
[INFO] [stderr]    Compiling clap_lex v0.5.0
[INFO] [stderr]    Compiling bytecount v0.6.3
[INFO] [stderr]    Compiling anstream v0.3.2
[INFO] [stderr]    Compiling encoding_rs v0.8.32
[INFO] [stderr]    Compiling base64 v0.21.2
[INFO] [stderr]    Compiling mime v0.3.17
[INFO] [stderr]    Compiling ipnet v2.8.0
[INFO] [stderr]    Compiling owo-colors v3.5.0
[INFO] [stderr]    Compiling lazy_static v1.4.0
[INFO] [stderr]    Compiling idna v0.4.0
[INFO] [stderr]    Compiling clap_builder v4.3.21
[INFO] [stderr]    Compiling openssl-sys v0.9.91
[INFO] [stderr]    Compiling url v2.4.0
[INFO] [stderr]    Compiling ansitok v0.2.0
[INFO] [stderr]    Compiling ansi-str v0.8.0
[INFO] [stderr]    Compiling papergrid v0.10.0
[INFO] [stderr]    Compiling tabled_derive v0.6.0
[INFO] [stderr]    Compiling tokio-macros v2.1.0
[INFO] [stderr]    Compiling futures-macro v0.3.28
[INFO] [stderr]    Compiling openssl-macros v0.1.1
[INFO] [stderr]    Compiling clap_derive v4.3.12
[INFO] [stderr]    Compiling tabled v0.14.0
[INFO] [stderr]    Compiling serde_urlencoded v0.7.1
[INFO] [stderr]    Compiling tokio v1.31.0
[INFO] [stderr]    Compiling clap v4.3.21
[INFO] [stderr]    Compiling futures-executor v0.3.28
[INFO] [stderr]    Compiling futures v0.3.28
[INFO] [stderr]    Compiling tokio-util v0.7.8
[INFO] [stderr]    Compiling tokio-native-tls v0.3.1
[INFO] [stderr]    Compiling h2 v0.3.20
[INFO] [stderr]    Compiling hyper v0.14.27
[INFO] [stderr]    Compiling hyper-tls v0.5.0
[INFO] [stderr]    Compiling reqwest v0.11.18
[INFO] [stderr]    Compiling opsml-cli v0.1.0 (/opt/rustwide/workdir)
[INFO] [stderr]     Finished dev [unoptimized + debuginfo] target(s) in 40.73s
[INFO] running `Command { std: "docker" "inspect" "23eb724a97e13c7980e1795dc0fa98b444ab119828743346f1e47a100a9e4bce", kill_on_drop: false }`
[INFO] running `Command { std: "docker" "rm" "-f" "23eb724a97e13c7980e1795dc0fa98b444ab119828743346f1e47a100a9e4bce", kill_on_drop: false }`
[INFO] [stdout] 23eb724a97e13c7980e1795dc0fa98b444ab119828743346f1e47a100a9e4bce
[INFO] running `Command { std: "docker" "create" "-v" "/var/lib/crater-agent-workspace/builds/worker-5-tc2/target:/opt/rustwide/target:rw,Z" "-v" "/var/lib/crater-agent-workspace/builds/worker-5-tc2/source:/opt/rustwide/workdir:ro,Z" "-v" "/var/lib/crater-agent-workspace/cargo-home:/opt/rustwide/cargo-home:ro,Z" "-v" "/var/lib/crater-agent-workspace/rustup-home:/opt/rustwide/rustup-home:ro,Z" "-e" "SOURCE_DIR=/opt/rustwide/workdir" "-e" "CARGO_TARGET_DIR=/opt/rustwide/target" "-e" "CARGO_INCREMENTAL=0" "-e" "RUST_BACKTRACE=full" "-e" "RUSTFLAGS=--cap-lints=warn" "-e" "RUSTDOCFLAGS=--cap-lints=warn" "-e" "CARGO_HOME=/opt/rustwide/cargo-home" "-e" "RUSTUP_HOME=/opt/rustwide/rustup-home" "-w" "/opt/rustwide/workdir" "-m" "1610612736" "--user" "0:0" "--network" "none" "ghcr.io/rust-lang/crates-build-env/linux@sha256:2788e3201cd34a07e3172128adcd8b3090168a8e3bcc40d7c032b9dda1df7d1c" "/opt/rustwide/cargo-home/bin/cargo" "+beta-2023-12-22" "test" "--frozen" "--no-run" "--message-format=json", kill_on_drop: false }`
[INFO] [stdout] 541c8d22c4acf9cc73c03742e6f599fbac4b9b7bdd4f9f4fe85f554be2d40cb9
[INFO] running `Command { std: "docker" "start" "-a" "541c8d22c4acf9cc73c03742e6f599fbac4b9b7bdd4f9f4fe85f554be2d40cb9", kill_on_drop: false }`
[INFO] [stderr]    Compiling parking_lot_core v0.9.8
[INFO] [stderr]    Compiling scopeguard v1.2.0
[INFO] [stderr]    Compiling lock_api v0.4.10
[INFO] [stderr]    Compiling smallvec v1.11.0
[INFO] [stderr]    Compiling signal-hook-registry v1.4.1
[INFO] [stderr]    Compiling getrandom v0.2.10
[INFO] [stderr]    Compiling aho-corasick v1.0.4
[INFO] [stderr]    Compiling regex-syntax v0.7.4
[INFO] [stderr]    Compiling ppv-lite86 v0.2.17
[INFO] [stderr]    Compiling colored v2.0.4
[INFO] [stderr]    Compiling assert-json-diff v2.0.2
[INFO] [stderr]    Compiling similar v2.2.1
[INFO] [stderr]    Compiling rand_core v0.6.4
[INFO] [stderr]    Compiling parking_lot v0.12.1
[INFO] [stderr]    Compiling rand_chacha v0.3.1
[INFO] [stderr]    Compiling tokio v1.31.0
[INFO] [stderr]    Compiling rand v0.8.5
[INFO] [stderr]    Compiling regex-automata v0.3.6
[INFO] [stderr]    Compiling regex v1.9.3
[INFO] [stderr]    Compiling tokio-util v0.7.8
[INFO] [stderr]    Compiling tokio-native-tls v0.3.1
[INFO] [stderr]    Compiling h2 v0.3.20
[INFO] [stderr]    Compiling hyper v0.14.27
[INFO] [stderr]    Compiling hyper-tls v0.5.0
[INFO] [stderr]    Compiling mockito v1.1.0
[INFO] [stderr]    Compiling reqwest v0.11.18
[INFO] [stderr]    Compiling opsml-cli v0.1.0 (/opt/rustwide/workdir)
[INFO] [stderr]     Finished test [unoptimized + debuginfo] target(s) in 25.92s
[INFO] running `Command { std: "docker" "inspect" "541c8d22c4acf9cc73c03742e6f599fbac4b9b7bdd4f9f4fe85f554be2d40cb9", kill_on_drop: false }`
[INFO] running `Command { std: "docker" "rm" "-f" "541c8d22c4acf9cc73c03742e6f599fbac4b9b7bdd4f9f4fe85f554be2d40cb9", kill_on_drop: false }`
[INFO] [stdout] 541c8d22c4acf9cc73c03742e6f599fbac4b9b7bdd4f9f4fe85f554be2d40cb9
[INFO] running `Command { std: "docker" "create" "-v" "/var/lib/crater-agent-workspace/builds/worker-5-tc2/target:/opt/rustwide/target:rw,Z" "-v" "/var/lib/crater-agent-workspace/builds/worker-5-tc2/source:/opt/rustwide/workdir:ro,Z" "-v" "/var/lib/crater-agent-workspace/cargo-home:/opt/rustwide/cargo-home:ro,Z" "-v" "/var/lib/crater-agent-workspace/rustup-home:/opt/rustwide/rustup-home:ro,Z" "-e" "SOURCE_DIR=/opt/rustwide/workdir" "-e" "CARGO_TARGET_DIR=/opt/rustwide/target" "-e" "CARGO_INCREMENTAL=0" "-e" "RUST_BACKTRACE=full" "-e" "RUSTFLAGS=--cap-lints=warn" "-e" "RUSTDOCFLAGS=--cap-lints=warn" "-e" "CARGO_HOME=/opt/rustwide/cargo-home" "-e" "RUSTUP_HOME=/opt/rustwide/rustup-home" "-w" "/opt/rustwide/workdir" "-m" "1610612736" "--user" "0:0" "--network" "none" "ghcr.io/rust-lang/crates-build-env/linux@sha256:2788e3201cd34a07e3172128adcd8b3090168a8e3bcc40d7c032b9dda1df7d1c" "/opt/rustwide/cargo-home/bin/cargo" "+beta-2023-12-22" "test" "--frozen", kill_on_drop: false }`
[INFO] [stdout] 98c5f48acffd973bea1ee8dcd54e7fb46ea7200074c961e62241172b3727393f
[INFO] running `Command { std: "docker" "start" "-a" "98c5f48acffd973bea1ee8dcd54e7fb46ea7200074c961e62241172b3727393f", kill_on_drop: false }`
[INFO] [stderr]     Finished test [unoptimized + debuginfo] target(s) in 0.25s
[INFO] [stderr]      Running unittests src/main.rs (/opt/rustwide/target/debug/deps/opsml_cli-744897ba1b406711)
[INFO] [stdout] 
[INFO] [stdout] running 10 tests
[INFO] [stdout] test api::list_cards::tests::test_parse_response ... ok
[INFO] [stdout] test api::download_file::tests::test_model_metadata_loading ... ok
[INFO] [stdout] test api::list_cards::tests::test_get_registry ... ok
[INFO] [stdout] test api::metrics::tests::test_parse_compare_metric_response ... ok
[INFO] [stdout] test api::metrics::tests::test_parse_metric_response ... ok
[INFO] [stdout] test api::utils::tests::test_remove_suffix ... ok
[INFO] [stdout] test api::download_file::tests::test_save_json ... FAILED
[INFO] [stdout] test api::download_file::tests::test_download_stream_to_file ... FAILED
[INFO] [stdout] test api::download_file::tests::test_parse_response ... ok
[INFO] [stdout] test api::download_file::tests::test_make_post_request ... ok
[INFO] [stdout] 
[INFO] [stdout] failures:
[INFO] [stdout] 
[INFO] [stdout] ---- api::download_file::tests::test_save_json stdout ----
[INFO] [stdout] thread 'api::download_file::tests::test_save_json' panicked at src/api/download_file.rs:54:28:
[INFO] [stdout] Unable to create metadata file: Os { code: 30, kind: ReadOnlyFilesystem, message: "Read-only file system" }
[INFO] [stdout] stack backtrace:
[INFO] [stdout]    0:     0x55cd358022f6 - std::backtrace_rs::backtrace::libunwind::trace::h261606ad26a499c1
[INFO] [stdout]                                at /rustc/0e09125c6c3c2fd70d7de961bcf0e51575235fad/library/std/src/../../backtrace/src/backtrace/libunwind.rs:104:5
[INFO] [stdout]    1:     0x55cd358022f6 - std::backtrace_rs::backtrace::trace_unsynchronized::hd183f0625477fb28
[INFO] [stdout]                                at /rustc/0e09125c6c3c2fd70d7de961bcf0e51575235fad/library/std/src/../../backtrace/src/backtrace/mod.rs:66:5
[INFO] [stdout]    2:     0x55cd358022f6 - std::sys_common::backtrace::_print_fmt::hd7f8fef21b4eda67
[INFO] [stdout]                                at /rustc/0e09125c6c3c2fd70d7de961bcf0e51575235fad/library/std/src/sys_common/backtrace.rs:68:5
[INFO] [stdout]    3:     0x55cd358022f6 - <std::sys_common::backtrace::_print::DisplayBacktrace as core::fmt::Display>::fmt::h623d9b51f2f453f1
[INFO] [stdout]                                at /rustc/0e09125c6c3c2fd70d7de961bcf0e51575235fad/library/std/src/sys_common/backtrace.rs:44:22
[INFO] [stdout]    4:     0x55cd3582ebf0 - core::fmt::rt::Argument::fmt::h9f417ac76a86f368
[INFO] [stdout]                                at /rustc/0e09125c6c3c2fd70d7de961bcf0e51575235fad/library/core/src/fmt/rt.rs:142:9
[INFO] [stdout]    5:     0x55cd3582ebf0 - core::fmt::write::hc9b6faf4ac2aeff7
[INFO] [stdout]                                at /rustc/0e09125c6c3c2fd70d7de961bcf0e51575235fad/library/core/src/fmt/mod.rs:1120:17
[INFO] [stdout]    6:     0x55cd357ff10f - std::io::Write::write_fmt::he04625a3a989fec3
[INFO] [stdout]                                at /rustc/0e09125c6c3c2fd70d7de961bcf0e51575235fad/library/std/src/io/mod.rs:1810:15
[INFO] [stdout]    7:     0x55cd358020d4 - std::sys_common::backtrace::_print::hd5d66399c7df88a2
[INFO] [stdout]                                at /rustc/0e09125c6c3c2fd70d7de961bcf0e51575235fad/library/std/src/sys_common/backtrace.rs:47:5
[INFO] [stdout]    8:     0x55cd358020d4 - std::sys_common::backtrace::print::he81ed2da642d37e5
[INFO] [stdout]                                at /rustc/0e09125c6c3c2fd70d7de961bcf0e51575235fad/library/std/src/sys_common/backtrace.rs:34:9
[INFO] [stdout]    9:     0x55cd35803e47 - std::panicking::default_hook::{{closure}}::h85773f4fa117163d
[INFO] [stdout]   10:     0x55cd35803b2d - std::panicking::default_hook::h6a1694a91d09b278
[INFO] [stdout]                                at /rustc/0e09125c6c3c2fd70d7de961bcf0e51575235fad/library/std/src/panicking.rs:289:9
[INFO] [stdout]   11:     0x55cd35289ca7 - <alloc::boxed::Box<F,A> as core::ops::function::Fn<Args>>::call::h616ac37fa3cd6c8f
[INFO] [stdout]                                at /rustc/0e09125c6c3c2fd70d7de961bcf0e51575235fad/library/alloc/src/boxed.rs:2029:9
[INFO] [stdout]   12:     0x55cd35289ca7 - test::test_main::{{closure}}::h00d84697cefdcbb6
[INFO] [stdout]                                at /rustc/0e09125c6c3c2fd70d7de961bcf0e51575235fad/library/test/src/lib.rs:138:21
[INFO] [stdout]   13:     0x55cd35804466 - <alloc::boxed::Box<F,A> as core::ops::function::Fn<Args>>::call::hcb3fe3b9bb537ba8
[INFO] [stdout]                                at /rustc/0e09125c6c3c2fd70d7de961bcf0e51575235fad/library/alloc/src/boxed.rs:2029:9
[INFO] [stdout]   14:     0x55cd35804466 - std::panicking::rust_panic_with_hook::h0a7ad96e90f7145b
[INFO] [stdout]                                at /rustc/0e09125c6c3c2fd70d7de961bcf0e51575235fad/library/std/src/panicking.rs:783:13
[INFO] [stdout]   15:     0x55cd358041b2 - std::panicking::begin_panic_handler::{{closure}}::h7919090525c6485e
[INFO] [stdout]                                at /rustc/0e09125c6c3c2fd70d7de961bcf0e51575235fad/library/std/src/panicking.rs:657:13
[INFO] [stdout]   16:     0x55cd358027f6 - std::sys_common::backtrace::__rust_end_short_backtrace::hf3289479464f7dfe
[INFO] [stdout]                                at /rustc/0e09125c6c3c2fd70d7de961bcf0e51575235fad/library/std/src/sys_common/backtrace.rs:171:18
[INFO] [stdout]   17:     0x55cd35803f10 - rust_begin_unwind
[INFO] [stdout]                                at /rustc/0e09125c6c3c2fd70d7de961bcf0e51575235fad/library/std/src/panicking.rs:645:5
[INFO] [stdout]   18:     0x55cd34e29715 - core::panicking::panic_fmt::hcc9f77c5c132af55
[INFO] [stdout]                                at /rustc/0e09125c6c3c2fd70d7de961bcf0e51575235fad/library/core/src/panicking.rs:72:14
[INFO] [stdout]   19:     0x55cd34e29d53 - core::result::unwrap_failed::hbe14f498be1452f9
[INFO] [stdout]                                at /rustc/0e09125c6c3c2fd70d7de961bcf0e51575235fad/library/core/src/result.rs:1649:5
[INFO] [stdout]   20:     0x55cd34e660cd - core::result::Result<T,E>::expect::h17b3141f2d2c4439
[INFO] [stdout]                                at /rustc/0e09125c6c3c2fd70d7de961bcf0e51575235fad/library/core/src/result.rs:1030:23
[INFO] [stdout]   21:     0x55cd34e6f6b0 - opsml_cli::api::download_file::save_metadata_to_json::{{closure}}::h879285cfd8a86343
[INFO] [stdout]                                at /opt/rustwide/workdir/src/api/download_file.rs:54:5
[INFO] [stdout]   22:     0x55cd34e85cf4 - opsml_cli::api::download_file::tests::test_save_json::{{closure}}::h3a4e35501f972811
[INFO] [stdout]                                at /opt/rustwide/workdir/src/api/download_file.rs:239:62
[INFO] [stdout]   23:     0x55cd34e9203d - <core::pin::Pin<P> as core::future::future::Future>::poll::h1f140b2d7593db2f
[INFO] [stdout]                                at /rustc/0e09125c6c3c2fd70d7de961bcf0e51575235fad/library/core/src/future/future.rs:124:9
[INFO] [stdout]   24:     0x55cd34e920ea - <core::pin::Pin<P> as core::future::future::Future>::poll::hcc381f45a3f38a85
[INFO] [stdout]                                at /rustc/0e09125c6c3c2fd70d7de961bcf0e51575235fad/library/core/src/future/future.rs:124:9
[INFO] [stdout]   25:     0x55cd34e78583 - tokio::runtime::scheduler::current_thread::CoreGuard::block_on::{{closure}}::{{closure}}::{{closure}}::h3b1581d9f2f32253
[INFO] [stdout]                                at /opt/rustwide/cargo-home/registry/src/index.crates.io-6f17d22bba15001f/tokio-1.31.0/src/runtime/scheduler/current_thread/mod.rs:665:57
[INFO] [stdout]   26:     0x55cd34e784af - tokio::runtime::coop::with_budget::hd193a1544a965f8a
[INFO] [stdout]                                at /opt/rustwide/cargo-home/registry/src/index.crates.io-6f17d22bba15001f/tokio-1.31.0/src/runtime/coop.rs:107:5
[INFO] [stdout]   27:     0x55cd34e784af - tokio::runtime::coop::budget::he77bab310704fa6a
[INFO] [stdout]                                at /opt/rustwide/cargo-home/registry/src/index.crates.io-6f17d22bba15001f/tokio-1.31.0/src/runtime/coop.rs:73:5
[INFO] [stdout]   28:     0x55cd34e784af - tokio::runtime::scheduler::current_thread::CoreGuard::block_on::{{closure}}::{{closure}}::hb5064f7d8efd3c15
[INFO] [stdout]                                at /opt/rustwide/cargo-home/registry/src/index.crates.io-6f17d22bba15001f/tokio-1.31.0/src/runtime/scheduler/current_thread/mod.rs:665:25
[INFO] [stdout]   29:     0x55cd34e759dd - tokio::runtime::scheduler::current_thread::Context::enter::hbc1297a13108a56b
[INFO] [stdout]                                at /opt/rustwide/cargo-home/registry/src/index.crates.io-6f17d22bba15001f/tokio-1.31.0/src/runtime/scheduler/current_thread/mod.rs:410:19
[INFO] [stdout]   30:     0x55cd34e7799e - tokio::runtime::scheduler::current_thread::CoreGuard::block_on::{{closure}}::he83fcde3ecdc0181
[INFO] [stdout]                                at /opt/rustwide/cargo-home/registry/src/index.crates.io-6f17d22bba15001f/tokio-1.31.0/src/runtime/scheduler/current_thread/mod.rs:664:36
[INFO] [stdout]   31:     0x55cd34e76ca2 - tokio::runtime::scheduler::current_thread::CoreGuard::enter::{{closure}}::h37598977fd2ab322
[INFO] [stdout]                                at /opt/rustwide/cargo-home/registry/src/index.crates.io-6f17d22bba15001f/tokio-1.31.0/src/runtime/scheduler/current_thread/mod.rs:743:68
[INFO] [stdout]   32:     0x55cd34e97cca - tokio::runtime::context::scoped::Scoped<T>::set::ha413f4d3b27787de
[INFO] [stdout]                                at /opt/rustwide/cargo-home/registry/src/index.crates.io-6f17d22bba15001f/tokio-1.31.0/src/runtime/context/scoped.rs:40:9
[INFO] [stdout]   33:     0x55cd34e677ca - tokio::runtime::context::set_scheduler::{{closure}}::h8c6ba6866ad36b84
[INFO] [stdout]                                at /opt/rustwide/cargo-home/registry/src/index.crates.io-6f17d22bba15001f/tokio-1.31.0/src/runtime/context.rs:176:26
[INFO] [stdout]   34:     0x55cd34e8c648 - std::thread::local::LocalKey<T>::try_with::hc8b85a4f12bb5934
[INFO] [stdout]                                at /rustc/0e09125c6c3c2fd70d7de961bcf0e51575235fad/library/std/src/thread/local.rs:270:16
[INFO] [stdout]   35:     0x55cd34e8b2bc - std::thread::local::LocalKey<T>::with::hb240afe57f4011f7
[INFO] [stdout]                                at /rustc/0e09125c6c3c2fd70d7de961bcf0e51575235fad/library/std/src/thread/local.rs:246:9
[INFO] [stdout]   36:     0x55cd34e67721 - tokio::runtime::context::set_scheduler::ha0d3cda319716cc6
[INFO] [stdout]                                at /opt/rustwide/cargo-home/registry/src/index.crates.io-6f17d22bba15001f/tokio-1.31.0/src/runtime/context.rs:176:9
[INFO] [stdout]   37:     0x55cd34e765ce - tokio::runtime::scheduler::current_thread::CoreGuard::enter::h17b8944e5e2c02b6
[INFO] [stdout]                                at /opt/rustwide/cargo-home/registry/src/index.crates.io-6f17d22bba15001f/tokio-1.31.0/src/runtime/scheduler/current_thread/mod.rs:743:27
[INFO] [stdout]   38:     0x55cd34e76d8c - tokio::runtime::scheduler::current_thread::CoreGuard::block_on::hc47236ae6c358e7f
[INFO] [stdout]                                at /opt/rustwide/cargo-home/registry/src/index.crates.io-6f17d22bba15001f/tokio-1.31.0/src/runtime/scheduler/current_thread/mod.rs:652:19
[INFO] [stdout]   39:     0x55cd34e748cf - tokio::runtime::scheduler::current_thread::CurrentThread::block_on::{{closure}}::h812f70aab996b60b
[INFO] [stdout]                                at /opt/rustwide/cargo-home/registry/src/index.crates.io-6f17d22bba15001f/tokio-1.31.0/src/runtime/scheduler/current_thread/mod.rs:175:28
[INFO] [stdout]   40:     0x55cd34e82b31 - tokio::runtime::context::runtime::enter_runtime::ha1504e3b9a109289
[INFO] [stdout]                                at /opt/rustwide/cargo-home/registry/src/index.crates.io-6f17d22bba15001f/tokio-1.31.0/src/runtime/context/runtime.rs:65:16
[INFO] [stdout]   41:     0x55cd34e747c6 - tokio::runtime::scheduler::current_thread::CurrentThread::block_on::hf439db6c38f10dbe
[INFO] [stdout]                                at /opt/rustwide/cargo-home/registry/src/index.crates.io-6f17d22bba15001f/tokio-1.31.0/src/runtime/scheduler/current_thread/mod.rs:167:9
[INFO] [stdout]   42:     0x55cd34e919ca - tokio::runtime::runtime::Runtime::block_on::h1e681fa8e8cbff87
[INFO] [stdout]                                at /opt/rustwide/cargo-home/registry/src/index.crates.io-6f17d22bba15001f/tokio-1.31.0/src/runtime/runtime.rs:347:47
[INFO] [stdout]   43:     0x55cd34e8595b - opsml_cli::api::download_file::tests::test_save_json::hb87da228788f31d0
[INFO] [stdout]                                at /opt/rustwide/workdir/src/api/download_file.rs:250:9
[INFO] [stdout]   44:     0x55cd34e857cd - opsml_cli::api::download_file::tests::test_save_json::{{closure}}::h645ae611544065aa
[INFO] [stdout]                                at /opt/rustwide/workdir/src/api/download_file.rs:232:34
[INFO] [stdout]   45:     0x55cd34e6a9f6 - core::ops::function::FnOnce::call_once::h59912a17e5bddb66
[INFO] [stdout]                                at /rustc/0e09125c6c3c2fd70d7de961bcf0e51575235fad/library/core/src/ops/function.rs:250:5
[INFO] [stdout]   46:     0x55cd3528f57f - core::ops::function::FnOnce::call_once::hd64d26f405258157
[INFO] [stdout]                                at /rustc/0e09125c6c3c2fd70d7de961bcf0e51575235fad/library/core/src/ops/function.rs:250:5
[INFO] [stdout]   47:     0x55cd3528f57f - test::__rust_begin_short_backtrace::he21b0b7a6d731bf9
[INFO] [stdout]                                at /rustc/0e09125c6c3c2fd70d7de961bcf0e51575235fad/library/test/src/lib.rs:627:18
[INFO] [stdout]   48:     0x55cd3528e301 - test::run_test_in_process::{{closure}}::hf5c73986d7bdfde2
[INFO] [stdout]                                at /rustc/0e09125c6c3c2fd70d7de961bcf0e51575235fad/library/test/src/lib.rs:650:60
[INFO] [stdout]   49:     0x55cd3528e301 - <core::panic::unwind_safe::AssertUnwindSafe<F> as core::ops::function::FnOnce<()>>::call_once::h330011ad032aadc0
[INFO] [stdout]                                at /rustc/0e09125c6c3c2fd70d7de961bcf0e51575235fad/library/core/src/panic/unwind_safe.rs:272:9
[INFO] [stdout]   50:     0x55cd3528e301 - std::panicking::try::do_call::he61b0a958b795a41
[INFO] [stdout]                                at /rustc/0e09125c6c3c2fd70d7de961bcf0e51575235fad/library/std/src/panicking.rs:552:40
[INFO] [stdout]   51:     0x55cd3528e301 - std::panicking::try::h7309da130f906eb7
[INFO] [stdout]                                at /rustc/0e09125c6c3c2fd70d7de961bcf0e51575235fad/library/std/src/panicking.rs:516:19
[INFO] [stdout]   52:     0x55cd3528e301 - std::panic::catch_unwind::hc5c3a06fdaf0a92a
[INFO] [stdout]                                at /rustc/0e09125c6c3c2fd70d7de961bcf0e51575235fad/library/std/src/panic.rs:142:14
[INFO] [stdout]   53:     0x55cd3528e301 - test::run_test_in_process::h7e7b7c71c3324e0f
[INFO] [stdout]                                at /rustc/0e09125c6c3c2fd70d7de961bcf0e51575235fad/library/test/src/lib.rs:650:27
[INFO] [stdout]   54:     0x55cd3528e301 - test::run_test::{{closure}}::h1f509f28f5cf20b1
[INFO] [stdout]                                at /rustc/0e09125c6c3c2fd70d7de961bcf0e51575235fad/library/test/src/lib.rs:573:43
[INFO] [stdout]   55:     0x55cd35255636 - test::run_test::{{closure}}::h1754218abf443f6d
[INFO] [stdout]                                at /rustc/0e09125c6c3c2fd70d7de961bcf0e51575235fad/library/test/src/lib.rs:601:41
[INFO] [stdout]   56:     0x55cd35255636 - std::sys_common::backtrace::__rust_begin_short_backtrace::h2ee174b9d5954948
[INFO] [stdout]                                at /rustc/0e09125c6c3c2fd70d7de961bcf0e51575235fad/library/std/src/sys_common/backtrace.rs:155:18
[INFO] [stdout]   57:     0x55cd3525a697 - std::thread::Builder::spawn_unchecked_::{{closure}}::{{closure}}::hf60bee9c1a17ef09
[INFO] [stdout]                                at /rustc/0e09125c6c3c2fd70d7de961bcf0e51575235fad/library/std/src/thread/mod.rs:529:17
[INFO] [stdout]   58:     0x55cd3525a697 - <core::panic::unwind_safe::AssertUnwindSafe<F> as core::ops::function::FnOnce<()>>::call_once::h33d0dddec5216160
[INFO] [stdout]                                at /rustc/0e09125c6c3c2fd70d7de961bcf0e51575235fad/library/core/src/panic/unwind_safe.rs:272:9
[INFO] [stdout]   59:     0x55cd3525a697 - std::panicking::try::do_call::h144b3048b546f835
[INFO] [stdout]                                at /rustc/0e09125c6c3c2fd70d7de961bcf0e51575235fad/library/std/src/panicking.rs:552:40
[INFO] [stdout]   60:     0x55cd3525a697 - std::panicking::try::h978244d04646189f
[INFO] [stdout]                                at /rustc/0e09125c6c3c2fd70d7de961bcf0e51575235fad/library/std/src/panicking.rs:516:19
[INFO] [stdout]   61:     0x55cd3525a697 - std::panic::catch_unwind::hdf436369d188fe86
[INFO] [stdout]                                at /rustc/0e09125c6c3c2fd70d7de961bcf0e51575235fad/library/std/src/panic.rs:142:14
[INFO] [stdout]   62:     0x55cd3525a697 - std::thread::Builder::spawn_unchecked_::{{closure}}::h87329cbdd33c79ec
[INFO] [stdout]                                at /rustc/0e09125c6c3c2fd70d7de961bcf0e51575235fad/library/std/src/thread/mod.rs:528:30
[INFO] [stdout]   63:     0x55cd3525a697 - core::ops::function::FnOnce::call_once{{vtable.shim}}::h401abbe67897d450
[INFO] [stdout]                                at /rustc/0e09125c6c3c2fd70d7de961bcf0e51575235fad/library/core/src/ops/function.rs:250:5
[INFO] [stdout]   64:     0x55cd358092d5 - <alloc::boxed::Box<F,A> as core::ops::function::FnOnce<Args>>::call_once::h5d7c8f150ab9c84c
[INFO] [stdout]                                at /rustc/0e09125c6c3c2fd70d7de961bcf0e51575235fad/library/alloc/src/boxed.rs:2015:9
[INFO] [stdout]   65:     0x55cd358092d5 - <alloc::boxed::Box<F,A> as core::ops::function::FnOnce<Args>>::call_once::h570d5b005c242c15
[INFO] [stdout]                                at /rustc/0e09125c6c3c2fd70d7de961bcf0e51575235fad/library/alloc/src/boxed.rs:2015:9
[INFO] [stdout]   66:     0x55cd358092d5 - std::sys::unix::thread::Thread::new::thread_start::h36b0a20c0b2361ad
[INFO] [stdout]                                at /rustc/0e09125c6c3c2fd70d7de961bcf0e51575235fad/library/std/src/sys/unix/thread.rs:108:17
[INFO] [stdout]   67:     0x7fa5ba26cac3 - <unknown>
[INFO] [stdout]   68:     0x7fa5ba2fdbf4 - __clone
[INFO] [stdout]   69:                0x0 - <unknown>
[INFO] [stdout] 
[INFO] [stdout] ---- api::download_file::tests::test_download_stream_to_file stdout ----
[INFO] [stdout] thread 'api::download_file::tests::test_download_stream_to_file' panicked at src/api/download_file.rs:28:60:
[INFO] [stdout] called `Result::unwrap()` on an `Err` value: Os { code: 30, kind: ReadOnlyFilesystem, message: "Read-only file system" }
[INFO] [stdout] stack backtrace:
[INFO] [stdout]    0:     0x55cd358022f6 - std::backtrace_rs::backtrace::libunwind::trace::h261606ad26a499c1
[INFO] [stdout]                                at /rustc/0e09125c6c3c2fd70d7de961bcf0e51575235fad/library/std/src/../../backtrace/src/backtrace/libunwind.rs:104:5
[INFO] [stdout]    1:     0x55cd358022f6 - std::backtrace_rs::backtrace::trace_unsynchronized::hd183f0625477fb28
[INFO] [stdout]                                at /rustc/0e09125c6c3c2fd70d7de961bcf0e51575235fad/library/std/src/../../backtrace/src/backtrace/mod.rs:66:5
[INFO] [stdout]    2:     0x55cd358022f6 - std::sys_common::backtrace::_print_fmt::hd7f8fef21b4eda67
[INFO] [stdout]                                at /rustc/0e09125c6c3c2fd70d7de961bcf0e51575235fad/library/std/src/sys_common/backtrace.rs:68:5
[INFO] [stdout]    3:     0x55cd358022f6 - <std::sys_common::backtrace::_print::DisplayBacktrace as core::fmt::Display>::fmt::h623d9b51f2f453f1
[INFO] [stdout]                                at /rustc/0e09125c6c3c2fd70d7de961bcf0e51575235fad/library/std/src/sys_common/backtrace.rs:44:22
[INFO] [stdout]    4:     0x55cd3582ebf0 - core::fmt::rt::Argument::fmt::h9f417ac76a86f368
[INFO] [stdout]                                at /rustc/0e09125c6c3c2fd70d7de961bcf0e51575235fad/library/core/src/fmt/rt.rs:142:9
[INFO] [stdout]    5:     0x55cd3582ebf0 - core::fmt::write::hc9b6faf4ac2aeff7
[INFO] [stdout]                                at /rustc/0e09125c6c3c2fd70d7de961bcf0e51575235fad/library/core/src/fmt/mod.rs:1120:17
[INFO] [stdout]    6:     0x55cd357ff10f - std::io::Write::write_fmt::he04625a3a989fec3
[INFO] [stdout]                                at /rustc/0e09125c6c3c2fd70d7de961bcf0e51575235fad/library/std/src/io/mod.rs:1810:15
[INFO] [stdout]    7:     0x55cd358020d4 - std::sys_common::backtrace::_print::hd5d66399c7df88a2
[INFO] [stdout]                                at /rustc/0e09125c6c3c2fd70d7de961bcf0e51575235fad/library/std/src/sys_common/backtrace.rs:47:5
[INFO] [stdout]    8:     0x55cd358020d4 - std::sys_common::backtrace::print::he81ed2da642d37e5
[INFO] [stdout]                                at /rustc/0e09125c6c3c2fd70d7de961bcf0e51575235fad/library/std/src/sys_common/backtrace.rs:34:9
[INFO] [stdout]    9:     0x55cd35803e47 - std::panicking::default_hook::{{closure}}::h85773f4fa117163d
[INFO] [stdout]   10:     0x55cd35803b2d - std::panicking::default_hook::h6a1694a91d09b278
[INFO] [stdout]                                at /rustc/0e09125c6c3c2fd70d7de961bcf0e51575235fad/library/std/src/panicking.rs:289:9
[INFO] [stdout]   11:     0x55cd35289ca7 - <alloc::boxed::Box<F,A> as core::ops::function::Fn<Args>>::call::h616ac37fa3cd6c8f
[INFO] [stdout]                                at /rustc/0e09125c6c3c2fd70d7de961bcf0e51575235fad/library/alloc/src/boxed.rs:2029:9
[INFO] [stdout]   12:     0x55cd35289ca7 - test::test_main::{{closure}}::h00d84697cefdcbb6
[INFO] [stdout]                                at /rustc/0e09125c6c3c2fd70d7de961bcf0e51575235fad/library/test/src/lib.rs:138:21
[INFO] [stdout]   13:     0x55cd35804466 - <alloc::boxed::Box<F,A> as core::ops::function::Fn<Args>>::call::hcb3fe3b9bb537ba8
[INFO] [stdout]                                at /rustc/0e09125c6c3c2fd70d7de961bcf0e51575235fad/library/alloc/src/boxed.rs:2029:9
[INFO] [stdout]   14:     0x55cd35804466 - std::panicking::rust_panic_with_hook::h0a7ad96e90f7145b
[INFO] [stdout]                                at /rustc/0e09125c6c3c2fd70d7de961bcf0e51575235fad/library/std/src/panicking.rs:783:13
[INFO] [stdout]   15:     0x55cd358041b2 - std::panicking::begin_panic_handler::{{closure}}::h7919090525c6485e
[INFO] [stdout]                                at /rustc/0e09125c6c3c2fd70d7de961bcf0e51575235fad/library/std/src/panicking.rs:657:13
[INFO] [stdout]   16:     0x55cd358027f6 - std::sys_common::backtrace::__rust_end_short_backtrace::hf3289479464f7dfe
[INFO] [stdout]                                at /rustc/0e09125c6c3c2fd70d7de961bcf0e51575235fad/library/std/src/sys_common/backtrace.rs:171:18
[INFO] [stdout]   17:     0x55cd35803f10 - rust_begin_unwind
[INFO] [stdout]                                at /rustc/0e09125c6c3c2fd70d7de961bcf0e51575235fad/library/std/src/panicking.rs:645:5
[INFO] [stdout]   18:     0x55cd34e29715 - core::panicking::panic_fmt::hcc9f77c5c132af55
[INFO] [stdout]                                at /rustc/0e09125c6c3c2fd70d7de961bcf0e51575235fad/library/core/src/panicking.rs:72:14
[INFO] [stdout]   19:     0x55cd34e29d53 - core::result::unwrap_failed::hbe14f498be1452f9
[INFO] [stdout]                                at /rustc/0e09125c6c3c2fd70d7de961bcf0e51575235fad/library/core/src/result.rs:1649:5
[INFO] [stdout]   20:     0x55cd34e66730 - core::result::Result<T,E>::unwrap::h47558ed493cd2a0c
[INFO] [stdout]                                at /rustc/0e09125c6c3c2fd70d7de961bcf0e51575235fad/library/core/src/result.rs:1073:23
[INFO] [stdout]   21:     0x55cd34e6f13a - opsml_cli::api::download_file::download_stream_to_file::{{closure}}::h911805dccbad126a
[INFO] [stdout]                                at /opt/rustwide/workdir/src/api/download_file.rs:28:20
[INFO] [stdout]   22:     0x55cd34e86e0f - opsml_cli::api::download_file::tests::test_download_stream_to_file::{{closure}}::he9f3d6c0d9330dd0
[INFO] [stdout]                                at /opt/rustwide/workdir/src/api/download_file.rs:286:64
[INFO] [stdout]   23:     0x55cd34e9203d - <core::pin::Pin<P> as core::future::future::Future>::poll::h1f140b2d7593db2f
[INFO] [stdout]                                at /rustc/0e09125c6c3c2fd70d7de961bcf0e51575235fad/library/core/src/future/future.rs:124:9
[INFO] [stdout]   24:     0x55cd34e920ea - <core::pin::Pin<P> as core::future::future::Future>::poll::hcc381f45a3f38a85
[INFO] [stdout]                                at /rustc/0e09125c6c3c2fd70d7de961bcf0e51575235fad/library/core/src/future/future.rs:124:9
[INFO] [stdout]   25:     0x55cd34e78583 - tokio::runtime::scheduler::current_thread::CoreGuard::block_on::{{closure}}::{{closure}}::{{closure}}::h3b1581d9f2f32253
[INFO] [stdout]                                at /opt/rustwide/cargo-home/registry/src/index.crates.io-6f17d22bba15001f/tokio-1.31.0/src/runtime/scheduler/current_thread/mod.rs:665:57
[INFO] [stdout]   26:     0x55cd34e784af - tokio::runtime::coop::with_budget::hd193a1544a965f8a
[INFO] [stdout]                                at /opt/rustwide/cargo-home/registry/src/index.crates.io-6f17d22bba15001f/tokio-1.31.0/src/runtime/coop.rs:107:5
[INFO] [stdout]   27:     0x55cd34e784af - tokio::runtime::coop::budget::he77bab310704fa6a
[INFO] [stdout]                                at /opt/rustwide/cargo-home/registry/src/index.crates.io-6f17d22bba15001f/tokio-1.31.0/src/runtime/coop.rs:73:5
[INFO] [stdout]   28:     0x55cd34e784af - tokio::runtime::scheduler::current_thread::CoreGuard::block_on::{{closure}}::{{closure}}::hb5064f7d8efd3c15
[INFO] [stdout]                                at /opt/rustwide/cargo-home/registry/src/index.crates.io-6f17d22bba15001f/tokio-1.31.0/src/runtime/scheduler/current_thread/mod.rs:665:25
[INFO] [stdout]   29:     0x55cd34e759dd - tokio::runtime::scheduler::current_thread::Context::enter::hbc1297a13108a56b
[INFO] [stdout]                                at /opt/rustwide/cargo-home/registry/src/index.crates.io-6f17d22bba15001f/tokio-1.31.0/src/runtime/scheduler/current_thread/mod.rs:410:19
[INFO] [stdout]   30:     0x55cd34e7799e - tokio::runtime::scheduler::current_thread::CoreGuard::block_on::{{closure}}::he83fcde3ecdc0181
[INFO] [stdout]                                at /opt/rustwide/cargo-home/registry/src/index.crates.io-6f17d22bba15001f/tokio-1.31.0/src/runtime/scheduler/current_thread/mod.rs:664:36
[INFO] [stdout]   31:     0x55cd34e76ca2 - tokio::runtime::scheduler::current_thread::CoreGuard::enter::{{closure}}::h37598977fd2ab322
[INFO] [stdout]                                at /opt/rustwide/cargo-home/registry/src/index.crates.io-6f17d22bba15001f/tokio-1.31.0/src/runtime/scheduler/current_thread/mod.rs:743:68
[INFO] [stdout]   32:     0x55cd34e97cca - tokio::runtime::context::scoped::Scoped<T>::set::ha413f4d3b27787de
[INFO] [stdout]                                at /opt/rustwide/cargo-home/registry/src/index.crates.io-6f17d22bba15001f/tokio-1.31.0/src/runtime/context/scoped.rs:40:9
[INFO] [stdout]   33:     0x55cd34e677ca - tokio::runtime::context::set_scheduler::{{closure}}::h8c6ba6866ad36b84
[INFO] [stdout]                                at /opt/rustwide/cargo-home/registry/src/index.crates.io-6f17d22bba15001f/tokio-1.31.0/src/runtime/context.rs:176:26
[INFO] [stdout]   34:     0x55cd34e8c648 - std::thread::local::LocalKey<T>::try_with::hc8b85a4f12bb5934
[INFO] [stdout]                                at /rustc/0e09125c6c3c2fd70d7de961bcf0e51575235fad/library/std/src/thread/local.rs:270:16
[INFO] [stdout]   35:     0x55cd34e8b2bc - std::thread::local::LocalKey<T>::with::hb240afe57f4011f7
[INFO] [stdout]                                at /rustc/0e09125c6c3c2fd70d7de961bcf0e51575235fad/library/std/src/thread/local.rs:246:9
[INFO] [stdout]   36:     0x55cd34e67721 - tokio::runtime::context::set_scheduler::ha0d3cda319716cc6
[INFO] [stdout]                                at /opt/rustwide/cargo-home/registry/src/index.crates.io-6f17d22bba15001f/tokio-1.31.0/src/runtime/context.rs:176:9
[INFO] [stdout]   37:     0x55cd34e765ce - tokio::runtime::scheduler::current_thread::CoreGuard::enter::h17b8944e5e2c02b6
[INFO] [stdout]                                at /opt/rustwide/cargo-home/registry/src/index.crates.io-6f17d22bba15001f/tokio-1.31.0/src/runtime/scheduler/current_thread/mod.rs:743:27
[INFO] [stdout]   38:     0x55cd34e76d8c - tokio::runtime::scheduler::current_thread::CoreGuard::block_on::hc47236ae6c358e7f
[INFO] [stdout]                                at /opt/rustwide/cargo-home/registry/src/index.crates.io-6f17d22bba15001f/tokio-1.31.0/src/runtime/scheduler/current_thread/mod.rs:652:19
[INFO] [stdout]   39:     0x55cd34e748cf - tokio::runtime::scheduler::current_thread::CurrentThread::block_on::{{closure}}::h812f70aab996b60b
[INFO] [stdout]                                at /opt/rustwide/cargo-home/registry/src/index.crates.io-6f17d22bba15001f/tokio-1.31.0/src/runtime/scheduler/current_thread/mod.rs:175:28
[INFO] [stdout]   40:     0x55cd34e82b31 - tokio::runtime::context::runtime::enter_runtime::ha1504e3b9a109289
[INFO] [stdout]                                at /opt/rustwide/cargo-home/registry/src/index.crates.io-6f17d22bba15001f/tokio-1.31.0/src/runtime/context/runtime.rs:65:16
[INFO] [stdout]   41:     0x55cd34e747c6 - tokio::runtime::scheduler::current_thread::CurrentThread::block_on::hf439db6c38f10dbe
[INFO] [stdout]                                at /opt/rustwide/cargo-home/registry/src/index.crates.io-6f17d22bba15001f/tokio-1.31.0/src/runtime/scheduler/current_thread/mod.rs:167:9
[INFO] [stdout]   42:     0x55cd34e919ca - tokio::runtime::runtime::Runtime::block_on::h1e681fa8e8cbff87
[INFO] [stdout]                                at /opt/rustwide/cargo-home/registry/src/index.crates.io-6f17d22bba15001f/tokio-1.31.0/src/runtime/runtime.rs:347:47
[INFO] [stdout]   43:     0x55cd34e8663b - opsml_cli::api::download_file::tests::test_download_stream_to_file::h379c0950914c80f1
[INFO] [stdout]                                at /opt/rustwide/workdir/src/api/download_file.rs:290:9
[INFO] [stdout]   44:     0x55cd34e864ad - opsml_cli::api::download_file::tests::test_download_stream_to_file::{{closure}}::h16cfdb865d5694af
[INFO] [stdout]                                at /opt/rustwide/workdir/src/api/download_file.rs:269:48
[INFO] [stdout]   45:     0x55cd34e6aed6 - core::ops::function::FnOnce::call_once::he633a0119e006d75
[INFO] [stdout]                                at /rustc/0e09125c6c3c2fd70d7de961bcf0e51575235fad/library/core/src/ops/function.rs:250:5
[INFO] [stdout]   46:     0x55cd3528f57f - core::ops::function::FnOnce::call_once::hd64d26f405258157
[INFO] [stdout]                                at /rustc/0e09125c6c3c2fd70d7de961bcf0e51575235fad/library/core/src/ops/function.rs:250:5
[INFO] [stdout]   47:     0x55cd3528f57f - test::__rust_begin_short_backtrace::he21b0b7a6d731bf9
[INFO] [stdout]                                at /rustc/0e09125c6c3c2fd70d7de961bcf0e51575235fad/library/test/src/lib.rs:627:18
[INFO] [stdout]   48:     0x55cd3528e301 - test::run_test_in_process::{{closure}}::hf5c73986d7bdfde2
[INFO] [stdout]                                at /rustc/0e09125c6c3c2fd70d7de961bcf0e51575235fad/library/test/src/lib.rs:650:60
[INFO] [stdout]   49:     0x55cd3528e301 - <core::panic::unwind_safe::AssertUnwindSafe<F> as core::ops::function::FnOnce<()>>::call_once::h330011ad032aadc0
[INFO] [stdout]                                at /rustc/0e09125c6c3c2fd70d7de961bcf0e51575235fad/library/core/src/panic/unwind_safe.rs:272:9
[INFO] [stdout]   50:     0x55cd3528e301 - std::panicking::try::do_call::he61b0a958b795a41
[INFO] [stdout]                                at /rustc/0e09125c6c3c2fd70d7de961bcf0e51575235fad/library/std/src/panicking.rs:552:40
[INFO] [stdout]   51:     0x55cd3528e301 - std::panicking::try::h7309da130f906eb7
[INFO] [stdout]                                at /rustc/0e09125c6c3c2fd70d7de961bcf0e51575235fad/library/std/src/panicking.rs:516:19
[INFO] [stdout]   52:     0x55cd3528e301 - std::panic::catch_unwind::hc5c3a06fdaf0a92a
[INFO] [stdout]                                at /rustc/0e09125c6c3c2fd70d7de961bcf0e51575235fad/library/std/src/panic.rs:142:14
[INFO] [stdout]   53:     0x55cd3528e301 - test::run_test_in_process::h7e7b7c71c3324e0f
[INFO] [stdout]                                at /rustc/0e09125c6c3c2fd70d7de961bcf0e51575235fad/library/test/src/lib.rs:650:27
[INFO] [stdout]   54:     0x55cd3528e301 - test::run_test::{{closure}}::h1f509f28f5cf20b1
[INFO] [stdout]                                at /rustc/0e09125c6c3c2fd70d7de961bcf0e51575235fad/library/test/src/lib.rs:573:43
[INFO] [stdout]   55:     0x55cd35255636 - test::run_test::{{closure}}::h1754218abf443f6d
[INFO] [stdout]                                at /rustc/0e09125c6c3c2fd70d7de961bcf0e51575235fad/library/test/src/lib.rs:601:41
[INFO] [stdout]   56:     0x55cd35255636 - std::sys_common::backtrace::__rust_begin_short_backtrace::h2ee174b9d5954948
[INFO] [stdout]                                at /rustc/0e09125c6c3c2fd70d7de961bcf0e51575235fad/library/std/src/sys_common/backtrace.rs:155:18
[INFO] [stdout]   57:     0x55cd3525a697 - std::thread::Builder::spawn_unchecked_::{{closure}}::{{closure}}::hf60bee9c1a17ef09
[INFO] [stdout]                                at /rustc/0e09125c6c3c2fd70d7de961bcf0e51575235fad/library/std/src/thread/mod.rs:529:17
[INFO] [stdout]   58:     0x55cd3525a697 - <core::panic::unwind_safe::AssertUnwindSafe<F> as core::ops::function::FnOnce<()>>::call_once::h33d0dddec5216160
[INFO] [stdout]                                at /rustc/0e09125c6c3c2fd70d7de961bcf0e51575235fad/library/core/src/panic/unwind_safe.rs:272:9
[INFO] [stdout]   59:     0x55cd3525a697 - std::panicking::try::do_call::h144b3048b546f835
[INFO] [stdout]                                at /rustc/0e09125c6c3c2fd70d7de961bcf0e51575235fad/library/std/src/panicking.rs:552:40
[INFO] [stdout]   60:     0x55cd3525a697 - std::panicking::try::h978244d04646189f
[INFO] [stdout]                                at /rustc/0e09125c6c3c2fd70d7de961bcf0e51575235fad/library/std/src/panicking.rs:516:19
[INFO] [stdout]   61:     0x55cd3525a697 - std::panic::catch_unwind::hdf436369d188fe86
[INFO] [stdout]                                at /rustc/0e09125c6c3c2fd70d7de961bcf0e51575235fad/library/std/src/panic.rs:142:14
[INFO] [stdout]   62:     0x55cd3525a697 - std::thread::Builder::spawn_unchecked_::{{closure}}::h87329cbdd33c79ec
[INFO] [stdout]                                at /rustc/0e09125c6c3c2fd70d7de961bcf0e51575235fad/library/std/src/thread/mod.rs:528:30
[INFO] [stdout]   63:     0x55cd3525a697 - core::ops::function::FnOnce::call_once{{vtable.shim}}::h401abbe67897d450
[INFO] [stdout]                                at /rustc/0e09125c6c3c2fd70d7de961bcf0e51575235fad/library/core/src/ops/function.rs:250:5
[INFO] [stdout]   64:     0x55cd358092d5 - <alloc::boxed::Box<F,A> as core::ops::function::FnOnce<Args>>::call_once::h5d7c8f150ab9c84c
[INFO] [stdout]                                at /rustc/0e09125c6c3c2fd70d7de961bcf0e51575235fad/library/alloc/src/boxed.rs:2015:9
[INFO] [stdout]   65:     0x55cd358092d5 - <alloc::boxed::Box<F,A> as core::ops::function::FnOnce<Args>>::call_once::h570d5b005c242c15
[INFO] [stdout]                                at /rustc/0e09125c6c3c2fd70d7de961bcf0e51575235fad/library/alloc/src/boxed.rs:2015:9
[INFO] [stdout]   66:     0x55cd358092d5 - std::sys::unix::thread::Thread::new::thread_start::h36b0a20c0b2361ad
[INFO] [stdout]                                at /rustc/0e09125c6c3c2fd70d7de961bcf0e51575235fad/library/std/src/sys/unix/thread.rs:108:17
[INFO] [stdout]   67:     0x7fa5ba26cac3 - <unknown>
[INFO] [stdout]   68:     0x7fa5ba2fdbf4 - __clone
[INFO] [stdout]   69:                0x0 - <unknown>
[INFO] [stdout] 
[INFO] [stdout] 
[INFO] [stdout] failures:
[INFO] [stdout]     api::download_file::tests::test_download_stream_to_file
[INFO] [stdout]     api::download_file::tests::test_save_json
[INFO] [stdout] 
[INFO] [stdout] test result: FAILED. 8 passed; 2 failed; 0 ignored; 0 measured; 0 filtered out; finished in 0.42s
[INFO] [stdout] 
[INFO] [stderr] error: test failed, to rerun pass `--bin opsml-cli`
[INFO] running `Command { std: "docker" "inspect" "98c5f48acffd973bea1ee8dcd54e7fb46ea7200074c961e62241172b3727393f", kill_on_drop: false }`
[INFO] running `Command { std: "docker" "rm" "-f" "98c5f48acffd973bea1ee8dcd54e7fb46ea7200074c961e62241172b3727393f", kill_on_drop: false }`
[INFO] [stdout] 98c5f48acffd973bea1ee8dcd54e7fb46ea7200074c961e62241172b3727393f
