[INFO] cloning repository https://github.com/thomhuds/matrix_server
[INFO] running `Command { std: "git" "-c" "credential.helper=" "-c" "credential.helper=/workspace/cargo-home/bin/git-credential-null" "clone" "--bare" "https://github.com/thomhuds/matrix_server" "/workspace/cache/git-repos/https%3A%2F%2Fgithub.com%2Fthomhuds%2Fmatrix_server", kill_on_drop: false }`
[INFO] [stderr] Cloning into bare repository '/workspace/cache/git-repos/https%3A%2F%2Fgithub.com%2Fthomhuds%2Fmatrix_server'...
[INFO] running `Command { std: "git" "rev-parse" "HEAD", kill_on_drop: false }`
[INFO] [stdout] a02f31ef36e6e66bcc10f7d9d39b3db69465b3d4
[INFO] testing thomhuds/matrix_server against 1.75.0 for beta-1.76-1
[INFO] running `Command { std: "git" "clone" "/workspace/cache/git-repos/https%3A%2F%2Fgithub.com%2Fthomhuds%2Fmatrix_server" "/workspace/builds/worker-4-tc1/source", kill_on_drop: false }`
[INFO] [stderr] Cloning into '/workspace/builds/worker-4-tc1/source'...
[INFO] [stderr] done.
[INFO] validating manifest of git repo https://github.com/thomhuds/matrix_server on toolchain 1.75.0
[INFO] running `Command { std: CARGO_HOME="/workspace/cargo-home" RUSTUP_HOME="/workspace/rustup-home" "/workspace/cargo-home/bin/cargo" "+1.75.0" "metadata" "--manifest-path" "Cargo.toml" "--no-deps", kill_on_drop: false }`
[INFO] started tweaking git repo https://github.com/thomhuds/matrix_server
[INFO] finished tweaking git repo https://github.com/thomhuds/matrix_server
[INFO] tweaked toml for git repo https://github.com/thomhuds/matrix_server written to /workspace/builds/worker-4-tc1/source/Cargo.toml
[INFO] crate git repo https://github.com/thomhuds/matrix_server already has a lockfile, it will not be regenerated
[INFO] running `Command { std: CARGO_HOME="/workspace/cargo-home" RUSTUP_HOME="/workspace/rustup-home" "/workspace/cargo-home/bin/cargo" "+1.75.0" "fetch" "--manifest-path" "Cargo.toml", kill_on_drop: false }`
[INFO] [stderr]     Updating crates.io index
[INFO] [stderr]     Updating git repository `https://github.com/rosehuds/tracing`
[INFO] [stderr]  Downloading crates ...
[INFO] [stderr]   Downloaded enum_extract v0.1.1
[INFO] [stderr]   Downloaded actix-rt v2.1.0
[INFO] [stderr]   Downloaded serde_canonical v0.1.0
[INFO] [stderr]   Downloaded async-trait v0.1.45
[INFO] running `Command { std: "docker" "create" "-v" "/var/lib/crater-agent-workspace/builds/worker-4-tc1/target:/opt/rustwide/target:rw,Z" "-v" "/var/lib/crater-agent-workspace/builds/worker-4-tc1/source:/opt/rustwide/workdir:ro,Z" "-v" "/var/lib/crater-agent-workspace/cargo-home:/opt/rustwide/cargo-home:ro,Z" "-v" "/var/lib/crater-agent-workspace/rustup-home:/opt/rustwide/rustup-home:ro,Z" "-e" "SOURCE_DIR=/opt/rustwide/workdir" "-e" "CARGO_TARGET_DIR=/opt/rustwide/target" "-e" "CARGO_HOME=/opt/rustwide/cargo-home" "-e" "RUSTUP_HOME=/opt/rustwide/rustup-home" "-w" "/opt/rustwide/workdir" "-m" "1610612736" "--user" "0:0" "--network" "none" "ghcr.io/rust-lang/crates-build-env/linux@sha256:2788e3201cd34a07e3172128adcd8b3090168a8e3bcc40d7c032b9dda1df7d1c" "/opt/rustwide/cargo-home/bin/cargo" "+1.75.0" "metadata" "--no-deps" "--format-version=1", kill_on_drop: false }`
[INFO] [stdout] 94abc368968df21241c52e63a8d60f08b44a00f3ba7ca534d452a54914487065
[INFO] running `Command { std: "docker" "start" "-a" "94abc368968df21241c52e63a8d60f08b44a00f3ba7ca534d452a54914487065", kill_on_drop: false }`
[INFO] running `Command { std: "docker" "inspect" "94abc368968df21241c52e63a8d60f08b44a00f3ba7ca534d452a54914487065", kill_on_drop: false }`
[INFO] running `Command { std: "docker" "rm" "-f" "94abc368968df21241c52e63a8d60f08b44a00f3ba7ca534d452a54914487065", kill_on_drop: false }`
[INFO] [stdout] 94abc368968df21241c52e63a8d60f08b44a00f3ba7ca534d452a54914487065
[INFO] running `Command { std: "docker" "create" "-v" "/var/lib/crater-agent-workspace/builds/worker-4-tc1/target:/opt/rustwide/target:rw,Z" "-v" "/var/lib/crater-agent-workspace/builds/worker-4-tc1/source:/opt/rustwide/workdir:ro,Z" "-v" "/var/lib/crater-agent-workspace/cargo-home:/opt/rustwide/cargo-home:ro,Z" "-v" "/var/lib/crater-agent-workspace/rustup-home:/opt/rustwide/rustup-home:ro,Z" "-e" "SOURCE_DIR=/opt/rustwide/workdir" "-e" "CARGO_TARGET_DIR=/opt/rustwide/target" "-e" "CARGO_INCREMENTAL=0" "-e" "RUST_BACKTRACE=full" "-e" "RUSTFLAGS=--cap-lints=warn" "-e" "RUSTDOCFLAGS=--cap-lints=warn" "-e" "CARGO_HOME=/opt/rustwide/cargo-home" "-e" "RUSTUP_HOME=/opt/rustwide/rustup-home" "-w" "/opt/rustwide/workdir" "-m" "1610612736" "--user" "0:0" "--network" "none" "ghcr.io/rust-lang/crates-build-env/linux@sha256:2788e3201cd34a07e3172128adcd8b3090168a8e3bcc40d7c032b9dda1df7d1c" "/opt/rustwide/cargo-home/bin/cargo" "+1.75.0" "build" "--frozen" "--message-format=json", kill_on_drop: false }`
[INFO] [stdout] 1b3fd6314994fd2ea2db452f1010ae8161783b43315628e5e9a2c497e5b20102
[INFO] running `Command { std: "docker" "start" "-a" "1b3fd6314994fd2ea2db452f1010ae8161783b43315628e5e9a2c497e5b20102", kill_on_drop: false }`
[INFO] [stderr]    Compiling proc-macro2 v1.0.24
[INFO] [stderr]    Compiling unicode-xid v0.2.1
[INFO] [stderr]    Compiling syn v1.0.61
[INFO] [stderr]    Compiling libc v0.2.88
[INFO] [stderr]    Compiling autocfg v1.0.1
[INFO] [stderr]    Compiling cfg-if v1.0.0
[INFO] [stderr]    Compiling lazy_static v1.4.0
[INFO] [stderr]    Compiling log v0.4.14
[INFO] [stderr]    Compiling cfg-if v0.1.10
[INFO] [stderr]    Compiling memchr v2.3.4
[INFO] [stderr]    Compiling proc-macro-hack v0.5.19
[INFO] [stderr]    Compiling pin-project-lite v0.2.6
[INFO] [stderr]    Compiling futures-core v0.3.13
[INFO] [stderr]    Compiling slab v0.4.2
[INFO] [stderr]    Compiling version_check v0.9.2
[INFO] [stderr]    Compiling futures-sink v0.3.13
[INFO] [stderr]    Compiling scopeguard v1.1.0
[INFO] [stderr]    Compiling smallvec v1.6.1
[INFO] [stderr]    Compiling proc-macro-nested v0.1.7
[INFO] [stderr]    Compiling fnv v1.0.7
[INFO] [stderr]    Compiling futures-task v0.3.13
[INFO] [stderr]    Compiling futures-io v0.3.13
[INFO] [stderr]    Compiling futures-channel v0.3.13
[INFO] [stderr]    Compiling pin-utils v0.1.0
[INFO] [stderr]    Compiling instant v0.1.9
[INFO] [stderr]    Compiling bytes v0.5.6
[INFO] [stderr]    Compiling pin-project-lite v0.1.12
[INFO] [stderr]    Compiling serde_derive v1.0.124
[INFO] [stderr]    Compiling lock_api v0.4.2
[INFO] [stderr]    Compiling byteorder v1.3.4
[INFO] [stderr]    Compiling serde v1.0.124
[INFO] [stderr]    Compiling pin-project-internal v0.4.27
[INFO] [stderr]    Compiling itoa v0.4.7
[INFO] [stderr]    Compiling bitflags v1.2.1
[INFO] [stderr]    Compiling once_cell v1.7.2
[INFO] [stderr]    Compiling getrandom v0.1.16
[INFO] [stderr]    Compiling matches v0.1.8
[INFO] [stderr]    Compiling miniz_oxide v0.4.4
[INFO] [stderr]    Compiling tinyvec_macros v0.1.0
[INFO] [stderr]    Compiling percent-encoding v2.1.0
[INFO] [stderr]    Compiling ryu v1.0.5
[INFO] [stderr]    Compiling cc v1.0.67
[INFO] [stderr]    Compiling tinyvec v1.1.1
[INFO] [stderr]    Compiling standback v0.2.15
[INFO] [stderr]    Compiling adler v1.0.2
[INFO] [stderr]    Compiling either v1.6.1
[INFO] [stderr]    Compiling typenum v1.12.0
[INFO] [stderr]    Compiling regex-syntax v0.6.22
[INFO] [stderr]    Compiling copyless v0.1.5
[INFO] [stderr]    Compiling form_urlencoded v1.0.1
[INFO] [stderr]    Compiling unicode-bidi v0.3.4
[INFO] [stderr]    Compiling generic-array v0.14.4
[INFO] [stderr]    Compiling serde_json v1.0.64
[INFO] [stderr]    Compiling quote v1.0.9
[INFO] [stderr]    Compiling gimli v0.23.0
[INFO] [stderr]    Compiling iovec v0.1.4
[INFO] [stderr]    Compiling net2 v0.2.37
[INFO] [stderr]    Compiling signal-hook-registry v1.3.0
[INFO] [stderr]    Compiling parking_lot_core v0.8.3
[INFO] [stderr]    Compiling num_cpus v1.13.0
[INFO] [stderr]    Compiling bytes v1.0.1
[INFO] [stderr]    Compiling async-trait v0.1.45
[INFO] [stderr]    Compiling mio v0.6.23
[INFO] [stderr]    Compiling parking_lot v0.11.1
[INFO] [stderr]    Compiling threadpool v1.8.1
[INFO] [stderr]    Compiling unicode-normalization v0.1.17
[INFO] [stderr]    Compiling rand_core v0.5.1
[INFO] [stderr]    Compiling ppv-lite86 v0.2.10
[INFO] [stderr]    Compiling unicode-segmentation v1.7.1
[INFO] [stderr]    Compiling aho-corasick v0.7.15
[INFO] [stderr]    Compiling thread_local v1.1.3
[INFO] [stderr]    Compiling match_cfg v0.1.0
[INFO] [stderr]    Compiling rustc-demangle v0.1.18
[INFO] [stderr]    Compiling const_fn v0.4.5
[INFO] [stderr]    Compiling object v0.23.0
[INFO] [stderr]    Compiling crc32fast v1.2.1
[INFO] [stderr]    Compiling mio-uds v0.6.8
[INFO] [stderr]    Compiling rand_chacha v0.2.2
[INFO] [stderr]    Compiling heck v0.3.2
[INFO] [stderr]    Compiling hostname v0.3.1
[INFO] [stderr]    Compiling brotli-sys v0.3.2
[INFO] [stderr]    Compiling http v0.2.3
[INFO] [stderr]    Compiling crossbeam-utils v0.7.2
[INFO] [stderr]    Compiling rand v0.7.3
[INFO] [stderr]    Compiling indexmap v1.6.2
[INFO] [stderr]    Compiling time v0.2.25
[INFO] [stderr]    Compiling tracing-core v0.1.17
[INFO] [stderr]    Compiling idna v0.2.2
[INFO] [stderr]    Compiling quick-error v1.2.3
[INFO] [stderr]    Compiling linked-hash-map v0.5.4
[INFO] [stderr]    Compiling maybe-uninit v2.0.0
[INFO] [stderr]    Compiling resolv-conf v0.7.0
[INFO] [stderr]    Compiling tracing v0.1.25
[INFO] [stderr]    Compiling lru-cache v0.1.2
[INFO] [stderr]    Compiling regex v1.4.3
[INFO] [stderr]    Compiling num-traits v0.2.14
[INFO] [stderr]    Compiling cookie v0.14.4
[INFO] [stderr]    Compiling url v2.2.1
[INFO] [stderr]    Compiling hashbrown v0.9.1
[INFO] [stderr]    Compiling httparse v1.3.5
[INFO] [stderr]    Compiling encoding_rs v0.8.28
[INFO] [stderr]    Compiling addr2line v0.14.1
[INFO] [stderr]    Compiling block-buffer v0.9.0
[INFO] [stderr]    Compiling digest v0.9.0
[INFO] [stderr]    Compiling fxhash v0.2.1
[INFO] [stderr]    Compiling num-integer v0.1.44
[INFO] [stderr]    Compiling memoffset v0.5.6
[INFO] [stderr]    Compiling tracing-core v0.2.0 (https://github.com/rosehuds/tracing#6b5f4521)
[INFO] [stderr]    Compiling opaque-debug v0.3.0
[INFO] [stderr]    Compiling cpuid-bool v0.1.2
[INFO] [stderr]    Compiling sha-1 v0.9.4
[INFO] [stderr]    Compiling flate2 v1.0.20
[INFO] [stderr]    Compiling socket2 v0.3.19
[INFO] [stderr]    Compiling crossbeam-epoch v0.8.2
[INFO] [stderr]    Compiling crossbeam-utils v0.8.3
[INFO] [stderr]    Compiling memoffset v0.6.1
[INFO] [stderr]    Compiling language-tags v0.2.2
[INFO] [stderr]    Compiling base64 v0.13.0
[INFO] [stderr]    Compiling mime v0.3.16
[INFO] [stderr]    Compiling backtrace v0.3.56
[INFO] [stderr]    Compiling regex-automata v0.1.9
[INFO] [stderr]    Compiling bytestring v1.0.0
[INFO] [stderr]    Compiling time v0.1.43
[INFO] [stderr]    Compiling tokio v1.2.0
[INFO] [stderr]    Compiling getrandom v0.2.2
[INFO] [stderr]    Compiling chrono v0.4.19
[INFO] [stderr]    Compiling tracing-log v0.2.0 (https://github.com/rosehuds/tracing#6b5f4521)
[INFO] [stderr]    Compiling ring v0.16.20
[INFO] [stderr]    Compiling mio v0.7.9
[INFO] [stderr]    Compiling sharded-slab v0.1.1
[INFO] [stderr]    Compiling constant_time_eq v0.1.5
[INFO] [stderr]    Compiling arrayvec v0.5.2
[INFO] [stderr]    Compiling ansi_term v0.12.1
[INFO] [stderr]    Compiling matchers v0.1.0
[INFO] [stderr]    Compiling arrayref v0.3.6
[INFO] [stderr]    Compiling crossbeam-epoch v0.9.3
[INFO] [stderr]    Compiling blake2b_simd v0.5.11
[INFO] [stderr]    Compiling crossbeam-deque v0.7.3
[INFO] [stderr]    Compiling crossbeam-queue v0.2.3
[INFO] [stderr]    Compiling crossbeam-channel v0.4.4
[INFO] [stderr]    Compiling fs2 v0.4.3
[INFO] [stderr]    Compiling base64 v0.10.1
[INFO] [stderr]    Compiling crossbeam-utils v0.6.6
[INFO] [stderr]    Compiling spin v0.5.2
[INFO] [stderr]    Compiling untrusted v0.7.1
[INFO] [stderr]    Compiling sled v0.34.6
[INFO] [stderr]    Compiling uuid v0.8.2
[INFO] [stderr]    Compiling itertools v0.10.0
[INFO] [stderr]    Compiling enum_extract v0.1.1
[INFO] [stderr]    Compiling crossbeam v0.7.3
[INFO] [stderr]    Compiling rust-argon2 v0.5.1
[INFO] [stderr]    Compiling futures-macro v0.3.13
[INFO] [stderr]    Compiling tokio-macros v0.2.6
[INFO] [stderr]    Compiling derive_more v0.99.11
[INFO] [stderr]    Compiling actix-macros v0.1.3
[INFO] [stderr]    Compiling thiserror-impl v1.0.24
[INFO] [stderr]    Compiling pin-project-internal v1.0.5
[INFO] [stderr]    Compiling time-macros-impl v0.1.1
[INFO] [stderr]    Compiling enum-as-inner v0.3.3
[INFO] [stderr]    Compiling tracing-attributes v0.2.0 (https://github.com/rosehuds/tracing#6b5f4521)
[INFO] [stderr]    Compiling actix-web-codegen v0.4.0
[INFO] [stderr]    Compiling actix-macros v0.2.0
[INFO] [stderr]    Compiling tokio v0.2.25
[INFO] [stderr]    Compiling time-macros v0.1.1
[INFO] [stderr]    Compiling brotli2 v0.3.2
[INFO] [stderr]    Compiling futures-util v0.3.13
[INFO] [stderr]    Compiling displaydoc v0.1.7
[INFO] [stderr]    Compiling async-recursion v0.3.2
[INFO] [stderr]    Compiling actix-rt v2.1.0
[INFO] [stderr]    Compiling thiserror v1.0.24
[INFO] [stderr]    Compiling tracing v0.2.0 (https://github.com/rosehuds/tracing#6b5f4521)
[INFO] [stderr]    Compiling pin-project v1.0.5
[INFO] [stderr]    Compiling tracing-futures v0.2.5
[INFO] [stderr]    Compiling pin-project v0.4.27
[INFO] [stderr]    Compiling actix-threadpool v0.3.3
[INFO] [stderr]    Compiling actix-service v1.0.6
[INFO] [stderr]    Compiling futures-executor v0.3.13
[INFO] [stderr]    Compiling tokio-util v0.3.1
[INFO] [stderr]    Compiling actix-rt v1.1.1
[INFO] [stderr]    Compiling futures v0.3.13
[INFO] [stderr]    Compiling trust-dns-proto v0.19.6
[INFO] [stderr]    Compiling actix-codec v0.3.0
[INFO] [stderr]    Compiling h2 v0.2.7
[INFO] [stderr]    Compiling actix-utils v2.0.0
[INFO] [stderr]    Compiling actix-server v1.0.4
[INFO] [stderr]    Compiling actix-tls v2.0.0
[INFO] [stderr]    Compiling actix-testing v1.0.1
[INFO] [stderr]    Compiling trust-dns-resolver v0.19.6
[INFO] [stderr]    Compiling serde_urlencoded v0.7.0
[INFO] [stderr]    Compiling tracing-serde v0.2.0 (https://github.com/rosehuds/tracing#6b5f4521)
[INFO] [stderr]    Compiling actix-router v0.2.7
[INFO] [stderr]    Compiling toml v0.5.8
[INFO] [stderr]    Compiling bincode v1.3.2
[INFO] [stderr]    Compiling actix-connect v2.0.0
[INFO] [stderr]    Compiling actix-http v2.2.0
[INFO] [stderr]    Compiling tracing-subscriber v0.3.0 (https://github.com/rosehuds/tracing#6b5f4521)
[INFO] [stderr]    Compiling serde_canonical v0.1.0
[INFO] [stderr]    Compiling tracing-error v0.2.0 (https://github.com/rosehuds/tracing#6b5f4521)
[INFO] [stderr]    Compiling awc v2.0.3
[INFO] [stderr]    Compiling actix-web v3.3.2
[INFO] [stderr]    Compiling actix-cors v0.5.4
[INFO] [stderr]    Compiling kerux v0.1.0 (/opt/rustwide/workdir)
[INFO] [stdout] warning: unused import: `MxidError`
[INFO] [stdout]  --> src/util/mod.rs:9:26
[INFO] [stdout]   |
[INFO] [stdout] 9 | pub use mxid::{MatrixId, MxidError};
[INFO] [stdout]   |                          ^^^^^^^^^
[INFO] [stdout]   |
[INFO] [stdout]   = note: `#[warn(unused_imports)]` on by default
[INFO] [stdout] 
[INFO] [stdout] 
[INFO] [stdout] warning: fields `login_type`, `token`, and `initial_device_display_name` are never read
[INFO] [stdout]   --> src/client_api/auth.rs:83:5
[INFO] [stdout]    |
[INFO] [stdout] 81 | pub struct LoginRequest {
[INFO] [stdout]    |            ------------ fields in this struct
[INFO] [stdout] 82 |     #[serde(rename = "type")]
[INFO] [stdout] 83 |     login_type: LoginType,
[INFO] [stdout]    |     ^^^^^^^^^^
[INFO] [stdout] ...
[INFO] [stdout] 86 |     token: Option<String>,
[INFO] [stdout]    |     ^^^^^
[INFO] [stdout] 87 |     device_id: Option<String>,
[INFO] [stdout] 88 |     initial_device_display_name: String,
[INFO] [stdout]    |     ^^^^^^^^^^^^^^^^^^^^^^^^^^^
[INFO] [stdout]    |
[INFO] [stdout]    = note: `LoginRequest` has a derived impl for the trait `Debug`, but this is intentionally ignored during dead code analysis
[INFO] [stdout]    = note: `#[warn(dead_code)]` on by default
[INFO] [stdout] 
[INFO] [stdout] 
[INFO] [stdout] warning: fields `medium` and `address` are never read
[INFO] [stdout]   --> src/client_api/auth.rs:97:18
[INFO] [stdout]    |
[INFO] [stdout] 97 |     ThirdParty { medium: String, address: String },
[INFO] [stdout]    |     ----------   ^^^^^^          ^^^^^^^
[INFO] [stdout]    |     |
[INFO] [stdout]    |     fields in this variant
[INFO] [stdout] 
[INFO] [stdout] 
[INFO] [stdout] warning: fields `country` and `phone` are never read
[INFO] [stdout]   --> src/client_api/auth.rs:99:13
[INFO] [stdout]    |
[INFO] [stdout] 99 |     Phone { country: String, phone: String },
[INFO] [stdout]    |     -----   ^^^^^^^          ^^^^^
[INFO] [stdout]    |     |
[INFO] [stdout]    |     fields in this variant
[INFO] [stdout] 
[INFO] [stdout] 
[INFO] [stdout] warning: fields `auth`, `bind_email`, `bind_msisdn`, and `initial_device_display_name` are never read
[INFO] [stdout]    --> src/client_api/auth.rs:176:5
[INFO] [stdout]     |
[INFO] [stdout] 175 | pub struct RegisterRequest {
[INFO] [stdout]     |            --------------- fields in this struct
[INFO] [stdout] 176 |     auth: serde_json::Value,
[INFO] [stdout]     |     ^^^^
[INFO] [stdout] 177 |     bind_email: bool,
[INFO] [stdout]     |     ^^^^^^^^^^
[INFO] [stdout] 178 |     bind_msisdn: bool,
[INFO] [stdout]     |     ^^^^^^^^^^^
[INFO] [stdout] ...
[INFO] [stdout] 182 |     initial_device_display_name: String,
[INFO] [stdout]     |     ^^^^^^^^^^^^^^^^^^^^^^^^^^^
[INFO] [stdout]     |
[INFO] [stdout]     = note: `RegisterRequest` has a derived impl for the trait `Debug`, but this is intentionally ignored during dead code analysis
[INFO] [stdout] 
[INFO] [stdout] 
[INFO] [stdout] warning: fields `room_alias_name` and `invite_3pid` are never read
[INFO] [stdout]   --> src/client_api/room.rs:22:5
[INFO] [stdout]    |
[INFO] [stdout] 20 | pub struct CreateRoomRequest {
[INFO] [stdout]    |            ----------------- fields in this struct
[INFO] [stdout] 21 |     visibility: RoomVisibility,
[INFO] [stdout] 22 |     room_alias_name: Option<String>,
[INFO] [stdout]    |     ^^^^^^^^^^^^^^^
[INFO] [stdout] ...
[INFO] [stdout] 26 |     invite_3pid: Option<Vec<Invite3pid>>,
[INFO] [stdout]    |     ^^^^^^^^^^^
[INFO] [stdout] 
[INFO] [stdout] 
[INFO] [stdout] warning: fields `id_server`, `medium`, and `address` are never read
[INFO] [stdout]   --> src/client_api/room.rs:44:5
[INFO] [stdout]    |
[INFO] [stdout] 43 | struct Invite3pid {
[INFO] [stdout]    |        ---------- fields in this struct
[INFO] [stdout] 44 |     id_server: String,
[INFO] [stdout]    |     ^^^^^^^^^
[INFO] [stdout] 45 |     medium: String,
[INFO] [stdout]    |     ^^^^^^
[INFO] [stdout] 46 |     address: String,
[INFO] [stdout]    |     ^^^^^^^
[INFO] [stdout] 
[INFO] [stdout] 
[INFO] [stdout] warning: fields `filter` and `set_presence` are never read
[INFO] [stdout]   --> src/client_api/room_events.rs:25:5
[INFO] [stdout]    |
[INFO] [stdout] 23 | pub struct SyncRequest {
[INFO] [stdout]    |            ----------- fields in this struct
[INFO] [stdout] 24 |     #[serde(default)]
[INFO] [stdout] 25 |     filter: Option<String>,
[INFO] [stdout]    |     ^^^^^^
[INFO] [stdout] ...
[INFO] [stdout] 31 |     set_presence: SetPresence,
[INFO] [stdout]    |     ^^^^^^^^^^^^
[INFO] [stdout]    |
[INFO] [stdout]    = note: `SyncRequest` has a derived impl for the trait `Debug`, but this is intentionally ignored during dead code analysis
[INFO] [stdout] 
[INFO] [stdout] 
[INFO] [stdout] warning: field `at` is never read
[INFO] [stdout]    --> src/client_api/room_events.rs:426:5
[INFO] [stdout]     |
[INFO] [stdout] 425 | pub struct MembersRequest {
[INFO] [stdout]     |            -------------- field in this struct
[INFO] [stdout] 426 |     at: String,
[INFO] [stdout]     |     ^^
[INFO] [stdout] 
[INFO] [stdout] 
[INFO] [stdout] warning: field `limit` is never read
[INFO] [stdout]    --> src/client_api/user.rs:156:5
[INFO] [stdout]     |
[INFO] [stdout] 153 | pub struct UserDirSearchRequest {
[INFO] [stdout]     |            -------------------- field in this struct
[INFO] [stdout] ...
[INFO] [stdout] 156 |     limit: Option<usize>,
[INFO] [stdout]     |     ^^^^^
[INFO] [stdout] 
[INFO] [stdout] 
[INFO] [stdout] warning: variants `Email` and `Msisdn` are never constructed
[INFO] [stdout]    --> src/client_api/user.rs:217:5
[INFO] [stdout]     |
[INFO] [stdout] 216 | pub enum Medium {
[INFO] [stdout]     |          ------ variants in this enum
[INFO] [stdout] 217 |     Email,
[INFO] [stdout]     |     ^^^^^
[INFO] [stdout] 218 |     // Phone number, including calling code
[INFO] [stdout] 219 |     Msisdn,
[INFO] [stdout]     |     ^^^^^^
[INFO] [stdout] 
[INFO] [stdout] 
[INFO] [stdout] warning: 11 warnings emitted
[INFO] [stdout] 
[INFO] [stdout] 
[INFO] [stderr]     Finished dev [unoptimized + debuginfo] target(s) in 26.68s
[INFO] running `Command { std: "docker" "inspect" "1b3fd6314994fd2ea2db452f1010ae8161783b43315628e5e9a2c497e5b20102", kill_on_drop: false }`
[INFO] running `Command { std: "docker" "rm" "-f" "1b3fd6314994fd2ea2db452f1010ae8161783b43315628e5e9a2c497e5b20102", kill_on_drop: false }`
[INFO] [stdout] 1b3fd6314994fd2ea2db452f1010ae8161783b43315628e5e9a2c497e5b20102
[INFO] running `Command { std: "docker" "create" "-v" "/var/lib/crater-agent-workspace/builds/worker-4-tc1/target:/opt/rustwide/target:rw,Z" "-v" "/var/lib/crater-agent-workspace/builds/worker-4-tc1/source:/opt/rustwide/workdir:ro,Z" "-v" "/var/lib/crater-agent-workspace/cargo-home:/opt/rustwide/cargo-home:ro,Z" "-v" "/var/lib/crater-agent-workspace/rustup-home:/opt/rustwide/rustup-home:ro,Z" "-e" "SOURCE_DIR=/opt/rustwide/workdir" "-e" "CARGO_TARGET_DIR=/opt/rustwide/target" "-e" "CARGO_INCREMENTAL=0" "-e" "RUST_BACKTRACE=full" "-e" "RUSTFLAGS=--cap-lints=warn" "-e" "RUSTDOCFLAGS=--cap-lints=warn" "-e" "CARGO_HOME=/opt/rustwide/cargo-home" "-e" "RUSTUP_HOME=/opt/rustwide/rustup-home" "-w" "/opt/rustwide/workdir" "-m" "1610612736" "--user" "0:0" "--network" "none" "ghcr.io/rust-lang/crates-build-env/linux@sha256:2788e3201cd34a07e3172128adcd8b3090168a8e3bcc40d7c032b9dda1df7d1c" "/opt/rustwide/cargo-home/bin/cargo" "+1.75.0" "test" "--frozen" "--no-run" "--message-format=json", kill_on_drop: false }`
[INFO] [stdout] 22fb916aeca8b6a149e490911f518057593b1dcca4462133d774c4628078e718
[INFO] running `Command { std: "docker" "start" "-a" "22fb916aeca8b6a149e490911f518057593b1dcca4462133d774c4628078e718", kill_on_drop: false }`
[INFO] [stderr]    Compiling kerux v0.1.0 (/opt/rustwide/workdir)
[INFO] [stdout] warning: unused import: `MxidError`
[INFO] [stdout]  --> src/util/mod.rs:9:26
[INFO] [stdout]   |
[INFO] [stdout] 9 | pub use mxid::{MatrixId, MxidError};
[INFO] [stdout]   |                          ^^^^^^^^^
[INFO] [stdout]   |
[INFO] [stdout]   = note: `#[warn(unused_imports)]` on by default
[INFO] [stdout] 
[INFO] [stdout] 
[INFO] [stdout] warning: fields `login_type`, `token`, and `initial_device_display_name` are never read
[INFO] [stdout]   --> src/client_api/auth.rs:83:5
[INFO] [stdout]    |
[INFO] [stdout] 81 | pub struct LoginRequest {
[INFO] [stdout]    |            ------------ fields in this struct
[INFO] [stdout] 82 |     #[serde(rename = "type")]
[INFO] [stdout] 83 |     login_type: LoginType,
[INFO] [stdout]    |     ^^^^^^^^^^
[INFO] [stdout] ...
[INFO] [stdout] 86 |     token: Option<String>,
[INFO] [stdout]    |     ^^^^^
[INFO] [stdout] 87 |     device_id: Option<String>,
[INFO] [stdout] 88 |     initial_device_display_name: String,
[INFO] [stdout]    |     ^^^^^^^^^^^^^^^^^^^^^^^^^^^
[INFO] [stdout]    |
[INFO] [stdout]    = note: `LoginRequest` has a derived impl for the trait `Debug`, but this is intentionally ignored during dead code analysis
[INFO] [stdout]    = note: `#[warn(dead_code)]` on by default
[INFO] [stdout] 
[INFO] [stdout] 
[INFO] [stdout] warning: fields `medium` and `address` are never read
[INFO] [stdout]   --> src/client_api/auth.rs:97:18
[INFO] [stdout]    |
[INFO] [stdout] 97 |     ThirdParty { medium: String, address: String },
[INFO] [stdout]    |     ----------   ^^^^^^          ^^^^^^^
[INFO] [stdout]    |     |
[INFO] [stdout]    |     fields in this variant
[INFO] [stdout] 
[INFO] [stdout] 
[INFO] [stdout] warning: fields `country` and `phone` are never read
[INFO] [stdout]   --> src/client_api/auth.rs:99:13
[INFO] [stdout]    |
[INFO] [stdout] 99 |     Phone { country: String, phone: String },
[INFO] [stdout]    |     -----   ^^^^^^^          ^^^^^
[INFO] [stdout]    |     |
[INFO] [stdout]    |     fields in this variant
[INFO] [stdout] 
[INFO] [stdout] 
[INFO] [stdout] warning: fields `auth`, `bind_email`, `bind_msisdn`, and `initial_device_display_name` are never read
[INFO] [stdout]    --> src/client_api/auth.rs:176:5
[INFO] [stdout]     |
[INFO] [stdout] 175 | pub struct RegisterRequest {
[INFO] [stdout]     |            --------------- fields in this struct
[INFO] [stdout] 176 |     auth: serde_json::Value,
[INFO] [stdout]     |     ^^^^
[INFO] [stdout] 177 |     bind_email: bool,
[INFO] [stdout]     |     ^^^^^^^^^^
[INFO] [stdout] 178 |     bind_msisdn: bool,
[INFO] [stdout]     |     ^^^^^^^^^^^
[INFO] [stdout] ...
[INFO] [stdout] 182 |     initial_device_display_name: String,
[INFO] [stdout]     |     ^^^^^^^^^^^^^^^^^^^^^^^^^^^
[INFO] [stdout]     |
[INFO] [stdout]     = note: `RegisterRequest` has a derived impl for the trait `Debug`, but this is intentionally ignored during dead code analysis
[INFO] [stdout] 
[INFO] [stdout] 
[INFO] [stdout] warning: fields `room_alias_name` and `invite_3pid` are never read
[INFO] [stdout]   --> src/client_api/room.rs:22:5
[INFO] [stdout]    |
[INFO] [stdout] 20 | pub struct CreateRoomRequest {
[INFO] [stdout]    |            ----------------- fields in this struct
[INFO] [stdout] 21 |     visibility: RoomVisibility,
[INFO] [stdout] 22 |     room_alias_name: Option<String>,
[INFO] [stdout]    |     ^^^^^^^^^^^^^^^
[INFO] [stdout] ...
[INFO] [stdout] 26 |     invite_3pid: Option<Vec<Invite3pid>>,
[INFO] [stdout]    |     ^^^^^^^^^^^
[INFO] [stdout] 
[INFO] [stdout] 
[INFO] [stdout] warning: fields `id_server`, `medium`, and `address` are never read
[INFO] [stdout]   --> src/client_api/room.rs:44:5
[INFO] [stdout]    |
[INFO] [stdout] 43 | struct Invite3pid {
[INFO] [stdout]    |        ---------- fields in this struct
[INFO] [stdout] 44 |     id_server: String,
[INFO] [stdout]    |     ^^^^^^^^^
[INFO] [stdout] 45 |     medium: String,
[INFO] [stdout]    |     ^^^^^^
[INFO] [stdout] 46 |     address: String,
[INFO] [stdout]    |     ^^^^^^^
[INFO] [stdout] 
[INFO] [stdout] 
[INFO] [stdout] warning: fields `filter` and `set_presence` are never read
[INFO] [stdout]   --> src/client_api/room_events.rs:25:5
[INFO] [stdout]    |
[INFO] [stdout] 23 | pub struct SyncRequest {
[INFO] [stdout]    |            ----------- fields in this struct
[INFO] [stdout] 24 |     #[serde(default)]
[INFO] [stdout] 25 |     filter: Option<String>,
[INFO] [stdout]    |     ^^^^^^
[INFO] [stdout] ...
[INFO] [stdout] 31 |     set_presence: SetPresence,
[INFO] [stdout]    |     ^^^^^^^^^^^^
[INFO] [stdout]    |
[INFO] [stdout]    = note: `SyncRequest` has a derived impl for the trait `Debug`, but this is intentionally ignored during dead code analysis
[INFO] [stdout] 
[INFO] [stdout] 
[INFO] [stdout] warning: field `at` is never read
[INFO] [stdout]    --> src/client_api/room_events.rs:426:5
[INFO] [stdout]     |
[INFO] [stdout] 425 | pub struct MembersRequest {
[INFO] [stdout]     |            -------------- field in this struct
[INFO] [stdout] 426 |     at: String,
[INFO] [stdout]     |     ^^
[INFO] [stdout] 
[INFO] [stdout] 
[INFO] [stdout] warning: field `limit` is never read
[INFO] [stdout]    --> src/client_api/user.rs:156:5
[INFO] [stdout]     |
[INFO] [stdout] 153 | pub struct UserDirSearchRequest {
[INFO] [stdout]     |            -------------------- field in this struct
[INFO] [stdout] ...
[INFO] [stdout] 156 |     limit: Option<usize>,
[INFO] [stdout]     |     ^^^^^
[INFO] [stdout] 
[INFO] [stdout] 
[INFO] [stdout] warning: variants `Email` and `Msisdn` are never constructed
[INFO] [stdout]    --> src/client_api/user.rs:217:5
[INFO] [stdout]     |
[INFO] [stdout] 216 | pub enum Medium {
[INFO] [stdout]     |          ------ variants in this enum
[INFO] [stdout] 217 |     Email,
[INFO] [stdout]     |     ^^^^^
[INFO] [stdout] 218 |     // Phone number, including calling code
[INFO] [stdout] 219 |     Msisdn,
[INFO] [stdout]     |     ^^^^^^
[INFO] [stdout] 
[INFO] [stdout] 
[INFO] [stdout] warning: function `construct_cursed_room` is never used
[INFO] [stdout]    --> src/state/mod.rs:665:14
[INFO] [stdout]     |
[INFO] [stdout] 665 |     async fn construct_cursed_room(
[INFO] [stdout]     |              ^^^^^^^^^^^^^^^^^^^^^
[INFO] [stdout] 
[INFO] [stdout] 
[INFO] [stdout] warning: 12 warnings emitted
[INFO] [stdout] 
[INFO] [stdout] 
[INFO] [stderr]     Finished test [unoptimized + debuginfo] target(s) in 7.60s
[INFO] running `Command { std: "docker" "inspect" "22fb916aeca8b6a149e490911f518057593b1dcca4462133d774c4628078e718", kill_on_drop: false }`
[INFO] running `Command { std: "docker" "rm" "-f" "22fb916aeca8b6a149e490911f518057593b1dcca4462133d774c4628078e718", kill_on_drop: false }`
[INFO] [stdout] 22fb916aeca8b6a149e490911f518057593b1dcca4462133d774c4628078e718
[INFO] running `Command { std: "docker" "create" "-v" "/var/lib/crater-agent-workspace/builds/worker-4-tc1/target:/opt/rustwide/target:rw,Z" "-v" "/var/lib/crater-agent-workspace/builds/worker-4-tc1/source:/opt/rustwide/workdir:ro,Z" "-v" "/var/lib/crater-agent-workspace/cargo-home:/opt/rustwide/cargo-home:ro,Z" "-v" "/var/lib/crater-agent-workspace/rustup-home:/opt/rustwide/rustup-home:ro,Z" "-e" "SOURCE_DIR=/opt/rustwide/workdir" "-e" "CARGO_TARGET_DIR=/opt/rustwide/target" "-e" "CARGO_INCREMENTAL=0" "-e" "RUST_BACKTRACE=full" "-e" "RUSTFLAGS=--cap-lints=warn" "-e" "RUSTDOCFLAGS=--cap-lints=warn" "-e" "CARGO_HOME=/opt/rustwide/cargo-home" "-e" "RUSTUP_HOME=/opt/rustwide/rustup-home" "-w" "/opt/rustwide/workdir" "-m" "1610612736" "--user" "0:0" "--network" "none" "ghcr.io/rust-lang/crates-build-env/linux@sha256:2788e3201cd34a07e3172128adcd8b3090168a8e3bcc40d7c032b9dda1df7d1c" "/opt/rustwide/cargo-home/bin/cargo" "+1.75.0" "test" "--frozen", kill_on_drop: false }`
[INFO] [stdout] 48a6f817424194de089c679f127101a115a820a433145981699e0566799d3896
[INFO] running `Command { std: "docker" "start" "-a" "48a6f817424194de089c679f127101a115a820a433145981699e0566799d3896", kill_on_drop: false }`
[INFO] [stderr] warning: unused import: `MxidError`
[INFO] [stderr]  --> src/util/mod.rs:9:26
[INFO] [stderr]   |
[INFO] [stderr] 9 | pub use mxid::{MatrixId, MxidError};
[INFO] [stderr]   |                          ^^^^^^^^^
[INFO] [stderr]   |
[INFO] [stderr]   = note: `#[warn(unused_imports)]` on by default
[INFO] [stderr] 
[INFO] [stderr] warning: fields `login_type`, `token`, and `initial_device_display_name` are never read
[INFO] [stderr]   --> src/client_api/auth.rs:83:5
[INFO] [stderr]    |
[INFO] [stderr] 81 | pub struct LoginRequest {
[INFO] [stderr]    |            ------------ fields in this struct
[INFO] [stderr] 82 |     #[serde(rename = "type")]
[INFO] [stderr] 83 |     login_type: LoginType,
[INFO] [stderr]    |     ^^^^^^^^^^
[INFO] [stderr] ...
[INFO] [stderr] 86 |     token: Option<String>,
[INFO] [stderr]    |     ^^^^^
[INFO] [stderr] 87 |     device_id: Option<String>,
[INFO] [stderr] 88 |     initial_device_display_name: String,
[INFO] [stderr]    |     ^^^^^^^^^^^^^^^^^^^^^^^^^^^
[INFO] [stderr]    |
[INFO] [stderr]    = note: `LoginRequest` has a derived impl for the trait `Debug`, but this is intentionally ignored during dead code analysis
[INFO] [stderr]    = note: `#[warn(dead_code)]` on by default
[INFO] [stderr] 
[INFO] [stderr] warning: fields `medium` and `address` are never read
[INFO] [stderr]   --> src/client_api/auth.rs:97:18
[INFO] [stderr]    |
[INFO] [stderr] 97 |     ThirdParty { medium: String, address: String },
[INFO] [stderr]    |     ----------   ^^^^^^          ^^^^^^^
[INFO] [stderr]    |     |
[INFO] [stderr]    |     fields in this variant
[INFO] [stderr] 
[INFO] [stderr] warning: fields `country` and `phone` are never read
[INFO] [stderr]   --> src/client_api/auth.rs:99:13
[INFO] [stderr]    |
[INFO] [stderr] 99 |     Phone { country: String, phone: String },
[INFO] [stderr]    |     -----   ^^^^^^^          ^^^^^
[INFO] [stderr]    |     |
[INFO] [stderr]    |     fields in this variant
[INFO] [stderr] 
[INFO] [stderr] warning: fields `auth`, `bind_email`, `bind_msisdn`, and `initial_device_display_name` are never read
[INFO] [stderr]    --> src/client_api/auth.rs:176:5
[INFO] [stderr]     |
[INFO] [stderr] 175 | pub struct RegisterRequest {
[INFO] [stderr]     |            --------------- fields in this struct
[INFO] [stderr] 176 |     auth: serde_json::Value,
[INFO] [stderr]     |     ^^^^
[INFO] [stderr] 177 |     bind_email: bool,
[INFO] [stderr]     |     ^^^^^^^^^^
[INFO] [stderr] 178 |     bind_msisdn: bool,
[INFO] [stderr]     |     ^^^^^^^^^^^
[INFO] [stderr] ...
[INFO] [stderr] 182 |     initial_device_display_name: String,
[INFO] [stderr]     |     ^^^^^^^^^^^^^^^^^^^^^^^^^^^
[INFO] [stderr]     |
[INFO] [stderr]     = note: `RegisterRequest` has a derived impl for the trait `Debug`, but this is intentionally ignored during dead code analysis
[INFO] [stderr] 
[INFO] [stderr] warning: fields `room_alias_name` and `invite_3pid` are never read
[INFO] [stderr]   --> src/client_api/room.rs:22:5
[INFO] [stderr]    |
[INFO] [stderr] 20 | pub struct CreateRoomRequest {
[INFO] [stderr]    |            ----------------- fields in this struct
[INFO] [stderr] 21 |     visibility: RoomVisibility,
[INFO] [stderr] 22 |     room_alias_name: Option<String>,
[INFO] [stderr]    |     ^^^^^^^^^^^^^^^
[INFO] [stderr] ...
[INFO] [stderr] 26 |     invite_3pid: Option<Vec<Invite3pid>>,
[INFO] [stderr]    |     ^^^^^^^^^^^
[INFO] [stderr] 
[INFO] [stderr] warning: fields `id_server`, `medium`, and `address` are never read
[INFO] [stderr]   --> src/client_api/room.rs:44:5
[INFO] [stderr]    |
[INFO] [stderr] 43 | struct Invite3pid {
[INFO] [stderr]    |        ---------- fields in this struct
[INFO] [stderr] 44 |     id_server: String,
[INFO] [stderr]    |     ^^^^^^^^^
[INFO] [stderr] 45 |     medium: String,
[INFO] [stderr]    |     ^^^^^^
[INFO] [stderr] 46 |     address: String,
[INFO] [stderr]    |     ^^^^^^^
[INFO] [stderr] 
[INFO] [stderr] warning: fields `filter` and `set_presence` are never read
[INFO] [stderr]   --> src/client_api/room_events.rs:25:5
[INFO] [stderr]    |
[INFO] [stderr] 23 | pub struct SyncRequest {
[INFO] [stderr]    |            ----------- fields in this struct
[INFO] [stderr] 24 |     #[serde(default)]
[INFO] [stderr] 25 |     filter: Option<String>,
[INFO] [stderr]    |     ^^^^^^
[INFO] [stderr] ...
[INFO] [stderr] 31 |     set_presence: SetPresence,
[INFO] [stderr]    |     ^^^^^^^^^^^^
[INFO] [stderr]    |
[INFO] [stderr]    = note: `SyncRequest` has a derived impl for the trait `Debug`, but this is intentionally ignored during dead code analysis
[INFO] [stderr] 
[INFO] [stderr] warning: field `at` is never read
[INFO] [stderr]    --> src/client_api/room_events.rs:426:5
[INFO] [stderr]     |
[INFO] [stderr] 425 | pub struct MembersRequest {
[INFO] [stderr]     |            -------------- field in this struct
[INFO] [stderr] 426 |     at: String,
[INFO] [stderr]     |     ^^
[INFO] [stderr] 
[INFO] [stderr] warning: field `limit` is never read
[INFO] [stderr]    --> src/client_api/user.rs:156:5
[INFO] [stderr]     |
[INFO] [stderr] 153 | pub struct UserDirSearchRequest {
[INFO] [stderr]     |            -------------------- field in this struct
[INFO] [stderr] ...
[INFO] [stderr] 156 |     limit: Option<usize>,
[INFO] [stderr]     |     ^^^^^
[INFO] [stderr] 
[INFO] [stderr] warning: variants `Email` and `Msisdn` are never constructed
[INFO] [stderr]    --> src/client_api/user.rs:217:5
[INFO] [stderr]     |
[INFO] [stderr] 216 | pub enum Medium {
[INFO] [stderr]     |          ------ variants in this enum
[INFO] [stderr] 217 |     Email,
[INFO] [stderr]     |     ^^^^^
[INFO] [stderr] 218 |     // Phone number, including calling code
[INFO] [stderr] 219 |     Msisdn,
[INFO] [stderr]     |     ^^^^^^
[INFO] [stderr] 
[INFO] [stderr] warning: function `construct_cursed_room` is never used
[INFO] [stderr]    --> src/state/mod.rs:665:14
[INFO] [stderr]     |
[INFO] [stderr] 665 |     async fn construct_cursed_room(
[INFO] [stderr]     |              ^^^^^^^^^^^^^^^^^^^^^
[INFO] [stderr] 
[INFO] [stderr] warning: `kerux` (bin "kerux" test) generated 12 warnings (run `cargo fix --bin "kerux" --tests` to apply 1 suggestion)
[INFO] [stderr]     Finished test [unoptimized + debuginfo] target(s) in 0.14s
[INFO] [stderr]      Running unittests src/main.rs (/opt/rustwide/target/debug/deps/kerux-306ae50d9bf114be)
[INFO] [stdout] 
[INFO] [stdout] running 5 tests
[INFO] [stdout] test state::tests::linear ... ok
[INFO] [stdout] test storage::tests::sled_backend_transactions ... FAILED
[INFO] [stdout] test storage::tests::sled_backend_user_accounts ... FAILED
[INFO] [stdout] test storage::tests::mem_backend_transactions ... ok
[INFO] [stdout] test storage::tests::mem_backend_user_accounts ... ok
[INFO] [stdout] 
[INFO] [stdout] failures:
[INFO] [stdout] 
[INFO] [stdout] ---- storage::tests::sled_backend_transactions stdout ----
[INFO] [stdout] thread 'storage::tests::sled_backend_transactions' panicked at src/storage/mod.rs:503:59:
[INFO] [stdout] called `Result::unwrap()` on an `Err` value: Error { inner: SledError(Io(Os { code: 30, kind: ReadOnlyFilesystem, message: "Read-only file system" })), spantrace: SpanTrace [] }
[INFO] [stdout] stack backtrace:
[INFO] [stdout]    0:     0x556058c9888c - std::backtrace_rs::backtrace::libunwind::trace::ha637c64ce894333a
[INFO] [stdout]                                at /rustc/82e1608dfa6e0b5569232559e3d385fea5a93112/library/std/src/../../backtrace/src/backtrace/libunwind.rs:104:5
[INFO] [stdout]    1:     0x556058c9888c - std::backtrace_rs::backtrace::trace_unsynchronized::h47f62dea28e0c88d
[INFO] [stdout]                                at /rustc/82e1608dfa6e0b5569232559e3d385fea5a93112/library/std/src/../../backtrace/src/backtrace/mod.rs:66:5
[INFO] [stdout]    2:     0x556058c9888c - std::sys_common::backtrace::_print_fmt::h9eef0abe20ede486
[INFO] [stdout]                                at /rustc/82e1608dfa6e0b5569232559e3d385fea5a93112/library/std/src/sys_common/backtrace.rs:67:5
[INFO] [stdout]    3:     0x556058c9888c - <std::sys_common::backtrace::_print::DisplayBacktrace as core::fmt::Display>::fmt::hed7f999df88cc644
[INFO] [stdout]                                at /rustc/82e1608dfa6e0b5569232559e3d385fea5a93112/library/std/src/sys_common/backtrace.rs:44:22
[INFO] [stdout]    4:     0x556058cc45f0 - core::fmt::rt::Argument::fmt::h1539a9308b8d058d
[INFO] [stdout]                                at /rustc/82e1608dfa6e0b5569232559e3d385fea5a93112/library/core/src/fmt/rt.rs:142:9
[INFO] [stdout]    5:     0x556058cc45f0 - core::fmt::write::h3a39390d8560d9c9
[INFO] [stdout]                                at /rustc/82e1608dfa6e0b5569232559e3d385fea5a93112/library/core/src/fmt/mod.rs:1120:17
[INFO] [stdout]    6:     0x556058c959df - std::io::Write::write_fmt::h040b369f3a0f9cbc
[INFO] [stdout]                                at /rustc/82e1608dfa6e0b5569232559e3d385fea5a93112/library/std/src/io/mod.rs:1762:15
[INFO] [stdout]    7:     0x556058c98674 - std::sys_common::backtrace::_print::h894006fb5c6f3d45
[INFO] [stdout]                                at /rustc/82e1608dfa6e0b5569232559e3d385fea5a93112/library/std/src/sys_common/backtrace.rs:47:5
[INFO] [stdout]    8:     0x556058c98674 - std::sys_common::backtrace::print::h23a2d212c6fff936
[INFO] [stdout]                                at /rustc/82e1608dfa6e0b5569232559e3d385fea5a93112/library/std/src/sys_common/backtrace.rs:34:9
[INFO] [stdout]    9:     0x556058c9a337 - std::panicking::default_hook::{{closure}}::h8a1d2ee00185001a
[INFO] [stdout]   10:     0x556058c9a023 - std::panicking::default_hook::h6038f2eba384e475
[INFO] [stdout]                                at /rustc/82e1608dfa6e0b5569232559e3d385fea5a93112/library/std/src/panicking.rs:289:9
[INFO] [stdout]   11:     0x55605875ec27 - <alloc::boxed::Box<F,A> as core::ops::function::Fn<Args>>::call::h0ad024c9bdc6d768
[INFO] [stdout]                                at /rustc/82e1608dfa6e0b5569232559e3d385fea5a93112/library/alloc/src/boxed.rs:2021:9
[INFO] [stdout]   12:     0x55605875ec27 - test::test_main::{{closure}}::h7500b54257359db6
[INFO] [stdout]                                at /rustc/82e1608dfa6e0b5569232559e3d385fea5a93112/library/test/src/lib.rs:138:21
[INFO] [stdout]   13:     0x556058c9a948 - <alloc::boxed::Box<F,A> as core::ops::function::Fn<Args>>::call::h1f8f335eaa9cfaee
[INFO] [stdout]                                at /rustc/82e1608dfa6e0b5569232559e3d385fea5a93112/library/alloc/src/boxed.rs:2021:9
[INFO] [stdout]   14:     0x556058c9a948 - std::panicking::rust_panic_with_hook::h2b5517d590cab22e
[INFO] [stdout]                                at /rustc/82e1608dfa6e0b5569232559e3d385fea5a93112/library/std/src/panicking.rs:783:13
[INFO] [stdout]   15:     0x556058c9a69e - std::panicking::begin_panic_handler::{{closure}}::h233112c06e0ef43e
[INFO] [stdout]                                at /rustc/82e1608dfa6e0b5569232559e3d385fea5a93112/library/std/src/panicking.rs:657:13
[INFO] [stdout]   16:     0x556058c98d56 - std::sys_common::backtrace::__rust_end_short_backtrace::h6e893f24d7ebbff8
[INFO] [stdout]                                at /rustc/82e1608dfa6e0b5569232559e3d385fea5a93112/library/std/src/sys_common/backtrace.rs:170:18
[INFO] [stdout]   17:     0x556058c9a402 - rust_begin_unwind
[INFO] [stdout]                                at /rustc/82e1608dfa6e0b5569232559e3d385fea5a93112/library/std/src/panicking.rs:645:5
[INFO] [stdout]   18:     0x556058530945 - core::panicking::panic_fmt::hbf0e066aabfa482c
[INFO] [stdout]                                at /rustc/82e1608dfa6e0b5569232559e3d385fea5a93112/library/core/src/panicking.rs:72:14
[INFO] [stdout]   19:     0x556058530f13 - core::result::unwrap_failed::hddb4fea594200c52
[INFO] [stdout]                                at /rustc/82e1608dfa6e0b5569232559e3d385fea5a93112/library/core/src/result.rs:1653:5
[INFO] [stdout]   20:     0x55605868e97a - core::result::Result<T,E>::unwrap::h502e92077d5c653f
[INFO] [stdout]                                at /rustc/82e1608dfa6e0b5569232559e3d385fea5a93112/library/core/src/result.rs:1077:23
[INFO] [stdout]   21:     0x55605860b4d6 - kerux::storage::tests::sled_backend_transactions::h597e9714f8533167
[INFO] [stdout]                                at /opt/rustwide/workdir/src/storage/mod.rs:503:23
[INFO] [stdout]   22:     0x55605860b387 - kerux::storage::tests::sled_backend_transactions::{{closure}}::h061914cd78797d66
[INFO] [stdout]                                at /opt/rustwide/workdir/src/storage/mod.rs:496:35
[INFO] [stdout]   23:     0x55605855faf6 - core::ops::function::FnOnce::call_once::h0fad8db4b27b7026
[INFO] [stdout]                                at /rustc/82e1608dfa6e0b5569232559e3d385fea5a93112/library/core/src/ops/function.rs:250:5
[INFO] [stdout]   24:     0x55605876427f - core::ops::function::FnOnce::call_once::h2b5d431d5046312d
[INFO] [stdout]                                at /rustc/82e1608dfa6e0b5569232559e3d385fea5a93112/library/core/src/ops/function.rs:250:5
[INFO] [stdout]   25:     0x55605876427f - test::__rust_begin_short_backtrace::h7714669af176e207
[INFO] [stdout]                                at /rustc/82e1608dfa6e0b5569232559e3d385fea5a93112/library/test/src/lib.rs:628:18
[INFO] [stdout]   26:     0x556058763295 - test::run_test_in_process::{{closure}}::h85218797dcbcec12
[INFO] [stdout]                                at /rustc/82e1608dfa6e0b5569232559e3d385fea5a93112/library/test/src/lib.rs:651:60
[INFO] [stdout]   27:     0x556058763295 - <core::panic::unwind_safe::AssertUnwindSafe<F> as core::ops::function::FnOnce<()>>::call_once::h76c106ea31c14d7b
[INFO] [stdout]                                at /rustc/82e1608dfa6e0b5569232559e3d385fea5a93112/library/core/src/panic/unwind_safe.rs:272:9
[INFO] [stdout]   28:     0x556058763295 - std::panicking::try::do_call::h3bd5d0f6620ee946
[INFO] [stdout]                                at /rustc/82e1608dfa6e0b5569232559e3d385fea5a93112/library/std/src/panicking.rs:552:40
[INFO] [stdout]   29:     0x556058763295 - std::panicking::try::h232e535e4744fe31
[INFO] [stdout]                                at /rustc/82e1608dfa6e0b5569232559e3d385fea5a93112/library/std/src/panicking.rs:516:19
[INFO] [stdout]   30:     0x556058763295 - std::panic::catch_unwind::h3ce3bd6ca8dbac68
[INFO] [stdout]                                at /rustc/82e1608dfa6e0b5569232559e3d385fea5a93112/library/std/src/panic.rs:142:14
[INFO] [stdout]   31:     0x556058763295 - test::run_test_in_process::hc97b257c9621286a
[INFO] [stdout]                                at /rustc/82e1608dfa6e0b5569232559e3d385fea5a93112/library/test/src/lib.rs:651:27
[INFO] [stdout]   32:     0x556058763295 - test::run_test::{{closure}}::h2aa798823a438d38
[INFO] [stdout]                                at /rustc/82e1608dfa6e0b5569232559e3d385fea5a93112/library/test/src/lib.rs:574:43
[INFO] [stdout]   33:     0x55605872b556 - test::run_test::{{closure}}::h87d231c78fb59832
[INFO] [stdout]                                at /rustc/82e1608dfa6e0b5569232559e3d385fea5a93112/library/test/src/lib.rs:602:41
[INFO] [stdout]   34:     0x55605872b556 - std::sys_common::backtrace::__rust_begin_short_backtrace::he6df152596625789
[INFO] [stdout]                                at /rustc/82e1608dfa6e0b5569232559e3d385fea5a93112/library/std/src/sys_common/backtrace.rs:154:18
[INFO] [stdout]   35:     0x556058730607 - std::thread::Builder::spawn_unchecked_::{{closure}}::{{closure}}::ha94be15d1e0acf36
[INFO] [stdout]                                at /rustc/82e1608dfa6e0b5569232559e3d385fea5a93112/library/std/src/thread/mod.rs:529:17
[INFO] [stdout]   36:     0x556058730607 - <core::panic::unwind_safe::AssertUnwindSafe<F> as core::ops::function::FnOnce<()>>::call_once::h9dc6bd6372f16606
[INFO] [stdout]                                at /rustc/82e1608dfa6e0b5569232559e3d385fea5a93112/library/core/src/panic/unwind_safe.rs:272:9
[INFO] [stdout]   37:     0x556058730607 - std::panicking::try::do_call::h9057517f80303cd4
[INFO] [stdout]                                at /rustc/82e1608dfa6e0b5569232559e3d385fea5a93112/library/std/src/panicking.rs:552:40
[INFO] [stdout]   38:     0x556058730607 - std::panicking::try::he3a30b11ee45340c
[INFO] [stdout]                                at /rustc/82e1608dfa6e0b5569232559e3d385fea5a93112/library/std/src/panicking.rs:516:19
[INFO] [stdout]   39:     0x556058730607 - std::panic::catch_unwind::h410458cfd3528b8b
[INFO] [stdout]                                at /rustc/82e1608dfa6e0b5569232559e3d385fea5a93112/library/std/src/panic.rs:142:14
[INFO] [stdout]   40:     0x556058730607 - std::thread::Builder::spawn_unchecked_::{{closure}}::h72ac3bdb567b737b
[INFO] [stdout]                                at /rustc/82e1608dfa6e0b5569232559e3d385fea5a93112/library/std/src/thread/mod.rs:528:30
[INFO] [stdout]   41:     0x556058730607 - core::ops::function::FnOnce::call_once{{vtable.shim}}::h38f34da3654a8344
[INFO] [stdout]                                at /rustc/82e1608dfa6e0b5569232559e3d385fea5a93112/library/core/src/ops/function.rs:250:5
[INFO] [stdout]   42:     0x556058ca0665 - <alloc::boxed::Box<F,A> as core::ops::function::FnOnce<Args>>::call_once::hc7eafaff61e32df9
[INFO] [stdout]                                at /rustc/82e1608dfa6e0b5569232559e3d385fea5a93112/library/alloc/src/boxed.rs:2007:9
[INFO] [stdout]   43:     0x556058ca0665 - <alloc::boxed::Box<F,A> as core::ops::function::FnOnce<Args>>::call_once::h6ba4a5de48dd2304
[INFO] [stdout]                                at /rustc/82e1608dfa6e0b5569232559e3d385fea5a93112/library/alloc/src/boxed.rs:2007:9
[INFO] [stdout]   44:     0x556058ca0665 - std::sys::unix::thread::Thread::new::thread_start::he469335aef763e45
[INFO] [stdout]                                at /rustc/82e1608dfa6e0b5569232559e3d385fea5a93112/library/std/src/sys/unix/thread.rs:108:17
[INFO] [stdout]   45:     0x7f9b2ca4aac3 - <unknown>
[INFO] [stdout]   46:     0x7f9b2cadbbf4 - __clone
[INFO] [stdout]   47:                0x0 - <unknown>
[INFO] [stdout] 
[INFO] [stdout] ---- storage::tests::sled_backend_user_accounts stdout ----
[INFO] [stdout] thread 'storage::tests::sled_backend_user_accounts' panicked at src/storage/mod.rs:378:59:
[INFO] [stdout] called `Result::unwrap()` on an `Err` value: Error { inner: SledError(Io(Os { code: 30, kind: ReadOnlyFilesystem, message: "Read-only file system" })), spantrace: SpanTrace [] }
[INFO] [stdout] stack backtrace:
[INFO] [stdout]    0:     0x556058c9888c - std::backtrace_rs::backtrace::libunwind::trace::ha637c64ce894333a
[INFO] [stdout]                                at /rustc/82e1608dfa6e0b5569232559e3d385fea5a93112/library/std/src/../../backtrace/src/backtrace/libunwind.rs:104:5
[INFO] [stdout]    1:     0x556058c9888c - std::backtrace_rs::backtrace::trace_unsynchronized::h47f62dea28e0c88d
[INFO] [stdout]                                at /rustc/82e1608dfa6e0b5569232559e3d385fea5a93112/library/std/src/../../backtrace/src/backtrace/mod.rs:66:5
[INFO] [stdout]    2:     0x556058c9888c - std::sys_common::backtrace::_print_fmt::h9eef0abe20ede486
[INFO] [stdout]                                at /rustc/82e1608dfa6e0b5569232559e3d385fea5a93112/library/std/src/sys_common/backtrace.rs:67:5
[INFO] [stdout]    3:     0x556058c9888c - <std::sys_common::backtrace::_print::DisplayBacktrace as core::fmt::Display>::fmt::hed7f999df88cc644
[INFO] [stdout]                                at /rustc/82e1608dfa6e0b5569232559e3d385fea5a93112/library/std/src/sys_common/backtrace.rs:44:22
[INFO] [stdout]    4:     0x556058cc45f0 - core::fmt::rt::Argument::fmt::h1539a9308b8d058d
[INFO] [stdout]                                at /rustc/82e1608dfa6e0b5569232559e3d385fea5a93112/library/core/src/fmt/rt.rs:142:9
[INFO] [stdout]    5:     0x556058cc45f0 - core::fmt::write::h3a39390d8560d9c9
[INFO] [stdout]                                at /rustc/82e1608dfa6e0b5569232559e3d385fea5a93112/library/core/src/fmt/mod.rs:1120:17
[INFO] [stdout]    6:     0x556058c959df - std::io::Write::write_fmt::h040b369f3a0f9cbc
[INFO] [stdout]                                at /rustc/82e1608dfa6e0b5569232559e3d385fea5a93112/library/std/src/io/mod.rs:1762:15
[INFO] [stdout]    7:     0x556058c98674 - std::sys_common::backtrace::_print::h894006fb5c6f3d45
[INFO] [stdout]                                at /rustc/82e1608dfa6e0b5569232559e3d385fea5a93112/library/std/src/sys_common/backtrace.rs:47:5
[INFO] [stdout]    8:     0x556058c98674 - std::sys_common::backtrace::print::h23a2d212c6fff936
[INFO] [stdout]                                at /rustc/82e1608dfa6e0b5569232559e3d385fea5a93112/library/std/src/sys_common/backtrace.rs:34:9
[INFO] [stdout]    9:     0x556058c9a337 - std::panicking::default_hook::{{closure}}::h8a1d2ee00185001a
[INFO] [stdout]   10:     0x556058c9a023 - std::panicking::default_hook::h6038f2eba384e475
[INFO] [stdout]                                at /rustc/82e1608dfa6e0b5569232559e3d385fea5a93112/library/std/src/panicking.rs:289:9
[INFO] [stdout]   11:     0x55605875ec27 - <alloc::boxed::Box<F,A> as core::ops::function::Fn<Args>>::call::h0ad024c9bdc6d768
[INFO] [stdout]                                at /rustc/82e1608dfa6e0b5569232559e3d385fea5a93112/library/alloc/src/boxed.rs:2021:9
[INFO] [stdout]   12:     0x55605875ec27 - test::test_main::{{closure}}::h7500b54257359db6
[INFO] [stdout]                                at /rustc/82e1608dfa6e0b5569232559e3d385fea5a93112/library/test/src/lib.rs:138:21
[INFO] [stdout]   13:     0x556058c9a948 - <alloc::boxed::Box<F,A> as core::ops::function::Fn<Args>>::call::h1f8f335eaa9cfaee
[INFO] [stdout]                                at /rustc/82e1608dfa6e0b5569232559e3d385fea5a93112/library/alloc/src/boxed.rs:2021:9
[INFO] [stdout]   14:     0x556058c9a948 - std::panicking::rust_panic_with_hook::h2b5517d590cab22e
[INFO] [stdout]                                at /rustc/82e1608dfa6e0b5569232559e3d385fea5a93112/library/std/src/panicking.rs:783:13
[INFO] [stdout]   15:     0x556058c9a69e - std::panicking::begin_panic_handler::{{closure}}::h233112c06e0ef43e
[INFO] [stdout]                                at /rustc/82e1608dfa6e0b5569232559e3d385fea5a93112/library/std/src/panicking.rs:657:13
[INFO] [stdout]   16:     0x556058c98d56 - std::sys_common::backtrace::__rust_end_short_backtrace::h6e893f24d7ebbff8
[INFO] [stdout]                                at /rustc/82e1608dfa6e0b5569232559e3d385fea5a93112/library/std/src/sys_common/backtrace.rs:170:18
[INFO] [stdout]   17:     0x556058c9a402 - rust_begin_unwind
[INFO] [stdout]                                at /rustc/82e1608dfa6e0b5569232559e3d385fea5a93112/library/std/src/panicking.rs:645:5
[INFO] [stdout]   18:     0x556058530945 - core::panicking::panic_fmt::hbf0e066aabfa482c
[INFO] [stdout]                                at /rustc/82e1608dfa6e0b5569232559e3d385fea5a93112/library/core/src/panicking.rs:72:14
[INFO] [stdout]   19:     0x556058530f13 - core::result::unwrap_failed::hddb4fea594200c52
[INFO] [stdout]                                at /rustc/82e1608dfa6e0b5569232559e3d385fea5a93112/library/core/src/result.rs:1653:5
[INFO] [stdout]   20:     0x55605868e97a - core::result::Result<T,E>::unwrap::h502e92077d5c653f
[INFO] [stdout]                                at /rustc/82e1608dfa6e0b5569232559e3d385fea5a93112/library/core/src/result.rs:1077:23
[INFO] [stdout]   21:     0x55605860a936 - kerux::storage::tests::sled_backend_user_accounts::h46cc23d3ff826478
[INFO] [stdout]                                at /opt/rustwide/workdir/src/storage/mod.rs:378:23
[INFO] [stdout]   22:     0x55605860a7e7 - kerux::storage::tests::sled_backend_user_accounts::{{closure}}::h44ef775698580906
[INFO] [stdout]                                at /opt/rustwide/workdir/src/storage/mod.rs:371:36
[INFO] [stdout]   23:     0x556058561a86 - core::ops::function::FnOnce::call_once::hf7a9d4ac23d6dd7e
[INFO] [stdout]                                at /rustc/82e1608dfa6e0b5569232559e3d385fea5a93112/library/core/src/ops/function.rs:250:5
[INFO] [stdout]   24:     0x55605876427f - core::ops::function::FnOnce::call_once::h2b5d431d5046312d
[INFO] [stdout]                                at /rustc/82e1608dfa6e0b5569232559e3d385fea5a93112/library/core/src/ops/function.rs:250:5
[INFO] [stdout]   25:     0x55605876427f - test::__rust_begin_short_backtrace::h7714669af176e207
[INFO] [stdout]                                at /rustc/82e1608dfa6e0b5569232559e3d385fea5a93112/library/test/src/lib.rs:628:18
[INFO] [stdout]   26:     0x556058763295 - test::run_test_in_process::{{closure}}::h85218797dcbcec12
[INFO] [stdout]                                at /rustc/82e1608dfa6e0b5569232559e3d385fea5a93112/library/test/src/lib.rs:651:60
[INFO] [stdout]   27:     0x556058763295 - <core::panic::unwind_safe::AssertUnwindSafe<F> as core::ops::function::FnOnce<()>>::call_once::h76c106ea31c14d7b
[INFO] [stdout]                                at /rustc/82e1608dfa6e0b5569232559e3d385fea5a93112/library/core/src/panic/unwind_safe.rs:272:9
[INFO] [stdout]   28:     0x556058763295 - std::panicking::try::do_call::h3bd5d0f6620ee946
[INFO] [stdout]                                at /rustc/82e1608dfa6e0b5569232559e3d385fea5a93112/library/std/src/panicking.rs:552:40
[INFO] [stdout]   29:     0x556058763295 - std::panicking::try::h232e535e4744fe31
[INFO] [stdout]                                at /rustc/82e1608dfa6e0b5569232559e3d385fea5a93112/library/std/src/panicking.rs:516:19
[INFO] [stdout]   30:     0x556058763295 - std::panic::catch_unwind::h3ce3bd6ca8dbac68
[INFO] [stdout]                                at /rustc/82e1608dfa6e0b5569232559e3d385fea5a93112/library/std/src/panic.rs:142:14
[INFO] [stdout]   31:     0x556058763295 - test::run_test_in_process::hc97b257c9621286a
[INFO] [stdout]                                at /rustc/82e1608dfa6e0b5569232559e3d385fea5a93112/library/test/src/lib.rs:651:27
[INFO] [stdout]   32:     0x556058763295 - test::run_test::{{closure}}::h2aa798823a438d38
[INFO] [stdout]                                at /rustc/82e1608dfa6e0b5569232559e3d385fea5a93112/library/test/src/lib.rs:574:43
[INFO] [stdout]   33:     0x55605872b556 - test::run_test::{{closure}}::h87d231c78fb59832
[INFO] [stdout]                                at /rustc/82e1608dfa6e0b5569232559e3d385fea5a93112/library/test/src/lib.rs:602:41
[INFO] [stdout]   34:     0x55605872b556 - std::sys_common::backtrace::__rust_begin_short_backtrace::he6df152596625789
[INFO] [stdout]                                at /rustc/82e1608dfa6e0b5569232559e3d385fea5a93112/library/std/src/sys_common/backtrace.rs:154:18
[INFO] [stdout]   35:     0x556058730607 - std::thread::Builder::spawn_unchecked_::{{closure}}::{{closure}}::ha94be15d1e0acf36
[INFO] [stdout]                                at /rustc/82e1608dfa6e0b5569232559e3d385fea5a93112/library/std/src/thread/mod.rs:529:17
[INFO] [stdout]   36:     0x556058730607 - <core::panic::unwind_safe::AssertUnwindSafe<F> as core::ops::function::FnOnce<()>>::call_once::h9dc6bd6372f16606
[INFO] [stdout]                                at /rustc/82e1608dfa6e0b5569232559e3d385fea5a93112/library/core/src/panic/unwind_safe.rs:272:9
[INFO] [stdout]   37:     0x556058730607 - std::panicking::try::do_call::h9057517f80303cd4
[INFO] [stdout]                                at /rustc/82e1608dfa6e0b5569232559e3d385fea5a93112/library/std/src/panicking.rs:552:40
[INFO] [stdout]   38:     0x556058730607 - std::panicking::try::he3a30b11ee45340c
[INFO] [stdout]                                at /rustc/82e1608dfa6e0b5569232559e3d385fea5a93112/library/std/src/panicking.rs:516:19
[INFO] [stdout]   39:     0x556058730607 - std::panic::catch_unwind::h410458cfd3528b8b
[INFO] [stdout]                                at /rustc/82e1608dfa6e0b5569232559e3d385fea5a93112/library/std/src/panic.rs:142:14
[INFO] [stdout]   40:     0x556058730607 - std::thread::Builder::spawn_unchecked_::{{closure}}::h72ac3bdb567b737b
[INFO] [stdout]                                at /rustc/82e1608dfa6e0b5569232559e3d385fea5a93112/library/std/src/thread/mod.rs:528:30
[INFO] [stdout]   41:     0x556058730607 - core::ops::function::FnOnce::call_once{{vtable.shim}}::h38f34da3654a8344
[INFO] [stdout]                                at /rustc/82e1608dfa6e0b5569232559e3d385fea5a93112/library/core/src/ops/function.rs:250:5
[INFO] [stdout]   42:     0x556058ca0665 - <alloc::boxed::Box<F,A> as core::ops::function::FnOnce<Args>>::call_once::hc7eafaff61e32df9
[INFO] [stdout]                                at /rustc/82e1608dfa6e0b5569232559e3d385fea5a93112/library/alloc/src/boxed.rs:2007:9
[INFO] [stdout]   43:     0x556058ca0665 - <alloc::boxed::Box<F,A> as core::ops::function::FnOnce<Args>>::call_once::h6ba4a5de48dd2304
[INFO] [stdout]                                at /rustc/82e1608dfa6e0b5569232559e3d385fea5a93112/library/alloc/src/boxed.rs:2007:9
[INFO] [stdout]   44:     0x556058ca0665 - std::sys::unix::thread::Thread::new::thread_start::he469335aef763e45
[INFO] [stdout]                                at /rustc/82e1608dfa6e0b5569232559e3d385fea5a93112/library/std/src/sys/unix/thread.rs:108:17
[INFO] [stdout]   45:     0x7f9b2ca4aac3 - <unknown>
[INFO] [stdout]   46:     0x7f9b2cadbbf4 - __clone
[INFO] [stdout]   47:                0x0 - <unknown>
[INFO] [stdout] 
[INFO] [stdout] 
[INFO] [stdout] failures:
[INFO] [stdout]     storage::tests::sled_backend_transactions
[INFO] [stdout]     storage::tests::sled_backend_user_accounts
[INFO] [stdout] 
[INFO] [stdout] test result: FAILED. 3 passed; 2 failed; 0 ignored; 0 measured; 0 filtered out; finished in 1.20s
[INFO] [stdout] 
[INFO] [stderr] error: test failed, to rerun pass `--bin kerux`
[INFO] running `Command { std: "docker" "inspect" "48a6f817424194de089c679f127101a115a820a433145981699e0566799d3896", kill_on_drop: false }`
[INFO] running `Command { std: "docker" "rm" "-f" "48a6f817424194de089c679f127101a115a820a433145981699e0566799d3896", kill_on_drop: false }`
[INFO] [stdout] 48a6f817424194de089c679f127101a115a820a433145981699e0566799d3896
[INFO] testing thomhuds/matrix_server against beta-2023-12-22 for beta-1.76-1
[INFO] running `Command { std: "git" "clone" "/workspace/cache/git-repos/https%3A%2F%2Fgithub.com%2Fthomhuds%2Fmatrix_server" "/workspace/builds/worker-4-tc2/source", kill_on_drop: false }`
[INFO] [stderr] Cloning into '/workspace/builds/worker-4-tc2/source'...
[INFO] [stderr] done.
[INFO] validating manifest of git repo https://github.com/thomhuds/matrix_server on toolchain beta-2023-12-22
[INFO] running `Command { std: CARGO_HOME="/workspace/cargo-home" RUSTUP_HOME="/workspace/rustup-home" "/workspace/cargo-home/bin/cargo" "+beta-2023-12-22" "metadata" "--manifest-path" "Cargo.toml" "--no-deps", kill_on_drop: false }`
[INFO] started tweaking git repo https://github.com/thomhuds/matrix_server
[INFO] finished tweaking git repo https://github.com/thomhuds/matrix_server
[INFO] tweaked toml for git repo https://github.com/thomhuds/matrix_server written to /workspace/builds/worker-4-tc2/source/Cargo.toml
[INFO] crate git repo https://github.com/thomhuds/matrix_server already has a lockfile, it will not be regenerated
[INFO] running `Command { std: CARGO_HOME="/workspace/cargo-home" RUSTUP_HOME="/workspace/rustup-home" "/workspace/cargo-home/bin/cargo" "+beta-2023-12-22" "fetch" "--manifest-path" "Cargo.toml", kill_on_drop: false }`
[INFO] running `Command { std: "docker" "create" "-v" "/var/lib/crater-agent-workspace/builds/worker-4-tc2/target:/opt/rustwide/target:rw,Z" "-v" "/var/lib/crater-agent-workspace/builds/worker-4-tc2/source:/opt/rustwide/workdir:ro,Z" "-v" "/var/lib/crater-agent-workspace/cargo-home:/opt/rustwide/cargo-home:ro,Z" "-v" "/var/lib/crater-agent-workspace/rustup-home:/opt/rustwide/rustup-home:ro,Z" "-e" "SOURCE_DIR=/opt/rustwide/workdir" "-e" "CARGO_TARGET_DIR=/opt/rustwide/target" "-e" "CARGO_HOME=/opt/rustwide/cargo-home" "-e" "RUSTUP_HOME=/opt/rustwide/rustup-home" "-w" "/opt/rustwide/workdir" "-m" "1610612736" "--user" "0:0" "--network" "none" "ghcr.io/rust-lang/crates-build-env/linux@sha256:2788e3201cd34a07e3172128adcd8b3090168a8e3bcc40d7c032b9dda1df7d1c" "/opt/rustwide/cargo-home/bin/cargo" "+beta-2023-12-22" "metadata" "--no-deps" "--format-version=1", kill_on_drop: false }`
[INFO] [stdout] b8209c8366ef3faf48ddf2f2b596e9488b2f4eaf1a57291ce22352105aa0cdca
[INFO] running `Command { std: "docker" "start" "-a" "b8209c8366ef3faf48ddf2f2b596e9488b2f4eaf1a57291ce22352105aa0cdca", kill_on_drop: false }`
[INFO] running `Command { std: "docker" "inspect" "b8209c8366ef3faf48ddf2f2b596e9488b2f4eaf1a57291ce22352105aa0cdca", kill_on_drop: false }`
[INFO] running `Command { std: "docker" "rm" "-f" "b8209c8366ef3faf48ddf2f2b596e9488b2f4eaf1a57291ce22352105aa0cdca", kill_on_drop: false }`
[INFO] [stdout] b8209c8366ef3faf48ddf2f2b596e9488b2f4eaf1a57291ce22352105aa0cdca
[INFO] running `Command { std: "docker" "create" "-v" "/var/lib/crater-agent-workspace/builds/worker-4-tc2/target:/opt/rustwide/target:rw,Z" "-v" "/var/lib/crater-agent-workspace/builds/worker-4-tc2/source:/opt/rustwide/workdir:ro,Z" "-v" "/var/lib/crater-agent-workspace/cargo-home:/opt/rustwide/cargo-home:ro,Z" "-v" "/var/lib/crater-agent-workspace/rustup-home:/opt/rustwide/rustup-home:ro,Z" "-e" "SOURCE_DIR=/opt/rustwide/workdir" "-e" "CARGO_TARGET_DIR=/opt/rustwide/target" "-e" "CARGO_INCREMENTAL=0" "-e" "RUST_BACKTRACE=full" "-e" "RUSTFLAGS=--cap-lints=warn" "-e" "RUSTDOCFLAGS=--cap-lints=warn" "-e" "CARGO_HOME=/opt/rustwide/cargo-home" "-e" "RUSTUP_HOME=/opt/rustwide/rustup-home" "-w" "/opt/rustwide/workdir" "-m" "1610612736" "--user" "0:0" "--network" "none" "ghcr.io/rust-lang/crates-build-env/linux@sha256:2788e3201cd34a07e3172128adcd8b3090168a8e3bcc40d7c032b9dda1df7d1c" "/opt/rustwide/cargo-home/bin/cargo" "+beta-2023-12-22" "build" "--frozen" "--message-format=json", kill_on_drop: false }`
[INFO] [stdout] d49c9093e7504775e9ca16d867b9621218eee397916aac917d8e5d1b54e738de
[INFO] running `Command { std: "docker" "start" "-a" "d49c9093e7504775e9ca16d867b9621218eee397916aac917d8e5d1b54e738de", kill_on_drop: false }`
[INFO] [stderr]    Compiling proc-macro2 v1.0.24
[INFO] [stderr]    Compiling unicode-xid v0.2.1
[INFO] [stderr]    Compiling syn v1.0.61
[INFO] [stderr]    Compiling libc v0.2.88
[INFO] [stderr]    Compiling autocfg v1.0.1
[INFO] [stderr]    Compiling cfg-if v1.0.0
[INFO] [stderr]    Compiling lazy_static v1.4.0
[INFO] [stderr]    Compiling log v0.4.14
[INFO] [stderr]    Compiling memchr v2.3.4
[INFO] [stderr]    Compiling cfg-if v0.1.10
[INFO] [stderr]    Compiling proc-macro-hack v0.5.19
[INFO] [stderr]    Compiling pin-project-lite v0.2.6
[INFO] [stderr]    Compiling futures-core v0.3.13
[INFO] [stderr]    Compiling slab v0.4.2
[INFO] [stderr]    Compiling version_check v0.9.2
[INFO] [stderr]    Compiling futures-sink v0.3.13
[INFO] [stderr]    Compiling scopeguard v1.1.0
[INFO] [stderr]    Compiling smallvec v1.6.1
[INFO] [stderr]    Compiling proc-macro-nested v0.1.7
[INFO] [stderr]    Compiling fnv v1.0.7
[INFO] [stderr]    Compiling futures-io v0.3.13
[INFO] [stderr]    Compiling futures-channel v0.3.13
[INFO] [stderr]    Compiling futures-task v0.3.13
[INFO] [stderr]    Compiling pin-utils v0.1.0
[INFO] [stderr]    Compiling instant v0.1.9
[INFO] [stderr]    Compiling pin-project-lite v0.1.12
[INFO] [stderr]    Compiling serde_derive v1.0.124
[INFO] [stderr]    Compiling bytes v0.5.6
[INFO] [stderr]    Compiling lock_api v0.4.2
[INFO] [stderr]    Compiling byteorder v1.3.4
[INFO] [stderr]    Compiling serde v1.0.124
[INFO] [stderr]    Compiling pin-project-internal v0.4.27
[INFO] [stderr]    Compiling itoa v0.4.7
[INFO] [stderr]    Compiling once_cell v1.7.2
[INFO] [stderr]    Compiling matches v0.1.8
[INFO] [stderr]    Compiling bitflags v1.2.1
[INFO] [stderr]    Compiling getrandom v0.1.16
[INFO] [stderr]    Compiling miniz_oxide v0.4.4
[INFO] [stderr]    Compiling tinyvec_macros v0.1.0
[INFO] [stderr]    Compiling ryu v1.0.5
[INFO] [stderr]    Compiling cc v1.0.67
[INFO] [stderr]    Compiling percent-encoding v2.1.0
[INFO] [stderr]    Compiling tinyvec v1.1.1
[INFO] [stderr]    Compiling standback v0.2.15
[INFO] [stderr]    Compiling adler v1.0.2
[INFO] [stderr]    Compiling either v1.6.1
[INFO] [stderr]    Compiling regex-syntax v0.6.22
[INFO] [stderr]    Compiling copyless v0.1.5
[INFO] [stderr]    Compiling typenum v1.12.0
[INFO] [stderr]    Compiling form_urlencoded v1.0.1
[INFO] [stderr]    Compiling unicode-bidi v0.3.4
[INFO] [stderr]    Compiling generic-array v0.14.4
[INFO] [stderr]    Compiling unicode-segmentation v1.7.1
[INFO] [stderr]    Compiling quote v1.0.9
[INFO] [stderr]    Compiling gimli v0.23.0
[INFO] [stderr]    Compiling async-trait v0.1.45
[INFO] [stderr]    Compiling ppv-lite86 v0.2.10
[INFO] [stderr]    Compiling serde_json v1.0.64
[INFO] [stderr]    Compiling bytes v1.0.1
[INFO] [stderr]    Compiling signal-hook-registry v1.3.0
[INFO] [stderr]    Compiling iovec v0.1.4
[INFO] [stderr]    Compiling net2 v0.2.37
[INFO] [stderr]    Compiling parking_lot_core v0.8.3
[INFO] [stderr]    Compiling num_cpus v1.13.0
[INFO] [stderr]    Compiling unicode-normalization v0.1.17
[INFO] [stderr]    Compiling heck v0.3.2
[INFO] [stderr]    Compiling mio v0.6.23
[INFO] [stderr]    Compiling parking_lot v0.11.1
[INFO] [stderr]    Compiling threadpool v1.8.1
[INFO] [stderr]    Compiling rand_core v0.5.1
[INFO] [stderr]    Compiling aho-corasick v0.7.15
[INFO] [stderr]    Compiling thread_local v1.1.3
[INFO] [stderr]    Compiling match_cfg v0.1.0
[INFO] [stderr]    Compiling rand_chacha v0.2.2
[INFO] [stderr]    Compiling object v0.23.0
[INFO] [stderr]    Compiling crc32fast v1.2.1
[INFO] [stderr]    Compiling const_fn v0.4.5
[INFO] [stderr]    Compiling rustc-demangle v0.1.18
[INFO] [stderr]    Compiling hostname v0.3.1
[INFO] [stderr]    Compiling rand v0.7.3
[INFO] [stderr]    Compiling brotli-sys v0.3.2
[INFO] [stderr]    Compiling mio-uds v0.6.8
[INFO] [stderr]    Compiling http v0.2.3
[INFO] [stderr]    Compiling idna v0.2.2
[INFO] [stderr]    Compiling indexmap v1.6.2
[INFO] [stderr]    Compiling crossbeam-utils v0.7.2
[INFO] [stderr]    Compiling time v0.2.25
[INFO] [stderr]    Compiling tracing-core v0.1.17
[INFO] [stderr]    Compiling linked-hash-map v0.5.4
[INFO] [stderr]    Compiling quick-error v1.2.3
[INFO] [stderr]    Compiling regex v1.4.3
[INFO] [stderr]    Compiling maybe-uninit v2.0.0
[INFO] [stderr]    Compiling lru-cache v0.1.2
[INFO] [stderr]    Compiling url v2.2.1
[INFO] [stderr]    Compiling tracing v0.1.25
[INFO] [stderr]    Compiling resolv-conf v0.7.0
[INFO] [stderr]    Compiling num-traits v0.2.14
[INFO] [stderr]    Compiling cookie v0.14.4
[INFO] [stderr]    Compiling addr2line v0.14.1
[INFO] [stderr]    Compiling hashbrown v0.9.1
[INFO] [stderr]    Compiling encoding_rs v0.8.28
[INFO] [stderr]    Compiling httparse v1.3.5
[INFO] [stderr]    Compiling digest v0.9.0
[INFO] [stderr]    Compiling block-buffer v0.9.0
[INFO] [stderr]    Compiling fxhash v0.2.1
[INFO] [stderr]    Compiling memoffset v0.5.6
[INFO] [stderr]    Compiling num-integer v0.1.44
[INFO] [stderr]    Compiling tracing-core v0.2.0 (https://github.com/rosehuds/tracing#6b5f4521)
[INFO] [stderr]    Compiling cpuid-bool v0.1.2
[INFO] [stderr]    Compiling opaque-debug v0.3.0
[INFO] [stderr]    Compiling sha-1 v0.9.4
[INFO] [stderr]    Compiling flate2 v1.0.20
[INFO] [stderr]    Compiling socket2 v0.3.19
[INFO] [stderr]    Compiling crossbeam-utils v0.8.3
[INFO] [stderr]    Compiling memoffset v0.6.1
[INFO] [stderr]    Compiling crossbeam-epoch v0.8.2
[INFO] [stderr]    Compiling mime v0.3.16
[INFO] [stderr]    Compiling backtrace v0.3.56
[INFO] [stderr]    Compiling language-tags v0.2.2
[INFO] [stderr]    Compiling base64 v0.13.0
[INFO] [stderr]    Compiling regex-automata v0.1.9
[INFO] [stderr]    Compiling bytestring v1.0.0
[INFO] [stderr]    Compiling time v0.1.43
[INFO] [stderr]    Compiling tokio v1.2.0
[INFO] [stderr]    Compiling getrandom v0.2.2
[INFO] [stderr]    Compiling tracing-log v0.2.0 (https://github.com/rosehuds/tracing#6b5f4521)
[INFO] [stderr]    Compiling ring v0.16.20
[INFO] [stderr]    Compiling chrono v0.4.19
[INFO] [stderr]    Compiling mio v0.7.9
[INFO] [stderr]    Compiling sharded-slab v0.1.1
[INFO] [stderr]    Compiling arrayvec v0.5.2
[INFO] [stderr]    Compiling constant_time_eq v0.1.5
[INFO] [stderr]    Compiling ansi_term v0.12.1
[INFO] [stderr]    Compiling matchers v0.1.0
[INFO] [stderr]    Compiling arrayref v0.3.6
[INFO] [stderr]    Compiling blake2b_simd v0.5.11
[INFO] [stderr]    Compiling crossbeam-epoch v0.9.3
[INFO] [stderr]    Compiling crossbeam-deque v0.7.3
[INFO] [stderr]    Compiling crossbeam-queue v0.2.3
[INFO] [stderr]    Compiling crossbeam-channel v0.4.4
[INFO] [stderr]    Compiling fs2 v0.4.3
[INFO] [stderr]    Compiling base64 v0.10.1
[INFO] [stderr]    Compiling crossbeam-utils v0.6.6
[INFO] [stderr]    Compiling spin v0.5.2
[INFO] [stderr]    Compiling untrusted v0.7.1
[INFO] [stderr]    Compiling sled v0.34.6
[INFO] [stderr]    Compiling uuid v0.8.2
[INFO] [stderr]    Compiling itertools v0.10.0
[INFO] [stderr]    Compiling enum_extract v0.1.1
[INFO] [stderr]    Compiling rust-argon2 v0.5.1
[INFO] [stderr]    Compiling crossbeam v0.7.3
[INFO] [stderr]    Compiling futures-macro v0.3.13
[INFO] [stderr]    Compiling tokio-macros v0.2.6
[INFO] [stderr]    Compiling derive_more v0.99.11
[INFO] [stderr]    Compiling actix-macros v0.1.3
[INFO] [stderr]    Compiling thiserror-impl v1.0.24
[INFO] [stderr]    Compiling time-macros-impl v0.1.1
[INFO] [stderr]    Compiling enum-as-inner v0.3.3
[INFO] [stderr]    Compiling pin-project-internal v1.0.5
[INFO] [stderr]    Compiling tracing-attributes v0.2.0 (https://github.com/rosehuds/tracing#6b5f4521)
[INFO] [stderr]    Compiling tokio v0.2.25
[INFO] [stderr]    Compiling actix-web-codegen v0.4.0
[INFO] [stderr]    Compiling actix-macros v0.2.0
[INFO] [stderr]    Compiling futures-util v0.3.13
[INFO] [stderr]    Compiling time-macros v0.1.1
[INFO] [stderr]    Compiling brotli2 v0.3.2
[INFO] [stderr]    Compiling actix-rt v2.1.0
[INFO] [stderr]    Compiling displaydoc v0.1.7
[INFO] [stderr]    Compiling async-recursion v0.3.2
[INFO] [stderr]    Compiling thiserror v1.0.24
[INFO] [stderr]    Compiling pin-project v1.0.5
[INFO] [stderr]    Compiling tracing-futures v0.2.5
[INFO] [stderr]    Compiling tracing v0.2.0 (https://github.com/rosehuds/tracing#6b5f4521)
[INFO] [stderr]    Compiling pin-project v0.4.27
[INFO] [stderr]    Compiling tokio-util v0.3.1
[INFO] [stderr]    Compiling actix-threadpool v0.3.3
[INFO] [stderr]    Compiling actix-codec v0.3.0
[INFO] [stderr]    Compiling actix-service v1.0.6
[INFO] [stderr]    Compiling actix-rt v1.1.1
[INFO] [stderr]    Compiling futures-executor v0.3.13
[INFO] [stderr]    Compiling h2 v0.2.7
[INFO] [stderr]    Compiling futures v0.3.13
[INFO] [stderr]    Compiling trust-dns-proto v0.19.6
[INFO] [stderr]    Compiling actix-utils v2.0.0
[INFO] [stderr]    Compiling actix-server v1.0.4
[INFO] [stderr]    Compiling actix-tls v2.0.0
[INFO] [stderr]    Compiling actix-testing v1.0.1
[INFO] [stderr]    Compiling trust-dns-resolver v0.19.6
[INFO] [stderr]    Compiling serde_urlencoded v0.7.0
[INFO] [stderr]    Compiling actix-router v0.2.7
[INFO] [stderr]    Compiling tracing-serde v0.2.0 (https://github.com/rosehuds/tracing#6b5f4521)
[INFO] [stderr]    Compiling bincode v1.3.2
[INFO] [stderr]    Compiling toml v0.5.8
[INFO] [stderr]    Compiling actix-connect v2.0.0
[INFO] [stderr]    Compiling actix-http v2.2.0
[INFO] [stderr]    Compiling tracing-subscriber v0.3.0 (https://github.com/rosehuds/tracing#6b5f4521)
[INFO] [stderr]    Compiling serde_canonical v0.1.0
[INFO] [stderr]    Compiling tracing-error v0.2.0 (https://github.com/rosehuds/tracing#6b5f4521)
[INFO] [stderr]    Compiling awc v2.0.3
[INFO] [stderr]    Compiling actix-web v3.3.2
[INFO] [stderr]    Compiling actix-cors v0.5.4
[INFO] [stderr]    Compiling kerux v0.1.0 (/opt/rustwide/workdir)
[INFO] [stdout] warning: unused import: `MxidError`
[INFO] [stdout]  --> src/util/mod.rs:9:26
[INFO] [stdout]   |
[INFO] [stdout] 9 | pub use mxid::{MatrixId, MxidError};
[INFO] [stdout]   |                          ^^^^^^^^^
[INFO] [stdout]   |
[INFO] [stdout]   = note: `#[warn(unused_imports)]` on by default
[INFO] [stdout] 
[INFO] [stdout] 
[INFO] [stdout] warning: fields `login_type`, `token`, and `initial_device_display_name` are never read
[INFO] [stdout]   --> src/client_api/auth.rs:83:5
[INFO] [stdout]    |
[INFO] [stdout] 81 | pub struct LoginRequest {
[INFO] [stdout]    |            ------------ fields in this struct
[INFO] [stdout] 82 |     #[serde(rename = "type")]
[INFO] [stdout] 83 |     login_type: LoginType,
[INFO] [stdout]    |     ^^^^^^^^^^
[INFO] [stdout] ...
[INFO] [stdout] 86 |     token: Option<String>,
[INFO] [stdout]    |     ^^^^^
[INFO] [stdout] 87 |     device_id: Option<String>,
[INFO] [stdout] 88 |     initial_device_display_name: String,
[INFO] [stdout]    |     ^^^^^^^^^^^^^^^^^^^^^^^^^^^
[INFO] [stdout]    |
[INFO] [stdout]    = note: `LoginRequest` has a derived impl for the trait `Debug`, but this is intentionally ignored during dead code analysis
[INFO] [stdout]    = note: `#[warn(dead_code)]` on by default
[INFO] [stdout] 
[INFO] [stdout] 
[INFO] [stdout] warning: fields `medium` and `address` are never read
[INFO] [stdout]   --> src/client_api/auth.rs:97:18
[INFO] [stdout]    |
[INFO] [stdout] 97 |     ThirdParty { medium: String, address: String },
[INFO] [stdout]    |     ----------   ^^^^^^          ^^^^^^^
[INFO] [stdout]    |     |
[INFO] [stdout]    |     fields in this variant
[INFO] [stdout] 
[INFO] [stdout] 
[INFO] [stdout] warning: fields `country` and `phone` are never read
[INFO] [stdout]   --> src/client_api/auth.rs:99:13
[INFO] [stdout]    |
[INFO] [stdout] 99 |     Phone { country: String, phone: String },
[INFO] [stdout]    |     -----   ^^^^^^^          ^^^^^
[INFO] [stdout]    |     |
[INFO] [stdout]    |     fields in this variant
[INFO] [stdout] 
[INFO] [stdout] 
[INFO] [stdout] warning: fields `auth`, `bind_email`, `bind_msisdn`, and `initial_device_display_name` are never read
[INFO] [stdout]    --> src/client_api/auth.rs:176:5
[INFO] [stdout]     |
[INFO] [stdout] 175 | pub struct RegisterRequest {
[INFO] [stdout]     |            --------------- fields in this struct
[INFO] [stdout] 176 |     auth: serde_json::Value,
[INFO] [stdout]     |     ^^^^
[INFO] [stdout] 177 |     bind_email: bool,
[INFO] [stdout]     |     ^^^^^^^^^^
[INFO] [stdout] 178 |     bind_msisdn: bool,
[INFO] [stdout]     |     ^^^^^^^^^^^
[INFO] [stdout] ...
[INFO] [stdout] 182 |     initial_device_display_name: String,
[INFO] [stdout]     |     ^^^^^^^^^^^^^^^^^^^^^^^^^^^
[INFO] [stdout]     |
[INFO] [stdout]     = note: `RegisterRequest` has a derived impl for the trait `Debug`, but this is intentionally ignored during dead code analysis
[INFO] [stdout] 
[INFO] [stdout] 
[INFO] [stdout] warning: fields `room_alias_name` and `invite_3pid` are never read
[INFO] [stdout]   --> src/client_api/room.rs:22:5
[INFO] [stdout]    |
[INFO] [stdout] 20 | pub struct CreateRoomRequest {
[INFO] [stdout]    |            ----------------- fields in this struct
[INFO] [stdout] 21 |     visibility: RoomVisibility,
[INFO] [stdout] 22 |     room_alias_name: Option<String>,
[INFO] [stdout]    |     ^^^^^^^^^^^^^^^
[INFO] [stdout] ...
[INFO] [stdout] 26 |     invite_3pid: Option<Vec<Invite3pid>>,
[INFO] [stdout]    |     ^^^^^^^^^^^
[INFO] [stdout] 
[INFO] [stdout] 
[INFO] [stdout] warning: fields `id_server`, `medium`, and `address` are never read
[INFO] [stdout]   --> src/client_api/room.rs:44:5
[INFO] [stdout]    |
[INFO] [stdout] 43 | struct Invite3pid {
[INFO] [stdout]    |        ---------- fields in this struct
[INFO] [stdout] 44 |     id_server: String,
[INFO] [stdout]    |     ^^^^^^^^^
[INFO] [stdout] 45 |     medium: String,
[INFO] [stdout]    |     ^^^^^^
[INFO] [stdout] 46 |     address: String,
[INFO] [stdout]    |     ^^^^^^^
[INFO] [stdout] 
[INFO] [stdout] 
[INFO] [stdout] warning: fields `filter` and `set_presence` are never read
[INFO] [stdout]   --> src/client_api/room_events.rs:25:5
[INFO] [stdout]    |
[INFO] [stdout] 23 | pub struct SyncRequest {
[INFO] [stdout]    |            ----------- fields in this struct
[INFO] [stdout] 24 |     #[serde(default)]
[INFO] [stdout] 25 |     filter: Option<String>,
[INFO] [stdout]    |     ^^^^^^
[INFO] [stdout] ...
[INFO] [stdout] 31 |     set_presence: SetPresence,
[INFO] [stdout]    |     ^^^^^^^^^^^^
[INFO] [stdout]    |
[INFO] [stdout]    = note: `SyncRequest` has a derived impl for the trait `Debug`, but this is intentionally ignored during dead code analysis
[INFO] [stdout] 
[INFO] [stdout] 
[INFO] [stdout] warning: field `at` is never read
[INFO] [stdout]    --> src/client_api/room_events.rs:426:5
[INFO] [stdout]     |
[INFO] [stdout] 425 | pub struct MembersRequest {
[INFO] [stdout]     |            -------------- field in this struct
[INFO] [stdout] 426 |     at: String,
[INFO] [stdout]     |     ^^
[INFO] [stdout] 
[INFO] [stdout] 
[INFO] [stdout] warning: field `limit` is never read
[INFO] [stdout]    --> src/client_api/user.rs:156:5
[INFO] [stdout]     |
[INFO] [stdout] 153 | pub struct UserDirSearchRequest {
[INFO] [stdout]     |            -------------------- field in this struct
[INFO] [stdout] ...
[INFO] [stdout] 156 |     limit: Option<usize>,
[INFO] [stdout]     |     ^^^^^
[INFO] [stdout] 
[INFO] [stdout] 
[INFO] [stdout] warning: variants `Email` and `Msisdn` are never constructed
[INFO] [stdout]    --> src/client_api/user.rs:217:5
[INFO] [stdout]     |
[INFO] [stdout] 216 | pub enum Medium {
[INFO] [stdout]     |          ------ variants in this enum
[INFO] [stdout] 217 |     Email,
[INFO] [stdout]     |     ^^^^^
[INFO] [stdout] 218 |     // Phone number, including calling code
[INFO] [stdout] 219 |     Msisdn,
[INFO] [stdout]     |     ^^^^^^
[INFO] [stdout] 
[INFO] [stdout] 
[INFO] [stdout] warning: 11 warnings emitted
[INFO] [stdout] 
[INFO] [stdout] 
[INFO] [stderr]     Finished dev [unoptimized + debuginfo] target(s) in 26.77s
[INFO] running `Command { std: "docker" "inspect" "d49c9093e7504775e9ca16d867b9621218eee397916aac917d8e5d1b54e738de", kill_on_drop: false }`
[INFO] running `Command { std: "docker" "rm" "-f" "d49c9093e7504775e9ca16d867b9621218eee397916aac917d8e5d1b54e738de", kill_on_drop: false }`
[INFO] [stdout] d49c9093e7504775e9ca16d867b9621218eee397916aac917d8e5d1b54e738de
[INFO] running `Command { std: "docker" "create" "-v" "/var/lib/crater-agent-workspace/builds/worker-4-tc2/target:/opt/rustwide/target:rw,Z" "-v" "/var/lib/crater-agent-workspace/builds/worker-4-tc2/source:/opt/rustwide/workdir:ro,Z" "-v" "/var/lib/crater-agent-workspace/cargo-home:/opt/rustwide/cargo-home:ro,Z" "-v" "/var/lib/crater-agent-workspace/rustup-home:/opt/rustwide/rustup-home:ro,Z" "-e" "SOURCE_DIR=/opt/rustwide/workdir" "-e" "CARGO_TARGET_DIR=/opt/rustwide/target" "-e" "CARGO_INCREMENTAL=0" "-e" "RUST_BACKTRACE=full" "-e" "RUSTFLAGS=--cap-lints=warn" "-e" "RUSTDOCFLAGS=--cap-lints=warn" "-e" "CARGO_HOME=/opt/rustwide/cargo-home" "-e" "RUSTUP_HOME=/opt/rustwide/rustup-home" "-w" "/opt/rustwide/workdir" "-m" "1610612736" "--user" "0:0" "--network" "none" "ghcr.io/rust-lang/crates-build-env/linux@sha256:2788e3201cd34a07e3172128adcd8b3090168a8e3bcc40d7c032b9dda1df7d1c" "/opt/rustwide/cargo-home/bin/cargo" "+beta-2023-12-22" "test" "--frozen" "--no-run" "--message-format=json", kill_on_drop: false }`
[INFO] [stdout] fd10787ed3be12ec87bec6fb128250f6f44caafcb320c7a24fb3bdbbedd13ae4
[INFO] running `Command { std: "docker" "start" "-a" "fd10787ed3be12ec87bec6fb128250f6f44caafcb320c7a24fb3bdbbedd13ae4", kill_on_drop: false }`
[INFO] [stderr]    Compiling kerux v0.1.0 (/opt/rustwide/workdir)
[INFO] [stdout] warning: unused import: `MxidError`
[INFO] [stdout]  --> src/util/mod.rs:9:26
[INFO] [stdout]   |
[INFO] [stdout] 9 | pub use mxid::{MatrixId, MxidError};
[INFO] [stdout]   |                          ^^^^^^^^^
[INFO] [stdout]   |
[INFO] [stdout]   = note: `#[warn(unused_imports)]` on by default
[INFO] [stdout] 
[INFO] [stdout] 
[INFO] [stdout] warning: fields `login_type`, `token`, and `initial_device_display_name` are never read
[INFO] [stdout]   --> src/client_api/auth.rs:83:5
[INFO] [stdout]    |
[INFO] [stdout] 81 | pub struct LoginRequest {
[INFO] [stdout]    |            ------------ fields in this struct
[INFO] [stdout] 82 |     #[serde(rename = "type")]
[INFO] [stdout] 83 |     login_type: LoginType,
[INFO] [stdout]    |     ^^^^^^^^^^
[INFO] [stdout] ...
[INFO] [stdout] 86 |     token: Option<String>,
[INFO] [stdout]    |     ^^^^^
[INFO] [stdout] 87 |     device_id: Option<String>,
[INFO] [stdout] 88 |     initial_device_display_name: String,
[INFO] [stdout]    |     ^^^^^^^^^^^^^^^^^^^^^^^^^^^
[INFO] [stdout]    |
[INFO] [stdout]    = note: `LoginRequest` has a derived impl for the trait `Debug`, but this is intentionally ignored during dead code analysis
[INFO] [stdout]    = note: `#[warn(dead_code)]` on by default
[INFO] [stdout] 
[INFO] [stdout] 
[INFO] [stdout] warning: fields `medium` and `address` are never read
[INFO] [stdout]   --> src/client_api/auth.rs:97:18
[INFO] [stdout]    |
[INFO] [stdout] 97 |     ThirdParty { medium: String, address: String },
[INFO] [stdout]    |     ----------   ^^^^^^          ^^^^^^^
[INFO] [stdout]    |     |
[INFO] [stdout]    |     fields in this variant
[INFO] [stdout] 
[INFO] [stdout] 
[INFO] [stdout] warning: fields `country` and `phone` are never read
[INFO] [stdout]   --> src/client_api/auth.rs:99:13
[INFO] [stdout]    |
[INFO] [stdout] 99 |     Phone { country: String, phone: String },
[INFO] [stdout]    |     -----   ^^^^^^^          ^^^^^
[INFO] [stdout]    |     |
[INFO] [stdout]    |     fields in this variant
[INFO] [stdout] 
[INFO] [stdout] 
[INFO] [stdout] warning: fields `auth`, `bind_email`, `bind_msisdn`, and `initial_device_display_name` are never read
[INFO] [stdout]    --> src/client_api/auth.rs:176:5
[INFO] [stdout]     |
[INFO] [stdout] 175 | pub struct RegisterRequest {
[INFO] [stdout]     |            --------------- fields in this struct
[INFO] [stdout] 176 |     auth: serde_json::Value,
[INFO] [stdout]     |     ^^^^
[INFO] [stdout] 177 |     bind_email: bool,
[INFO] [stdout]     |     ^^^^^^^^^^
[INFO] [stdout] 178 |     bind_msisdn: bool,
[INFO] [stdout]     |     ^^^^^^^^^^^
[INFO] [stdout] ...
[INFO] [stdout] 182 |     initial_device_display_name: String,
[INFO] [stdout]     |     ^^^^^^^^^^^^^^^^^^^^^^^^^^^
[INFO] [stdout]     |
[INFO] [stdout]     = note: `RegisterRequest` has a derived impl for the trait `Debug`, but this is intentionally ignored during dead code analysis
[INFO] [stdout] 
[INFO] [stdout] 
[INFO] [stdout] warning: fields `room_alias_name` and `invite_3pid` are never read
[INFO] [stdout]   --> src/client_api/room.rs:22:5
[INFO] [stdout]    |
[INFO] [stdout] 20 | pub struct CreateRoomRequest {
[INFO] [stdout]    |            ----------------- fields in this struct
[INFO] [stdout] 21 |     visibility: RoomVisibility,
[INFO] [stdout] 22 |     room_alias_name: Option<String>,
[INFO] [stdout]    |     ^^^^^^^^^^^^^^^
[INFO] [stdout] ...
[INFO] [stdout] 26 |     invite_3pid: Option<Vec<Invite3pid>>,
[INFO] [stdout]    |     ^^^^^^^^^^^
[INFO] [stdout] 
[INFO] [stdout] 
[INFO] [stdout] warning: fields `id_server`, `medium`, and `address` are never read
[INFO] [stdout]   --> src/client_api/room.rs:44:5
[INFO] [stdout]    |
[INFO] [stdout] 43 | struct Invite3pid {
[INFO] [stdout]    |        ---------- fields in this struct
[INFO] [stdout] 44 |     id_server: String,
[INFO] [stdout]    |     ^^^^^^^^^
[INFO] [stdout] 45 |     medium: String,
[INFO] [stdout]    |     ^^^^^^
[INFO] [stdout] 46 |     address: String,
[INFO] [stdout]    |     ^^^^^^^
[INFO] [stdout] 
[INFO] [stdout] 
[INFO] [stdout] warning: fields `filter` and `set_presence` are never read
[INFO] [stdout]   --> src/client_api/room_events.rs:25:5
[INFO] [stdout]    |
[INFO] [stdout] 23 | pub struct SyncRequest {
[INFO] [stdout]    |            ----------- fields in this struct
[INFO] [stdout] 24 |     #[serde(default)]
[INFO] [stdout] 25 |     filter: Option<String>,
[INFO] [stdout]    |     ^^^^^^
[INFO] [stdout] ...
[INFO] [stdout] 31 |     set_presence: SetPresence,
[INFO] [stdout]    |     ^^^^^^^^^^^^
[INFO] [stdout]    |
[INFO] [stdout]    = note: `SyncRequest` has a derived impl for the trait `Debug`, but this is intentionally ignored during dead code analysis
[INFO] [stdout] 
[INFO] [stdout] 
[INFO] [stdout] warning: field `at` is never read
[INFO] [stdout]    --> src/client_api/room_events.rs:426:5
[INFO] [stdout]     |
[INFO] [stdout] 425 | pub struct MembersRequest {
[INFO] [stdout]     |            -------------- field in this struct
[INFO] [stdout] 426 |     at: String,
[INFO] [stdout]     |     ^^
[INFO] [stdout] 
[INFO] [stdout] 
[INFO] [stdout] warning: field `limit` is never read
[INFO] [stdout]    --> src/client_api/user.rs:156:5
[INFO] [stdout]     |
[INFO] [stdout] 153 | pub struct UserDirSearchRequest {
[INFO] [stdout]     |            -------------------- field in this struct
[INFO] [stdout] ...
[INFO] [stdout] 156 |     limit: Option<usize>,
[INFO] [stdout]     |     ^^^^^
[INFO] [stdout] 
[INFO] [stdout] 
[INFO] [stdout] warning: variants `Email` and `Msisdn` are never constructed
[INFO] [stdout]    --> src/client_api/user.rs:217:5
[INFO] [stdout]     |
[INFO] [stdout] 216 | pub enum Medium {
[INFO] [stdout]     |          ------ variants in this enum
[INFO] [stdout] 217 |     Email,
[INFO] [stdout]     |     ^^^^^
[INFO] [stdout] 218 |     // Phone number, including calling code
[INFO] [stdout] 219 |     Msisdn,
[INFO] [stdout]     |     ^^^^^^
[INFO] [stdout] 
[INFO] [stdout] 
[INFO] [stdout] warning: function `construct_cursed_room` is never used
[INFO] [stdout]    --> src/state/mod.rs:665:14
[INFO] [stdout]     |
[INFO] [stdout] 665 |     async fn construct_cursed_room(
[INFO] [stdout]     |              ^^^^^^^^^^^^^^^^^^^^^
[INFO] [stdout] 
[INFO] [stdout] 
[INFO] [stdout] warning: 12 warnings emitted
[INFO] [stdout] 
[INFO] [stdout] 
[INFO] [stderr]     Finished test [unoptimized + debuginfo] target(s) in 6.76s
[INFO] running `Command { std: "docker" "inspect" "fd10787ed3be12ec87bec6fb128250f6f44caafcb320c7a24fb3bdbbedd13ae4", kill_on_drop: false }`
[INFO] running `Command { std: "docker" "rm" "-f" "fd10787ed3be12ec87bec6fb128250f6f44caafcb320c7a24fb3bdbbedd13ae4", kill_on_drop: false }`
[INFO] [stdout] fd10787ed3be12ec87bec6fb128250f6f44caafcb320c7a24fb3bdbbedd13ae4
[INFO] running `Command { std: "docker" "create" "-v" "/var/lib/crater-agent-workspace/builds/worker-4-tc2/target:/opt/rustwide/target:rw,Z" "-v" "/var/lib/crater-agent-workspace/builds/worker-4-tc2/source:/opt/rustwide/workdir:ro,Z" "-v" "/var/lib/crater-agent-workspace/cargo-home:/opt/rustwide/cargo-home:ro,Z" "-v" "/var/lib/crater-agent-workspace/rustup-home:/opt/rustwide/rustup-home:ro,Z" "-e" "SOURCE_DIR=/opt/rustwide/workdir" "-e" "CARGO_TARGET_DIR=/opt/rustwide/target" "-e" "CARGO_INCREMENTAL=0" "-e" "RUST_BACKTRACE=full" "-e" "RUSTFLAGS=--cap-lints=warn" "-e" "RUSTDOCFLAGS=--cap-lints=warn" "-e" "CARGO_HOME=/opt/rustwide/cargo-home" "-e" "RUSTUP_HOME=/opt/rustwide/rustup-home" "-w" "/opt/rustwide/workdir" "-m" "1610612736" "--user" "0:0" "--network" "none" "ghcr.io/rust-lang/crates-build-env/linux@sha256:2788e3201cd34a07e3172128adcd8b3090168a8e3bcc40d7c032b9dda1df7d1c" "/opt/rustwide/cargo-home/bin/cargo" "+beta-2023-12-22" "test" "--frozen", kill_on_drop: false }`
[INFO] [stdout] 434a04976a138c8da3f711d4a6b0ab9def025a3c5697ba2f31e937bce671772e
[INFO] running `Command { std: "docker" "start" "-a" "434a04976a138c8da3f711d4a6b0ab9def025a3c5697ba2f31e937bce671772e", kill_on_drop: false }`
[INFO] [stderr] warning: unused import: `MxidError`
[INFO] [stderr]  --> src/util/mod.rs:9:26
[INFO] [stderr]   |
[INFO] [stderr] 9 | pub use mxid::{MatrixId, MxidError};
[INFO] [stderr]   |                          ^^^^^^^^^
[INFO] [stderr]   |
[INFO] [stderr]   = note: `#[warn(unused_imports)]` on by default
[INFO] [stderr] 
[INFO] [stderr] warning: fields `login_type`, `token`, and `initial_device_display_name` are never read
[INFO] [stderr]   --> src/client_api/auth.rs:83:5
[INFO] [stderr]    |
[INFO] [stderr] 81 | pub struct LoginRequest {
[INFO] [stderr]    |            ------------ fields in this struct
[INFO] [stderr] 82 |     #[serde(rename = "type")]
[INFO] [stderr] 83 |     login_type: LoginType,
[INFO] [stderr]    |     ^^^^^^^^^^
[INFO] [stderr] ...
[INFO] [stderr] 86 |     token: Option<String>,
[INFO] [stderr]    |     ^^^^^
[INFO] [stderr] 87 |     device_id: Option<String>,
[INFO] [stderr] 88 |     initial_device_display_name: String,
[INFO] [stderr]    |     ^^^^^^^^^^^^^^^^^^^^^^^^^^^
[INFO] [stderr]    |
[INFO] [stderr]    = note: `LoginRequest` has a derived impl for the trait `Debug`, but this is intentionally ignored during dead code analysis
[INFO] [stderr]    = note: `#[warn(dead_code)]` on by default
[INFO] [stderr] 
[INFO] [stderr] warning: fields `medium` and `address` are never read
[INFO] [stderr]   --> src/client_api/auth.rs:97:18
[INFO] [stderr]    |
[INFO] [stderr] 97 |     ThirdParty { medium: String, address: String },
[INFO] [stderr]    |     ----------   ^^^^^^          ^^^^^^^
[INFO] [stderr]    |     |
[INFO] [stderr]    |     fields in this variant
[INFO] [stderr] 
[INFO] [stderr] warning: fields `country` and `phone` are never read
[INFO] [stderr]   --> src/client_api/auth.rs:99:13
[INFO] [stderr]    |
[INFO] [stderr] 99 |     Phone { country: String, phone: String },
[INFO] [stderr]    |     -----   ^^^^^^^          ^^^^^
[INFO] [stderr]    |     |
[INFO] [stderr]    |     fields in this variant
[INFO] [stderr] 
[INFO] [stderr] warning: fields `auth`, `bind_email`, `bind_msisdn`, and `initial_device_display_name` are never read
[INFO] [stderr]    --> src/client_api/auth.rs:176:5
[INFO] [stderr]     |
[INFO] [stderr] 175 | pub struct RegisterRequest {
[INFO] [stderr]     |            --------------- fields in this struct
[INFO] [stderr] 176 |     auth: serde_json::Value,
[INFO] [stderr]     |     ^^^^
[INFO] [stderr] 177 |     bind_email: bool,
[INFO] [stderr]     |     ^^^^^^^^^^
[INFO] [stderr] 178 |     bind_msisdn: bool,
[INFO] [stderr]     |     ^^^^^^^^^^^
[INFO] [stderr] ...
[INFO] [stderr] 182 |     initial_device_display_name: String,
[INFO] [stderr]     |     ^^^^^^^^^^^^^^^^^^^^^^^^^^^
[INFO] [stderr]     |
[INFO] [stderr]     = note: `RegisterRequest` has a derived impl for the trait `Debug`, but this is intentionally ignored during dead code analysis
[INFO] [stderr] 
[INFO] [stderr] warning: fields `room_alias_name` and `invite_3pid` are never read
[INFO] [stderr]   --> src/client_api/room.rs:22:5
[INFO] [stderr]    |
[INFO] [stderr] 20 | pub struct CreateRoomRequest {
[INFO] [stderr]    |            ----------------- fields in this struct
[INFO] [stderr] 21 |     visibility: RoomVisibility,
[INFO] [stderr] 22 |     room_alias_name: Option<String>,
[INFO] [stderr]    |     ^^^^^^^^^^^^^^^
[INFO] [stderr] ...
[INFO] [stderr] 26 |     invite_3pid: Option<Vec<Invite3pid>>,
[INFO] [stderr]    |     ^^^^^^^^^^^
[INFO] [stderr] 
[INFO] [stderr] warning: fields `id_server`, `medium`, and `address` are never read
[INFO] [stderr]   --> src/client_api/room.rs:44:5
[INFO] [stderr]    |
[INFO] [stderr] 43 | struct Invite3pid {
[INFO] [stderr]    |        ---------- fields in this struct
[INFO] [stderr] 44 |     id_server: String,
[INFO] [stderr]    |     ^^^^^^^^^
[INFO] [stderr] 45 |     medium: String,
[INFO] [stderr]    |     ^^^^^^
[INFO] [stderr] 46 |     address: String,
[INFO] [stderr]    |     ^^^^^^^
[INFO] [stderr] 
[INFO] [stderr] warning: fields `filter` and `set_presence` are never read
[INFO] [stderr]   --> src/client_api/room_events.rs:25:5
[INFO] [stderr]    |
[INFO] [stderr] 23 | pub struct SyncRequest {
[INFO] [stderr]    |            ----------- fields in this struct
[INFO] [stderr] 24 |     #[serde(default)]
[INFO] [stderr] 25 |     filter: Option<String>,
[INFO] [stderr]    |     ^^^^^^
[INFO] [stderr] ...
[INFO] [stderr] 31 |     set_presence: SetPresence,
[INFO] [stderr]    |     ^^^^^^^^^^^^
[INFO] [stderr]    |
[INFO] [stderr]    = note: `SyncRequest` has a derived impl for the trait `Debug`, but this is intentionally ignored during dead code analysis
[INFO] [stderr] 
[INFO] [stderr] warning: field `at` is never read
[INFO] [stderr]    --> src/client_api/room_events.rs:426:5
[INFO] [stderr]     |
[INFO] [stderr] 425 | pub struct MembersRequest {
[INFO] [stderr]     |            -------------- field in this struct
[INFO] [stderr] 426 |     at: String,
[INFO] [stderr]     |     ^^
[INFO] [stderr] 
[INFO] [stderr] warning: field `limit` is never read
[INFO] [stderr]    --> src/client_api/user.rs:156:5
[INFO] [stderr]     |
[INFO] [stderr] 153 | pub struct UserDirSearchRequest {
[INFO] [stderr]     |            -------------------- field in this struct
[INFO] [stderr] ...
[INFO] [stderr] 156 |     limit: Option<usize>,
[INFO] [stderr]     |     ^^^^^
[INFO] [stderr] 
[INFO] [stderr] warning: variants `Email` and `Msisdn` are never constructed
[INFO] [stderr]    --> src/client_api/user.rs:217:5
[INFO] [stderr]     |
[INFO] [stderr] 216 | pub enum Medium {
[INFO] [stderr]     |          ------ variants in this enum
[INFO] [stderr] 217 |     Email,
[INFO] [stderr]     |     ^^^^^
[INFO] [stderr] 218 |     // Phone number, including calling code
[INFO] [stderr] 219 |     Msisdn,
[INFO] [stderr]     |     ^^^^^^
[INFO] [stderr] 
[INFO] [stderr] warning: function `construct_cursed_room` is never used
[INFO] [stderr]    --> src/state/mod.rs:665:14
[INFO] [stderr]     |
[INFO] [stderr] 665 |     async fn construct_cursed_room(
[INFO] [stderr]     |              ^^^^^^^^^^^^^^^^^^^^^
[INFO] [stderr] 
[INFO] [stderr] warning: `kerux` (bin "kerux" test) generated 12 warnings (run `cargo fix --bin "kerux" --tests` to apply 1 suggestion)
[INFO] [stderr]     Finished test [unoptimized + debuginfo] target(s) in 0.13s
[INFO] [stderr]      Running unittests src/main.rs (/opt/rustwide/target/debug/deps/kerux-0fc43fe5a173c3ab)
[INFO] [stdout] 
[INFO] [stdout] running 5 tests
[INFO] [stdout] test state::tests::linear ... ok
[INFO] [stdout] test storage::tests::sled_backend_transactions ... FAILED
[INFO] [stdout] test storage::tests::sled_backend_user_accounts ... FAILED
[INFO] [stdout] test storage::tests::mem_backend_transactions ... ok
[INFO] [stdout] test storage::tests::mem_backend_user_accounts ... ok
[INFO] [stdout] 
[INFO] [stdout] failures:
[INFO] [stdout] 
[INFO] [stdout] ---- storage::tests::sled_backend_transactions stdout ----
[INFO] [stdout] thread 'storage::tests::sled_backend_transactions' panicked at src/storage/mod.rs:503:59:
[INFO] [stdout] called `Result::unwrap()` on an `Err` value: Error { inner: SledError(Io(Os { code: 30, kind: ReadOnlyFilesystem, message: "Read-only file system" })), spantrace: SpanTrace [] }
[INFO] [stdout] stack backtrace:
[INFO] [stdout]    0:     0x5634783448e6 - std::backtrace_rs::backtrace::libunwind::trace::h261606ad26a499c1
[INFO] [stdout]                                at /rustc/0e09125c6c3c2fd70d7de961bcf0e51575235fad/library/std/src/../../backtrace/src/backtrace/libunwind.rs:104:5
[INFO] [stdout]    1:     0x5634783448e6 - std::backtrace_rs::backtrace::trace_unsynchronized::hd183f0625477fb28
[INFO] [stdout]                                at /rustc/0e09125c6c3c2fd70d7de961bcf0e51575235fad/library/std/src/../../backtrace/src/backtrace/mod.rs:66:5
[INFO] [stdout]    2:     0x5634783448e6 - std::sys_common::backtrace::_print_fmt::hd7f8fef21b4eda67
[INFO] [stdout]                                at /rustc/0e09125c6c3c2fd70d7de961bcf0e51575235fad/library/std/src/sys_common/backtrace.rs:68:5
[INFO] [stdout]    3:     0x5634783448e6 - <std::sys_common::backtrace::_print::DisplayBacktrace as core::fmt::Display>::fmt::h623d9b51f2f453f1
[INFO] [stdout]                                at /rustc/0e09125c6c3c2fd70d7de961bcf0e51575235fad/library/std/src/sys_common/backtrace.rs:44:22
[INFO] [stdout]    4:     0x56347836f940 - core::fmt::rt::Argument::fmt::h9f417ac76a86f368
[INFO] [stdout]                                at /rustc/0e09125c6c3c2fd70d7de961bcf0e51575235fad/library/core/src/fmt/rt.rs:142:9
[INFO] [stdout]    5:     0x56347836f940 - core::fmt::write::hc9b6faf4ac2aeff7
[INFO] [stdout]                                at /rustc/0e09125c6c3c2fd70d7de961bcf0e51575235fad/library/core/src/fmt/mod.rs:1120:17
[INFO] [stdout]    6:     0x563478341aef - std::io::Write::write_fmt::he04625a3a989fec3
[INFO] [stdout]                                at /rustc/0e09125c6c3c2fd70d7de961bcf0e51575235fad/library/std/src/io/mod.rs:1810:15
[INFO] [stdout]    7:     0x5634783446c4 - std::sys_common::backtrace::_print::hd5d66399c7df88a2
[INFO] [stdout]                                at /rustc/0e09125c6c3c2fd70d7de961bcf0e51575235fad/library/std/src/sys_common/backtrace.rs:47:5
[INFO] [stdout]    8:     0x5634783446c4 - std::sys_common::backtrace::print::he81ed2da642d37e5
[INFO] [stdout]                                at /rustc/0e09125c6c3c2fd70d7de961bcf0e51575235fad/library/std/src/sys_common/backtrace.rs:34:9
[INFO] [stdout]    9:     0x563478346437 - std::panicking::default_hook::{{closure}}::h85773f4fa117163d
[INFO] [stdout]   10:     0x56347834611d - std::panicking::default_hook::h6a1694a91d09b278
[INFO] [stdout]                                at /rustc/0e09125c6c3c2fd70d7de961bcf0e51575235fad/library/std/src/panicking.rs:289:9
[INFO] [stdout]   11:     0x563477e05047 - <alloc::boxed::Box<F,A> as core::ops::function::Fn<Args>>::call::h616ac37fa3cd6c8f
[INFO] [stdout]                                at /rustc/0e09125c6c3c2fd70d7de961bcf0e51575235fad/library/alloc/src/boxed.rs:2029:9
[INFO] [stdout]   12:     0x563477e05047 - test::test_main::{{closure}}::h00d84697cefdcbb6
[INFO] [stdout]                                at /rustc/0e09125c6c3c2fd70d7de961bcf0e51575235fad/library/test/src/lib.rs:138:21
[INFO] [stdout]   13:     0x563478346a56 - <alloc::boxed::Box<F,A> as core::ops::function::Fn<Args>>::call::hcb3fe3b9bb537ba8
[INFO] [stdout]                                at /rustc/0e09125c6c3c2fd70d7de961bcf0e51575235fad/library/alloc/src/boxed.rs:2029:9
[INFO] [stdout]   14:     0x563478346a56 - std::panicking::rust_panic_with_hook::h0a7ad96e90f7145b
[INFO] [stdout]                                at /rustc/0e09125c6c3c2fd70d7de961bcf0e51575235fad/library/std/src/panicking.rs:783:13
[INFO] [stdout]   15:     0x5634783467a2 - std::panicking::begin_panic_handler::{{closure}}::h7919090525c6485e
[INFO] [stdout]                                at /rustc/0e09125c6c3c2fd70d7de961bcf0e51575235fad/library/std/src/panicking.rs:657:13
[INFO] [stdout]   16:     0x563478344de6 - std::sys_common::backtrace::__rust_end_short_backtrace::hf3289479464f7dfe
[INFO] [stdout]                                at /rustc/0e09125c6c3c2fd70d7de961bcf0e51575235fad/library/std/src/sys_common/backtrace.rs:171:18
[INFO] [stdout]   17:     0x563478346500 - rust_begin_unwind
[INFO] [stdout]                                at /rustc/0e09125c6c3c2fd70d7de961bcf0e51575235fad/library/std/src/panicking.rs:645:5
[INFO] [stdout]   18:     0x563477bda975 - core::panicking::panic_fmt::hcc9f77c5c132af55
[INFO] [stdout]                                at /rustc/0e09125c6c3c2fd70d7de961bcf0e51575235fad/library/core/src/panicking.rs:72:14
[INFO] [stdout]   19:     0x563477bdaf53 - core::result::unwrap_failed::hbe14f498be1452f9
[INFO] [stdout]                                at /rustc/0e09125c6c3c2fd70d7de961bcf0e51575235fad/library/core/src/result.rs:1649:5
[INFO] [stdout]   20:     0x563477c2250a - core::result::Result<T,E>::unwrap::h04b6724682054628
[INFO] [stdout]                                at /rustc/0e09125c6c3c2fd70d7de961bcf0e51575235fad/library/core/src/result.rs:1073:23
[INFO] [stdout]   21:     0x563477cfec06 - kerux::storage::tests::sled_backend_transactions::hc5367d1d52f40800
[INFO] [stdout]                                at /opt/rustwide/workdir/src/storage/mod.rs:503:23
[INFO] [stdout]   22:     0x563477cfeab7 - kerux::storage::tests::sled_backend_transactions::{{closure}}::h414e468e78d3d678
[INFO] [stdout]                                at /opt/rustwide/workdir/src/storage/mod.rs:496:35
[INFO] [stdout]   23:     0x563477c0aa26 - core::ops::function::FnOnce::call_once::h94f6a4bc8cf313a8
[INFO] [stdout]                                at /rustc/0e09125c6c3c2fd70d7de961bcf0e51575235fad/library/core/src/ops/function.rs:250:5
[INFO] [stdout]   24:     0x563477e0a91f - core::ops::function::FnOnce::call_once::hd64d26f405258157
[INFO] [stdout]                                at /rustc/0e09125c6c3c2fd70d7de961bcf0e51575235fad/library/core/src/ops/function.rs:250:5
[INFO] [stdout]   25:     0x563477e0a91f - test::__rust_begin_short_backtrace::he21b0b7a6d731bf9
[INFO] [stdout]                                at /rustc/0e09125c6c3c2fd70d7de961bcf0e51575235fad/library/test/src/lib.rs:627:18
[INFO] [stdout]   26:     0x563477e096a1 - test::run_test_in_process::{{closure}}::hf5c73986d7bdfde2
[INFO] [stdout]                                at /rustc/0e09125c6c3c2fd70d7de961bcf0e51575235fad/library/test/src/lib.rs:650:60
[INFO] [stdout]   27:     0x563477e096a1 - <core::panic::unwind_safe::AssertUnwindSafe<F> as core::ops::function::FnOnce<()>>::call_once::h330011ad032aadc0
[INFO] [stdout]                                at /rustc/0e09125c6c3c2fd70d7de961bcf0e51575235fad/library/core/src/panic/unwind_safe.rs:272:9
[INFO] [stdout]   28:     0x563477e096a1 - std::panicking::try::do_call::he61b0a958b795a41
[INFO] [stdout]                                at /rustc/0e09125c6c3c2fd70d7de961bcf0e51575235fad/library/std/src/panicking.rs:552:40
[INFO] [stdout]   29:     0x563477e096a1 - std::panicking::try::h7309da130f906eb7
[INFO] [stdout]                                at /rustc/0e09125c6c3c2fd70d7de961bcf0e51575235fad/library/std/src/panicking.rs:516:19
[INFO] [stdout]   30:     0x563477e096a1 - std::panic::catch_unwind::hc5c3a06fdaf0a92a
[INFO] [stdout]                                at /rustc/0e09125c6c3c2fd70d7de961bcf0e51575235fad/library/std/src/panic.rs:142:14
[INFO] [stdout]   31:     0x563477e096a1 - test::run_test_in_process::h7e7b7c71c3324e0f
[INFO] [stdout]                                at /rustc/0e09125c6c3c2fd70d7de961bcf0e51575235fad/library/test/src/lib.rs:650:27
[INFO] [stdout]   32:     0x563477e096a1 - test::run_test::{{closure}}::h1f509f28f5cf20b1
[INFO] [stdout]                                at /rustc/0e09125c6c3c2fd70d7de961bcf0e51575235fad/library/test/src/lib.rs:573:43
[INFO] [stdout]   33:     0x563477dd09d6 - test::run_test::{{closure}}::h1754218abf443f6d
[INFO] [stdout]                                at /rustc/0e09125c6c3c2fd70d7de961bcf0e51575235fad/library/test/src/lib.rs:601:41
[INFO] [stdout]   34:     0x563477dd09d6 - std::sys_common::backtrace::__rust_begin_short_backtrace::h2ee174b9d5954948
[INFO] [stdout]                                at /rustc/0e09125c6c3c2fd70d7de961bcf0e51575235fad/library/std/src/sys_common/backtrace.rs:155:18
[INFO] [stdout]   35:     0x563477dd5a37 - std::thread::Builder::spawn_unchecked_::{{closure}}::{{closure}}::hf60bee9c1a17ef09
[INFO] [stdout]                                at /rustc/0e09125c6c3c2fd70d7de961bcf0e51575235fad/library/std/src/thread/mod.rs:529:17
[INFO] [stdout]   36:     0x563477dd5a37 - <core::panic::unwind_safe::AssertUnwindSafe<F> as core::ops::function::FnOnce<()>>::call_once::h33d0dddec5216160
[INFO] [stdout]                                at /rustc/0e09125c6c3c2fd70d7de961bcf0e51575235fad/library/core/src/panic/unwind_safe.rs:272:9
[INFO] [stdout]   37:     0x563477dd5a37 - std::panicking::try::do_call::h144b3048b546f835
[INFO] [stdout]                                at /rustc/0e09125c6c3c2fd70d7de961bcf0e51575235fad/library/std/src/panicking.rs:552:40
[INFO] [stdout]   38:     0x563477dd5a37 - std::panicking::try::h978244d04646189f
[INFO] [stdout]                                at /rustc/0e09125c6c3c2fd70d7de961bcf0e51575235fad/library/std/src/panicking.rs:516:19
[INFO] [stdout]   39:     0x563477dd5a37 - std::panic::catch_unwind::hdf436369d188fe86
[INFO] [stdout]                                at /rustc/0e09125c6c3c2fd70d7de961bcf0e51575235fad/library/std/src/panic.rs:142:14
[INFO] [stdout]   40:     0x563477dd5a37 - std::thread::Builder::spawn_unchecked_::{{closure}}::h87329cbdd33c79ec
[INFO] [stdout]                                at /rustc/0e09125c6c3c2fd70d7de961bcf0e51575235fad/library/std/src/thread/mod.rs:528:30
[INFO] [stdout]   41:     0x563477dd5a37 - core::ops::function::FnOnce::call_once{{vtable.shim}}::h401abbe67897d450
[INFO] [stdout]                                at /rustc/0e09125c6c3c2fd70d7de961bcf0e51575235fad/library/core/src/ops/function.rs:250:5
[INFO] [stdout]   42:     0x56347834c795 - <alloc::boxed::Box<F,A> as core::ops::function::FnOnce<Args>>::call_once::h5d7c8f150ab9c84c
[INFO] [stdout]                                at /rustc/0e09125c6c3c2fd70d7de961bcf0e51575235fad/library/alloc/src/boxed.rs:2015:9
[INFO] [stdout]   43:     0x56347834c795 - <alloc::boxed::Box<F,A> as core::ops::function::FnOnce<Args>>::call_once::h570d5b005c242c15
[INFO] [stdout]                                at /rustc/0e09125c6c3c2fd70d7de961bcf0e51575235fad/library/alloc/src/boxed.rs:2015:9
[INFO] [stdout]   44:     0x56347834c795 - std::sys::unix::thread::Thread::new::thread_start::h36b0a20c0b2361ad
[INFO] [stdout]                                at /rustc/0e09125c6c3c2fd70d7de961bcf0e51575235fad/library/std/src/sys/unix/thread.rs:108:17
[INFO] [stdout]   45:     0x7fd5c6c51ac3 - <unknown>
[INFO] [stdout]   46:     0x7fd5c6ce2bf4 - __clone
[INFO] [stdout]   47:                0x0 - <unknown>
[INFO] [stdout] 
[INFO] [stdout] ---- storage::tests::sled_backend_user_accounts stdout ----
[INFO] [stdout] thread 'storage::tests::sled_backend_user_accounts' panicked at src/storage/mod.rs:378:59:
[INFO] [stdout] called `Result::unwrap()` on an `Err` value: Error { inner: SledError(Io(Os { code: 30, kind: ReadOnlyFilesystem, message: "Read-only file system" })), spantrace: SpanTrace [] }
[INFO] [stdout] stack backtrace:
[INFO] [stdout]    0:     0x5634783448e6 - std::backtrace_rs::backtrace::libunwind::trace::h261606ad26a499c1
[INFO] [stdout]                                at /rustc/0e09125c6c3c2fd70d7de961bcf0e51575235fad/library/std/src/../../backtrace/src/backtrace/libunwind.rs:104:5
[INFO] [stdout]    1:     0x5634783448e6 - std::backtrace_rs::backtrace::trace_unsynchronized::hd183f0625477fb28
[INFO] [stdout]                                at /rustc/0e09125c6c3c2fd70d7de961bcf0e51575235fad/library/std/src/../../backtrace/src/backtrace/mod.rs:66:5
[INFO] [stdout]    2:     0x5634783448e6 - std::sys_common::backtrace::_print_fmt::hd7f8fef21b4eda67
[INFO] [stdout]                                at /rustc/0e09125c6c3c2fd70d7de961bcf0e51575235fad/library/std/src/sys_common/backtrace.rs:68:5
[INFO] [stdout]    3:     0x5634783448e6 - <std::sys_common::backtrace::_print::DisplayBacktrace as core::fmt::Display>::fmt::h623d9b51f2f453f1
[INFO] [stdout]                                at /rustc/0e09125c6c3c2fd70d7de961bcf0e51575235fad/library/std/src/sys_common/backtrace.rs:44:22
[INFO] [stdout]    4:     0x56347836f940 - core::fmt::rt::Argument::fmt::h9f417ac76a86f368
[INFO] [stdout]                                at /rustc/0e09125c6c3c2fd70d7de961bcf0e51575235fad/library/core/src/fmt/rt.rs:142:9
[INFO] [stdout]    5:     0x56347836f940 - core::fmt::write::hc9b6faf4ac2aeff7
[INFO] [stdout]                                at /rustc/0e09125c6c3c2fd70d7de961bcf0e51575235fad/library/core/src/fmt/mod.rs:1120:17
[INFO] [stdout]    6:     0x563478341aef - std::io::Write::write_fmt::he04625a3a989fec3
[INFO] [stdout]                                at /rustc/0e09125c6c3c2fd70d7de961bcf0e51575235fad/library/std/src/io/mod.rs:1810:15
[INFO] [stdout]    7:     0x5634783446c4 - std::sys_common::backtrace::_print::hd5d66399c7df88a2
[INFO] [stdout]                                at /rustc/0e09125c6c3c2fd70d7de961bcf0e51575235fad/library/std/src/sys_common/backtrace.rs:47:5
[INFO] [stdout]    8:     0x5634783446c4 - std::sys_common::backtrace::print::he81ed2da642d37e5
[INFO] [stdout]                                at /rustc/0e09125c6c3c2fd70d7de961bcf0e51575235fad/library/std/src/sys_common/backtrace.rs:34:9
[INFO] [stdout]    9:     0x563478346437 - std::panicking::default_hook::{{closure}}::h85773f4fa117163d
[INFO] [stdout]   10:     0x56347834611d - std::panicking::default_hook::h6a1694a91d09b278
[INFO] [stdout]                                at /rustc/0e09125c6c3c2fd70d7de961bcf0e51575235fad/library/std/src/panicking.rs:289:9
[INFO] [stdout]   11:     0x563477e05047 - <alloc::boxed::Box<F,A> as core::ops::function::Fn<Args>>::call::h616ac37fa3cd6c8f
[INFO] [stdout]                                at /rustc/0e09125c6c3c2fd70d7de961bcf0e51575235fad/library/alloc/src/boxed.rs:2029:9
[INFO] [stdout]   12:     0x563477e05047 - test::test_main::{{closure}}::h00d84697cefdcbb6
[INFO] [stdout]                                at /rustc/0e09125c6c3c2fd70d7de961bcf0e51575235fad/library/test/src/lib.rs:138:21
[INFO] [stdout]   13:     0x563478346a56 - <alloc::boxed::Box<F,A> as core::ops::function::Fn<Args>>::call::hcb3fe3b9bb537ba8
[INFO] [stdout]                                at /rustc/0e09125c6c3c2fd70d7de961bcf0e51575235fad/library/alloc/src/boxed.rs:2029:9
[INFO] [stdout]   14:     0x563478346a56 - std::panicking::rust_panic_with_hook::h0a7ad96e90f7145b
[INFO] [stdout]                                at /rustc/0e09125c6c3c2fd70d7de961bcf0e51575235fad/library/std/src/panicking.rs:783:13
[INFO] [stdout]   15:     0x5634783467a2 - std::panicking::begin_panic_handler::{{closure}}::h7919090525c6485e
[INFO] [stdout]                                at /rustc/0e09125c6c3c2fd70d7de961bcf0e51575235fad/library/std/src/panicking.rs:657:13
[INFO] [stdout]   16:     0x563478344de6 - std::sys_common::backtrace::__rust_end_short_backtrace::hf3289479464f7dfe
[INFO] [stdout]                                at /rustc/0e09125c6c3c2fd70d7de961bcf0e51575235fad/library/std/src/sys_common/backtrace.rs:171:18
[INFO] [stdout]   17:     0x563478346500 - rust_begin_unwind
[INFO] [stdout]                                at /rustc/0e09125c6c3c2fd70d7de961bcf0e51575235fad/library/std/src/panicking.rs:645:5
[INFO] [stdout]   18:     0x563477bda975 - core::panicking::panic_fmt::hcc9f77c5c132af55
[INFO] [stdout]                                at /rustc/0e09125c6c3c2fd70d7de961bcf0e51575235fad/library/core/src/panicking.rs:72:14
[INFO] [stdout]   19:     0x563477bdaf53 - core::result::unwrap_failed::hbe14f498be1452f9
[INFO] [stdout]                                at /rustc/0e09125c6c3c2fd70d7de961bcf0e51575235fad/library/core/src/result.rs:1649:5
[INFO] [stdout]   20:     0x563477c2250a - core::result::Result<T,E>::unwrap::h04b6724682054628
[INFO] [stdout]                                at /rustc/0e09125c6c3c2fd70d7de961bcf0e51575235fad/library/core/src/result.rs:1073:23
[INFO] [stdout]   21:     0x563477cfe066 - kerux::storage::tests::sled_backend_user_accounts::h8a802d4c7ede4a25
[INFO] [stdout]                                at /opt/rustwide/workdir/src/storage/mod.rs:378:23
[INFO] [stdout]   22:     0x563477cfdf17 - kerux::storage::tests::sled_backend_user_accounts::{{closure}}::h38cbf7e34bbccab5
[INFO] [stdout]                                at /opt/rustwide/workdir/src/storage/mod.rs:371:36
[INFO] [stdout]   23:     0x563477c0ae66 - core::ops::function::FnOnce::call_once::hb3fad4e2f26fa6bf
[INFO] [stdout]                                at /rustc/0e09125c6c3c2fd70d7de961bcf0e51575235fad/library/core/src/ops/function.rs:250:5
[INFO] [stdout]   24:     0x563477e0a91f - core::ops::function::FnOnce::call_once::hd64d26f405258157
[INFO] [stdout]                                at /rustc/0e09125c6c3c2fd70d7de961bcf0e51575235fad/library/core/src/ops/function.rs:250:5
[INFO] [stdout]   25:     0x563477e0a91f - test::__rust_begin_short_backtrace::he21b0b7a6d731bf9
[INFO] [stdout]                                at /rustc/0e09125c6c3c2fd70d7de961bcf0e51575235fad/library/test/src/lib.rs:627:18
[INFO] [stdout]   26:     0x563477e096a1 - test::run_test_in_process::{{closure}}::hf5c73986d7bdfde2
[INFO] [stdout]                                at /rustc/0e09125c6c3c2fd70d7de961bcf0e51575235fad/library/test/src/lib.rs:650:60
[INFO] [stdout]   27:     0x563477e096a1 - <core::panic::unwind_safe::AssertUnwindSafe<F> as core::ops::function::FnOnce<()>>::call_once::h330011ad032aadc0
[INFO] [stdout]                                at /rustc/0e09125c6c3c2fd70d7de961bcf0e51575235fad/library/core/src/panic/unwind_safe.rs:272:9
[INFO] [stdout]   28:     0x563477e096a1 - std::panicking::try::do_call::he61b0a958b795a41
[INFO] [stdout]                                at /rustc/0e09125c6c3c2fd70d7de961bcf0e51575235fad/library/std/src/panicking.rs:552:40
[INFO] [stdout]   29:     0x563477e096a1 - std::panicking::try::h7309da130f906eb7
[INFO] [stdout]                                at /rustc/0e09125c6c3c2fd70d7de961bcf0e51575235fad/library/std/src/panicking.rs:516:19
[INFO] [stdout]   30:     0x563477e096a1 - std::panic::catch_unwind::hc5c3a06fdaf0a92a
[INFO] [stdout]                                at /rustc/0e09125c6c3c2fd70d7de961bcf0e51575235fad/library/std/src/panic.rs:142:14
[INFO] [stdout]   31:     0x563477e096a1 - test::run_test_in_process::h7e7b7c71c3324e0f
[INFO] [stdout]                                at /rustc/0e09125c6c3c2fd70d7de961bcf0e51575235fad/library/test/src/lib.rs:650:27
[INFO] [stdout]   32:     0x563477e096a1 - test::run_test::{{closure}}::h1f509f28f5cf20b1
[INFO] [stdout]                                at /rustc/0e09125c6c3c2fd70d7de961bcf0e51575235fad/library/test/src/lib.rs:573:43
[INFO] [stdout]   33:     0x563477dd09d6 - test::run_test::{{closure}}::h1754218abf443f6d
[INFO] [stdout]                                at /rustc/0e09125c6c3c2fd70d7de961bcf0e51575235fad/library/test/src/lib.rs:601:41
[INFO] [stdout]   34:     0x563477dd09d6 - std::sys_common::backtrace::__rust_begin_short_backtrace::h2ee174b9d5954948
[INFO] [stdout]                                at /rustc/0e09125c6c3c2fd70d7de961bcf0e51575235fad/library/std/src/sys_common/backtrace.rs:155:18
[INFO] [stdout]   35:     0x563477dd5a37 - std::thread::Builder::spawn_unchecked_::{{closure}}::{{closure}}::hf60bee9c1a17ef09
[INFO] [stdout]                                at /rustc/0e09125c6c3c2fd70d7de961bcf0e51575235fad/library/std/src/thread/mod.rs:529:17
[INFO] [stdout]   36:     0x563477dd5a37 - <core::panic::unwind_safe::AssertUnwindSafe<F> as core::ops::function::FnOnce<()>>::call_once::h33d0dddec5216160
[INFO] [stdout]                                at /rustc/0e09125c6c3c2fd70d7de961bcf0e51575235fad/library/core/src/panic/unwind_safe.rs:272:9
[INFO] [stdout]   37:     0x563477dd5a37 - std::panicking::try::do_call::h144b3048b546f835
[INFO] [stdout]                                at /rustc/0e09125c6c3c2fd70d7de961bcf0e51575235fad/library/std/src/panicking.rs:552:40
[INFO] [stdout]   38:     0x563477dd5a37 - std::panicking::try::h978244d04646189f
[INFO] [stdout]                                at /rustc/0e09125c6c3c2fd70d7de961bcf0e51575235fad/library/std/src/panicking.rs:516:19
[INFO] [stdout]   39:     0x563477dd5a37 - std::panic::catch_unwind::hdf436369d188fe86
[INFO] [stdout]                                at /rustc/0e09125c6c3c2fd70d7de961bcf0e51575235fad/library/std/src/panic.rs:142:14
[INFO] [stdout]   40:     0x563477dd5a37 - std::thread::Builder::spawn_unchecked_::{{closure}}::h87329cbdd33c79ec
[INFO] [stdout]                                at /rustc/0e09125c6c3c2fd70d7de961bcf0e51575235fad/library/std/src/thread/mod.rs:528:30
[INFO] [stdout]   41:     0x563477dd5a37 - core::ops::function::FnOnce::call_once{{vtable.shim}}::h401abbe67897d450
[INFO] [stdout]                                at /rustc/0e09125c6c3c2fd70d7de961bcf0e51575235fad/library/core/src/ops/function.rs:250:5
[INFO] [stdout]   42:     0x56347834c795 - <alloc::boxed::Box<F,A> as core::ops::function::FnOnce<Args>>::call_once::h5d7c8f150ab9c84c
[INFO] [stdout]                                at /rustc/0e09125c6c3c2fd70d7de961bcf0e51575235fad/library/alloc/src/boxed.rs:2015:9
[INFO] [stdout]   43:     0x56347834c795 - <alloc::boxed::Box<F,A> as core::ops::function::FnOnce<Args>>::call_once::h570d5b005c242c15
[INFO] [stdout]                                at /rustc/0e09125c6c3c2fd70d7de961bcf0e51575235fad/library/alloc/src/boxed.rs:2015:9
[INFO] [stdout]   44:     0x56347834c795 - std::sys::unix::thread::Thread::new::thread_start::h36b0a20c0b2361ad
[INFO] [stdout]                                at /rustc/0e09125c6c3c2fd70d7de961bcf0e51575235fad/library/std/src/sys/unix/thread.rs:108:17
[INFO] [stdout]   45:     0x7fd5c6c51ac3 - <unknown>
[INFO] [stdout]   46:     0x7fd5c6ce2bf4 - __clone
[INFO] [stdout]   47:                0x0 - <unknown>
[INFO] [stdout] 
[INFO] [stdout] 
[INFO] [stdout] failures:
[INFO] [stdout]     storage::tests::sled_backend_transactions
[INFO] [stdout]     storage::tests::sled_backend_user_accounts
[INFO] [stdout] 
[INFO] [stdout] test result: FAILED. 3 passed; 2 failed; 0 ignored; 0 measured; 0 filtered out; finished in 1.52s
[INFO] [stdout] 
[INFO] [stderr] error: test failed, to rerun pass `--bin kerux`
[INFO] running `Command { std: "docker" "inspect" "434a04976a138c8da3f711d4a6b0ab9def025a3c5697ba2f31e937bce671772e", kill_on_drop: false }`
[INFO] running `Command { std: "docker" "rm" "-f" "434a04976a138c8da3f711d4a6b0ab9def025a3c5697ba2f31e937bce671772e", kill_on_drop: false }`
[INFO] [stdout] 434a04976a138c8da3f711d4a6b0ab9def025a3c5697ba2f31e937bce671772e
