[INFO] cloning repository https://github.com/thomas-k-cameron/compilation-guard
[INFO] running `Command { std: "git" "-c" "credential.helper=" "-c" "credential.helper=/workspace/cargo-home/bin/git-credential-null" "clone" "--bare" "https://github.com/thomas-k-cameron/compilation-guard" "/workspace/cache/git-repos/https%3A%2F%2Fgithub.com%2Fthomas-k-cameron%2Fcompilation-guard", kill_on_drop: false }`
[INFO] [stderr] Cloning into bare repository '/workspace/cache/git-repos/https%3A%2F%2Fgithub.com%2Fthomas-k-cameron%2Fcompilation-guard'...
[INFO] running `Command { std: "git" "rev-parse" "HEAD", kill_on_drop: false }`
[INFO] [stdout] 1b5b0617387fdb1c3b5ec0ff473e0c14e79c45a5
[INFO] testing thomas-k-cameron/compilation-guard against 1.75.0 for beta-1.76-1
[INFO] running `Command { std: "git" "clone" "/workspace/cache/git-repos/https%3A%2F%2Fgithub.com%2Fthomas-k-cameron%2Fcompilation-guard" "/workspace/builds/worker-5-tc1/source", kill_on_drop: false }`
[INFO] [stderr] Cloning into '/workspace/builds/worker-5-tc1/source'...
[INFO] [stderr] done.
[INFO] validating manifest of git repo https://github.com/thomas-k-cameron/compilation-guard on toolchain 1.75.0
[INFO] running `Command { std: CARGO_HOME="/workspace/cargo-home" RUSTUP_HOME="/workspace/rustup-home" "/workspace/cargo-home/bin/cargo" "+1.75.0" "metadata" "--manifest-path" "Cargo.toml" "--no-deps", kill_on_drop: false }`
[INFO] started tweaking git repo https://github.com/thomas-k-cameron/compilation-guard
[INFO] finished tweaking git repo https://github.com/thomas-k-cameron/compilation-guard
[INFO] tweaked toml for git repo https://github.com/thomas-k-cameron/compilation-guard written to /workspace/builds/worker-5-tc1/source/Cargo.toml
[INFO] crate git repo https://github.com/thomas-k-cameron/compilation-guard already has a lockfile, it will not be regenerated
[INFO] running `Command { std: CARGO_HOME="/workspace/cargo-home" RUSTUP_HOME="/workspace/rustup-home" "/workspace/cargo-home/bin/cargo" "+1.75.0" "fetch" "--manifest-path" "Cargo.toml", kill_on_drop: false }`
[INFO] running `Command { std: "docker" "create" "-v" "/var/lib/crater-agent-workspace/builds/worker-5-tc1/target:/opt/rustwide/target:rw,Z" "-v" "/var/lib/crater-agent-workspace/builds/worker-5-tc1/source:/opt/rustwide/workdir:ro,Z" "-v" "/var/lib/crater-agent-workspace/cargo-home:/opt/rustwide/cargo-home:ro,Z" "-v" "/var/lib/crater-agent-workspace/rustup-home:/opt/rustwide/rustup-home:ro,Z" "-e" "SOURCE_DIR=/opt/rustwide/workdir" "-e" "CARGO_TARGET_DIR=/opt/rustwide/target" "-e" "CARGO_HOME=/opt/rustwide/cargo-home" "-e" "RUSTUP_HOME=/opt/rustwide/rustup-home" "-w" "/opt/rustwide/workdir" "-m" "1610612736" "--user" "0:0" "--network" "none" "ghcr.io/rust-lang/crates-build-env/linux@sha256:2788e3201cd34a07e3172128adcd8b3090168a8e3bcc40d7c032b9dda1df7d1c" "/opt/rustwide/cargo-home/bin/cargo" "+1.75.0" "metadata" "--no-deps" "--format-version=1", kill_on_drop: false }`
[INFO] [stdout] 905a7e514bec02b409e8868ce9e09d3fe0b631377a26e55e41ef11e177bf3391
[INFO] running `Command { std: "docker" "start" "-a" "905a7e514bec02b409e8868ce9e09d3fe0b631377a26e55e41ef11e177bf3391", kill_on_drop: false }`
[INFO] running `Command { std: "docker" "inspect" "905a7e514bec02b409e8868ce9e09d3fe0b631377a26e55e41ef11e177bf3391", kill_on_drop: false }`
[INFO] running `Command { std: "docker" "rm" "-f" "905a7e514bec02b409e8868ce9e09d3fe0b631377a26e55e41ef11e177bf3391", kill_on_drop: false }`
[INFO] [stdout] 905a7e514bec02b409e8868ce9e09d3fe0b631377a26e55e41ef11e177bf3391
[INFO] running `Command { std: "docker" "create" "-v" "/var/lib/crater-agent-workspace/builds/worker-5-tc1/target:/opt/rustwide/target:rw,Z" "-v" "/var/lib/crater-agent-workspace/builds/worker-5-tc1/source:/opt/rustwide/workdir:ro,Z" "-v" "/var/lib/crater-agent-workspace/cargo-home:/opt/rustwide/cargo-home:ro,Z" "-v" "/var/lib/crater-agent-workspace/rustup-home:/opt/rustwide/rustup-home:ro,Z" "-e" "SOURCE_DIR=/opt/rustwide/workdir" "-e" "CARGO_TARGET_DIR=/opt/rustwide/target" "-e" "CARGO_INCREMENTAL=0" "-e" "RUST_BACKTRACE=full" "-e" "RUSTFLAGS=--cap-lints=warn" "-e" "RUSTDOCFLAGS=--cap-lints=warn" "-e" "CARGO_HOME=/opt/rustwide/cargo-home" "-e" "RUSTUP_HOME=/opt/rustwide/rustup-home" "-w" "/opt/rustwide/workdir" "-m" "1610612736" "--user" "0:0" "--network" "none" "ghcr.io/rust-lang/crates-build-env/linux@sha256:2788e3201cd34a07e3172128adcd8b3090168a8e3bcc40d7c032b9dda1df7d1c" "/opt/rustwide/cargo-home/bin/cargo" "+1.75.0" "build" "--frozen" "--message-format=json", kill_on_drop: false }`
[INFO] [stdout] 70bd43e91eeb29671555cddd265d0150bbd0d071158df4b7034cb6c34a185b60
[INFO] running `Command { std: "docker" "start" "-a" "70bd43e91eeb29671555cddd265d0150bbd0d071158df4b7034cb6c34a185b60", kill_on_drop: false }`
[INFO] [stderr]    Compiling compilation-guard v0.1.1 (/opt/rustwide/workdir)
[INFO] [stderr]     Finished dev [unoptimized + debuginfo] target(s) in 0.27s
[INFO] running `Command { std: "docker" "inspect" "70bd43e91eeb29671555cddd265d0150bbd0d071158df4b7034cb6c34a185b60", kill_on_drop: false }`
[INFO] running `Command { std: "docker" "rm" "-f" "70bd43e91eeb29671555cddd265d0150bbd0d071158df4b7034cb6c34a185b60", kill_on_drop: false }`
[INFO] [stdout] 70bd43e91eeb29671555cddd265d0150bbd0d071158df4b7034cb6c34a185b60
[INFO] running `Command { std: "docker" "create" "-v" "/var/lib/crater-agent-workspace/builds/worker-5-tc1/target:/opt/rustwide/target:rw,Z" "-v" "/var/lib/crater-agent-workspace/builds/worker-5-tc1/source:/opt/rustwide/workdir:ro,Z" "-v" "/var/lib/crater-agent-workspace/cargo-home:/opt/rustwide/cargo-home:ro,Z" "-v" "/var/lib/crater-agent-workspace/rustup-home:/opt/rustwide/rustup-home:ro,Z" "-e" "SOURCE_DIR=/opt/rustwide/workdir" "-e" "CARGO_TARGET_DIR=/opt/rustwide/target" "-e" "CARGO_INCREMENTAL=0" "-e" "RUST_BACKTRACE=full" "-e" "RUSTFLAGS=--cap-lints=warn" "-e" "RUSTDOCFLAGS=--cap-lints=warn" "-e" "CARGO_HOME=/opt/rustwide/cargo-home" "-e" "RUSTUP_HOME=/opt/rustwide/rustup-home" "-w" "/opt/rustwide/workdir" "-m" "1610612736" "--user" "0:0" "--network" "none" "ghcr.io/rust-lang/crates-build-env/linux@sha256:2788e3201cd34a07e3172128adcd8b3090168a8e3bcc40d7c032b9dda1df7d1c" "/opt/rustwide/cargo-home/bin/cargo" "+1.75.0" "test" "--frozen" "--no-run" "--message-format=json", kill_on_drop: false }`
[INFO] [stdout] b1efe423dd5126cb9c0b27d7fc4f9d33956406ba93c356e77d947bd55d8d99de
[INFO] running `Command { std: "docker" "start" "-a" "b1efe423dd5126cb9c0b27d7fc4f9d33956406ba93c356e77d947bd55d8d99de", kill_on_drop: false }`
[INFO] [stderr]    Compiling compilation-guard v0.1.1 (/opt/rustwide/workdir)
[INFO] [stderr]     Finished test [unoptimized + debuginfo] target(s) in 0.20s
[INFO] running `Command { std: "docker" "inspect" "b1efe423dd5126cb9c0b27d7fc4f9d33956406ba93c356e77d947bd55d8d99de", kill_on_drop: false }`
[INFO] running `Command { std: "docker" "rm" "-f" "b1efe423dd5126cb9c0b27d7fc4f9d33956406ba93c356e77d947bd55d8d99de", kill_on_drop: false }`
[INFO] [stdout] b1efe423dd5126cb9c0b27d7fc4f9d33956406ba93c356e77d947bd55d8d99de
[INFO] running `Command { std: "docker" "create" "-v" "/var/lib/crater-agent-workspace/builds/worker-5-tc1/target:/opt/rustwide/target:rw,Z" "-v" "/var/lib/crater-agent-workspace/builds/worker-5-tc1/source:/opt/rustwide/workdir:ro,Z" "-v" "/var/lib/crater-agent-workspace/cargo-home:/opt/rustwide/cargo-home:ro,Z" "-v" "/var/lib/crater-agent-workspace/rustup-home:/opt/rustwide/rustup-home:ro,Z" "-e" "SOURCE_DIR=/opt/rustwide/workdir" "-e" "CARGO_TARGET_DIR=/opt/rustwide/target" "-e" "CARGO_INCREMENTAL=0" "-e" "RUST_BACKTRACE=full" "-e" "RUSTFLAGS=--cap-lints=warn" "-e" "RUSTDOCFLAGS=--cap-lints=warn" "-e" "CARGO_HOME=/opt/rustwide/cargo-home" "-e" "RUSTUP_HOME=/opt/rustwide/rustup-home" "-w" "/opt/rustwide/workdir" "-m" "1610612736" "--user" "0:0" "--network" "none" "ghcr.io/rust-lang/crates-build-env/linux@sha256:2788e3201cd34a07e3172128adcd8b3090168a8e3bcc40d7c032b9dda1df7d1c" "/opt/rustwide/cargo-home/bin/cargo" "+1.75.0" "test" "--frozen", kill_on_drop: false }`
[INFO] [stdout] 0d8b77c6a64c17fa7a63efc6c16550c808362a4b5903ee2c2afe9c99fa5c2ca2
[INFO] running `Command { std: "docker" "start" "-a" "0d8b77c6a64c17fa7a63efc6c16550c808362a4b5903ee2c2afe9c99fa5c2ca2", kill_on_drop: false }`
[INFO] [stderr]     Finished test [unoptimized + debuginfo] target(s) in 0.00s
[INFO] [stderr]      Running unittests src/lib.rs (/opt/rustwide/target/debug/deps/compilation_guard-6b42379d3f66cba4)
[INFO] [stdout] 
[INFO] [stdout] running 0 tests
[INFO] [stdout] 
[INFO] [stdout] test result: ok. 0 passed; 0 failed; 0 ignored; 0 measured; 0 filtered out; finished in 0.00s
[INFO] [stdout] 
[INFO] [stderr]    Doc-tests compilation-guard
[INFO] [stdout] 
[INFO] [stdout] running 2 tests
[INFO] [stdout] test src/lib.rs - compilation_guard (line 20) ... FAILED
[INFO] [stdout] test src/lib.rs - compilation_guard (line 6) ... ok
[INFO] [stdout] 
[INFO] [stdout] failures:
[INFO] [stdout] 
[INFO] [stdout] ---- src/lib.rs - compilation_guard (line 20) stdout ----
[INFO] [stdout] error: expected identifier, found `:`
[INFO] [stdout]  --> src/lib.rs:22:6
[INFO] [stdout]   |
[INFO] [stdout] 5 | error: custom attribute panicked
[INFO] [stdout]   |      ^ expected identifier
[INFO] [stdout] 
[INFO] [stdout] error: aborting due to previous error
[INFO] [stdout] 
[INFO] [stdout] Couldn't compile the test.
[INFO] [stdout] 
[INFO] [stdout] failures:
[INFO] [stdout]     src/lib.rs - compilation_guard (line 20)
[INFO] [stdout] 
[INFO] [stdout] test result: FAILED. 1 passed; 1 failed; 0 ignored; 0 measured; 0 filtered out; finished in 0.13s
[INFO] [stdout] 
[INFO] [stderr] error: doctest failed, to rerun pass `--doc`
[INFO] running `Command { std: "docker" "inspect" "0d8b77c6a64c17fa7a63efc6c16550c808362a4b5903ee2c2afe9c99fa5c2ca2", kill_on_drop: false }`
[INFO] running `Command { std: "docker" "rm" "-f" "0d8b77c6a64c17fa7a63efc6c16550c808362a4b5903ee2c2afe9c99fa5c2ca2", kill_on_drop: false }`
[INFO] [stdout] 0d8b77c6a64c17fa7a63efc6c16550c808362a4b5903ee2c2afe9c99fa5c2ca2
[INFO] testing thomas-k-cameron/compilation-guard against beta-2023-12-22 for beta-1.76-1
[INFO] running `Command { std: "git" "clone" "/workspace/cache/git-repos/https%3A%2F%2Fgithub.com%2Fthomas-k-cameron%2Fcompilation-guard" "/workspace/builds/worker-5-tc2/source", kill_on_drop: false }`
[INFO] [stderr] Cloning into '/workspace/builds/worker-5-tc2/source'...
[INFO] [stderr] done.
[INFO] validating manifest of git repo https://github.com/thomas-k-cameron/compilation-guard on toolchain beta-2023-12-22
[INFO] running `Command { std: CARGO_HOME="/workspace/cargo-home" RUSTUP_HOME="/workspace/rustup-home" "/workspace/cargo-home/bin/cargo" "+beta-2023-12-22" "metadata" "--manifest-path" "Cargo.toml" "--no-deps", kill_on_drop: false }`
[INFO] started tweaking git repo https://github.com/thomas-k-cameron/compilation-guard
[INFO] finished tweaking git repo https://github.com/thomas-k-cameron/compilation-guard
[INFO] tweaked toml for git repo https://github.com/thomas-k-cameron/compilation-guard written to /workspace/builds/worker-5-tc2/source/Cargo.toml
[INFO] crate git repo https://github.com/thomas-k-cameron/compilation-guard already has a lockfile, it will not be regenerated
[INFO] running `Command { std: CARGO_HOME="/workspace/cargo-home" RUSTUP_HOME="/workspace/rustup-home" "/workspace/cargo-home/bin/cargo" "+beta-2023-12-22" "fetch" "--manifest-path" "Cargo.toml", kill_on_drop: false }`
[INFO] running `Command { std: "docker" "create" "-v" "/var/lib/crater-agent-workspace/builds/worker-5-tc2/target:/opt/rustwide/target:rw,Z" "-v" "/var/lib/crater-agent-workspace/builds/worker-5-tc2/source:/opt/rustwide/workdir:ro,Z" "-v" "/var/lib/crater-agent-workspace/cargo-home:/opt/rustwide/cargo-home:ro,Z" "-v" "/var/lib/crater-agent-workspace/rustup-home:/opt/rustwide/rustup-home:ro,Z" "-e" "SOURCE_DIR=/opt/rustwide/workdir" "-e" "CARGO_TARGET_DIR=/opt/rustwide/target" "-e" "CARGO_HOME=/opt/rustwide/cargo-home" "-e" "RUSTUP_HOME=/opt/rustwide/rustup-home" "-w" "/opt/rustwide/workdir" "-m" "1610612736" "--user" "0:0" "--network" "none" "ghcr.io/rust-lang/crates-build-env/linux@sha256:2788e3201cd34a07e3172128adcd8b3090168a8e3bcc40d7c032b9dda1df7d1c" "/opt/rustwide/cargo-home/bin/cargo" "+beta-2023-12-22" "metadata" "--no-deps" "--format-version=1", kill_on_drop: false }`
[INFO] [stdout] 2953e486fd7037d100c46b14d216c6c0367b9e4fc15008dcdd79fdb5882f27b6
[INFO] running `Command { std: "docker" "start" "-a" "2953e486fd7037d100c46b14d216c6c0367b9e4fc15008dcdd79fdb5882f27b6", kill_on_drop: false }`
[INFO] running `Command { std: "docker" "inspect" "2953e486fd7037d100c46b14d216c6c0367b9e4fc15008dcdd79fdb5882f27b6", kill_on_drop: false }`
[INFO] running `Command { std: "docker" "rm" "-f" "2953e486fd7037d100c46b14d216c6c0367b9e4fc15008dcdd79fdb5882f27b6", kill_on_drop: false }`
[INFO] [stdout] 2953e486fd7037d100c46b14d216c6c0367b9e4fc15008dcdd79fdb5882f27b6
[INFO] running `Command { std: "docker" "create" "-v" "/var/lib/crater-agent-workspace/builds/worker-5-tc2/target:/opt/rustwide/target:rw,Z" "-v" "/var/lib/crater-agent-workspace/builds/worker-5-tc2/source:/opt/rustwide/workdir:ro,Z" "-v" "/var/lib/crater-agent-workspace/cargo-home:/opt/rustwide/cargo-home:ro,Z" "-v" "/var/lib/crater-agent-workspace/rustup-home:/opt/rustwide/rustup-home:ro,Z" "-e" "SOURCE_DIR=/opt/rustwide/workdir" "-e" "CARGO_TARGET_DIR=/opt/rustwide/target" "-e" "CARGO_INCREMENTAL=0" "-e" "RUST_BACKTRACE=full" "-e" "RUSTFLAGS=--cap-lints=warn" "-e" "RUSTDOCFLAGS=--cap-lints=warn" "-e" "CARGO_HOME=/opt/rustwide/cargo-home" "-e" "RUSTUP_HOME=/opt/rustwide/rustup-home" "-w" "/opt/rustwide/workdir" "-m" "1610612736" "--user" "0:0" "--network" "none" "ghcr.io/rust-lang/crates-build-env/linux@sha256:2788e3201cd34a07e3172128adcd8b3090168a8e3bcc40d7c032b9dda1df7d1c" "/opt/rustwide/cargo-home/bin/cargo" "+beta-2023-12-22" "build" "--frozen" "--message-format=json", kill_on_drop: false }`
[INFO] [stdout] 153c6f2fb9d1401eb789a5b880ab7c70abd3434508c9757753e2c93ed2d612e5
[INFO] running `Command { std: "docker" "start" "-a" "153c6f2fb9d1401eb789a5b880ab7c70abd3434508c9757753e2c93ed2d612e5", kill_on_drop: false }`
[INFO] [stderr]    Compiling compilation-guard v0.1.1 (/opt/rustwide/workdir)
[INFO] [stderr]     Finished dev [unoptimized + debuginfo] target(s) in 0.41s
[INFO] running `Command { std: "docker" "inspect" "153c6f2fb9d1401eb789a5b880ab7c70abd3434508c9757753e2c93ed2d612e5", kill_on_drop: false }`
[INFO] running `Command { std: "docker" "rm" "-f" "153c6f2fb9d1401eb789a5b880ab7c70abd3434508c9757753e2c93ed2d612e5", kill_on_drop: false }`
[INFO] [stdout] 153c6f2fb9d1401eb789a5b880ab7c70abd3434508c9757753e2c93ed2d612e5
[INFO] running `Command { std: "docker" "create" "-v" "/var/lib/crater-agent-workspace/builds/worker-5-tc2/target:/opt/rustwide/target:rw,Z" "-v" "/var/lib/crater-agent-workspace/builds/worker-5-tc2/source:/opt/rustwide/workdir:ro,Z" "-v" "/var/lib/crater-agent-workspace/cargo-home:/opt/rustwide/cargo-home:ro,Z" "-v" "/var/lib/crater-agent-workspace/rustup-home:/opt/rustwide/rustup-home:ro,Z" "-e" "SOURCE_DIR=/opt/rustwide/workdir" "-e" "CARGO_TARGET_DIR=/opt/rustwide/target" "-e" "CARGO_INCREMENTAL=0" "-e" "RUST_BACKTRACE=full" "-e" "RUSTFLAGS=--cap-lints=warn" "-e" "RUSTDOCFLAGS=--cap-lints=warn" "-e" "CARGO_HOME=/opt/rustwide/cargo-home" "-e" "RUSTUP_HOME=/opt/rustwide/rustup-home" "-w" "/opt/rustwide/workdir" "-m" "1610612736" "--user" "0:0" "--network" "none" "ghcr.io/rust-lang/crates-build-env/linux@sha256:2788e3201cd34a07e3172128adcd8b3090168a8e3bcc40d7c032b9dda1df7d1c" "/opt/rustwide/cargo-home/bin/cargo" "+beta-2023-12-22" "test" "--frozen" "--no-run" "--message-format=json", kill_on_drop: false }`
[INFO] [stdout] 50082727562fad03df99cf3f35dd2898f5738823b52402bb01dfc6e1e83e9b10
[INFO] running `Command { std: "docker" "start" "-a" "50082727562fad03df99cf3f35dd2898f5738823b52402bb01dfc6e1e83e9b10", kill_on_drop: false }`
[INFO] [stderr]    Compiling compilation-guard v0.1.1 (/opt/rustwide/workdir)
[INFO] [stderr]     Finished test [unoptimized + debuginfo] target(s) in 0.34s
[INFO] running `Command { std: "docker" "inspect" "50082727562fad03df99cf3f35dd2898f5738823b52402bb01dfc6e1e83e9b10", kill_on_drop: false }`
[INFO] running `Command { std: "docker" "rm" "-f" "50082727562fad03df99cf3f35dd2898f5738823b52402bb01dfc6e1e83e9b10", kill_on_drop: false }`
[INFO] [stdout] 50082727562fad03df99cf3f35dd2898f5738823b52402bb01dfc6e1e83e9b10
[INFO] running `Command { std: "docker" "create" "-v" "/var/lib/crater-agent-workspace/builds/worker-5-tc2/target:/opt/rustwide/target:rw,Z" "-v" "/var/lib/crater-agent-workspace/builds/worker-5-tc2/source:/opt/rustwide/workdir:ro,Z" "-v" "/var/lib/crater-agent-workspace/cargo-home:/opt/rustwide/cargo-home:ro,Z" "-v" "/var/lib/crater-agent-workspace/rustup-home:/opt/rustwide/rustup-home:ro,Z" "-e" "SOURCE_DIR=/opt/rustwide/workdir" "-e" "CARGO_TARGET_DIR=/opt/rustwide/target" "-e" "CARGO_INCREMENTAL=0" "-e" "RUST_BACKTRACE=full" "-e" "RUSTFLAGS=--cap-lints=warn" "-e" "RUSTDOCFLAGS=--cap-lints=warn" "-e" "CARGO_HOME=/opt/rustwide/cargo-home" "-e" "RUSTUP_HOME=/opt/rustwide/rustup-home" "-w" "/opt/rustwide/workdir" "-m" "1610612736" "--user" "0:0" "--network" "none" "ghcr.io/rust-lang/crates-build-env/linux@sha256:2788e3201cd34a07e3172128adcd8b3090168a8e3bcc40d7c032b9dda1df7d1c" "/opt/rustwide/cargo-home/bin/cargo" "+beta-2023-12-22" "test" "--frozen", kill_on_drop: false }`
[INFO] [stdout] 2df89e3a63c99d12bf50ff5538306d65d8613dbfaee85d0c4470ccf9cbcb8888
[INFO] running `Command { std: "docker" "start" "-a" "2df89e3a63c99d12bf50ff5538306d65d8613dbfaee85d0c4470ccf9cbcb8888", kill_on_drop: false }`
[INFO] [stderr]     Finished test [unoptimized + debuginfo] target(s) in 0.01s
[INFO] [stderr]      Running unittests src/lib.rs (/opt/rustwide/target/debug/deps/compilation_guard-9efad0fcf15400e4)
[INFO] [stdout] 
[INFO] [stdout] running 0 tests
[INFO] [stdout] 
[INFO] [stdout] test result: ok. 0 passed; 0 failed; 0 ignored; 0 measured; 0 filtered out; finished in 0.00s
[INFO] [stdout] 
[INFO] [stderr]    Doc-tests compilation-guard
[INFO] [stdout] 
[INFO] [stdout] running 2 tests
[INFO] [stdout] test src/lib.rs - compilation_guard (line 20) ... FAILED
[INFO] [stdout] test src/lib.rs - compilation_guard (line 6) ... ok
[INFO] [stdout] 
[INFO] [stdout] failures:
[INFO] [stdout] 
[INFO] [stdout] ---- src/lib.rs - compilation_guard (line 20) stdout ----
[INFO] [stdout] error: expected identifier, found `:`
[INFO] [stdout]  --> src/lib.rs:22:6
[INFO] [stdout]   |
[INFO] [stdout] 5 | error: custom attribute panicked
[INFO] [stdout]   |      ^ expected identifier
[INFO] [stdout] 
[INFO] [stdout] error: aborting due to 1 previous error
[INFO] [stdout] 
[INFO] [stdout] Couldn't compile the test.
[INFO] [stdout] 
[INFO] [stdout] failures:
[INFO] [stdout]     src/lib.rs - compilation_guard (line 20)
[INFO] [stdout] 
[INFO] [stdout] test result: FAILED. 1 passed; 1 failed; 0 ignored; 0 measured; 0 filtered out; finished in 0.22s
[INFO] [stdout] 
[INFO] [stderr] error: doctest failed, to rerun pass `--doc`
[INFO] running `Command { std: "docker" "inspect" "2df89e3a63c99d12bf50ff5538306d65d8613dbfaee85d0c4470ccf9cbcb8888", kill_on_drop: false }`
[INFO] running `Command { std: "docker" "rm" "-f" "2df89e3a63c99d12bf50ff5538306d65d8613dbfaee85d0c4470ccf9cbcb8888", kill_on_drop: false }`
[INFO] [stdout] 2df89e3a63c99d12bf50ff5538306d65d8613dbfaee85d0c4470ccf9cbcb8888
