[INFO] cloning repository https://github.com/thkx/httpx
[INFO] running `Command { std: "git" "-c" "credential.helper=" "-c" "credential.helper=/workspace/cargo-home/bin/git-credential-null" "clone" "--bare" "https://github.com/thkx/httpx" "/workspace/cache/git-repos/https%3A%2F%2Fgithub.com%2Fthkx%2Fhttpx", kill_on_drop: false }`
[INFO] [stderr] Cloning into bare repository '/workspace/cache/git-repos/https%3A%2F%2Fgithub.com%2Fthkx%2Fhttpx'...
[INFO] running `Command { std: "git" "rev-parse" "HEAD", kill_on_drop: false }`
[INFO] [stdout] d472e192f4e25393ffb5d34af539f8c1e7d41261
[INFO] testing thkx/httpx against 1.75.0 for beta-1.76-1
[INFO] running `Command { std: "git" "clone" "/workspace/cache/git-repos/https%3A%2F%2Fgithub.com%2Fthkx%2Fhttpx" "/workspace/builds/worker-7-tc1/source", kill_on_drop: false }`
[INFO] [stderr] Cloning into '/workspace/builds/worker-7-tc1/source'...
[INFO] [stderr] done.
[INFO] validating manifest of git repo https://github.com/thkx/httpx on toolchain 1.75.0
[INFO] running `Command { std: CARGO_HOME="/workspace/cargo-home" RUSTUP_HOME="/workspace/rustup-home" "/workspace/cargo-home/bin/cargo" "+1.75.0" "metadata" "--manifest-path" "Cargo.toml" "--no-deps", kill_on_drop: false }`
[INFO] started tweaking git repo https://github.com/thkx/httpx
[INFO] finished tweaking git repo https://github.com/thkx/httpx
[INFO] tweaked toml for git repo https://github.com/thkx/httpx written to /workspace/builds/worker-7-tc1/source/Cargo.toml
[INFO] crate git repo https://github.com/thkx/httpx already has a lockfile, it will not be regenerated
[INFO] running `Command { std: CARGO_HOME="/workspace/cargo-home" RUSTUP_HOME="/workspace/rustup-home" "/workspace/cargo-home/bin/cargo" "+1.75.0" "fetch" "--manifest-path" "Cargo.toml", kill_on_drop: false }`
[INFO] running `Command { std: "docker" "create" "-v" "/var/lib/crater-agent-workspace/builds/worker-7-tc1/target:/opt/rustwide/target:rw,Z" "-v" "/var/lib/crater-agent-workspace/builds/worker-7-tc1/source:/opt/rustwide/workdir:ro,Z" "-v" "/var/lib/crater-agent-workspace/cargo-home:/opt/rustwide/cargo-home:ro,Z" "-v" "/var/lib/crater-agent-workspace/rustup-home:/opt/rustwide/rustup-home:ro,Z" "-e" "SOURCE_DIR=/opt/rustwide/workdir" "-e" "CARGO_TARGET_DIR=/opt/rustwide/target" "-e" "CARGO_HOME=/opt/rustwide/cargo-home" "-e" "RUSTUP_HOME=/opt/rustwide/rustup-home" "-w" "/opt/rustwide/workdir" "-m" "1610612736" "--user" "0:0" "--network" "none" "ghcr.io/rust-lang/crates-build-env/linux@sha256:2788e3201cd34a07e3172128adcd8b3090168a8e3bcc40d7c032b9dda1df7d1c" "/opt/rustwide/cargo-home/bin/cargo" "+1.75.0" "metadata" "--no-deps" "--format-version=1", kill_on_drop: false }`
[INFO] [stdout] 1a09a31b44f8b34f3e9239fdb81959790bcec9eb59be39ef6d2763a77b084722
[INFO] running `Command { std: "docker" "start" "-a" "1a09a31b44f8b34f3e9239fdb81959790bcec9eb59be39ef6d2763a77b084722", kill_on_drop: false }`
[INFO] running `Command { std: "docker" "inspect" "1a09a31b44f8b34f3e9239fdb81959790bcec9eb59be39ef6d2763a77b084722", kill_on_drop: false }`
[INFO] running `Command { std: "docker" "rm" "-f" "1a09a31b44f8b34f3e9239fdb81959790bcec9eb59be39ef6d2763a77b084722", kill_on_drop: false }`
[INFO] [stdout] 1a09a31b44f8b34f3e9239fdb81959790bcec9eb59be39ef6d2763a77b084722
[INFO] running `Command { std: "docker" "create" "-v" "/var/lib/crater-agent-workspace/builds/worker-7-tc1/target:/opt/rustwide/target:rw,Z" "-v" "/var/lib/crater-agent-workspace/builds/worker-7-tc1/source:/opt/rustwide/workdir:ro,Z" "-v" "/var/lib/crater-agent-workspace/cargo-home:/opt/rustwide/cargo-home:ro,Z" "-v" "/var/lib/crater-agent-workspace/rustup-home:/opt/rustwide/rustup-home:ro,Z" "-e" "SOURCE_DIR=/opt/rustwide/workdir" "-e" "CARGO_TARGET_DIR=/opt/rustwide/target" "-e" "CARGO_INCREMENTAL=0" "-e" "RUST_BACKTRACE=full" "-e" "RUSTFLAGS=--cap-lints=warn" "-e" "RUSTDOCFLAGS=--cap-lints=warn" "-e" "CARGO_HOME=/opt/rustwide/cargo-home" "-e" "RUSTUP_HOME=/opt/rustwide/rustup-home" "-w" "/opt/rustwide/workdir" "-m" "1610612736" "--user" "0:0" "--network" "none" "ghcr.io/rust-lang/crates-build-env/linux@sha256:2788e3201cd34a07e3172128adcd8b3090168a8e3bcc40d7c032b9dda1df7d1c" "/opt/rustwide/cargo-home/bin/cargo" "+1.75.0" "build" "--frozen" "--message-format=json", kill_on_drop: false }`
[INFO] [stdout] 62a491f45202e02b7c83fc313b8b79553ace2334b28c4e8f6404496c366f2d2c
[INFO] running `Command { std: "docker" "start" "-a" "62a491f45202e02b7c83fc313b8b79553ace2334b28c4e8f6404496c366f2d2c", kill_on_drop: false }`
[INFO] [stderr]    Compiling libc v0.2.151
[INFO] [stderr]    Compiling num_cpus v1.16.0
[INFO] [stderr]    Compiling httpx v0.1.3 (/opt/rustwide/workdir)
[INFO] [stdout] warning: ambiguous glob re-exports
[INFO] [stdout]   --> src/lib.rs:12:9
[INFO] [stdout]    |
[INFO] [stdout] 12 | pub use request::*;
[INFO] [stdout]    |         ^^^^^^^^^^ the name `Version` in the type namespace is first re-exported here
[INFO] [stdout] 13 | pub use response::*;
[INFO] [stdout]    |         ----------- but the name `Version` in the type namespace is also re-exported here
[INFO] [stdout]    |
[INFO] [stdout]    = note: `#[warn(ambiguous_glob_reexports)]` on by default
[INFO] [stdout] 
[INFO] [stdout] 
[INFO] [stdout] warning: call to `.clone()` on a reference in this situation does nothing
[INFO] [stdout]    --> src/router.rs:196:29
[INFO] [stdout]     |
[INFO] [stdout] 196 |         let mut _path = path.clone().to_string();
[INFO] [stdout]     |                             ^^^^^^^^ help: remove this redundant call
[INFO] [stdout]     |
[INFO] [stdout]     = note: the type `str` does not implement `Clone`, so calling `clone` on `&str` copies the reference, which does not do anything and can be removed
[INFO] [stdout]     = note: `#[warn(noop_method_call)]` on by default
[INFO] [stdout] 
[INFO] [stdout] 
[INFO] [stdout] warning: 2 warnings emitted
[INFO] [stdout] 
[INFO] [stdout] 
[INFO] [stderr]     Finished dev [unoptimized + debuginfo] target(s) in 1.21s
[INFO] running `Command { std: "docker" "inspect" "62a491f45202e02b7c83fc313b8b79553ace2334b28c4e8f6404496c366f2d2c", kill_on_drop: false }`
[INFO] running `Command { std: "docker" "rm" "-f" "62a491f45202e02b7c83fc313b8b79553ace2334b28c4e8f6404496c366f2d2c", kill_on_drop: false }`
[INFO] [stdout] 62a491f45202e02b7c83fc313b8b79553ace2334b28c4e8f6404496c366f2d2c
[INFO] running `Command { std: "docker" "create" "-v" "/var/lib/crater-agent-workspace/builds/worker-7-tc1/target:/opt/rustwide/target:rw,Z" "-v" "/var/lib/crater-agent-workspace/builds/worker-7-tc1/source:/opt/rustwide/workdir:ro,Z" "-v" "/var/lib/crater-agent-workspace/cargo-home:/opt/rustwide/cargo-home:ro,Z" "-v" "/var/lib/crater-agent-workspace/rustup-home:/opt/rustwide/rustup-home:ro,Z" "-e" "SOURCE_DIR=/opt/rustwide/workdir" "-e" "CARGO_TARGET_DIR=/opt/rustwide/target" "-e" "CARGO_INCREMENTAL=0" "-e" "RUST_BACKTRACE=full" "-e" "RUSTFLAGS=--cap-lints=warn" "-e" "RUSTDOCFLAGS=--cap-lints=warn" "-e" "CARGO_HOME=/opt/rustwide/cargo-home" "-e" "RUSTUP_HOME=/opt/rustwide/rustup-home" "-w" "/opt/rustwide/workdir" "-m" "1610612736" "--user" "0:0" "--network" "none" "ghcr.io/rust-lang/crates-build-env/linux@sha256:2788e3201cd34a07e3172128adcd8b3090168a8e3bcc40d7c032b9dda1df7d1c" "/opt/rustwide/cargo-home/bin/cargo" "+1.75.0" "test" "--frozen" "--no-run" "--message-format=json", kill_on_drop: false }`
[INFO] [stdout] edacb8589838cce0d81f5cbc62f5f01d4a3bf11409fe1fc8f405429971fe89f8
[INFO] running `Command { std: "docker" "start" "-a" "edacb8589838cce0d81f5cbc62f5f01d4a3bf11409fe1fc8f405429971fe89f8", kill_on_drop: false }`
[INFO] [stderr]    Compiling httpx v0.1.3 (/opt/rustwide/workdir)
[INFO] [stdout] warning: ambiguous glob re-exports
[INFO] [stdout]   --> src/lib.rs:12:9
[INFO] [stdout]    |
[INFO] [stdout] 12 | pub use request::*;
[INFO] [stdout]    |         ^^^^^^^^^^ the name `Version` in the type namespace is first re-exported here
[INFO] [stdout] 13 | pub use response::*;
[INFO] [stdout]    |         ----------- but the name `Version` in the type namespace is also re-exported here
[INFO] [stdout]    |
[INFO] [stdout]    = note: `#[warn(ambiguous_glob_reexports)]` on by default
[INFO] [stdout] 
[INFO] [stdout] 
[INFO] [stdout] warning: call to `.clone()` on a reference in this situation does nothing
[INFO] [stdout]    --> src/router.rs:196:29
[INFO] [stdout]     |
[INFO] [stdout] 196 |         let mut _path = path.clone().to_string();
[INFO] [stdout]     |                             ^^^^^^^^ help: remove this redundant call
[INFO] [stdout]     |
[INFO] [stdout]     = note: the type `str` does not implement `Clone`, so calling `clone` on `&str` copies the reference, which does not do anything and can be removed
[INFO] [stdout]     = note: `#[warn(noop_method_call)]` on by default
[INFO] [stdout] 
[INFO] [stdout] 
[INFO] [stdout] warning: 2 warnings emitted
[INFO] [stdout] 
[INFO] [stdout] 
[INFO] [stdout] warning: ambiguous glob re-exports
[INFO] [stdout]   --> src/lib.rs:12:9
[INFO] [stdout]    |
[INFO] [stdout] 12 | pub use request::*;
[INFO] [stdout]    |         ^^^^^^^^^^ the name `Version` in the type namespace is first re-exported here
[INFO] [stdout] 13 | pub use response::*;
[INFO] [stdout]    |         ----------- but the name `Version` in the type namespace is also re-exported here
[INFO] [stdout]    |
[INFO] [stdout]    = note: `#[warn(ambiguous_glob_reexports)]` on by default
[INFO] [stdout] 
[INFO] [stdout] 
[INFO] [stdout] warning: call to `.clone()` on a reference in this situation does nothing
[INFO] [stdout]    --> src/router.rs:196:29
[INFO] [stdout]     |
[INFO] [stdout] 196 |         let mut _path = path.clone().to_string();
[INFO] [stdout]     |                             ^^^^^^^^ help: remove this redundant call
[INFO] [stdout]     |
[INFO] [stdout]     = note: the type `str` does not implement `Clone`, so calling `clone` on `&str` copies the reference, which does not do anything and can be removed
[INFO] [stdout]     = note: `#[warn(noop_method_call)]` on by default
[INFO] [stdout] 
[INFO] [stdout] 
[INFO] [stdout] warning: 2 warnings emitted
[INFO] [stdout] 
[INFO] [stdout] 
[INFO] [stderr]     Finished test [unoptimized + debuginfo] target(s) in 0.42s
[INFO] running `Command { std: "docker" "inspect" "edacb8589838cce0d81f5cbc62f5f01d4a3bf11409fe1fc8f405429971fe89f8", kill_on_drop: false }`
[INFO] running `Command { std: "docker" "rm" "-f" "edacb8589838cce0d81f5cbc62f5f01d4a3bf11409fe1fc8f405429971fe89f8", kill_on_drop: false }`
[INFO] [stdout] edacb8589838cce0d81f5cbc62f5f01d4a3bf11409fe1fc8f405429971fe89f8
[INFO] running `Command { std: "docker" "create" "-v" "/var/lib/crater-agent-workspace/builds/worker-7-tc1/target:/opt/rustwide/target:rw,Z" "-v" "/var/lib/crater-agent-workspace/builds/worker-7-tc1/source:/opt/rustwide/workdir:ro,Z" "-v" "/var/lib/crater-agent-workspace/cargo-home:/opt/rustwide/cargo-home:ro,Z" "-v" "/var/lib/crater-agent-workspace/rustup-home:/opt/rustwide/rustup-home:ro,Z" "-e" "SOURCE_DIR=/opt/rustwide/workdir" "-e" "CARGO_TARGET_DIR=/opt/rustwide/target" "-e" "CARGO_INCREMENTAL=0" "-e" "RUST_BACKTRACE=full" "-e" "RUSTFLAGS=--cap-lints=warn" "-e" "RUSTDOCFLAGS=--cap-lints=warn" "-e" "CARGO_HOME=/opt/rustwide/cargo-home" "-e" "RUSTUP_HOME=/opt/rustwide/rustup-home" "-w" "/opt/rustwide/workdir" "-m" "1610612736" "--user" "0:0" "--network" "none" "ghcr.io/rust-lang/crates-build-env/linux@sha256:2788e3201cd34a07e3172128adcd8b3090168a8e3bcc40d7c032b9dda1df7d1c" "/opt/rustwide/cargo-home/bin/cargo" "+1.75.0" "test" "--frozen", kill_on_drop: false }`
[INFO] [stdout] 300e6fa2eca076753a359ef803e293779b60d6aa7df9922f52a5365b23ab7c9c
[INFO] running `Command { std: "docker" "start" "-a" "300e6fa2eca076753a359ef803e293779b60d6aa7df9922f52a5365b23ab7c9c", kill_on_drop: false }`
[INFO] [stderr] warning: ambiguous glob re-exports
[INFO] [stderr]   --> src/lib.rs:12:9
[INFO] [stderr]    |
[INFO] [stderr] 12 | pub use request::*;
[INFO] [stderr]    |         ^^^^^^^^^^ the name `Version` in the type namespace is first re-exported here
[INFO] [stderr] 13 | pub use response::*;
[INFO] [stderr]    |         ----------- but the name `Version` in the type namespace is also re-exported here
[INFO] [stderr]    |
[INFO] [stderr]    = note: `#[warn(ambiguous_glob_reexports)]` on by default
[INFO] [stderr] 
[INFO] [stderr] warning: call to `.clone()` on a reference in this situation does nothing
[INFO] [stderr]    --> src/router.rs:196:29
[INFO] [stderr]     |
[INFO] [stderr] 196 |         let mut _path = path.clone().to_string();
[INFO] [stderr]     |                             ^^^^^^^^ help: remove this redundant call
[INFO] [stderr]     |
[INFO] [stderr]     = note: the type `str` does not implement `Clone`, so calling `clone` on `&str` copies the reference, which does not do anything and can be removed
[INFO] [stderr]     = note: `#[warn(noop_method_call)]` on by default
[INFO] [stderr] 
[INFO] [stderr] warning: `httpx` (lib) generated 2 warnings (run `cargo fix --lib -p httpx` to apply 1 suggestion)
[INFO] [stderr] warning: `httpx` (lib test) generated 2 warnings (2 duplicates)
[INFO] [stderr]     Finished test [unoptimized + debuginfo] target(s) in 0.00s
[INFO] [stderr]      Running unittests src/lib.rs (/opt/rustwide/target/debug/deps/httpx-749233c8a1f29392)
[INFO] [stdout] 
[INFO] [stdout] running 6 tests
[INFO] [stdout] test request::test_version::test_method ... ok
[INFO] [stdout] test request::test_http_request::test_parse_request ... ok
[INFO] [stdout] test request::test_version::test_rescues ... ok
[INFO] [stdout] test request::test_http_request::test_parse_request_header_and_body ... ok
[INFO] [stdout] test request::test_version::test_version ... ok
[INFO] [stdout] test response::test::test_http_response_from_str ... ok
[INFO] [stdout] 
[INFO] [stdout] test result: ok. 6 passed; 0 failed; 0 ignored; 0 measured; 0 filtered out; finished in 0.00s
[INFO] [stdout] 
[INFO] [stderr]    Doc-tests httpx
[INFO] [stdout] 
[INFO] [stdout] running 5 tests
[INFO] [stdout] test src/router.rs - router::Router::put (line 114) ... FAILED
[INFO] [stdout] test src/router.rs - router::Router::add_route (line 299) ... FAILED
[INFO] [stdout] test src/router.rs - router::Router::get (line 60) ... FAILED
[INFO] [stdout] test src/router.rs - router::Router::delete (line 141) ... FAILED
[INFO] [stdout] test src/router.rs - router::Router::post (line 87) ... FAILED
[INFO] [stdout] 
[INFO] [stdout] failures:
[INFO] [stdout] 
[INFO] [stdout] ---- src/router.rs - router::Router::put (line 114) stdout ----
[INFO] [stdout] error[E0432]: unresolved import `httpx::HttpResuest`
[INFO] [stdout]  --> src/router.rs:118:5
[INFO] [stdout]   |
[INFO] [stdout] 7 |     HttpResuest,
[INFO] [stdout]   |     ^^^^^^^^^^^
[INFO] [stdout]   |     |
[INFO] [stdout]   |     no `HttpResuest` in the root
[INFO] [stdout]   |     help: a similar name exists in the module: `HttpRequest`
[INFO] [stdout] 
[INFO] [stdout] error: aborting due to previous error
[INFO] [stdout] 
[INFO] [stdout] For more information about this error, try `rustc --explain E0432`.
[INFO] [stdout] Couldn't compile the test.
[INFO] [stdout] ---- src/router.rs - router::Router::add_route (line 299) stdout ----
[INFO] [stdout] error[E0432]: unresolved import `httpx::HttpResuest`
[INFO] [stdout]  --> src/router.rs:303:5
[INFO] [stdout]   |
[INFO] [stdout] 7 |     HttpResuest,
[INFO] [stdout]   |     ^^^^^^^^^^^
[INFO] [stdout]   |     |
[INFO] [stdout]   |     no `HttpResuest` in the root
[INFO] [stdout]   |     help: a similar name exists in the module: `HttpRequest`
[INFO] [stdout] 
[INFO] [stdout] error: aborting due to previous error
[INFO] [stdout] 
[INFO] [stdout] For more information about this error, try `rustc --explain E0432`.
[INFO] [stdout] Couldn't compile the test.
[INFO] [stdout] ---- src/router.rs - router::Router::get (line 60) stdout ----
[INFO] [stdout] error[E0432]: unresolved import `httpx::HttpResuest`
[INFO] [stdout]  --> src/router.rs:64:5
[INFO] [stdout]   |
[INFO] [stdout] 7 |     HttpResuest,
[INFO] [stdout]   |     ^^^^^^^^^^^
[INFO] [stdout]   |     |
[INFO] [stdout]   |     no `HttpResuest` in the root
[INFO] [stdout]   |     help: a similar name exists in the module: `HttpRequest`
[INFO] [stdout] 
[INFO] [stdout] error: aborting due to previous error
[INFO] [stdout] 
[INFO] [stdout] For more information about this error, try `rustc --explain E0432`.
[INFO] [stdout] Couldn't compile the test.
[INFO] [stdout] ---- src/router.rs - router::Router::delete (line 141) stdout ----
[INFO] [stdout] error[E0432]: unresolved import `httpx::HttpResuest`
[INFO] [stdout]  --> src/router.rs:145:5
[INFO] [stdout]   |
[INFO] [stdout] 7 |     HttpResuest,
[INFO] [stdout]   |     ^^^^^^^^^^^
[INFO] [stdout]   |     |
[INFO] [stdout]   |     no `HttpResuest` in the root
[INFO] [stdout]   |     help: a similar name exists in the module: `HttpRequest`
[INFO] [stdout] 
[INFO] [stdout] error: aborting due to previous error
[INFO] [stdout] 
[INFO] [stdout] For more information about this error, try `rustc --explain E0432`.
[INFO] [stdout] Couldn't compile the test.
[INFO] [stdout] ---- src/router.rs - router::Router::post (line 87) stdout ----
[INFO] [stdout] error[E0432]: unresolved import `httpx::HttpResuest`
[INFO] [stdout]  --> src/router.rs:91:5
[INFO] [stdout]   |
[INFO] [stdout] 7 |     HttpResuest,
[INFO] [stdout]   |     ^^^^^^^^^^^
[INFO] [stdout]   |     |
[INFO] [stdout]   |     no `HttpResuest` in the root
[INFO] [stdout]   |     help: a similar name exists in the module: `HttpRequest`
[INFO] [stdout] 
[INFO] [stdout] error: aborting due to previous error
[INFO] [stdout] 
[INFO] [stdout] For more information about this error, try `rustc --explain E0432`.
[INFO] [stdout] Couldn't compile the test.
[INFO] [stdout] 
[INFO] [stdout] failures:
[INFO] [stdout]     src/router.rs - router::Router::add_route (line 299)
[INFO] [stdout]     src/router.rs - router::Router::delete (line 141)
[INFO] [stdout]     src/router.rs - router::Router::get (line 60)
[INFO] [stdout]     src/router.rs - router::Router::post (line 87)
[INFO] [stdout]     src/router.rs - router::Router::put (line 114)
[INFO] [stdout] 
[INFO] [stdout] test result: FAILED. 0 passed; 5 failed; 0 ignored; 0 measured; 0 filtered out; finished in 0.04s
[INFO] [stdout] 
[INFO] [stderr] error: doctest failed, to rerun pass `--doc`
[INFO] running `Command { std: "docker" "inspect" "300e6fa2eca076753a359ef803e293779b60d6aa7df9922f52a5365b23ab7c9c", kill_on_drop: false }`
[INFO] running `Command { std: "docker" "rm" "-f" "300e6fa2eca076753a359ef803e293779b60d6aa7df9922f52a5365b23ab7c9c", kill_on_drop: false }`
[INFO] [stdout] 300e6fa2eca076753a359ef803e293779b60d6aa7df9922f52a5365b23ab7c9c
[INFO] testing thkx/httpx against beta-2023-12-22 for beta-1.76-1
[INFO] running `Command { std: "git" "clone" "/workspace/cache/git-repos/https%3A%2F%2Fgithub.com%2Fthkx%2Fhttpx" "/workspace/builds/worker-7-tc2/source", kill_on_drop: false }`
[INFO] [stderr] Cloning into '/workspace/builds/worker-7-tc2/source'...
[INFO] [stderr] done.
[INFO] validating manifest of git repo https://github.com/thkx/httpx on toolchain beta-2023-12-22
[INFO] running `Command { std: CARGO_HOME="/workspace/cargo-home" RUSTUP_HOME="/workspace/rustup-home" "/workspace/cargo-home/bin/cargo" "+beta-2023-12-22" "metadata" "--manifest-path" "Cargo.toml" "--no-deps", kill_on_drop: false }`
[INFO] started tweaking git repo https://github.com/thkx/httpx
[INFO] finished tweaking git repo https://github.com/thkx/httpx
[INFO] tweaked toml for git repo https://github.com/thkx/httpx written to /workspace/builds/worker-7-tc2/source/Cargo.toml
[INFO] crate git repo https://github.com/thkx/httpx already has a lockfile, it will not be regenerated
[INFO] running `Command { std: CARGO_HOME="/workspace/cargo-home" RUSTUP_HOME="/workspace/rustup-home" "/workspace/cargo-home/bin/cargo" "+beta-2023-12-22" "fetch" "--manifest-path" "Cargo.toml", kill_on_drop: false }`
[INFO] running `Command { std: "docker" "create" "-v" "/var/lib/crater-agent-workspace/builds/worker-7-tc2/target:/opt/rustwide/target:rw,Z" "-v" "/var/lib/crater-agent-workspace/builds/worker-7-tc2/source:/opt/rustwide/workdir:ro,Z" "-v" "/var/lib/crater-agent-workspace/cargo-home:/opt/rustwide/cargo-home:ro,Z" "-v" "/var/lib/crater-agent-workspace/rustup-home:/opt/rustwide/rustup-home:ro,Z" "-e" "SOURCE_DIR=/opt/rustwide/workdir" "-e" "CARGO_TARGET_DIR=/opt/rustwide/target" "-e" "CARGO_HOME=/opt/rustwide/cargo-home" "-e" "RUSTUP_HOME=/opt/rustwide/rustup-home" "-w" "/opt/rustwide/workdir" "-m" "1610612736" "--user" "0:0" "--network" "none" "ghcr.io/rust-lang/crates-build-env/linux@sha256:2788e3201cd34a07e3172128adcd8b3090168a8e3bcc40d7c032b9dda1df7d1c" "/opt/rustwide/cargo-home/bin/cargo" "+beta-2023-12-22" "metadata" "--no-deps" "--format-version=1", kill_on_drop: false }`
[INFO] [stdout] 2d2c68cc0450ccd1502fcda54f34e16784e64d30d772aaf04a141c25208c82ad
[INFO] running `Command { std: "docker" "start" "-a" "2d2c68cc0450ccd1502fcda54f34e16784e64d30d772aaf04a141c25208c82ad", kill_on_drop: false }`
[INFO] running `Command { std: "docker" "inspect" "2d2c68cc0450ccd1502fcda54f34e16784e64d30d772aaf04a141c25208c82ad", kill_on_drop: false }`
[INFO] running `Command { std: "docker" "rm" "-f" "2d2c68cc0450ccd1502fcda54f34e16784e64d30d772aaf04a141c25208c82ad", kill_on_drop: false }`
[INFO] [stdout] 2d2c68cc0450ccd1502fcda54f34e16784e64d30d772aaf04a141c25208c82ad
[INFO] running `Command { std: "docker" "create" "-v" "/var/lib/crater-agent-workspace/builds/worker-7-tc2/target:/opt/rustwide/target:rw,Z" "-v" "/var/lib/crater-agent-workspace/builds/worker-7-tc2/source:/opt/rustwide/workdir:ro,Z" "-v" "/var/lib/crater-agent-workspace/cargo-home:/opt/rustwide/cargo-home:ro,Z" "-v" "/var/lib/crater-agent-workspace/rustup-home:/opt/rustwide/rustup-home:ro,Z" "-e" "SOURCE_DIR=/opt/rustwide/workdir" "-e" "CARGO_TARGET_DIR=/opt/rustwide/target" "-e" "CARGO_INCREMENTAL=0" "-e" "RUST_BACKTRACE=full" "-e" "RUSTFLAGS=--cap-lints=warn" "-e" "RUSTDOCFLAGS=--cap-lints=warn" "-e" "CARGO_HOME=/opt/rustwide/cargo-home" "-e" "RUSTUP_HOME=/opt/rustwide/rustup-home" "-w" "/opt/rustwide/workdir" "-m" "1610612736" "--user" "0:0" "--network" "none" "ghcr.io/rust-lang/crates-build-env/linux@sha256:2788e3201cd34a07e3172128adcd8b3090168a8e3bcc40d7c032b9dda1df7d1c" "/opt/rustwide/cargo-home/bin/cargo" "+beta-2023-12-22" "build" "--frozen" "--message-format=json", kill_on_drop: false }`
[INFO] [stdout] 6fd34320b7d31bab35b90141012605c562f7ebaaf1bcd535e7587aa9d324f9be
[INFO] running `Command { std: "docker" "start" "-a" "6fd34320b7d31bab35b90141012605c562f7ebaaf1bcd535e7587aa9d324f9be", kill_on_drop: false }`
[INFO] [stderr]    Compiling libc v0.2.151
[INFO] [stderr]    Compiling num_cpus v1.16.0
[INFO] [stderr]    Compiling httpx v0.1.3 (/opt/rustwide/workdir)
[INFO] [stdout] warning: ambiguous glob re-exports
[INFO] [stdout]   --> src/lib.rs:12:9
[INFO] [stdout]    |
[INFO] [stdout] 12 | pub use request::*;
[INFO] [stdout]    |         ^^^^^^^^^^ the name `Version` in the type namespace is first re-exported here
[INFO] [stdout] 13 | pub use response::*;
[INFO] [stdout]    |         ----------- but the name `Version` in the type namespace is also re-exported here
[INFO] [stdout]    |
[INFO] [stdout]    = note: `#[warn(ambiguous_glob_reexports)]` on by default
[INFO] [stdout] 
[INFO] [stdout] 
[INFO] [stdout] warning: call to `.clone()` on a reference in this situation does nothing
[INFO] [stdout]    --> src/router.rs:196:29
[INFO] [stdout]     |
[INFO] [stdout] 196 |         let mut _path = path.clone().to_string();
[INFO] [stdout]     |                             ^^^^^^^^ help: remove this redundant call
[INFO] [stdout]     |
[INFO] [stdout]     = note: the type `str` does not implement `Clone`, so calling `clone` on `&str` copies the reference, which does not do anything and can be removed
[INFO] [stdout]     = note: `#[warn(noop_method_call)]` on by default
[INFO] [stdout] 
[INFO] [stdout] 
[INFO] [stdout] warning: 2 warnings emitted
[INFO] [stdout] 
[INFO] [stdout] 
[INFO] [stderr]     Finished dev [unoptimized + debuginfo] target(s) in 1.19s
[INFO] running `Command { std: "docker" "inspect" "6fd34320b7d31bab35b90141012605c562f7ebaaf1bcd535e7587aa9d324f9be", kill_on_drop: false }`
[INFO] running `Command { std: "docker" "rm" "-f" "6fd34320b7d31bab35b90141012605c562f7ebaaf1bcd535e7587aa9d324f9be", kill_on_drop: false }`
[INFO] [stdout] 6fd34320b7d31bab35b90141012605c562f7ebaaf1bcd535e7587aa9d324f9be
[INFO] running `Command { std: "docker" "create" "-v" "/var/lib/crater-agent-workspace/builds/worker-7-tc2/target:/opt/rustwide/target:rw,Z" "-v" "/var/lib/crater-agent-workspace/builds/worker-7-tc2/source:/opt/rustwide/workdir:ro,Z" "-v" "/var/lib/crater-agent-workspace/cargo-home:/opt/rustwide/cargo-home:ro,Z" "-v" "/var/lib/crater-agent-workspace/rustup-home:/opt/rustwide/rustup-home:ro,Z" "-e" "SOURCE_DIR=/opt/rustwide/workdir" "-e" "CARGO_TARGET_DIR=/opt/rustwide/target" "-e" "CARGO_INCREMENTAL=0" "-e" "RUST_BACKTRACE=full" "-e" "RUSTFLAGS=--cap-lints=warn" "-e" "RUSTDOCFLAGS=--cap-lints=warn" "-e" "CARGO_HOME=/opt/rustwide/cargo-home" "-e" "RUSTUP_HOME=/opt/rustwide/rustup-home" "-w" "/opt/rustwide/workdir" "-m" "1610612736" "--user" "0:0" "--network" "none" "ghcr.io/rust-lang/crates-build-env/linux@sha256:2788e3201cd34a07e3172128adcd8b3090168a8e3bcc40d7c032b9dda1df7d1c" "/opt/rustwide/cargo-home/bin/cargo" "+beta-2023-12-22" "test" "--frozen" "--no-run" "--message-format=json", kill_on_drop: false }`
[INFO] [stdout] 865748ca2dc9f9287e01a25880a71ff92861736d4a16d323e286ce718c3be99d
[INFO] running `Command { std: "docker" "start" "-a" "865748ca2dc9f9287e01a25880a71ff92861736d4a16d323e286ce718c3be99d", kill_on_drop: false }`
[INFO] [stdout] warning: ambiguous glob re-exports
[INFO] [stdout]   --> src/lib.rs:12:9
[INFO] [stdout]    |
[INFO] [stdout] 12 | pub use request::*;
[INFO] [stdout]    |         ^^^^^^^^^^ the name `Version` in the type namespace is first re-exported here
[INFO] [stdout] 13 | pub use response::*;
[INFO] [stdout]    |         ----------- but the name `Version` in the type namespace is also re-exported here
[INFO] [stdout]    |
[INFO] [stdout]    = note: `#[warn(ambiguous_glob_reexports)]` on by default
[INFO] [stdout] 
[INFO] [stdout] 
[INFO] [stderr]    Compiling httpx v0.1.3 (/opt/rustwide/workdir)
[INFO] [stdout] warning: call to `.clone()` on a reference in this situation does nothing
[INFO] [stdout]    --> src/router.rs:196:29
[INFO] [stdout]     |
[INFO] [stdout] 196 |         let mut _path = path.clone().to_string();
[INFO] [stdout]     |                             ^^^^^^^^ help: remove this redundant call
[INFO] [stdout]     |
[INFO] [stdout]     = note: the type `str` does not implement `Clone`, so calling `clone` on `&str` copies the reference, which does not do anything and can be removed
[INFO] [stdout]     = note: `#[warn(noop_method_call)]` on by default
[INFO] [stdout] 
[INFO] [stdout] 
[INFO] [stdout] warning: 2 warnings emitted
[INFO] [stdout] 
[INFO] [stdout] 
[INFO] [stdout] warning: ambiguous glob re-exports
[INFO] [stdout]   --> src/lib.rs:12:9
[INFO] [stdout]    |
[INFO] [stdout] 12 | pub use request::*;
[INFO] [stdout]    |         ^^^^^^^^^^ the name `Version` in the type namespace is first re-exported here
[INFO] [stdout] 13 | pub use response::*;
[INFO] [stdout]    |         ----------- but the name `Version` in the type namespace is also re-exported here
[INFO] [stdout]    |
[INFO] [stdout]    = note: `#[warn(ambiguous_glob_reexports)]` on by default
[INFO] [stdout] 
[INFO] [stdout] 
[INFO] [stdout] warning: call to `.clone()` on a reference in this situation does nothing
[INFO] [stdout]    --> src/router.rs:196:29
[INFO] [stdout]     |
[INFO] [stdout] 196 |         let mut _path = path.clone().to_string();
[INFO] [stdout]     |                             ^^^^^^^^ help: remove this redundant call
[INFO] [stdout]     |
[INFO] [stdout]     = note: the type `str` does not implement `Clone`, so calling `clone` on `&str` copies the reference, which does not do anything and can be removed
[INFO] [stdout]     = note: `#[warn(noop_method_call)]` on by default
[INFO] [stdout] 
[INFO] [stdout] 
[INFO] [stdout] warning: 2 warnings emitted
[INFO] [stdout] 
[INFO] [stdout] 
[INFO] [stderr]     Finished test [unoptimized + debuginfo] target(s) in 0.43s
[INFO] running `Command { std: "docker" "inspect" "865748ca2dc9f9287e01a25880a71ff92861736d4a16d323e286ce718c3be99d", kill_on_drop: false }`
[INFO] running `Command { std: "docker" "rm" "-f" "865748ca2dc9f9287e01a25880a71ff92861736d4a16d323e286ce718c3be99d", kill_on_drop: false }`
[INFO] [stdout] 865748ca2dc9f9287e01a25880a71ff92861736d4a16d323e286ce718c3be99d
[INFO] running `Command { std: "docker" "create" "-v" "/var/lib/crater-agent-workspace/builds/worker-7-tc2/target:/opt/rustwide/target:rw,Z" "-v" "/var/lib/crater-agent-workspace/builds/worker-7-tc2/source:/opt/rustwide/workdir:ro,Z" "-v" "/var/lib/crater-agent-workspace/cargo-home:/opt/rustwide/cargo-home:ro,Z" "-v" "/var/lib/crater-agent-workspace/rustup-home:/opt/rustwide/rustup-home:ro,Z" "-e" "SOURCE_DIR=/opt/rustwide/workdir" "-e" "CARGO_TARGET_DIR=/opt/rustwide/target" "-e" "CARGO_INCREMENTAL=0" "-e" "RUST_BACKTRACE=full" "-e" "RUSTFLAGS=--cap-lints=warn" "-e" "RUSTDOCFLAGS=--cap-lints=warn" "-e" "CARGO_HOME=/opt/rustwide/cargo-home" "-e" "RUSTUP_HOME=/opt/rustwide/rustup-home" "-w" "/opt/rustwide/workdir" "-m" "1610612736" "--user" "0:0" "--network" "none" "ghcr.io/rust-lang/crates-build-env/linux@sha256:2788e3201cd34a07e3172128adcd8b3090168a8e3bcc40d7c032b9dda1df7d1c" "/opt/rustwide/cargo-home/bin/cargo" "+beta-2023-12-22" "test" "--frozen", kill_on_drop: false }`
[INFO] [stdout] cd9c6639e035dec9f0e0ea2dd57769907a099f7ac1ab609bff1854efb0fcef3f
[INFO] running `Command { std: "docker" "start" "-a" "cd9c6639e035dec9f0e0ea2dd57769907a099f7ac1ab609bff1854efb0fcef3f", kill_on_drop: false }`
[INFO] [stderr] warning: ambiguous glob re-exports
[INFO] [stderr]   --> src/lib.rs:12:9
[INFO] [stderr]    |
[INFO] [stderr] 12 | pub use request::*;
[INFO] [stderr]    |         ^^^^^^^^^^ the name `Version` in the type namespace is first re-exported here
[INFO] [stderr] 13 | pub use response::*;
[INFO] [stderr]    |         ----------- but the name `Version` in the type namespace is also re-exported here
[INFO] [stderr]    |
[INFO] [stderr]    = note: `#[warn(ambiguous_glob_reexports)]` on by default
[INFO] [stderr] 
[INFO] [stderr] warning: call to `.clone()` on a reference in this situation does nothing
[INFO] [stderr]    --> src/router.rs:196:29
[INFO] [stderr]     |
[INFO] [stderr] 196 |         let mut _path = path.clone().to_string();
[INFO] [stderr]     |                             ^^^^^^^^ help: remove this redundant call
[INFO] [stderr]     |
[INFO] [stderr]     = note: the type `str` does not implement `Clone`, so calling `clone` on `&str` copies the reference, which does not do anything and can be removed
[INFO] [stderr]     = note: `#[warn(noop_method_call)]` on by default
[INFO] [stderr] 
[INFO] [stderr] warning: `httpx` (lib) generated 2 warnings (run `cargo fix --lib -p httpx` to apply 1 suggestion)
[INFO] [stderr] warning: `httpx` (lib test) generated 2 warnings (2 duplicates)
[INFO] [stderr]     Finished test [unoptimized + debuginfo] target(s) in 0.00s
[INFO] [stderr]      Running unittests src/lib.rs (/opt/rustwide/target/debug/deps/httpx-f2ef727a642802a2)
[INFO] [stdout] 
[INFO] [stdout] running 6 tests
[INFO] [stdout] test request::test_http_request::test_parse_request ... ok
[INFO] [stdout] test request::test_version::test_method ... ok
[INFO] [stdout] test request::test_http_request::test_parse_request_header_and_body ... ok
[INFO] [stdout] test request::test_version::test_rescues ... ok
[INFO] [stdout] test request::test_version::test_version ... ok
[INFO] [stdout] test response::test::test_http_response_from_str ... ok
[INFO] [stdout] 
[INFO] [stdout] test result: ok. 6 passed; 0 failed; 0 ignored; 0 measured; 0 filtered out; finished in 0.00s
[INFO] [stdout] 
[INFO] [stderr]    Doc-tests httpx
[INFO] [stdout] 
[INFO] [stdout] running 5 tests
[INFO] [stdout] test src/router.rs - router::Router::delete (line 141) ... FAILED
[INFO] [stdout] test src/router.rs - router::Router::add_route (line 299) ... FAILED
[INFO] [stdout] test src/router.rs - router::Router::get (line 60) ... FAILED
[INFO] [stdout] test src/router.rs - router::Router::post (line 87) ... FAILED
[INFO] [stdout] test src/router.rs - router::Router::put (line 114) ... FAILED
[INFO] [stdout] 
[INFO] [stdout] failures:
[INFO] [stdout] 
[INFO] [stdout] ---- src/router.rs - router::Router::delete (line 141) stdout ----
[INFO] [stdout] error[E0432]: unresolved import `httpx::HttpResuest`
[INFO] [stdout]  --> src/router.rs:145:5
[INFO] [stdout]   |
[INFO] [stdout] 7 |     HttpResuest,
[INFO] [stdout]   |     ^^^^^^^^^^^
[INFO] [stdout]   |     |
[INFO] [stdout]   |     no `HttpResuest` in the root
[INFO] [stdout]   |     help: a similar name exists in the module: `HttpRequest`
[INFO] [stdout] 
[INFO] [stdout] error: aborting due to 1 previous error
[INFO] [stdout] 
[INFO] [stdout] For more information about this error, try `rustc --explain E0432`.
[INFO] [stdout] Couldn't compile the test.
[INFO] [stdout] ---- src/router.rs - router::Router::add_route (line 299) stdout ----
[INFO] [stdout] error[E0432]: unresolved import `httpx::HttpResuest`
[INFO] [stdout]  --> src/router.rs:303:5
[INFO] [stdout]   |
[INFO] [stdout] 7 |     HttpResuest,
[INFO] [stdout]   |     ^^^^^^^^^^^
[INFO] [stdout]   |     |
[INFO] [stdout]   |     no `HttpResuest` in the root
[INFO] [stdout]   |     help: a similar name exists in the module: `HttpRequest`
[INFO] [stdout] 
[INFO] [stdout] error: aborting due to 1 previous error
[INFO] [stdout] 
[INFO] [stdout] For more information about this error, try `rustc --explain E0432`.
[INFO] [stdout] Couldn't compile the test.
[INFO] [stdout] ---- src/router.rs - router::Router::get (line 60) stdout ----
[INFO] [stdout] error[E0432]: unresolved import `httpx::HttpResuest`
[INFO] [stdout]  --> src/router.rs:64:5
[INFO] [stdout]   |
[INFO] [stdout] 7 |     HttpResuest,
[INFO] [stdout]   |     ^^^^^^^^^^^
[INFO] [stdout]   |     |
[INFO] [stdout]   |     no `HttpResuest` in the root
[INFO] [stdout]   |     help: a similar name exists in the module: `HttpRequest`
[INFO] [stdout] 
[INFO] [stdout] error: aborting due to 1 previous error
[INFO] [stdout] 
[INFO] [stdout] For more information about this error, try `rustc --explain E0432`.
[INFO] [stdout] Couldn't compile the test.
[INFO] [stdout] ---- src/router.rs - router::Router::post (line 87) stdout ----
[INFO] [stdout] error[E0432]: unresolved import `httpx::HttpResuest`
[INFO] [stdout]  --> src/router.rs:91:5
[INFO] [stdout]   |
[INFO] [stdout] 7 |     HttpResuest,
[INFO] [stdout]   |     ^^^^^^^^^^^
[INFO] [stdout]   |     |
[INFO] [stdout]   |     no `HttpResuest` in the root
[INFO] [stdout]   |     help: a similar name exists in the module: `HttpRequest`
[INFO] [stdout] 
[INFO] [stdout] error: aborting due to 1 previous error
[INFO] [stdout] 
[INFO] [stdout] For more information about this error, try `rustc --explain E0432`.
[INFO] [stdout] Couldn't compile the test.
[INFO] [stdout] ---- src/router.rs - router::Router::put (line 114) stdout ----
[INFO] [stdout] error[E0432]: unresolved import `httpx::HttpResuest`
[INFO] [stdout]  --> src/router.rs:118:5
[INFO] [stdout]   |
[INFO] [stdout] 7 |     HttpResuest,
[INFO] [stdout]   |     ^^^^^^^^^^^
[INFO] [stdout]   |     |
[INFO] [stdout]   |     no `HttpResuest` in the root
[INFO] [stdout]   |     help: a similar name exists in the module: `HttpRequest`
[INFO] [stdout] 
[INFO] [stdout] error: aborting due to 1 previous error
[INFO] [stdout] 
[INFO] [stdout] For more information about this error, try `rustc --explain E0432`.
[INFO] [stdout] Couldn't compile the test.
[INFO] [stdout] 
[INFO] [stdout] failures:
[INFO] [stdout]     src/router.rs - router::Router::add_route (line 299)
[INFO] [stdout]     src/router.rs - router::Router::delete (line 141)
[INFO] [stdout]     src/router.rs - router::Router::get (line 60)
[INFO] [stdout]     src/router.rs - router::Router::post (line 87)
[INFO] [stdout]     src/router.rs - router::Router::put (line 114)
[INFO] [stdout] 
[INFO] [stdout] test result: FAILED. 0 passed; 5 failed; 0 ignored; 0 measured; 0 filtered out; finished in 0.04s
[INFO] [stdout] 
[INFO] [stderr] error: doctest failed, to rerun pass `--doc`
[INFO] running `Command { std: "docker" "inspect" "cd9c6639e035dec9f0e0ea2dd57769907a099f7ac1ab609bff1854efb0fcef3f", kill_on_drop: false }`
[INFO] running `Command { std: "docker" "rm" "-f" "cd9c6639e035dec9f0e0ea2dd57769907a099f7ac1ab609bff1854efb0fcef3f", kill_on_drop: false }`
[INFO] [stdout] cd9c6639e035dec9f0e0ea2dd57769907a099f7ac1ab609bff1854efb0fcef3f
