[INFO] cloning repository https://github.com/therealnv6/marching-cubes
[INFO] running `Command { std: "git" "-c" "credential.helper=" "-c" "credential.helper=/workspace/cargo-home/bin/git-credential-null" "clone" "--bare" "https://github.com/therealnv6/marching-cubes" "/workspace/cache/git-repos/https%3A%2F%2Fgithub.com%2Ftherealnv6%2Fmarching-cubes", kill_on_drop: false }`
[INFO] [stderr] Cloning into bare repository '/workspace/cache/git-repos/https%3A%2F%2Fgithub.com%2Ftherealnv6%2Fmarching-cubes'...
[INFO] running `Command { std: "git" "rev-parse" "HEAD", kill_on_drop: false }`
[INFO] [stdout] 2c97dbe65914a1c26733a43da6524a21ed3e8b14
[INFO] testing therealnv6/marching-cubes against 1.75.0 for beta-1.76-1
[INFO] running `Command { std: "git" "clone" "/workspace/cache/git-repos/https%3A%2F%2Fgithub.com%2Ftherealnv6%2Fmarching-cubes" "/workspace/builds/worker-1-tc1/source", kill_on_drop: false }`
[INFO] [stderr] Cloning into '/workspace/builds/worker-1-tc1/source'...
[INFO] [stderr] done.
[INFO] validating manifest of git repo https://github.com/therealnv6/marching-cubes on toolchain 1.75.0
[INFO] running `Command { std: CARGO_HOME="/workspace/cargo-home" RUSTUP_HOME="/workspace/rustup-home" "/workspace/cargo-home/bin/cargo" "+1.75.0" "metadata" "--manifest-path" "Cargo.toml" "--no-deps", kill_on_drop: false }`
[INFO] started tweaking git repo https://github.com/therealnv6/marching-cubes
[INFO] finished tweaking git repo https://github.com/therealnv6/marching-cubes
[INFO] tweaked toml for git repo https://github.com/therealnv6/marching-cubes written to /workspace/builds/worker-1-tc1/source/Cargo.toml
[INFO] crate git repo https://github.com/therealnv6/marching-cubes already has a lockfile, it will not be regenerated
[INFO] running `Command { std: CARGO_HOME="/workspace/cargo-home" RUSTUP_HOME="/workspace/rustup-home" "/workspace/cargo-home/bin/cargo" "+1.75.0" "fetch" "--manifest-path" "Cargo.toml", kill_on_drop: false }`
[INFO] [stderr] warning: unused manifest key: package.crate-type
[INFO] running `Command { std: "docker" "create" "-v" "/var/lib/crater-agent-workspace/builds/worker-1-tc1/target:/opt/rustwide/target:rw,Z" "-v" "/var/lib/crater-agent-workspace/builds/worker-1-tc1/source:/opt/rustwide/workdir:ro,Z" "-v" "/var/lib/crater-agent-workspace/cargo-home:/opt/rustwide/cargo-home:ro,Z" "-v" "/var/lib/crater-agent-workspace/rustup-home:/opt/rustwide/rustup-home:ro,Z" "-e" "SOURCE_DIR=/opt/rustwide/workdir" "-e" "CARGO_TARGET_DIR=/opt/rustwide/target" "-e" "CARGO_HOME=/opt/rustwide/cargo-home" "-e" "RUSTUP_HOME=/opt/rustwide/rustup-home" "-w" "/opt/rustwide/workdir" "-m" "1610612736" "--user" "0:0" "--network" "none" "ghcr.io/rust-lang/crates-build-env/linux@sha256:2788e3201cd34a07e3172128adcd8b3090168a8e3bcc40d7c032b9dda1df7d1c" "/opt/rustwide/cargo-home/bin/cargo" "+1.75.0" "metadata" "--no-deps" "--format-version=1", kill_on_drop: false }`
[INFO] [stdout] 015e928a1ba2665828d6599ba7800ecaed4ae336e98cc5614e78eeea12fd90e7
[INFO] running `Command { std: "docker" "start" "-a" "015e928a1ba2665828d6599ba7800ecaed4ae336e98cc5614e78eeea12fd90e7", kill_on_drop: false }`
[INFO] running `Command { std: "docker" "inspect" "015e928a1ba2665828d6599ba7800ecaed4ae336e98cc5614e78eeea12fd90e7", kill_on_drop: false }`
[INFO] running `Command { std: "docker" "rm" "-f" "015e928a1ba2665828d6599ba7800ecaed4ae336e98cc5614e78eeea12fd90e7", kill_on_drop: false }`
[INFO] [stdout] 015e928a1ba2665828d6599ba7800ecaed4ae336e98cc5614e78eeea12fd90e7
[INFO] running `Command { std: "docker" "create" "-v" "/var/lib/crater-agent-workspace/builds/worker-1-tc1/target:/opt/rustwide/target:rw,Z" "-v" "/var/lib/crater-agent-workspace/builds/worker-1-tc1/source:/opt/rustwide/workdir:ro,Z" "-v" "/var/lib/crater-agent-workspace/cargo-home:/opt/rustwide/cargo-home:ro,Z" "-v" "/var/lib/crater-agent-workspace/rustup-home:/opt/rustwide/rustup-home:ro,Z" "-e" "SOURCE_DIR=/opt/rustwide/workdir" "-e" "CARGO_TARGET_DIR=/opt/rustwide/target" "-e" "CARGO_INCREMENTAL=0" "-e" "RUST_BACKTRACE=full" "-e" "RUSTFLAGS=--cap-lints=warn" "-e" "RUSTDOCFLAGS=--cap-lints=warn" "-e" "CARGO_HOME=/opt/rustwide/cargo-home" "-e" "RUSTUP_HOME=/opt/rustwide/rustup-home" "-w" "/opt/rustwide/workdir" "-m" "1610612736" "--user" "0:0" "--network" "none" "ghcr.io/rust-lang/crates-build-env/linux@sha256:2788e3201cd34a07e3172128adcd8b3090168a8e3bcc40d7c032b9dda1df7d1c" "/opt/rustwide/cargo-home/bin/cargo" "+1.75.0" "build" "--frozen" "--message-format=json", kill_on_drop: false }`
[INFO] [stdout] 40aae14f3b7bfd8fb652c4fb5b0390f7b7838798a8b070a14cdff40468f87f69
[INFO] running `Command { std: "docker" "start" "-a" "40aae14f3b7bfd8fb652c4fb5b0390f7b7838798a8b070a14cdff40468f87f69", kill_on_drop: false }`
[INFO] [stderr] warning: unused manifest key: package.crate-type
[INFO] [stderr]    Compiling marching-cubes v0.1.2 (/opt/rustwide/workdir)
[INFO] [stderr]     Finished dev [unoptimized + debuginfo] target(s) in 0.12s
[INFO] running `Command { std: "docker" "inspect" "40aae14f3b7bfd8fb652c4fb5b0390f7b7838798a8b070a14cdff40468f87f69", kill_on_drop: false }`
[INFO] running `Command { std: "docker" "rm" "-f" "40aae14f3b7bfd8fb652c4fb5b0390f7b7838798a8b070a14cdff40468f87f69", kill_on_drop: false }`
[INFO] [stdout] 40aae14f3b7bfd8fb652c4fb5b0390f7b7838798a8b070a14cdff40468f87f69
[INFO] running `Command { std: "docker" "create" "-v" "/var/lib/crater-agent-workspace/builds/worker-1-tc1/target:/opt/rustwide/target:rw,Z" "-v" "/var/lib/crater-agent-workspace/builds/worker-1-tc1/source:/opt/rustwide/workdir:ro,Z" "-v" "/var/lib/crater-agent-workspace/cargo-home:/opt/rustwide/cargo-home:ro,Z" "-v" "/var/lib/crater-agent-workspace/rustup-home:/opt/rustwide/rustup-home:ro,Z" "-e" "SOURCE_DIR=/opt/rustwide/workdir" "-e" "CARGO_TARGET_DIR=/opt/rustwide/target" "-e" "CARGO_INCREMENTAL=0" "-e" "RUST_BACKTRACE=full" "-e" "RUSTFLAGS=--cap-lints=warn" "-e" "RUSTDOCFLAGS=--cap-lints=warn" "-e" "CARGO_HOME=/opt/rustwide/cargo-home" "-e" "RUSTUP_HOME=/opt/rustwide/rustup-home" "-w" "/opt/rustwide/workdir" "-m" "1610612736" "--user" "0:0" "--network" "none" "ghcr.io/rust-lang/crates-build-env/linux@sha256:2788e3201cd34a07e3172128adcd8b3090168a8e3bcc40d7c032b9dda1df7d1c" "/opt/rustwide/cargo-home/bin/cargo" "+1.75.0" "test" "--frozen" "--no-run" "--message-format=json", kill_on_drop: false }`
[INFO] [stdout] 0f360489a26f1415147a2e0d65701ba3e2ef49175b3b804b55768238dc5c13d9
[INFO] running `Command { std: "docker" "start" "-a" "0f360489a26f1415147a2e0d65701ba3e2ef49175b3b804b55768238dc5c13d9", kill_on_drop: false }`
[INFO] [stderr] warning: unused manifest key: package.crate-type
[INFO] [stderr]    Compiling marching-cubes v0.1.2 (/opt/rustwide/workdir)
[INFO] [stderr]     Finished test [unoptimized + debuginfo] target(s) in 0.25s
[INFO] running `Command { std: "docker" "inspect" "0f360489a26f1415147a2e0d65701ba3e2ef49175b3b804b55768238dc5c13d9", kill_on_drop: false }`
[INFO] running `Command { std: "docker" "rm" "-f" "0f360489a26f1415147a2e0d65701ba3e2ef49175b3b804b55768238dc5c13d9", kill_on_drop: false }`
[INFO] [stdout] 0f360489a26f1415147a2e0d65701ba3e2ef49175b3b804b55768238dc5c13d9
[INFO] running `Command { std: "docker" "create" "-v" "/var/lib/crater-agent-workspace/builds/worker-1-tc1/target:/opt/rustwide/target:rw,Z" "-v" "/var/lib/crater-agent-workspace/builds/worker-1-tc1/source:/opt/rustwide/workdir:ro,Z" "-v" "/var/lib/crater-agent-workspace/cargo-home:/opt/rustwide/cargo-home:ro,Z" "-v" "/var/lib/crater-agent-workspace/rustup-home:/opt/rustwide/rustup-home:ro,Z" "-e" "SOURCE_DIR=/opt/rustwide/workdir" "-e" "CARGO_TARGET_DIR=/opt/rustwide/target" "-e" "CARGO_INCREMENTAL=0" "-e" "RUST_BACKTRACE=full" "-e" "RUSTFLAGS=--cap-lints=warn" "-e" "RUSTDOCFLAGS=--cap-lints=warn" "-e" "CARGO_HOME=/opt/rustwide/cargo-home" "-e" "RUSTUP_HOME=/opt/rustwide/rustup-home" "-w" "/opt/rustwide/workdir" "-m" "1610612736" "--user" "0:0" "--network" "none" "ghcr.io/rust-lang/crates-build-env/linux@sha256:2788e3201cd34a07e3172128adcd8b3090168a8e3bcc40d7c032b9dda1df7d1c" "/opt/rustwide/cargo-home/bin/cargo" "+1.75.0" "test" "--frozen", kill_on_drop: false }`
[INFO] [stdout] 6b88a8ca0cb4d70602731d34e87efbe1ea070b94e2e8e315b19398efa7f2183e
[INFO] running `Command { std: "docker" "start" "-a" "6b88a8ca0cb4d70602731d34e87efbe1ea070b94e2e8e315b19398efa7f2183e", kill_on_drop: false }`
[INFO] [stderr] warning: unused manifest key: package.crate-type
[INFO] [stderr]     Finished test [unoptimized + debuginfo] target(s) in 0.01s
[INFO] [stderr]      Running unittests src/lib.rs (/opt/rustwide/target/debug/deps/marching_cubes-996245b0cefb344f)
[INFO] [stdout] 
[INFO] [stdout] running 0 tests
[INFO] [stdout] 
[INFO] [stdout] test result: ok. 0 passed; 0 failed; 0 ignored; 0 measured; 0 filtered out; finished in 0.00s
[INFO] [stdout] 
[INFO] [stderr]    Doc-tests marching-cubes
[INFO] [stdout] 
[INFO] [stdout] running 4 tests
[INFO] [stdout] test src/marching.rs - marching::MarchingCubes (line 10) ... FAILED
[INFO] [stdout] test src/lib.rs - (line 8) ... FAILED
[INFO] [stdout] test src/marching.rs - marching::polygonise (line 101) ... FAILED
[INFO] [stdout] test src/marching.rs - marching::interpolate_vertex (line 310) ... FAILED
[INFO] [stdout] 
[INFO] [stdout] failures:
[INFO] [stdout] 
[INFO] [stdout] ---- src/marching.rs - marching::MarchingCubes (line 10) stdout ----
[INFO] [stdout] error[E0432]: unresolved import `iso`
[INFO] [stdout]  --> src/marching.rs:11:5
[INFO] [stdout]   |
[INFO] [stdout] 3 | use iso::{MarchingCubes, GridCell, Triangle};
[INFO] [stdout]   |     ^^^ use of undeclared crate or module `iso`
[INFO] [stdout] 
[INFO] [stdout] error: aborting due to previous error
[INFO] [stdout] 
[INFO] [stdout] For more information about this error, try `rustc --explain E0432`.
[INFO] [stdout] Couldn't compile the test.
[INFO] [stdout] ---- src/lib.rs - (line 8) stdout ----
[INFO] [stdout] error[E0432]: unresolved import `iso`
[INFO] [stdout]  --> src/lib.rs:9:5
[INFO] [stdout]   |
[INFO] [stdout] 3 | use iso::{MarchingCubes, GridCell, Triangle};
[INFO] [stdout]   |     ^^^ use of undeclared crate or module `iso`
[INFO] [stdout] 
[INFO] [stdout] error: aborting due to previous error
[INFO] [stdout] 
[INFO] [stdout] For more information about this error, try `rustc --explain E0432`.
[INFO] [stdout] Couldn't compile the test.
[INFO] [stdout] ---- src/marching.rs - marching::polygonise (line 101) stdout ----
[INFO] [stdout] error[E0432]: unresolved import `iso`
[INFO] [stdout]  --> src/marching.rs:102:5
[INFO] [stdout]   |
[INFO] [stdout] 3 | use iso::{GridCell, Triangle, polygonise};
[INFO] [stdout]   |     ^^^ use of undeclared crate or module `iso`
[INFO] [stdout] 
[INFO] [stdout] error: aborting due to previous error
[INFO] [stdout] 
[INFO] [stdout] For more information about this error, try `rustc --explain E0432`.
[INFO] [stdout] Couldn't compile the test.
[INFO] [stdout] ---- src/marching.rs - marching::interpolate_vertex (line 310) stdout ----
[INFO] [stdout] error[E0425]: cannot find function `vec3` in this scope
[INFO] [stdout]  --> src/marching.rs:311:14
[INFO] [stdout]   |
[INFO] [stdout] 3 | let point1 = vec3(0.0, 0.0, 0.0);
[INFO] [stdout]   |              ^^^^ not found in this scope
[INFO] [stdout] 
[INFO] [stdout] error[E0425]: cannot find function `vec3` in this scope
[INFO] [stdout]  --> src/marching.rs:312:14
[INFO] [stdout]   |
[INFO] [stdout] 4 | let point2 = vec3(1.0, 1.0, 1.0);
[INFO] [stdout]   |              ^^^^ not found in this scope
[INFO] [stdout] 
[INFO] [stdout] error[E0425]: cannot find function `vec2` in this scope
[INFO] [stdout]  --> src/marching.rs:313:20
[INFO] [stdout]   |
[INFO] [stdout] 5 | let alpha_points = vec2(0.5, 0.5);
[INFO] [stdout]   |                    ^^^^ not found in this scope
[INFO] [stdout] 
[INFO] [stdout] error[E0425]: cannot find function `interpolate_vertex` in this scope
[INFO] [stdout]  --> src/marching.rs:316:14
[INFO] [stdout]   |
[INFO] [stdout] 8 | let result = interpolate_vertex(isolevel, point1, point2, alpha_points);
[INFO] [stdout]   |              ^^^^^^^^^^^^^^^^^^ not found in this scope
[INFO] [stdout] 
[INFO] [stdout] error[E0425]: cannot find function `vec3` in this scope
[INFO] [stdout]   --> src/marching.rs:318:20
[INFO] [stdout]    |
[INFO] [stdout] 10 | assert_eq!(result, vec3(0.5, 0.5, 0.5));
[INFO] [stdout]    |                    ^^^^ not found in this scope
[INFO] [stdout] 
[INFO] [stdout] error: aborting due to 5 previous errors
[INFO] [stdout] 
[INFO] [stdout] For more information about this error, try `rustc --explain E0425`.
[INFO] [stdout] Couldn't compile the test.
[INFO] [stdout] 
[INFO] [stdout] failures:
[INFO] [stdout]     src/lib.rs - (line 8)
[INFO] [stdout]     src/marching.rs - marching::MarchingCubes (line 10)
[INFO] [stdout]     src/marching.rs - marching::interpolate_vertex (line 310)
[INFO] [stdout]     src/marching.rs - marching::polygonise (line 101)
[INFO] [stdout] 
[INFO] [stdout] test result: FAILED. 0 passed; 4 failed; 0 ignored; 0 measured; 0 filtered out; finished in 0.09s
[INFO] [stdout] 
[INFO] [stderr] error: doctest failed, to rerun pass `--doc`
[INFO] running `Command { std: "docker" "inspect" "6b88a8ca0cb4d70602731d34e87efbe1ea070b94e2e8e315b19398efa7f2183e", kill_on_drop: false }`
[INFO] running `Command { std: "docker" "rm" "-f" "6b88a8ca0cb4d70602731d34e87efbe1ea070b94e2e8e315b19398efa7f2183e", kill_on_drop: false }`
[INFO] [stdout] 6b88a8ca0cb4d70602731d34e87efbe1ea070b94e2e8e315b19398efa7f2183e
[INFO] testing therealnv6/marching-cubes against beta-2023-12-22 for beta-1.76-1
[INFO] running `Command { std: "git" "clone" "/workspace/cache/git-repos/https%3A%2F%2Fgithub.com%2Ftherealnv6%2Fmarching-cubes" "/workspace/builds/worker-1-tc2/source", kill_on_drop: false }`
[INFO] [stderr] Cloning into '/workspace/builds/worker-1-tc2/source'...
[INFO] [stderr] done.
[INFO] validating manifest of git repo https://github.com/therealnv6/marching-cubes on toolchain beta-2023-12-22
[INFO] running `Command { std: CARGO_HOME="/workspace/cargo-home" RUSTUP_HOME="/workspace/rustup-home" "/workspace/cargo-home/bin/cargo" "+beta-2023-12-22" "metadata" "--manifest-path" "Cargo.toml" "--no-deps", kill_on_drop: false }`
[INFO] started tweaking git repo https://github.com/therealnv6/marching-cubes
[INFO] finished tweaking git repo https://github.com/therealnv6/marching-cubes
[INFO] tweaked toml for git repo https://github.com/therealnv6/marching-cubes written to /workspace/builds/worker-1-tc2/source/Cargo.toml
[INFO] crate git repo https://github.com/therealnv6/marching-cubes already has a lockfile, it will not be regenerated
[INFO] running `Command { std: CARGO_HOME="/workspace/cargo-home" RUSTUP_HOME="/workspace/rustup-home" "/workspace/cargo-home/bin/cargo" "+beta-2023-12-22" "fetch" "--manifest-path" "Cargo.toml", kill_on_drop: false }`
[INFO] [stderr] warning: unused manifest key: package.crate-type
[INFO] running `Command { std: "docker" "create" "-v" "/var/lib/crater-agent-workspace/builds/worker-1-tc2/target:/opt/rustwide/target:rw,Z" "-v" "/var/lib/crater-agent-workspace/builds/worker-1-tc2/source:/opt/rustwide/workdir:ro,Z" "-v" "/var/lib/crater-agent-workspace/cargo-home:/opt/rustwide/cargo-home:ro,Z" "-v" "/var/lib/crater-agent-workspace/rustup-home:/opt/rustwide/rustup-home:ro,Z" "-e" "SOURCE_DIR=/opt/rustwide/workdir" "-e" "CARGO_TARGET_DIR=/opt/rustwide/target" "-e" "CARGO_HOME=/opt/rustwide/cargo-home" "-e" "RUSTUP_HOME=/opt/rustwide/rustup-home" "-w" "/opt/rustwide/workdir" "-m" "1610612736" "--user" "0:0" "--network" "none" "ghcr.io/rust-lang/crates-build-env/linux@sha256:2788e3201cd34a07e3172128adcd8b3090168a8e3bcc40d7c032b9dda1df7d1c" "/opt/rustwide/cargo-home/bin/cargo" "+beta-2023-12-22" "metadata" "--no-deps" "--format-version=1", kill_on_drop: false }`
[INFO] [stdout] 47fb468461d051a84d9518a1a55254f563899e27267c87043cafc4e8d71006b9
[INFO] running `Command { std: "docker" "start" "-a" "47fb468461d051a84d9518a1a55254f563899e27267c87043cafc4e8d71006b9", kill_on_drop: false }`
[INFO] running `Command { std: "docker" "inspect" "47fb468461d051a84d9518a1a55254f563899e27267c87043cafc4e8d71006b9", kill_on_drop: false }`
[INFO] running `Command { std: "docker" "rm" "-f" "47fb468461d051a84d9518a1a55254f563899e27267c87043cafc4e8d71006b9", kill_on_drop: false }`
[INFO] [stdout] 47fb468461d051a84d9518a1a55254f563899e27267c87043cafc4e8d71006b9
[INFO] running `Command { std: "docker" "create" "-v" "/var/lib/crater-agent-workspace/builds/worker-1-tc2/target:/opt/rustwide/target:rw,Z" "-v" "/var/lib/crater-agent-workspace/builds/worker-1-tc2/source:/opt/rustwide/workdir:ro,Z" "-v" "/var/lib/crater-agent-workspace/cargo-home:/opt/rustwide/cargo-home:ro,Z" "-v" "/var/lib/crater-agent-workspace/rustup-home:/opt/rustwide/rustup-home:ro,Z" "-e" "SOURCE_DIR=/opt/rustwide/workdir" "-e" "CARGO_TARGET_DIR=/opt/rustwide/target" "-e" "CARGO_INCREMENTAL=0" "-e" "RUST_BACKTRACE=full" "-e" "RUSTFLAGS=--cap-lints=warn" "-e" "RUSTDOCFLAGS=--cap-lints=warn" "-e" "CARGO_HOME=/opt/rustwide/cargo-home" "-e" "RUSTUP_HOME=/opt/rustwide/rustup-home" "-w" "/opt/rustwide/workdir" "-m" "1610612736" "--user" "0:0" "--network" "none" "ghcr.io/rust-lang/crates-build-env/linux@sha256:2788e3201cd34a07e3172128adcd8b3090168a8e3bcc40d7c032b9dda1df7d1c" "/opt/rustwide/cargo-home/bin/cargo" "+beta-2023-12-22" "build" "--frozen" "--message-format=json", kill_on_drop: false }`
[INFO] [stdout] 5650be626afdd924ea9eb8ecf0ab685edf7498c8fe4abf24cfa0e41ac922a000
[INFO] running `Command { std: "docker" "start" "-a" "5650be626afdd924ea9eb8ecf0ab685edf7498c8fe4abf24cfa0e41ac922a000", kill_on_drop: false }`
[INFO] [stderr] warning: unused manifest key: package.crate-type
[INFO] [stderr]    Compiling marching-cubes v0.1.2 (/opt/rustwide/workdir)
[INFO] [stderr]     Finished dev [unoptimized + debuginfo] target(s) in 0.12s
[INFO] running `Command { std: "docker" "inspect" "5650be626afdd924ea9eb8ecf0ab685edf7498c8fe4abf24cfa0e41ac922a000", kill_on_drop: false }`
[INFO] running `Command { std: "docker" "rm" "-f" "5650be626afdd924ea9eb8ecf0ab685edf7498c8fe4abf24cfa0e41ac922a000", kill_on_drop: false }`
[INFO] [stdout] 5650be626afdd924ea9eb8ecf0ab685edf7498c8fe4abf24cfa0e41ac922a000
[INFO] running `Command { std: "docker" "create" "-v" "/var/lib/crater-agent-workspace/builds/worker-1-tc2/target:/opt/rustwide/target:rw,Z" "-v" "/var/lib/crater-agent-workspace/builds/worker-1-tc2/source:/opt/rustwide/workdir:ro,Z" "-v" "/var/lib/crater-agent-workspace/cargo-home:/opt/rustwide/cargo-home:ro,Z" "-v" "/var/lib/crater-agent-workspace/rustup-home:/opt/rustwide/rustup-home:ro,Z" "-e" "SOURCE_DIR=/opt/rustwide/workdir" "-e" "CARGO_TARGET_DIR=/opt/rustwide/target" "-e" "CARGO_INCREMENTAL=0" "-e" "RUST_BACKTRACE=full" "-e" "RUSTFLAGS=--cap-lints=warn" "-e" "RUSTDOCFLAGS=--cap-lints=warn" "-e" "CARGO_HOME=/opt/rustwide/cargo-home" "-e" "RUSTUP_HOME=/opt/rustwide/rustup-home" "-w" "/opt/rustwide/workdir" "-m" "1610612736" "--user" "0:0" "--network" "none" "ghcr.io/rust-lang/crates-build-env/linux@sha256:2788e3201cd34a07e3172128adcd8b3090168a8e3bcc40d7c032b9dda1df7d1c" "/opt/rustwide/cargo-home/bin/cargo" "+beta-2023-12-22" "test" "--frozen" "--no-run" "--message-format=json", kill_on_drop: false }`
[INFO] [stdout] c6908f4288a8a0f8e78211056d4de32c2d308a5ad208119c8f9dbafd8157d8e0
[INFO] running `Command { std: "docker" "start" "-a" "c6908f4288a8a0f8e78211056d4de32c2d308a5ad208119c8f9dbafd8157d8e0", kill_on_drop: false }`
[INFO] [stderr] warning: unused manifest key: package.crate-type
[INFO] [stderr]    Compiling marching-cubes v0.1.2 (/opt/rustwide/workdir)
[INFO] [stderr]     Finished test [unoptimized + debuginfo] target(s) in 0.22s
[INFO] running `Command { std: "docker" "inspect" "c6908f4288a8a0f8e78211056d4de32c2d308a5ad208119c8f9dbafd8157d8e0", kill_on_drop: false }`
[INFO] running `Command { std: "docker" "rm" "-f" "c6908f4288a8a0f8e78211056d4de32c2d308a5ad208119c8f9dbafd8157d8e0", kill_on_drop: false }`
[INFO] [stdout] c6908f4288a8a0f8e78211056d4de32c2d308a5ad208119c8f9dbafd8157d8e0
[INFO] running `Command { std: "docker" "create" "-v" "/var/lib/crater-agent-workspace/builds/worker-1-tc2/target:/opt/rustwide/target:rw,Z" "-v" "/var/lib/crater-agent-workspace/builds/worker-1-tc2/source:/opt/rustwide/workdir:ro,Z" "-v" "/var/lib/crater-agent-workspace/cargo-home:/opt/rustwide/cargo-home:ro,Z" "-v" "/var/lib/crater-agent-workspace/rustup-home:/opt/rustwide/rustup-home:ro,Z" "-e" "SOURCE_DIR=/opt/rustwide/workdir" "-e" "CARGO_TARGET_DIR=/opt/rustwide/target" "-e" "CARGO_INCREMENTAL=0" "-e" "RUST_BACKTRACE=full" "-e" "RUSTFLAGS=--cap-lints=warn" "-e" "RUSTDOCFLAGS=--cap-lints=warn" "-e" "CARGO_HOME=/opt/rustwide/cargo-home" "-e" "RUSTUP_HOME=/opt/rustwide/rustup-home" "-w" "/opt/rustwide/workdir" "-m" "1610612736" "--user" "0:0" "--network" "none" "ghcr.io/rust-lang/crates-build-env/linux@sha256:2788e3201cd34a07e3172128adcd8b3090168a8e3bcc40d7c032b9dda1df7d1c" "/opt/rustwide/cargo-home/bin/cargo" "+beta-2023-12-22" "test" "--frozen", kill_on_drop: false }`
[INFO] [stdout] b19533d914b4e55b839223381245c12304c0a87da99c6b6c553c04ee3b4fbbe5
[INFO] running `Command { std: "docker" "start" "-a" "b19533d914b4e55b839223381245c12304c0a87da99c6b6c553c04ee3b4fbbe5", kill_on_drop: false }`
[INFO] [stderr] warning: unused manifest key: package.crate-type
[INFO] [stderr]     Finished test [unoptimized + debuginfo] target(s) in 0.00s
[INFO] [stderr]      Running unittests src/lib.rs (/opt/rustwide/target/debug/deps/marching_cubes-eda27d3c6869a0cf)
[INFO] [stdout] 
[INFO] [stdout] running 0 tests
[INFO] [stdout] 
[INFO] [stdout] test result: ok. 0 passed; 0 failed; 0 ignored; 0 measured; 0 filtered out; finished in 0.00s
[INFO] [stdout] 
[INFO] [stderr]    Doc-tests marching-cubes
[INFO] [stdout] 
[INFO] [stdout] running 4 tests
[INFO] [stdout] test src/marching.rs - marching::polygonise (line 101) ... FAILED
[INFO] [stdout] test src/lib.rs - (line 8) ... FAILED
[INFO] [stdout] test src/marching.rs - marching::MarchingCubes (line 10) ... FAILED
[INFO] [stdout] test src/marching.rs - marching::interpolate_vertex (line 310) ... FAILED
[INFO] [stdout] 
[INFO] [stdout] failures:
[INFO] [stdout] 
[INFO] [stdout] ---- src/marching.rs - marching::polygonise (line 101) stdout ----
[INFO] [stdout] error[E0432]: unresolved import `iso`
[INFO] [stdout]  --> src/marching.rs:102:5
[INFO] [stdout]   |
[INFO] [stdout] 3 | use iso::{GridCell, Triangle, polygonise};
[INFO] [stdout]   |     ^^^ use of undeclared crate or module `iso`
[INFO] [stdout] 
[INFO] [stdout] error: aborting due to 1 previous error
[INFO] [stdout] 
[INFO] [stdout] For more information about this error, try `rustc --explain E0432`.
[INFO] [stdout] Couldn't compile the test.
[INFO] [stdout] ---- src/lib.rs - (line 8) stdout ----
[INFO] [stdout] error[E0432]: unresolved import `iso`
[INFO] [stdout]  --> src/lib.rs:9:5
[INFO] [stdout]   |
[INFO] [stdout] 3 | use iso::{MarchingCubes, GridCell, Triangle};
[INFO] [stdout]   |     ^^^ use of undeclared crate or module `iso`
[INFO] [stdout] 
[INFO] [stdout] error: aborting due to 1 previous error
[INFO] [stdout] 
[INFO] [stdout] For more information about this error, try `rustc --explain E0432`.
[INFO] [stdout] Couldn't compile the test.
[INFO] [stdout] ---- src/marching.rs - marching::MarchingCubes (line 10) stdout ----
[INFO] [stdout] error[E0432]: unresolved import `iso`
[INFO] [stdout]  --> src/marching.rs:11:5
[INFO] [stdout]   |
[INFO] [stdout] 3 | use iso::{MarchingCubes, GridCell, Triangle};
[INFO] [stdout]   |     ^^^ use of undeclared crate or module `iso`
[INFO] [stdout] 
[INFO] [stdout] error: aborting due to 1 previous error
[INFO] [stdout] 
[INFO] [stdout] For more information about this error, try `rustc --explain E0432`.
[INFO] [stdout] Couldn't compile the test.
[INFO] [stdout] ---- src/marching.rs - marching::interpolate_vertex (line 310) stdout ----
[INFO] [stdout] error[E0425]: cannot find function `vec3` in this scope
[INFO] [stdout]  --> src/marching.rs:311:14
[INFO] [stdout]   |
[INFO] [stdout] 3 | let point1 = vec3(0.0, 0.0, 0.0);
[INFO] [stdout]   |              ^^^^ not found in this scope
[INFO] [stdout] 
[INFO] [stdout] error[E0425]: cannot find function `vec3` in this scope
[INFO] [stdout]  --> src/marching.rs:312:14
[INFO] [stdout]   |
[INFO] [stdout] 4 | let point2 = vec3(1.0, 1.0, 1.0);
[INFO] [stdout]   |              ^^^^ not found in this scope
[INFO] [stdout] 
[INFO] [stdout] error[E0425]: cannot find function `vec2` in this scope
[INFO] [stdout]  --> src/marching.rs:313:20
[INFO] [stdout]   |
[INFO] [stdout] 5 | let alpha_points = vec2(0.5, 0.5);
[INFO] [stdout]   |                    ^^^^ not found in this scope
[INFO] [stdout] 
[INFO] [stdout] error[E0425]: cannot find function `interpolate_vertex` in this scope
[INFO] [stdout]  --> src/marching.rs:316:14
[INFO] [stdout]   |
[INFO] [stdout] 8 | let result = interpolate_vertex(isolevel, point1, point2, alpha_points);
[INFO] [stdout]   |              ^^^^^^^^^^^^^^^^^^ not found in this scope
[INFO] [stdout] 
[INFO] [stdout] error[E0425]: cannot find function `vec3` in this scope
[INFO] [stdout]   --> src/marching.rs:318:20
[INFO] [stdout]    |
[INFO] [stdout] 10 | assert_eq!(result, vec3(0.5, 0.5, 0.5));
[INFO] [stdout]    |                    ^^^^ not found in this scope
[INFO] [stdout] 
[INFO] [stdout] error: aborting due to 5 previous errors
[INFO] [stdout] 
[INFO] [stdout] For more information about this error, try `rustc --explain E0425`.
[INFO] [stdout] Couldn't compile the test.
[INFO] [stdout] 
[INFO] [stdout] failures:
[INFO] [stdout]     src/lib.rs - (line 8)
[INFO] [stdout]     src/marching.rs - marching::MarchingCubes (line 10)
[INFO] [stdout]     src/marching.rs - marching::interpolate_vertex (line 310)
[INFO] [stdout]     src/marching.rs - marching::polygonise (line 101)
[INFO] [stdout] 
[INFO] [stdout] test result: FAILED. 0 passed; 4 failed; 0 ignored; 0 measured; 0 filtered out; finished in 0.06s
[INFO] [stdout] 
[INFO] [stderr] error: doctest failed, to rerun pass `--doc`
[INFO] running `Command { std: "docker" "inspect" "b19533d914b4e55b839223381245c12304c0a87da99c6b6c553c04ee3b4fbbe5", kill_on_drop: false }`
[INFO] running `Command { std: "docker" "rm" "-f" "b19533d914b4e55b839223381245c12304c0a87da99c6b6c553c04ee3b4fbbe5", kill_on_drop: false }`
[INFO] [stdout] b19533d914b4e55b839223381245c12304c0a87da99c6b6c553c04ee3b4fbbe5
