[INFO] cloning repository https://github.com/there-is-no-todo/server
[INFO] running `Command { std: "git" "-c" "credential.helper=" "-c" "credential.helper=/workspace/cargo-home/bin/git-credential-null" "clone" "--bare" "https://github.com/there-is-no-todo/server" "/workspace/cache/git-repos/https%3A%2F%2Fgithub.com%2Fthere-is-no-todo%2Fserver", kill_on_drop: false }`
[INFO] [stderr] Cloning into bare repository '/workspace/cache/git-repos/https%3A%2F%2Fgithub.com%2Fthere-is-no-todo%2Fserver'...
[INFO] running `Command { std: "git" "rev-parse" "HEAD", kill_on_drop: false }`
[INFO] [stdout] 800a4976c0532474c4ba67449ea39d16c21eefd7
[INFO] testing there-is-no-todo/server against 1.75.0 for beta-1.76-1
[INFO] running `Command { std: "git" "clone" "/workspace/cache/git-repos/https%3A%2F%2Fgithub.com%2Fthere-is-no-todo%2Fserver" "/workspace/builds/worker-0-tc1/source", kill_on_drop: false }`
[INFO] [stderr] Cloning into '/workspace/builds/worker-0-tc1/source'...
[INFO] [stderr] done.
[INFO] validating manifest of git repo https://github.com/there-is-no-todo/server on toolchain 1.75.0
[INFO] running `Command { std: CARGO_HOME="/workspace/cargo-home" RUSTUP_HOME="/workspace/rustup-home" "/workspace/cargo-home/bin/cargo" "+1.75.0" "metadata" "--manifest-path" "Cargo.toml" "--no-deps", kill_on_drop: false }`
[INFO] started tweaking git repo https://github.com/there-is-no-todo/server
[INFO] finished tweaking git repo https://github.com/there-is-no-todo/server
[INFO] tweaked toml for git repo https://github.com/there-is-no-todo/server written to /workspace/builds/worker-0-tc1/source/Cargo.toml
[INFO] crate git repo https://github.com/there-is-no-todo/server already has a lockfile, it will not be regenerated
[INFO] running `Command { std: CARGO_HOME="/workspace/cargo-home" RUSTUP_HOME="/workspace/rustup-home" "/workspace/cargo-home/bin/cargo" "+1.75.0" "fetch" "--manifest-path" "Cargo.toml", kill_on_drop: false }`
[INFO] [stderr]  Downloading crates ...
[INFO] [stderr]   Downloaded rusqlite v0.25.4
[INFO] running `Command { std: "docker" "create" "-v" "/var/lib/crater-agent-workspace/builds/worker-0-tc1/target:/opt/rustwide/target:rw,Z" "-v" "/var/lib/crater-agent-workspace/builds/worker-0-tc1/source:/opt/rustwide/workdir:ro,Z" "-v" "/var/lib/crater-agent-workspace/cargo-home:/opt/rustwide/cargo-home:ro,Z" "-v" "/var/lib/crater-agent-workspace/rustup-home:/opt/rustwide/rustup-home:ro,Z" "-e" "SOURCE_DIR=/opt/rustwide/workdir" "-e" "CARGO_TARGET_DIR=/opt/rustwide/target" "-e" "CARGO_HOME=/opt/rustwide/cargo-home" "-e" "RUSTUP_HOME=/opt/rustwide/rustup-home" "-w" "/opt/rustwide/workdir" "-m" "1610612736" "--user" "0:0" "--network" "none" "ghcr.io/rust-lang/crates-build-env/linux@sha256:2788e3201cd34a07e3172128adcd8b3090168a8e3bcc40d7c032b9dda1df7d1c" "/opt/rustwide/cargo-home/bin/cargo" "+1.75.0" "metadata" "--no-deps" "--format-version=1", kill_on_drop: false }`
[INFO] [stdout] d58a3ae42850bf518539582df7a4e26accf57771858fe4ca165354169458fa8b
[INFO] running `Command { std: "docker" "start" "-a" "d58a3ae42850bf518539582df7a4e26accf57771858fe4ca165354169458fa8b", kill_on_drop: false }`
[INFO] running `Command { std: "docker" "inspect" "d58a3ae42850bf518539582df7a4e26accf57771858fe4ca165354169458fa8b", kill_on_drop: false }`
[INFO] running `Command { std: "docker" "rm" "-f" "d58a3ae42850bf518539582df7a4e26accf57771858fe4ca165354169458fa8b", kill_on_drop: false }`
[INFO] [stdout] d58a3ae42850bf518539582df7a4e26accf57771858fe4ca165354169458fa8b
[INFO] running `Command { std: "docker" "create" "-v" "/var/lib/crater-agent-workspace/builds/worker-0-tc1/target:/opt/rustwide/target:rw,Z" "-v" "/var/lib/crater-agent-workspace/builds/worker-0-tc1/source:/opt/rustwide/workdir:ro,Z" "-v" "/var/lib/crater-agent-workspace/cargo-home:/opt/rustwide/cargo-home:ro,Z" "-v" "/var/lib/crater-agent-workspace/rustup-home:/opt/rustwide/rustup-home:ro,Z" "-e" "SOURCE_DIR=/opt/rustwide/workdir" "-e" "CARGO_TARGET_DIR=/opt/rustwide/target" "-e" "CARGO_INCREMENTAL=0" "-e" "RUST_BACKTRACE=full" "-e" "RUSTFLAGS=--cap-lints=warn" "-e" "RUSTDOCFLAGS=--cap-lints=warn" "-e" "CARGO_HOME=/opt/rustwide/cargo-home" "-e" "RUSTUP_HOME=/opt/rustwide/rustup-home" "-w" "/opt/rustwide/workdir" "-m" "1610612736" "--user" "0:0" "--network" "none" "ghcr.io/rust-lang/crates-build-env/linux@sha256:2788e3201cd34a07e3172128adcd8b3090168a8e3bcc40d7c032b9dda1df7d1c" "/opt/rustwide/cargo-home/bin/cargo" "+1.75.0" "build" "--frozen" "--message-format=json", kill_on_drop: false }`
[INFO] [stdout] 982615f7fde1a8d9de8568b7d9b78b6c86f13010993c1bead40adfbc993d988a
[INFO] running `Command { std: "docker" "start" "-a" "982615f7fde1a8d9de8568b7d9b78b6c86f13010993c1bead40adfbc993d988a", kill_on_drop: false }`
[INFO] [stderr]    Compiling version_check v0.9.4
[INFO] [stderr]    Compiling cfg-if v1.0.0
[INFO] [stderr]    Compiling libc v0.2.140
[INFO] [stderr]    Compiling autocfg v1.1.0
[INFO] [stderr]    Compiling proc-macro2 v1.0.52
[INFO] [stderr]    Compiling quote v1.0.24
[INFO] [stderr]    Compiling unicode-ident v1.0.8
[INFO] [stderr]    Compiling syn v1.0.109
[INFO] [stderr]    Compiling typenum v1.16.0
[INFO] [stderr]    Compiling subtle v2.4.1
[INFO] [stderr]    Compiling pin-project-lite v0.2.9
[INFO] [stderr]    Compiling log v0.4.17
[INFO] [stderr]    Compiling memchr v2.5.0
[INFO] [stderr]    Compiling serde_derive v1.0.155
[INFO] [stderr]    Compiling once_cell v1.17.1
[INFO] [stderr]    Compiling serde v1.0.155
[INFO] [stderr]    Compiling cpufeatures v0.2.5
[INFO] [stderr]    Compiling itoa v1.0.6
[INFO] [stderr]    Compiling futures-channel v0.3.27
[INFO] [stderr]    Compiling smallvec v1.10.0
[INFO] [stderr]    Compiling futures-core v0.3.27
[INFO] [stderr]    Compiling bytes v1.4.0
[INFO] [stderr]    Compiling pin-utils v0.1.0
[INFO] [stderr]    Compiling generic-array v0.14.6
[INFO] [stderr]    Compiling proc-macro2-diagnostics v0.9.1
[INFO] [stderr]    Compiling yansi v0.5.1
[INFO] [stderr]    Compiling opaque-debug v0.3.0
[INFO] [stderr]    Compiling lock_api v0.4.9
[INFO] [stderr]    Compiling tracing-core v0.1.30
[INFO] [stderr]    Compiling fnv v1.0.7
[INFO] [stderr]    Compiling ppv-lite86 v0.2.17
[INFO] [stderr]    Compiling parking_lot_core v0.9.7
[INFO] [stderr]    Compiling bitflags v1.3.2
[INFO] [stderr]    Compiling tokio v1.26.0
[INFO] [stderr]    Compiling slab v0.4.8
[INFO] [stderr]    Compiling httparse v1.8.0
[INFO] [stderr]    Compiling scopeguard v1.1.0
[INFO] [stderr]    Compiling futures-task v0.3.27
[INFO] [stderr]    Compiling futures-sink v0.3.27
[INFO] [stderr]    Compiling http v0.2.9
[INFO] [stderr]    Compiling tracing v0.1.37
[INFO] [stderr]    Compiling try-lock v0.2.4
[INFO] [stderr]    Compiling time-core v0.1.0
[INFO] [stderr]    Compiling pkg-config v0.3.26
[INFO] [stderr]    Compiling futures-util v0.3.27
[INFO] [stderr]    Compiling hashbrown v0.12.3
[INFO] [stderr]    Compiling time-macros v0.2.8
[INFO] [stderr]    Compiling getrandom v0.2.8
[INFO] [stderr]    Compiling num-traits v0.2.15
[INFO] [stderr]    Compiling rand_core v0.6.4
[INFO] [stderr]    Compiling cookie v0.16.2
[INFO] [stderr]    Compiling futures-io v0.3.27
[INFO] [stderr]    Compiling indexmap v1.9.2
[INFO] [stderr]    Compiling num-integer v0.1.45
[INFO] [stderr]    Compiling libsqlite3-sys v0.22.2
[INFO] [stderr]    Compiling ahash v0.7.6
[INFO] [stderr]    Compiling ref-cast v1.0.15
[INFO] [stderr]    Compiling httpdate v1.0.2
[INFO] [stderr]    Compiling byteorder v1.4.3
[INFO] [stderr]    Compiling tower-service v0.3.2
[INFO] [stderr]    Compiling http-body v0.4.5
[INFO] [stderr]    Compiling percent-encoding v2.2.0
[INFO] [stderr]    Compiling base64 v0.20.0
[INFO] [stderr]    Compiling inlinable_string v0.1.15
[INFO] [stderr]    Compiling mio v0.8.6
[INFO] [stderr]    Compiling signal-hook-registry v1.4.1
[INFO] [stderr]    Compiling num_cpus v1.15.0
[INFO] [stderr]    Compiling socket2 v0.4.9
[INFO] [stderr]    Compiling parking_lot v0.12.1
[INFO] [stderr]    Compiling rand_chacha v0.3.1
[INFO] [stderr]    Compiling scheduled-thread-pool v0.2.7
[INFO] [stderr]    Compiling crypto-common v0.1.6
[INFO] [stderr]    Compiling inout v0.1.3
[INFO] [stderr]    Compiling block-buffer v0.10.4
[INFO] [stderr]    Compiling universal-hash v0.5.0
[INFO] [stderr]    Compiling aead v0.5.1
[INFO] [stderr]    Compiling cipher v0.4.4
[INFO] [stderr]    Compiling digest v0.10.6
[INFO] [stderr]    Compiling polyval v0.6.0
[INFO] [stderr]    Compiling uncased v0.9.7
[INFO] [stderr]    Compiling ctr v0.9.2
[INFO] [stderr]    Compiling hmac v0.12.1
[INFO] [stderr]    Compiling aes v0.8.2
[INFO] [stderr]    Compiling ghash v0.5.0
[INFO] [stderr]    Compiling io-lifetimes v1.0.6
[INFO] [stderr]    Compiling hkdf v0.12.3
[INFO] [stderr]    Compiling sha2 v0.10.6
[INFO] [stderr]    Compiling rand v0.8.5
[INFO] [stderr]    Compiling r2d2 v0.8.10
[INFO] [stderr]    Compiling time v0.3.20
[INFO] [stderr]    Compiling time v0.1.45
[INFO] [stderr]    Compiling want v0.3.0
[INFO] [stderr]    Compiling stable-pattern v0.1.0
[INFO] [stderr]    Compiling either v1.8.1
[INFO] [stderr]    Compiling state v0.5.3
[INFO] [stderr]    Compiling rustix v0.36.9
[INFO] [stderr]    Compiling iana-time-zone v0.1.53
[INFO] [stderr]    Compiling aes-gcm v0.10.1
[INFO] [stderr]    Compiling hashbrown v0.11.2
[INFO] [stderr]    Compiling atomic v0.5.1
[INFO] [stderr]    Compiling figment v0.10.8
[INFO] [stderr]    Compiling multer v2.0.4
[INFO] [stderr]    Compiling serde_json v1.0.94
[INFO] [stderr]    Compiling async-trait v0.1.66
[INFO] [stderr]    Compiling linux-raw-sys v0.1.4
[INFO] [stderr]    Compiling rocket v0.5.0-rc.2
[INFO] [stderr]    Compiling encoding_rs v0.8.32
[INFO] [stderr]    Compiling futures v0.3.27
[INFO] [stderr]    Compiling hashlink v0.7.0
[INFO] [stderr]    Compiling fastrand v1.9.0
[INFO] [stderr]    Compiling fallible-streaming-iterator v0.1.9
[INFO] [stderr]    Compiling glob v0.3.1
[INFO] [stderr]    Compiling mime v0.3.16
[INFO] [stderr]    Compiling fallible-iterator v0.2.0
[INFO] [stderr]    Compiling ryu v1.0.13
[INFO] [stderr]    Compiling spin v0.9.5
[INFO] [stderr]    Compiling unicode-xid v0.2.4
[INFO] [stderr]    Compiling atty v0.2.14
[INFO] [stderr]    Compiling binascii v0.1.4
[INFO] [stderr]    Compiling rusqlite v0.25.4
[INFO] [stderr]    Compiling r2d2_sqlite v0.18.0
[INFO] [stderr]    Compiling hyper v0.14.25
[INFO] [stderr]    Compiling devise_core v0.3.1
[INFO] [stderr]    Compiling tempfile v3.4.0
[INFO] [stderr]    Compiling tokio-macros v1.8.2
[INFO] [stderr]    Compiling diesel_derives v1.4.1
[INFO] [stderr]    Compiling pear_codegen v0.2.3
[INFO] [stderr]    Compiling ref-cast-impl v1.0.15
[INFO] [stderr]    Compiling devise_codegen v0.3.1
[INFO] [stderr]    Compiling async-stream-impl v0.3.4
[INFO] [stderr]    Compiling devise v0.3.1
[INFO] [stderr]    Compiling rocket_sync_db_pools_codegen v0.1.0-rc.2
[INFO] [stderr]    Compiling async-stream v0.3.4
[INFO] [stderr]    Compiling pear v0.2.3
[INFO] [stderr]    Compiling rocket_http v0.5.0-rc.2
[INFO] [stderr]    Compiling diesel v1.4.8
[INFO] [stderr]    Compiling rocket_codegen v0.5.0-rc.2
[INFO] [stderr]    Compiling tokio-util v0.7.7
[INFO] [stderr]    Compiling tokio-stream v0.1.12
[INFO] [stderr]    Compiling migrations_internals v1.4.1
[INFO] [stderr]    Compiling migrations_macros v1.4.2
[INFO] [stderr]    Compiling chrono v0.4.24
[INFO] [stderr]    Compiling toml v0.5.11
[INFO] [stderr]    Compiling ubyte v0.10.3
[INFO] [stderr]    Compiling h2 v0.3.16
[INFO] [stderr]    Compiling diesel_migrations v1.4.0
[INFO] [stderr]    Compiling rocket_sync_db_pools v0.1.0-rc.2
[INFO] [stderr]    Compiling databases v0.0.0 (/opt/rustwide/workdir)
[INFO] [stdout] warning: unused import: `create`
[INFO] [stdout]   --> src/plan.rs:33:10
[INFO] [stdout]    |
[INFO] [stdout] 33 | async fn create(db: Db, plan: Json<Plan>) -> Result<Created<Json<Plan>>> {
[INFO] [stdout]    |          ^^^^^^
[INFO] [stdout]    |
[INFO] [stdout]    = note: `#[warn(unused_imports)]` on by default
[INFO] [stdout] 
[INFO] [stdout] 
[INFO] [stdout] warning: unused import: `list`
[INFO] [stdout]   --> src/plan.rs:46:10
[INFO] [stdout]    |
[INFO] [stdout] 46 | async fn list(db: Db) -> Result<Json<Vec<Plan>>> {
[INFO] [stdout]    |          ^^^^
[INFO] [stdout] 
[INFO] [stdout] 
[INFO] [stdout] warning: unused import: `read`
[INFO] [stdout]   --> src/plan.rs:53:10
[INFO] [stdout]    |
[INFO] [stdout] 53 | async fn read(db: Db, id: i32) -> Option<Json<Plan>> {
[INFO] [stdout]    |          ^^^^
[INFO] [stdout] 
[INFO] [stdout] 
[INFO] [stdout] warning: unused import: `delete`
[INFO] [stdout]   --> src/plan.rs:61:10
[INFO] [stdout]    |
[INFO] [stdout] 61 | async fn delete(db: Db, id: i32) -> Result<Option<()>> {
[INFO] [stdout]    |          ^^^^^^
[INFO] [stdout] 
[INFO] [stdout] 
[INFO] [stdout] warning: unused import: `destroy`
[INFO] [stdout]   --> src/plan.rs:74:10
[INFO] [stdout]    |
[INFO] [stdout] 74 | async fn destroy(db: Db) -> Result<()> {
[INFO] [stdout]    |          ^^^^^^^
[INFO] [stdout] 
[INFO] [stdout] 
[INFO] [stdout] warning: 5 warnings emitted
[INFO] [stdout] 
[INFO] [stdout] 
[INFO] [stderr]     Finished dev [unoptimized + debuginfo] target(s) in 23.66s
[INFO] running `Command { std: "docker" "inspect" "982615f7fde1a8d9de8568b7d9b78b6c86f13010993c1bead40adfbc993d988a", kill_on_drop: false }`
[INFO] running `Command { std: "docker" "rm" "-f" "982615f7fde1a8d9de8568b7d9b78b6c86f13010993c1bead40adfbc993d988a", kill_on_drop: false }`
[INFO] [stdout] 982615f7fde1a8d9de8568b7d9b78b6c86f13010993c1bead40adfbc993d988a
[INFO] running `Command { std: "docker" "create" "-v" "/var/lib/crater-agent-workspace/builds/worker-0-tc1/target:/opt/rustwide/target:rw,Z" "-v" "/var/lib/crater-agent-workspace/builds/worker-0-tc1/source:/opt/rustwide/workdir:ro,Z" "-v" "/var/lib/crater-agent-workspace/cargo-home:/opt/rustwide/cargo-home:ro,Z" "-v" "/var/lib/crater-agent-workspace/rustup-home:/opt/rustwide/rustup-home:ro,Z" "-e" "SOURCE_DIR=/opt/rustwide/workdir" "-e" "CARGO_TARGET_DIR=/opt/rustwide/target" "-e" "CARGO_INCREMENTAL=0" "-e" "RUST_BACKTRACE=full" "-e" "RUSTFLAGS=--cap-lints=warn" "-e" "RUSTDOCFLAGS=--cap-lints=warn" "-e" "CARGO_HOME=/opt/rustwide/cargo-home" "-e" "RUSTUP_HOME=/opt/rustwide/rustup-home" "-w" "/opt/rustwide/workdir" "-m" "1610612736" "--user" "0:0" "--network" "none" "ghcr.io/rust-lang/crates-build-env/linux@sha256:2788e3201cd34a07e3172128adcd8b3090168a8e3bcc40d7c032b9dda1df7d1c" "/opt/rustwide/cargo-home/bin/cargo" "+1.75.0" "test" "--frozen" "--no-run" "--message-format=json", kill_on_drop: false }`
[INFO] [stdout] 53e0c41674f1161d5be305ba595bca08dc3fb7a06ae8f4561851b82011bff2a7
[INFO] running `Command { std: "docker" "start" "-a" "53e0c41674f1161d5be305ba595bca08dc3fb7a06ae8f4561851b82011bff2a7", kill_on_drop: false }`
[INFO] [stderr]    Compiling databases v0.0.0 (/opt/rustwide/workdir)
[INFO] [stdout] warning: unused import: `create`
[INFO] [stdout]   --> src/plan.rs:33:10
[INFO] [stdout]    |
[INFO] [stdout] 33 | async fn create(db: Db, plan: Json<Plan>) -> Result<Created<Json<Plan>>> {
[INFO] [stdout]    |          ^^^^^^
[INFO] [stdout]    |
[INFO] [stdout]    = note: `#[warn(unused_imports)]` on by default
[INFO] [stdout] 
[INFO] [stdout] 
[INFO] [stdout] warning: unused import: `list`
[INFO] [stdout]   --> src/plan.rs:46:10
[INFO] [stdout]    |
[INFO] [stdout] 46 | async fn list(db: Db) -> Result<Json<Vec<Plan>>> {
[INFO] [stdout]    |          ^^^^
[INFO] [stdout] 
[INFO] [stdout] 
[INFO] [stdout] warning: unused import: `read`
[INFO] [stdout]   --> src/plan.rs:53:10
[INFO] [stdout]    |
[INFO] [stdout] 53 | async fn read(db: Db, id: i32) -> Option<Json<Plan>> {
[INFO] [stdout]    |          ^^^^
[INFO] [stdout] 
[INFO] [stdout] 
[INFO] [stdout] warning: unused import: `delete`
[INFO] [stdout]   --> src/plan.rs:61:10
[INFO] [stdout]    |
[INFO] [stdout] 61 | async fn delete(db: Db, id: i32) -> Result<Option<()>> {
[INFO] [stdout]    |          ^^^^^^
[INFO] [stdout] 
[INFO] [stdout] 
[INFO] [stdout] warning: unused import: `destroy`
[INFO] [stdout]   --> src/plan.rs:74:10
[INFO] [stdout]    |
[INFO] [stdout] 74 | async fn destroy(db: Db) -> Result<()> {
[INFO] [stdout]    |          ^^^^^^^
[INFO] [stdout] 
[INFO] [stdout] 
[INFO] [stdout] warning: 5 warnings emitted
[INFO] [stdout] 
[INFO] [stdout] 
[INFO] [stderr]     Finished test [unoptimized + debuginfo] target(s) in 3.02s
[INFO] running `Command { std: "docker" "inspect" "53e0c41674f1161d5be305ba595bca08dc3fb7a06ae8f4561851b82011bff2a7", kill_on_drop: false }`
[INFO] running `Command { std: "docker" "rm" "-f" "53e0c41674f1161d5be305ba595bca08dc3fb7a06ae8f4561851b82011bff2a7", kill_on_drop: false }`
[INFO] [stdout] 53e0c41674f1161d5be305ba595bca08dc3fb7a06ae8f4561851b82011bff2a7
[INFO] running `Command { std: "docker" "create" "-v" "/var/lib/crater-agent-workspace/builds/worker-0-tc1/target:/opt/rustwide/target:rw,Z" "-v" "/var/lib/crater-agent-workspace/builds/worker-0-tc1/source:/opt/rustwide/workdir:ro,Z" "-v" "/var/lib/crater-agent-workspace/cargo-home:/opt/rustwide/cargo-home:ro,Z" "-v" "/var/lib/crater-agent-workspace/rustup-home:/opt/rustwide/rustup-home:ro,Z" "-e" "SOURCE_DIR=/opt/rustwide/workdir" "-e" "CARGO_TARGET_DIR=/opt/rustwide/target" "-e" "CARGO_INCREMENTAL=0" "-e" "RUST_BACKTRACE=full" "-e" "RUSTFLAGS=--cap-lints=warn" "-e" "RUSTDOCFLAGS=--cap-lints=warn" "-e" "CARGO_HOME=/opt/rustwide/cargo-home" "-e" "RUSTUP_HOME=/opt/rustwide/rustup-home" "-w" "/opt/rustwide/workdir" "-m" "1610612736" "--user" "0:0" "--network" "none" "ghcr.io/rust-lang/crates-build-env/linux@sha256:2788e3201cd34a07e3172128adcd8b3090168a8e3bcc40d7c032b9dda1df7d1c" "/opt/rustwide/cargo-home/bin/cargo" "+1.75.0" "test" "--frozen", kill_on_drop: false }`
[INFO] [stdout] 775f2bc13ee0b9c64e573a7ad3c2bc947747a69692519623785a3ea6bbe9535c
[INFO] running `Command { std: "docker" "start" "-a" "775f2bc13ee0b9c64e573a7ad3c2bc947747a69692519623785a3ea6bbe9535c", kill_on_drop: false }`
[INFO] [stderr] warning: unused import: `create`
[INFO] [stderr]   --> src/plan.rs:33:10
[INFO] [stderr]    |
[INFO] [stderr] 33 | async fn create(db: Db, plan: Json<Plan>) -> Result<Created<Json<Plan>>> {
[INFO] [stderr]    |          ^^^^^^
[INFO] [stderr]    |
[INFO] [stderr]    = note: `#[warn(unused_imports)]` on by default
[INFO] [stderr] 
[INFO] [stderr] warning: unused import: `list`
[INFO] [stderr]   --> src/plan.rs:46:10
[INFO] [stderr]    |
[INFO] [stderr] 46 | async fn list(db: Db) -> Result<Json<Vec<Plan>>> {
[INFO] [stderr]    |          ^^^^
[INFO] [stderr] 
[INFO] [stderr] warning: unused import: `read`
[INFO] [stderr]   --> src/plan.rs:53:10
[INFO] [stderr]    |
[INFO] [stderr] 53 | async fn read(db: Db, id: i32) -> Option<Json<Plan>> {
[INFO] [stderr]    |          ^^^^
[INFO] [stderr] 
[INFO] [stderr] warning: unused import: `delete`
[INFO] [stderr]   --> src/plan.rs:61:10
[INFO] [stderr]    |
[INFO] [stderr] 61 | async fn delete(db: Db, id: i32) -> Result<Option<()>> {
[INFO] [stderr]    |          ^^^^^^
[INFO] [stderr] 
[INFO] [stderr] warning: unused import: `destroy`
[INFO] [stderr]   --> src/plan.rs:74:10
[INFO] [stderr]    |
[INFO] [stderr] 74 | async fn destroy(db: Db) -> Result<()> {
[INFO] [stderr]    |          ^^^^^^^
[INFO] [stderr] 
[INFO] [stderr] warning: `databases` (bin "databases" test) generated 5 warnings (run `cargo fix --bin "databases" --tests` to apply 5 suggestions)
[INFO] [stderr]     Finished test [unoptimized + debuginfo] target(s) in 0.09s
[INFO] [stderr]      Running unittests src/main.rs (/opt/rustwide/target/debug/deps/databases-f9c806a7064f7649)
[INFO] [stdout] 
[INFO] [stdout] running 1 test
[INFO] [stdout] test tests::test_diesel ... FAILED
[INFO] [stdout] 
[INFO] [stdout] failures:
[INFO] [stdout] 
[INFO] [stdout] ---- tests::test_diesel stdout ----
[INFO] [stdout] Error: database pool init error for pool named `diesel`
[INFO] [stdout]    >> timed out waiting for connection: unable to open database file
[INFO] [stdout]    >> missing database fairing for `databases::plan::Db`
[INFO] [stdout] thread 'tests::test_diesel' panicked at src/plan.rs:87:43:
[INFO] [stdout] database connection
[INFO] [stdout] stack backtrace:
[INFO] [stdout]    0:     0x55683d7acdcc - std::backtrace_rs::backtrace::libunwind::trace::ha637c64ce894333a
[INFO] [stdout]                                at /rustc/82e1608dfa6e0b5569232559e3d385fea5a93112/library/std/src/../../backtrace/src/backtrace/libunwind.rs:104:5
[INFO] [stdout]    1:     0x55683d7acdcc - std::backtrace_rs::backtrace::trace_unsynchronized::h47f62dea28e0c88d
[INFO] [stdout]                                at /rustc/82e1608dfa6e0b5569232559e3d385fea5a93112/library/std/src/../../backtrace/src/backtrace/mod.rs:66:5
[INFO] [stdout]    2:     0x55683d7acdcc - std::sys_common::backtrace::_print_fmt::h9eef0abe20ede486
[INFO] [stdout]                                at /rustc/82e1608dfa6e0b5569232559e3d385fea5a93112/library/std/src/sys_common/backtrace.rs:67:5
[INFO] [stdout]    3:     0x55683d7acdcc - <std::sys_common::backtrace::_print::DisplayBacktrace as core::fmt::Display>::fmt::hed7f999df88cc644
[INFO] [stdout]                                at /rustc/82e1608dfa6e0b5569232559e3d385fea5a93112/library/std/src/sys_common/backtrace.rs:44:22
[INFO] [stdout]    4:     0x55683d7db320 - core::fmt::rt::Argument::fmt::h1539a9308b8d058d
[INFO] [stdout]                                at /rustc/82e1608dfa6e0b5569232559e3d385fea5a93112/library/core/src/fmt/rt.rs:142:9
[INFO] [stdout]    5:     0x55683d7db320 - core::fmt::write::h3a39390d8560d9c9
[INFO] [stdout]                                at /rustc/82e1608dfa6e0b5569232559e3d385fea5a93112/library/core/src/fmt/mod.rs:1120:17
[INFO] [stdout]    6:     0x55683d7aa31f - std::io::Write::write_fmt::h040b369f3a0f9cbc
[INFO] [stdout]                                at /rustc/82e1608dfa6e0b5569232559e3d385fea5a93112/library/std/src/io/mod.rs:1762:15
[INFO] [stdout]    7:     0x55683d7acbb4 - std::sys_common::backtrace::_print::h894006fb5c6f3d45
[INFO] [stdout]                                at /rustc/82e1608dfa6e0b5569232559e3d385fea5a93112/library/std/src/sys_common/backtrace.rs:47:5
[INFO] [stdout]    8:     0x55683d7acbb4 - std::sys_common::backtrace::print::h23a2d212c6fff936
[INFO] [stdout]                                at /rustc/82e1608dfa6e0b5569232559e3d385fea5a93112/library/std/src/sys_common/backtrace.rs:34:9
[INFO] [stdout]    9:     0x55683d7ae877 - std::panicking::default_hook::{{closure}}::h8a1d2ee00185001a
[INFO] [stdout]   10:     0x55683d7ae563 - std::panicking::default_hook::h6038f2eba384e475
[INFO] [stdout]                                at /rustc/82e1608dfa6e0b5569232559e3d385fea5a93112/library/std/src/panicking.rs:289:9
[INFO] [stdout]   11:     0x55683d3217d7 - <alloc::boxed::Box<F,A> as core::ops::function::Fn<Args>>::call::h0ad024c9bdc6d768
[INFO] [stdout]                                at /rustc/82e1608dfa6e0b5569232559e3d385fea5a93112/library/alloc/src/boxed.rs:2021:9
[INFO] [stdout]   12:     0x55683d3217d7 - test::test_main::{{closure}}::h7500b54257359db6
[INFO] [stdout]                                at /rustc/82e1608dfa6e0b5569232559e3d385fea5a93112/library/test/src/lib.rs:138:21
[INFO] [stdout]   13:     0x55683d7aee88 - <alloc::boxed::Box<F,A> as core::ops::function::Fn<Args>>::call::h1f8f335eaa9cfaee
[INFO] [stdout]                                at /rustc/82e1608dfa6e0b5569232559e3d385fea5a93112/library/alloc/src/boxed.rs:2021:9
[INFO] [stdout]   14:     0x55683d7aee88 - std::panicking::rust_panic_with_hook::h2b5517d590cab22e
[INFO] [stdout]                                at /rustc/82e1608dfa6e0b5569232559e3d385fea5a93112/library/std/src/panicking.rs:783:13
[INFO] [stdout]   15:     0x55683d7aebde - std::panicking::begin_panic_handler::{{closure}}::h233112c06e0ef43e
[INFO] [stdout]                                at /rustc/82e1608dfa6e0b5569232559e3d385fea5a93112/library/std/src/panicking.rs:657:13
[INFO] [stdout]   16:     0x55683d7ad296 - std::sys_common::backtrace::__rust_end_short_backtrace::h6e893f24d7ebbff8
[INFO] [stdout]                                at /rustc/82e1608dfa6e0b5569232559e3d385fea5a93112/library/std/src/sys_common/backtrace.rs:170:18
[INFO] [stdout]   17:     0x55683d7ae942 - rust_begin_unwind
[INFO] [stdout]                                at /rustc/82e1608dfa6e0b5569232559e3d385fea5a93112/library/std/src/panicking.rs:645:5
[INFO] [stdout]   18:     0x55683d22b2a5 - core::panicking::panic_fmt::hbf0e066aabfa482c
[INFO] [stdout]                                at /rustc/82e1608dfa6e0b5569232559e3d385fea5a93112/library/core/src/panicking.rs:72:14
[INFO] [stdout]   19:     0x55683d22b263 - core::panicking::panic_display::h68e6012a1c287ca5
[INFO] [stdout]                                at /rustc/82e1608dfa6e0b5569232559e3d385fea5a93112/library/core/src/panicking.rs:178:5
[INFO] [stdout]   20:     0x55683d22b263 - core::panicking::panic_str::h1ca8e3b0d2d70f80
[INFO] [stdout]                                at /rustc/82e1608dfa6e0b5569232559e3d385fea5a93112/library/core/src/panicking.rs:152:5
[INFO] [stdout]   21:     0x55683d22b263 - core::option::expect_failed::h1ae4bac6b7606972
[INFO] [stdout]                                at /rustc/82e1608dfa6e0b5569232559e3d385fea5a93112/library/core/src/option.rs:1985:5
[INFO] [stdout]   22:     0x55683d2bd4bc - core::option::Option<T>::expect::h29eaf2692021c9c8
[INFO] [stdout]                                at /rustc/82e1608dfa6e0b5569232559e3d385fea5a93112/library/core/src/option.rs:894:21
[INFO] [stdout]   23:     0x55683d2e0e38 - databases::plan::run_migrations::{{closure}}::h99a5b54fe36720b5
[INFO] [stdout]                                at /opt/rustwide/workdir/src/plan.rs:87:16
[INFO] [stdout]   24:     0x55683d2af999 - <futures_util::future::future::map::Map<Fut,F> as core::future::future::Future>::poll::he9bf59aa6799e074
[INFO] [stdout]                                at /opt/rustwide/cargo-home/registry/src/index.crates.io-6f17d22bba15001f/futures-util-0.3.27/src/future/future/map.rs:55:37
[INFO] [stdout]   25:     0x55683d2881b1 - <futures_util::future::future::Map<Fut,F> as core::future::future::Future>::poll::h2f42e2c9aecd331d
[INFO] [stdout]                                at /opt/rustwide/cargo-home/registry/src/index.crates.io-6f17d22bba15001f/futures-util-0.3.27/src/lib.rs:91:13
[INFO] [stdout]   26:     0x55683d36ea9e - <core::pin::Pin<P> as core::future::future::Future>::poll::h88a2b940ac07273c
[INFO] [stdout]                                at /rustc/82e1608dfa6e0b5569232559e3d385fea5a93112/library/core/src/future/future.rs:125:9
[INFO] [stdout]   27:     0x55683d45f4f5 - <rocket::fairing::ad_hoc::AdHoc as rocket::fairing::Fairing>::on_ignite::{{closure}}::h59e8540d4624e6e5
[INFO] [stdout]                                at /opt/rustwide/cargo-home/registry/src/index.crates.io-6f17d22bba15001f/rocket-0.5.0-rc.2/src/fairing/ad_hoc.rs:264:60
[INFO] [stdout]   28:     0x55683d36ea9e - <core::pin::Pin<P> as core::future::future::Future>::poll::h88a2b940ac07273c
[INFO] [stdout]                                at /rustc/82e1608dfa6e0b5569232559e3d385fea5a93112/library/core/src/future/future.rs:125:9
[INFO] [stdout]   29:     0x55683d45957e - rocket::fairing::fairings::Fairings::handle_ignite::{{closure}}::hd17cbe20d53f1b20
[INFO] [stdout]                                at /opt/rustwide/cargo-home/registry/src/index.crates.io-6f17d22bba15001f/rocket-0.5.0-rc.2/src/fairing/fairings.rs:120:58
[INFO] [stdout]   30:     0x55683d3c3c88 - rocket::rocket::Rocket<rocket::phase::Build>::ignite::{{closure}}::h48bb3788961caa8f
[INFO] [stdout]                                at /opt/rustwide/cargo-home/registry/src/index.crates.io-6f17d22bba15001f/rocket-0.5.0-rc.2/src/rocket.rs:508:46
[INFO] [stdout]   31:     0x55683d3c6dfb - rocket::rocket::Rocket<P>::local_launch::{{closure}}::hbdc04f8eab0054c1
[INFO] [stdout]                                at /opt/rustwide/cargo-home/registry/src/index.crates.io-6f17d22bba15001f/rocket-0.5.0-rc.2/src/rocket.rs:839:57
[INFO] [stdout]   32:     0x55683d455eae - rocket::local::asynchronous::client::Client::_new::{{closure}}::h4cb15a8fc02ff95f
[INFO] [stdout]                                at /opt/rustwide/cargo-home/registry/src/index.crates.io-6f17d22bba15001f/rocket-0.5.0-rc.2/src/local/asynchronous/client.rs:60:44
[INFO] [stdout]   33:     0x55683d4d51e5 - tokio::runtime::park::CachedParkThread::block_on::{{closure}}::h2142cfb1939f64cf
[INFO] [stdout]                                at /opt/rustwide/cargo-home/registry/src/index.crates.io-6f17d22bba15001f/tokio-1.26.0/src/runtime/park.rs:283:63
[INFO] [stdout]   34:     0x55683d4d4644 - tokio::runtime::coop::with_budget::h91aee8404be7ad97
[INFO] [stdout]                                at /opt/rustwide/cargo-home/registry/src/index.crates.io-6f17d22bba15001f/tokio-1.26.0/src/runtime/coop.rs:107:5
[INFO] [stdout]   35:     0x55683d4d4644 - tokio::runtime::coop::budget::h22b3f710fd0a59b7
[INFO] [stdout]                                at /opt/rustwide/cargo-home/registry/src/index.crates.io-6f17d22bba15001f/tokio-1.26.0/src/runtime/coop.rs:73:5
[INFO] [stdout]   36:     0x55683d4d4644 - tokio::runtime::park::CachedParkThread::block_on::h83f21f8e39695ed4
[INFO] [stdout]                                at /opt/rustwide/cargo-home/registry/src/index.crates.io-6f17d22bba15001f/tokio-1.26.0/src/runtime/park.rs:283:31
[INFO] [stdout]   37:     0x55683d410ca5 - tokio::runtime::context::BlockingRegionGuard::block_on::he34cac9d19d8b17c
[INFO] [stdout]                                at /opt/rustwide/cargo-home/registry/src/index.crates.io-6f17d22bba15001f/tokio-1.26.0/src/runtime/context.rs:315:13
[INFO] [stdout]   38:     0x55683d3fc5af - tokio::runtime::scheduler::multi_thread::MultiThread::block_on::h17794b3778ca02ab
[INFO] [stdout]                                at /opt/rustwide/cargo-home/registry/src/index.crates.io-6f17d22bba15001f/tokio-1.26.0/src/runtime/scheduler/multi_thread/mod.rs:66:9
[INFO] [stdout]   39:     0x55683d46f8bf - tokio::runtime::runtime::Runtime::block_on::hc7e154b315aa01c1
[INFO] [stdout]                                at /opt/rustwide/cargo-home/registry/src/index.crates.io-6f17d22bba15001f/tokio-1.26.0/src/runtime/runtime.rs:304:45
[INFO] [stdout]   40:     0x55683d4573f8 - rocket::local::blocking::client::Client::_new::hf9108326b3d888ae
[INFO] [stdout]                                at /opt/rustwide/cargo-home/registry/src/index.crates.io-6f17d22bba15001f/rocket-0.5.0-rc.2/src/local/blocking/client.rs:42:26
[INFO] [stdout]   41:     0x55683d288327 - rocket::local::blocking::client::Client::tracked::hb71c3d749e83eedb
[INFO] [stdout]                                at /opt/rustwide/cargo-home/registry/src/index.crates.io-6f17d22bba15001f/rocket-0.5.0-rc.2/src/local/client.rs:71:9
[INFO] [stdout]   42:     0x55683d288327 - databases::tests::test::h5f653924e1491965
[INFO] [stdout]                                at /opt/rustwide/workdir/src/tests.rs:25:18
[INFO] [stdout]   43:     0x55683d28bec4 - databases::tests::test_diesel::ha1d33d8df1e0a808
[INFO] [stdout]                                at /opt/rustwide/workdir/src/tests.rs:100:5
[INFO] [stdout]   44:     0x55683d28be87 - databases::tests::test_diesel::{{closure}}::h062a33475085bdcd
[INFO] [stdout]                                at /opt/rustwide/workdir/src/tests.rs:99:17
[INFO] [stdout]   45:     0x55683d2c7676 - core::ops::function::FnOnce::call_once::hee4921b6eba887c3
[INFO] [stdout]                                at /rustc/82e1608dfa6e0b5569232559e3d385fea5a93112/library/core/src/ops/function.rs:250:5
[INFO] [stdout]   46:     0x55683d326e2f - core::ops::function::FnOnce::call_once::h2b5d431d5046312d
[INFO] [stdout]                                at /rustc/82e1608dfa6e0b5569232559e3d385fea5a93112/library/core/src/ops/function.rs:250:5
[INFO] [stdout]   47:     0x55683d326e2f - test::__rust_begin_short_backtrace::h7714669af176e207
[INFO] [stdout]                                at /rustc/82e1608dfa6e0b5569232559e3d385fea5a93112/library/test/src/lib.rs:628:18
[INFO] [stdout]   48:     0x55683d325e45 - test::run_test_in_process::{{closure}}::h85218797dcbcec12
[INFO] [stdout]                                at /rustc/82e1608dfa6e0b5569232559e3d385fea5a93112/library/test/src/lib.rs:651:60
[INFO] [stdout]   49:     0x55683d325e45 - <core::panic::unwind_safe::AssertUnwindSafe<F> as core::ops::function::FnOnce<()>>::call_once::h76c106ea31c14d7b
[INFO] [stdout]                                at /rustc/82e1608dfa6e0b5569232559e3d385fea5a93112/library/core/src/panic/unwind_safe.rs:272:9
[INFO] [stdout]   50:     0x55683d325e45 - std::panicking::try::do_call::h3bd5d0f6620ee946
[INFO] [stdout]                                at /rustc/82e1608dfa6e0b5569232559e3d385fea5a93112/library/std/src/panicking.rs:552:40
[INFO] [stdout]   51:     0x55683d325e45 - std::panicking::try::h232e535e4744fe31
[INFO] [stdout]                                at /rustc/82e1608dfa6e0b5569232559e3d385fea5a93112/library/std/src/panicking.rs:516:19
[INFO] [stdout]   52:     0x55683d325e45 - std::panic::catch_unwind::h3ce3bd6ca8dbac68
[INFO] [stdout]                                at /rustc/82e1608dfa6e0b5569232559e3d385fea5a93112/library/std/src/panic.rs:142:14
[INFO] [stdout]   53:     0x55683d325e45 - test::run_test_in_process::hc97b257c9621286a
[INFO] [stdout]                                at /rustc/82e1608dfa6e0b5569232559e3d385fea5a93112/library/test/src/lib.rs:651:27
[INFO] [stdout]   54:     0x55683d325e45 - test::run_test::{{closure}}::h2aa798823a438d38
[INFO] [stdout]                                at /rustc/82e1608dfa6e0b5569232559e3d385fea5a93112/library/test/src/lib.rs:574:43
[INFO] [stdout]   55:     0x55683d2ee106 - test::run_test::{{closure}}::h87d231c78fb59832
[INFO] [stdout]                                at /rustc/82e1608dfa6e0b5569232559e3d385fea5a93112/library/test/src/lib.rs:602:41
[INFO] [stdout]   56:     0x55683d2ee106 - std::sys_common::backtrace::__rust_begin_short_backtrace::he6df152596625789
[INFO] [stdout]                                at /rustc/82e1608dfa6e0b5569232559e3d385fea5a93112/library/std/src/sys_common/backtrace.rs:154:18
[INFO] [stdout]   57:     0x55683d2f31b7 - std::thread::Builder::spawn_unchecked_::{{closure}}::{{closure}}::ha94be15d1e0acf36
[INFO] [stdout]                                at /rustc/82e1608dfa6e0b5569232559e3d385fea5a93112/library/std/src/thread/mod.rs:529:17
[INFO] [stdout]   58:     0x55683d2f31b7 - <core::panic::unwind_safe::AssertUnwindSafe<F> as core::ops::function::FnOnce<()>>::call_once::h9dc6bd6372f16606
[INFO] [stdout]                                at /rustc/82e1608dfa6e0b5569232559e3d385fea5a93112/library/core/src/panic/unwind_safe.rs:272:9
[INFO] [stdout]   59:     0x55683d2f31b7 - std::panicking::try::do_call::h9057517f80303cd4
[INFO] [stdout]                                at /rustc/82e1608dfa6e0b5569232559e3d385fea5a93112/library/std/src/panicking.rs:552:40
[INFO] [stdout]   60:     0x55683d2f31b7 - std::panicking::try::he3a30b11ee45340c
[INFO] [stdout]                                at /rustc/82e1608dfa6e0b5569232559e3d385fea5a93112/library/std/src/panicking.rs:516:19
[INFO] [stdout]   61:     0x55683d2f31b7 - std::panic::catch_unwind::h410458cfd3528b8b
[INFO] [stdout]                                at /rustc/82e1608dfa6e0b5569232559e3d385fea5a93112/library/std/src/panic.rs:142:14
[INFO] [stdout]   62:     0x55683d2f31b7 - std::thread::Builder::spawn_unchecked_::{{closure}}::h72ac3bdb567b737b
[INFO] [stdout]                                at /rustc/82e1608dfa6e0b5569232559e3d385fea5a93112/library/std/src/thread/mod.rs:528:30
[INFO] [stdout]   63:     0x55683d2f31b7 - core::ops::function::FnOnce::call_once{{vtable.shim}}::h38f34da3654a8344
[INFO] [stdout]                                at /rustc/82e1608dfa6e0b5569232559e3d385fea5a93112/library/core/src/ops/function.rs:250:5
[INFO] [stdout]   64:     0x55683d7b3b25 - <alloc::boxed::Box<F,A> as core::ops::function::FnOnce<Args>>::call_once::hc7eafaff61e32df9
[INFO] [stdout]                                at /rustc/82e1608dfa6e0b5569232559e3d385fea5a93112/library/alloc/src/boxed.rs:2007:9
[INFO] [stdout]   65:     0x55683d7b3b25 - <alloc::boxed::Box<F,A> as core::ops::function::FnOnce<Args>>::call_once::h6ba4a5de48dd2304
[INFO] [stdout]                                at /rustc/82e1608dfa6e0b5569232559e3d385fea5a93112/library/alloc/src/boxed.rs:2007:9
[INFO] [stdout]   66:     0x55683d7b3b25 - std::sys::unix::thread::Thread::new::thread_start::he469335aef763e45
[INFO] [stdout]                                at /rustc/82e1608dfa6e0b5569232559e3d385fea5a93112/library/std/src/sys/unix/thread.rs:108:17
[INFO] [stdout]   67:     0x7f9dda5abac3 - <unknown>
[INFO] [stdout]   68:     0x7f9dda63cbf4 - __clone
[INFO] [stdout]   69:                0x0 - <unknown>
[INFO] [stdout] 
[INFO] [stdout] 
[INFO] [stdout] failures:
[INFO] [stdout]     tests::test_diesel
[INFO] [stdout] 
[INFO] [stdout] test result: FAILED. 0 passed; 1 failed; 0 ignored; 0 measured; 0 filtered out; finished in 10.06s
[INFO] [stdout] 
[INFO] [stderr] error: test failed, to rerun pass `--bin databases`
[INFO] running `Command { std: "docker" "inspect" "775f2bc13ee0b9c64e573a7ad3c2bc947747a69692519623785a3ea6bbe9535c", kill_on_drop: false }`
[INFO] running `Command { std: "docker" "rm" "-f" "775f2bc13ee0b9c64e573a7ad3c2bc947747a69692519623785a3ea6bbe9535c", kill_on_drop: false }`
[INFO] [stdout] 775f2bc13ee0b9c64e573a7ad3c2bc947747a69692519623785a3ea6bbe9535c
[INFO] testing there-is-no-todo/server against beta-2023-12-22 for beta-1.76-1
[INFO] running `Command { std: "git" "clone" "/workspace/cache/git-repos/https%3A%2F%2Fgithub.com%2Fthere-is-no-todo%2Fserver" "/workspace/builds/worker-0-tc2/source", kill_on_drop: false }`
[INFO] [stderr] Cloning into '/workspace/builds/worker-0-tc2/source'...
[INFO] [stderr] done.
[INFO] validating manifest of git repo https://github.com/there-is-no-todo/server on toolchain beta-2023-12-22
[INFO] running `Command { std: CARGO_HOME="/workspace/cargo-home" RUSTUP_HOME="/workspace/rustup-home" "/workspace/cargo-home/bin/cargo" "+beta-2023-12-22" "metadata" "--manifest-path" "Cargo.toml" "--no-deps", kill_on_drop: false }`
[INFO] started tweaking git repo https://github.com/there-is-no-todo/server
[INFO] finished tweaking git repo https://github.com/there-is-no-todo/server
[INFO] tweaked toml for git repo https://github.com/there-is-no-todo/server written to /workspace/builds/worker-0-tc2/source/Cargo.toml
[INFO] crate git repo https://github.com/there-is-no-todo/server already has a lockfile, it will not be regenerated
[INFO] running `Command { std: CARGO_HOME="/workspace/cargo-home" RUSTUP_HOME="/workspace/rustup-home" "/workspace/cargo-home/bin/cargo" "+beta-2023-12-22" "fetch" "--manifest-path" "Cargo.toml", kill_on_drop: false }`
[INFO] running `Command { std: "docker" "create" "-v" "/var/lib/crater-agent-workspace/builds/worker-0-tc2/target:/opt/rustwide/target:rw,Z" "-v" "/var/lib/crater-agent-workspace/builds/worker-0-tc2/source:/opt/rustwide/workdir:ro,Z" "-v" "/var/lib/crater-agent-workspace/cargo-home:/opt/rustwide/cargo-home:ro,Z" "-v" "/var/lib/crater-agent-workspace/rustup-home:/opt/rustwide/rustup-home:ro,Z" "-e" "SOURCE_DIR=/opt/rustwide/workdir" "-e" "CARGO_TARGET_DIR=/opt/rustwide/target" "-e" "CARGO_HOME=/opt/rustwide/cargo-home" "-e" "RUSTUP_HOME=/opt/rustwide/rustup-home" "-w" "/opt/rustwide/workdir" "-m" "1610612736" "--user" "0:0" "--network" "none" "ghcr.io/rust-lang/crates-build-env/linux@sha256:2788e3201cd34a07e3172128adcd8b3090168a8e3bcc40d7c032b9dda1df7d1c" "/opt/rustwide/cargo-home/bin/cargo" "+beta-2023-12-22" "metadata" "--no-deps" "--format-version=1", kill_on_drop: false }`
[INFO] [stdout] 22093958f93267872c37f6aff3abb257a4a5274c620f14656e1673cb7de42939
[INFO] running `Command { std: "docker" "start" "-a" "22093958f93267872c37f6aff3abb257a4a5274c620f14656e1673cb7de42939", kill_on_drop: false }`
[INFO] running `Command { std: "docker" "inspect" "22093958f93267872c37f6aff3abb257a4a5274c620f14656e1673cb7de42939", kill_on_drop: false }`
[INFO] running `Command { std: "docker" "rm" "-f" "22093958f93267872c37f6aff3abb257a4a5274c620f14656e1673cb7de42939", kill_on_drop: false }`
[INFO] [stdout] 22093958f93267872c37f6aff3abb257a4a5274c620f14656e1673cb7de42939
[INFO] running `Command { std: "docker" "create" "-v" "/var/lib/crater-agent-workspace/builds/worker-0-tc2/target:/opt/rustwide/target:rw,Z" "-v" "/var/lib/crater-agent-workspace/builds/worker-0-tc2/source:/opt/rustwide/workdir:ro,Z" "-v" "/var/lib/crater-agent-workspace/cargo-home:/opt/rustwide/cargo-home:ro,Z" "-v" "/var/lib/crater-agent-workspace/rustup-home:/opt/rustwide/rustup-home:ro,Z" "-e" "SOURCE_DIR=/opt/rustwide/workdir" "-e" "CARGO_TARGET_DIR=/opt/rustwide/target" "-e" "CARGO_INCREMENTAL=0" "-e" "RUST_BACKTRACE=full" "-e" "RUSTFLAGS=--cap-lints=warn" "-e" "RUSTDOCFLAGS=--cap-lints=warn" "-e" "CARGO_HOME=/opt/rustwide/cargo-home" "-e" "RUSTUP_HOME=/opt/rustwide/rustup-home" "-w" "/opt/rustwide/workdir" "-m" "1610612736" "--user" "0:0" "--network" "none" "ghcr.io/rust-lang/crates-build-env/linux@sha256:2788e3201cd34a07e3172128adcd8b3090168a8e3bcc40d7c032b9dda1df7d1c" "/opt/rustwide/cargo-home/bin/cargo" "+beta-2023-12-22" "build" "--frozen" "--message-format=json", kill_on_drop: false }`
[INFO] [stdout] 8b236e73a7541c98930621cfdc070c7a22ba2c14797285ee0bd886cd6942d558
[INFO] running `Command { std: "docker" "start" "-a" "8b236e73a7541c98930621cfdc070c7a22ba2c14797285ee0bd886cd6942d558", kill_on_drop: false }`
[INFO] [stderr]    Compiling version_check v0.9.4
[INFO] [stderr]    Compiling cfg-if v1.0.0
[INFO] [stderr]    Compiling libc v0.2.140
[INFO] [stderr]    Compiling autocfg v1.1.0
[INFO] [stderr]    Compiling proc-macro2 v1.0.52
[INFO] [stderr]    Compiling unicode-ident v1.0.8
[INFO] [stderr]    Compiling quote v1.0.24
[INFO] [stderr]    Compiling syn v1.0.109
[INFO] [stderr]    Compiling typenum v1.16.0
[INFO] [stderr]    Compiling subtle v2.4.1
[INFO] [stderr]    Compiling pin-project-lite v0.2.9
[INFO] [stderr]    Compiling memchr v2.5.0
[INFO] [stderr]    Compiling serde_derive v1.0.155
[INFO] [stderr]    Compiling log v0.4.17
[INFO] [stderr]    Compiling cpufeatures v0.2.5
[INFO] [stderr]    Compiling serde v1.0.155
[INFO] [stderr]    Compiling once_cell v1.17.1
[INFO] [stderr]    Compiling futures-channel v0.3.27
[INFO] [stderr]    Compiling itoa v1.0.6
[INFO] [stderr]    Compiling futures-core v0.3.27
[INFO] [stderr]    Compiling bytes v1.4.0
[INFO] [stderr]    Compiling smallvec v1.10.0
[INFO] [stderr]    Compiling yansi v0.5.1
[INFO] [stderr]    Compiling opaque-debug v0.3.0
[INFO] [stderr]    Compiling generic-array v0.14.6
[INFO] [stderr]    Compiling proc-macro2-diagnostics v0.9.1
[INFO] [stderr]    Compiling pin-utils v0.1.0
[INFO] [stderr]    Compiling lock_api v0.4.9
[INFO] [stderr]    Compiling tracing-core v0.1.30
[INFO] [stderr]    Compiling bitflags v1.3.2
[INFO] [stderr]    Compiling ppv-lite86 v0.2.17
[INFO] [stderr]    Compiling fnv v1.0.7
[INFO] [stderr]    Compiling parking_lot_core v0.9.7
[INFO] [stderr]    Compiling tokio v1.26.0
[INFO] [stderr]    Compiling slab v0.4.8
[INFO] [stderr]    Compiling scopeguard v1.1.0
[INFO] [stderr]    Compiling httparse v1.8.0
[INFO] [stderr]    Compiling http v0.2.9
[INFO] [stderr]    Compiling futures-sink v0.3.27
[INFO] [stderr]    Compiling futures-task v0.3.27
[INFO] [stderr]    Compiling tracing v0.1.37
[INFO] [stderr]    Compiling time-core v0.1.0
[INFO] [stderr]    Compiling try-lock v0.2.4
[INFO] [stderr]    Compiling pkg-config v0.3.26
[INFO] [stderr]    Compiling futures-util v0.3.27
[INFO] [stderr]    Compiling hashbrown v0.12.3
[INFO] [stderr]    Compiling getrandom v0.2.8
[INFO] [stderr]    Compiling time-macros v0.2.8
[INFO] [stderr]    Compiling num-traits v0.2.15
[INFO] [stderr]    Compiling cookie v0.16.2
[INFO] [stderr]    Compiling futures-io v0.3.27
[INFO] [stderr]    Compiling rand_core v0.6.4
[INFO] [stderr]    Compiling indexmap v1.9.2
[INFO] [stderr]    Compiling num-integer v0.1.45
[INFO] [stderr]    Compiling http-body v0.4.5
[INFO] [stderr]    Compiling ahash v0.7.6
[INFO] [stderr]    Compiling byteorder v1.4.3
[INFO] [stderr]    Compiling libsqlite3-sys v0.22.2
[INFO] [stderr]    Compiling percent-encoding v2.2.0
[INFO] [stderr]    Compiling ref-cast v1.0.15
[INFO] [stderr]    Compiling tower-service v0.3.2
[INFO] [stderr]    Compiling httpdate v1.0.2
[INFO] [stderr]    Compiling base64 v0.20.0
[INFO] [stderr]    Compiling inlinable_string v0.1.15
[INFO] [stderr]    Compiling rand_chacha v0.3.1
[INFO] [stderr]    Compiling mio v0.8.6
[INFO] [stderr]    Compiling signal-hook-registry v1.4.1
[INFO] [stderr]    Compiling num_cpus v1.15.0
[INFO] [stderr]    Compiling socket2 v0.4.9
[INFO] [stderr]    Compiling parking_lot v0.12.1
[INFO] [stderr]    Compiling scheduled-thread-pool v0.2.7
[INFO] [stderr]    Compiling crypto-common v0.1.6
[INFO] [stderr]    Compiling block-buffer v0.10.4
[INFO] [stderr]    Compiling inout v0.1.3
[INFO] [stderr]    Compiling universal-hash v0.5.0
[INFO] [stderr]    Compiling aead v0.5.1
[INFO] [stderr]    Compiling cipher v0.4.4
[INFO] [stderr]    Compiling digest v0.10.6
[INFO] [stderr]    Compiling polyval v0.6.0
[INFO] [stderr]    Compiling uncased v0.9.7
[INFO] [stderr]    Compiling io-lifetimes v1.0.6
[INFO] [stderr]    Compiling ctr v0.9.2
[INFO] [stderr]    Compiling aes v0.8.2
[INFO] [stderr]    Compiling hmac v0.12.1
[INFO] [stderr]    Compiling ghash v0.5.0
[INFO] [stderr]    Compiling sha2 v0.10.6
[INFO] [stderr]    Compiling hkdf v0.12.3
[INFO] [stderr]    Compiling r2d2 v0.8.10
[INFO] [stderr]    Compiling rand v0.8.5
[INFO] [stderr]    Compiling time v0.1.45
[INFO] [stderr]    Compiling want v0.3.0
[INFO] [stderr]    Compiling stable-pattern v0.1.0
[INFO] [stderr]    Compiling time v0.3.20
[INFO] [stderr]    Compiling iana-time-zone v0.1.53
[INFO] [stderr]    Compiling rustix v0.36.9
[INFO] [stderr]    Compiling state v0.5.3
[INFO] [stderr]    Compiling aes-gcm v0.10.1
[INFO] [stderr]    Compiling either v1.8.1
[INFO] [stderr]    Compiling hashbrown v0.11.2
[INFO] [stderr]    Compiling futures v0.3.27
[INFO] [stderr]    Compiling atomic v0.5.1
[INFO] [stderr]    Compiling figment v0.10.8
[INFO] [stderr]    Compiling multer v2.0.4
[INFO] [stderr]    Compiling linux-raw-sys v0.1.4
[INFO] [stderr]    Compiling async-trait v0.1.66
[INFO] [stderr]    Compiling serde_json v1.0.94
[INFO] [stderr]    Compiling rocket v0.5.0-rc.2
[INFO] [stderr]    Compiling hashlink v0.7.0
[INFO] [stderr]    Compiling encoding_rs v0.8.32
[INFO] [stderr]    Compiling unicode-xid v0.2.4
[INFO] [stderr]    Compiling fallible-iterator v0.2.0
[INFO] [stderr]    Compiling ryu v1.0.13
[INFO] [stderr]    Compiling fastrand v1.9.0
[INFO] [stderr]    Compiling spin v0.9.5
[INFO] [stderr]    Compiling glob v0.3.1
[INFO] [stderr]    Compiling mime v0.3.16
[INFO] [stderr]    Compiling fallible-streaming-iterator v0.1.9
[INFO] [stderr]    Compiling atty v0.2.14
[INFO] [stderr]    Compiling binascii v0.1.4
[INFO] [stderr]    Compiling rusqlite v0.25.4
[INFO] [stderr]    Compiling devise_core v0.3.1
[INFO] [stderr]    Compiling r2d2_sqlite v0.18.0
[INFO] [stderr]    Compiling hyper v0.14.25
[INFO] [stderr]    Compiling tempfile v3.4.0
[INFO] [stderr]    Compiling tokio-macros v1.8.2
[INFO] [stderr]    Compiling diesel_derives v1.4.1
[INFO] [stderr]    Compiling pear_codegen v0.2.3
[INFO] [stderr]    Compiling ref-cast-impl v1.0.15
[INFO] [stderr]    Compiling devise_codegen v0.3.1
[INFO] [stderr]    Compiling async-stream-impl v0.3.4
[INFO] [stderr]    Compiling async-stream v0.3.4
[INFO] [stderr]    Compiling pear v0.2.3
[INFO] [stderr]    Compiling devise v0.3.1
[INFO] [stderr]    Compiling rocket_sync_db_pools_codegen v0.1.0-rc.2
[INFO] [stderr]    Compiling rocket_http v0.5.0-rc.2
[INFO] [stderr]    Compiling diesel v1.4.8
[INFO] [stderr]    Compiling rocket_codegen v0.5.0-rc.2
[INFO] [stderr]    Compiling tokio-util v0.7.7
[INFO] [stderr]    Compiling tokio-stream v0.1.12
[INFO] [stderr]    Compiling migrations_internals v1.4.1
[INFO] [stderr]    Compiling migrations_macros v1.4.2
[INFO] [stderr]    Compiling chrono v0.4.24
[INFO] [stderr]    Compiling toml v0.5.11
[INFO] [stderr]    Compiling ubyte v0.10.3
[INFO] [stderr]    Compiling h2 v0.3.16
[INFO] [stderr]    Compiling diesel_migrations v1.4.0
[INFO] [stderr]    Compiling rocket_sync_db_pools v0.1.0-rc.2
[INFO] [stderr]    Compiling databases v0.0.0 (/opt/rustwide/workdir)
[INFO] [stdout] warning: unused import: `create`
[INFO] [stdout]   --> src/plan.rs:33:10
[INFO] [stdout]    |
[INFO] [stdout] 33 | async fn create(db: Db, plan: Json<Plan>) -> Result<Created<Json<Plan>>> {
[INFO] [stdout]    |          ^^^^^^
[INFO] [stdout]    |
[INFO] [stdout]    = note: `#[warn(unused_imports)]` on by default
[INFO] [stdout] 
[INFO] [stdout] 
[INFO] [stdout] warning: unused import: `list`
[INFO] [stdout]   --> src/plan.rs:46:10
[INFO] [stdout]    |
[INFO] [stdout] 46 | async fn list(db: Db) -> Result<Json<Vec<Plan>>> {
[INFO] [stdout]    |          ^^^^
[INFO] [stdout] 
[INFO] [stdout] 
[INFO] [stdout] warning: unused import: `read`
[INFO] [stdout]   --> src/plan.rs:53:10
[INFO] [stdout]    |
[INFO] [stdout] 53 | async fn read(db: Db, id: i32) -> Option<Json<Plan>> {
[INFO] [stdout]    |          ^^^^
[INFO] [stdout] 
[INFO] [stdout] 
[INFO] [stdout] warning: unused import: `delete`
[INFO] [stdout]   --> src/plan.rs:61:10
[INFO] [stdout]    |
[INFO] [stdout] 61 | async fn delete(db: Db, id: i32) -> Result<Option<()>> {
[INFO] [stdout]    |          ^^^^^^
[INFO] [stdout] 
[INFO] [stdout] 
[INFO] [stdout] warning: unused import: `destroy`
[INFO] [stdout]   --> src/plan.rs:74:10
[INFO] [stdout]    |
[INFO] [stdout] 74 | async fn destroy(db: Db) -> Result<()> {
[INFO] [stdout]    |          ^^^^^^^
[INFO] [stdout] 
[INFO] [stdout] 
[INFO] [stdout] warning: 5 warnings emitted
[INFO] [stdout] 
[INFO] [stdout] 
[INFO] [stderr]     Finished dev [unoptimized + debuginfo] target(s) in 33.10s
[INFO] running `Command { std: "docker" "inspect" "8b236e73a7541c98930621cfdc070c7a22ba2c14797285ee0bd886cd6942d558", kill_on_drop: false }`
[INFO] running `Command { std: "docker" "rm" "-f" "8b236e73a7541c98930621cfdc070c7a22ba2c14797285ee0bd886cd6942d558", kill_on_drop: false }`
[INFO] [stdout] 8b236e73a7541c98930621cfdc070c7a22ba2c14797285ee0bd886cd6942d558
[INFO] running `Command { std: "docker" "create" "-v" "/var/lib/crater-agent-workspace/builds/worker-0-tc2/target:/opt/rustwide/target:rw,Z" "-v" "/var/lib/crater-agent-workspace/builds/worker-0-tc2/source:/opt/rustwide/workdir:ro,Z" "-v" "/var/lib/crater-agent-workspace/cargo-home:/opt/rustwide/cargo-home:ro,Z" "-v" "/var/lib/crater-agent-workspace/rustup-home:/opt/rustwide/rustup-home:ro,Z" "-e" "SOURCE_DIR=/opt/rustwide/workdir" "-e" "CARGO_TARGET_DIR=/opt/rustwide/target" "-e" "CARGO_INCREMENTAL=0" "-e" "RUST_BACKTRACE=full" "-e" "RUSTFLAGS=--cap-lints=warn" "-e" "RUSTDOCFLAGS=--cap-lints=warn" "-e" "CARGO_HOME=/opt/rustwide/cargo-home" "-e" "RUSTUP_HOME=/opt/rustwide/rustup-home" "-w" "/opt/rustwide/workdir" "-m" "1610612736" "--user" "0:0" "--network" "none" "ghcr.io/rust-lang/crates-build-env/linux@sha256:2788e3201cd34a07e3172128adcd8b3090168a8e3bcc40d7c032b9dda1df7d1c" "/opt/rustwide/cargo-home/bin/cargo" "+beta-2023-12-22" "test" "--frozen" "--no-run" "--message-format=json", kill_on_drop: false }`
[INFO] [stdout] 0ec83598a43935587894cc1569db6ee5aff53da85df5d448b3049e8cff3381f8
[INFO] running `Command { std: "docker" "start" "-a" "0ec83598a43935587894cc1569db6ee5aff53da85df5d448b3049e8cff3381f8", kill_on_drop: false }`
[INFO] [stderr]    Compiling databases v0.0.0 (/opt/rustwide/workdir)
[INFO] [stdout] warning: unused import: `create`
[INFO] [stdout]   --> src/plan.rs:33:10
[INFO] [stdout]    |
[INFO] [stdout] 33 | async fn create(db: Db, plan: Json<Plan>) -> Result<Created<Json<Plan>>> {
[INFO] [stdout]    |          ^^^^^^
[INFO] [stdout]    |
[INFO] [stdout]    = note: `#[warn(unused_imports)]` on by default
[INFO] [stdout] 
[INFO] [stdout] 
[INFO] [stdout] warning: unused import: `list`
[INFO] [stdout]   --> src/plan.rs:46:10
[INFO] [stdout]    |
[INFO] [stdout] 46 | async fn list(db: Db) -> Result<Json<Vec<Plan>>> {
[INFO] [stdout]    |          ^^^^
[INFO] [stdout] 
[INFO] [stdout] 
[INFO] [stdout] warning: unused import: `read`
[INFO] [stdout]   --> src/plan.rs:53:10
[INFO] [stdout]    |
[INFO] [stdout] 53 | async fn read(db: Db, id: i32) -> Option<Json<Plan>> {
[INFO] [stdout]    |          ^^^^
[INFO] [stdout] 
[INFO] [stdout] 
[INFO] [stdout] warning: unused import: `delete`
[INFO] [stdout]   --> src/plan.rs:61:10
[INFO] [stdout]    |
[INFO] [stdout] 61 | async fn delete(db: Db, id: i32) -> Result<Option<()>> {
[INFO] [stdout]    |          ^^^^^^
[INFO] [stdout] 
[INFO] [stdout] 
[INFO] [stdout] warning: unused import: `destroy`
[INFO] [stdout]   --> src/plan.rs:74:10
[INFO] [stdout]    |
[INFO] [stdout] 74 | async fn destroy(db: Db) -> Result<()> {
[INFO] [stdout]    |          ^^^^^^^
[INFO] [stdout] 
[INFO] [stdout] 
[INFO] [stdout] warning: 5 warnings emitted
[INFO] [stdout] 
[INFO] [stdout] 
[INFO] [stderr]     Finished test [unoptimized + debuginfo] target(s) in 4.25s
[INFO] running `Command { std: "docker" "inspect" "0ec83598a43935587894cc1569db6ee5aff53da85df5d448b3049e8cff3381f8", kill_on_drop: false }`
[INFO] running `Command { std: "docker" "rm" "-f" "0ec83598a43935587894cc1569db6ee5aff53da85df5d448b3049e8cff3381f8", kill_on_drop: false }`
[INFO] [stdout] 0ec83598a43935587894cc1569db6ee5aff53da85df5d448b3049e8cff3381f8
[INFO] running `Command { std: "docker" "create" "-v" "/var/lib/crater-agent-workspace/builds/worker-0-tc2/target:/opt/rustwide/target:rw,Z" "-v" "/var/lib/crater-agent-workspace/builds/worker-0-tc2/source:/opt/rustwide/workdir:ro,Z" "-v" "/var/lib/crater-agent-workspace/cargo-home:/opt/rustwide/cargo-home:ro,Z" "-v" "/var/lib/crater-agent-workspace/rustup-home:/opt/rustwide/rustup-home:ro,Z" "-e" "SOURCE_DIR=/opt/rustwide/workdir" "-e" "CARGO_TARGET_DIR=/opt/rustwide/target" "-e" "CARGO_INCREMENTAL=0" "-e" "RUST_BACKTRACE=full" "-e" "RUSTFLAGS=--cap-lints=warn" "-e" "RUSTDOCFLAGS=--cap-lints=warn" "-e" "CARGO_HOME=/opt/rustwide/cargo-home" "-e" "RUSTUP_HOME=/opt/rustwide/rustup-home" "-w" "/opt/rustwide/workdir" "-m" "1610612736" "--user" "0:0" "--network" "none" "ghcr.io/rust-lang/crates-build-env/linux@sha256:2788e3201cd34a07e3172128adcd8b3090168a8e3bcc40d7c032b9dda1df7d1c" "/opt/rustwide/cargo-home/bin/cargo" "+beta-2023-12-22" "test" "--frozen", kill_on_drop: false }`
[INFO] [stdout] da02e8ee6cf010a566baaf67a5e44a4e0e4d33458474fcd78c695ab07c78109e
[INFO] running `Command { std: "docker" "start" "-a" "da02e8ee6cf010a566baaf67a5e44a4e0e4d33458474fcd78c695ab07c78109e", kill_on_drop: false }`
[INFO] [stderr] warning: unused import: `create`
[INFO] [stderr]   --> src/plan.rs:33:10
[INFO] [stderr]    |
[INFO] [stderr] 33 | async fn create(db: Db, plan: Json<Plan>) -> Result<Created<Json<Plan>>> {
[INFO] [stderr]    |          ^^^^^^
[INFO] [stderr]    |
[INFO] [stderr]    = note: `#[warn(unused_imports)]` on by default
[INFO] [stderr] 
[INFO] [stderr] warning: unused import: `list`
[INFO] [stderr]   --> src/plan.rs:46:10
[INFO] [stderr]    |
[INFO] [stderr] 46 | async fn list(db: Db) -> Result<Json<Vec<Plan>>> {
[INFO] [stderr]    |          ^^^^
[INFO] [stderr] 
[INFO] [stderr] warning: unused import: `read`
[INFO] [stderr]   --> src/plan.rs:53:10
[INFO] [stderr]    |
[INFO] [stderr] 53 | async fn read(db: Db, id: i32) -> Option<Json<Plan>> {
[INFO] [stderr]    |          ^^^^
[INFO] [stderr] 
[INFO] [stderr] warning: unused import: `delete`
[INFO] [stderr]   --> src/plan.rs:61:10
[INFO] [stderr]    |
[INFO] [stderr] 61 | async fn delete(db: Db, id: i32) -> Result<Option<()>> {
[INFO] [stderr]    |          ^^^^^^
[INFO] [stderr] 
[INFO] [stderr] warning: unused import: `destroy`
[INFO] [stderr]   --> src/plan.rs:74:10
[INFO] [stderr]    |
[INFO] [stderr] 74 | async fn destroy(db: Db) -> Result<()> {
[INFO] [stderr]    |          ^^^^^^^
[INFO] [stderr] 
[INFO] [stderr] warning: `databases` (bin "databases" test) generated 5 warnings (run `cargo fix --bin "databases" --tests` to apply 5 suggestions)
[INFO] [stderr]     Finished test [unoptimized + debuginfo] target(s) in 0.14s
[INFO] [stderr]      Running unittests src/main.rs (/opt/rustwide/target/debug/deps/databases-e43680ff91e94553)
[INFO] [stdout] 
[INFO] [stdout] running 1 test
[INFO] [stdout] test tests::test_diesel ... FAILED
[INFO] [stdout] 
[INFO] [stdout] failures:
[INFO] [stdout] 
[INFO] [stdout] ---- tests::test_diesel stdout ----
[INFO] [stdout] Error: database pool init error for pool named `diesel`
[INFO] [stdout]    >> timed out waiting for connection: unable to open database file
[INFO] [stdout]    >> missing database fairing for `databases::plan::Db`
[INFO] [stdout] thread 'tests::test_diesel' panicked at src/plan.rs:87:43:
[INFO] [stdout] database connection
[INFO] [stdout] stack backtrace:
[INFO] [stdout]    0:     0x5604eca96a46 - std::backtrace_rs::backtrace::libunwind::trace::h261606ad26a499c1
[INFO] [stdout]                                at /rustc/0e09125c6c3c2fd70d7de961bcf0e51575235fad/library/std/src/../../backtrace/src/backtrace/libunwind.rs:104:5
[INFO] [stdout]    1:     0x5604eca96a46 - std::backtrace_rs::backtrace::trace_unsynchronized::hd183f0625477fb28
[INFO] [stdout]                                at /rustc/0e09125c6c3c2fd70d7de961bcf0e51575235fad/library/std/src/../../backtrace/src/backtrace/mod.rs:66:5
[INFO] [stdout]    2:     0x5604eca96a46 - std::sys_common::backtrace::_print_fmt::hd7f8fef21b4eda67
[INFO] [stdout]                                at /rustc/0e09125c6c3c2fd70d7de961bcf0e51575235fad/library/std/src/sys_common/backtrace.rs:68:5
[INFO] [stdout]    3:     0x5604eca96a46 - <std::sys_common::backtrace::_print::DisplayBacktrace as core::fmt::Display>::fmt::h623d9b51f2f453f1
[INFO] [stdout]                                at /rustc/0e09125c6c3c2fd70d7de961bcf0e51575235fad/library/std/src/sys_common/backtrace.rs:44:22
[INFO] [stdout]    4:     0x5604ecac4260 - core::fmt::rt::Argument::fmt::h9f417ac76a86f368
[INFO] [stdout]                                at /rustc/0e09125c6c3c2fd70d7de961bcf0e51575235fad/library/core/src/fmt/rt.rs:142:9
[INFO] [stdout]    5:     0x5604ecac4260 - core::fmt::write::hc9b6faf4ac2aeff7
[INFO] [stdout]                                at /rustc/0e09125c6c3c2fd70d7de961bcf0e51575235fad/library/core/src/fmt/mod.rs:1120:17
[INFO] [stdout]    6:     0x5604eca9404f - std::io::Write::write_fmt::he04625a3a989fec3
[INFO] [stdout]                                at /rustc/0e09125c6c3c2fd70d7de961bcf0e51575235fad/library/std/src/io/mod.rs:1810:15
[INFO] [stdout]    7:     0x5604eca96824 - std::sys_common::backtrace::_print::hd5d66399c7df88a2
[INFO] [stdout]                                at /rustc/0e09125c6c3c2fd70d7de961bcf0e51575235fad/library/std/src/sys_common/backtrace.rs:47:5
[INFO] [stdout]    8:     0x5604eca96824 - std::sys_common::backtrace::print::he81ed2da642d37e5
[INFO] [stdout]                                at /rustc/0e09125c6c3c2fd70d7de961bcf0e51575235fad/library/std/src/sys_common/backtrace.rs:34:9
[INFO] [stdout]    9:     0x5604eca98597 - std::panicking::default_hook::{{closure}}::h85773f4fa117163d
[INFO] [stdout]   10:     0x5604eca9827d - std::panicking::default_hook::h6a1694a91d09b278
[INFO] [stdout]                                at /rustc/0e09125c6c3c2fd70d7de961bcf0e51575235fad/library/std/src/panicking.rs:289:9
[INFO] [stdout]   11:     0x5604ec5ffc77 - <alloc::boxed::Box<F,A> as core::ops::function::Fn<Args>>::call::h616ac37fa3cd6c8f
[INFO] [stdout]                                at /rustc/0e09125c6c3c2fd70d7de961bcf0e51575235fad/library/alloc/src/boxed.rs:2029:9
[INFO] [stdout]   12:     0x5604ec5ffc77 - test::test_main::{{closure}}::h00d84697cefdcbb6
[INFO] [stdout]                                at /rustc/0e09125c6c3c2fd70d7de961bcf0e51575235fad/library/test/src/lib.rs:138:21
[INFO] [stdout]   13:     0x5604eca98bb6 - <alloc::boxed::Box<F,A> as core::ops::function::Fn<Args>>::call::hcb3fe3b9bb537ba8
[INFO] [stdout]                                at /rustc/0e09125c6c3c2fd70d7de961bcf0e51575235fad/library/alloc/src/boxed.rs:2029:9
[INFO] [stdout]   14:     0x5604eca98bb6 - std::panicking::rust_panic_with_hook::h0a7ad96e90f7145b
[INFO] [stdout]                                at /rustc/0e09125c6c3c2fd70d7de961bcf0e51575235fad/library/std/src/panicking.rs:783:13
[INFO] [stdout]   15:     0x5604eca98902 - std::panicking::begin_panic_handler::{{closure}}::h7919090525c6485e
[INFO] [stdout]                                at /rustc/0e09125c6c3c2fd70d7de961bcf0e51575235fad/library/std/src/panicking.rs:657:13
[INFO] [stdout]   16:     0x5604eca96f46 - std::sys_common::backtrace::__rust_end_short_backtrace::hf3289479464f7dfe
[INFO] [stdout]                                at /rustc/0e09125c6c3c2fd70d7de961bcf0e51575235fad/library/std/src/sys_common/backtrace.rs:171:18
[INFO] [stdout]   17:     0x5604eca98660 - rust_begin_unwind
[INFO] [stdout]                                at /rustc/0e09125c6c3c2fd70d7de961bcf0e51575235fad/library/std/src/panicking.rs:645:5
[INFO] [stdout]   18:     0x5604ec505285 - core::panicking::panic_fmt::hcc9f77c5c132af55
[INFO] [stdout]                                at /rustc/0e09125c6c3c2fd70d7de961bcf0e51575235fad/library/core/src/panicking.rs:72:14
[INFO] [stdout]   19:     0x5604ec505243 - core::panicking::panic_display::h0204da5f51c86759
[INFO] [stdout]                                at /rustc/0e09125c6c3c2fd70d7de961bcf0e51575235fad/library/core/src/panicking.rs:196:5
[INFO] [stdout]   20:     0x5604ec505243 - core::panicking::panic_str::h384c8d5de2012701
[INFO] [stdout]                                at /rustc/0e09125c6c3c2fd70d7de961bcf0e51575235fad/library/core/src/panicking.rs:171:5
[INFO] [stdout]   21:     0x5604ec505243 - core::option::expect_failed::h6b23844cf3a4e381
[INFO] [stdout]                                at /rustc/0e09125c6c3c2fd70d7de961bcf0e51575235fad/library/core/src/option.rs:1980:5
[INFO] [stdout]   22:     0x5604ec52f9ec - core::option::Option<T>::expect::hf48e65c345a4dcf6
[INFO] [stdout]                                at /rustc/0e09125c6c3c2fd70d7de961bcf0e51575235fad/library/core/src/option.rs:894:21
[INFO] [stdout]   23:     0x5604ec559af4 - databases::plan::run_migrations::{{closure}}::h5ce50d786d8703d0
[INFO] [stdout]                                at /opt/rustwide/workdir/src/plan.rs:87:16
[INFO] [stdout]   24:     0x5604ec5b0309 - <futures_util::future::future::map::Map<Fut,F> as core::future::future::Future>::poll::h624a87ccda883d37
[INFO] [stdout]                                at /opt/rustwide/cargo-home/registry/src/index.crates.io-6f17d22bba15001f/futures-util-0.3.27/src/future/future/map.rs:55:37
[INFO] [stdout]   25:     0x5604ec52a5a1 - <futures_util::future::future::Map<Fut,F> as core::future::future::Future>::poll::hbcdc2018018a0a25
[INFO] [stdout]                                at /opt/rustwide/cargo-home/registry/src/index.crates.io-6f17d22bba15001f/futures-util-0.3.27/src/lib.rs:91:13
[INFO] [stdout]   26:     0x5604ec64daae - <core::pin::Pin<P> as core::future::future::Future>::poll::h10bbae16177ea32c
[INFO] [stdout]                                at /rustc/0e09125c6c3c2fd70d7de961bcf0e51575235fad/library/core/src/future/future.rs:124:9
[INFO] [stdout]   27:     0x5604ec6b133f - <rocket::fairing::ad_hoc::AdHoc as rocket::fairing::Fairing>::on_ignite::{{closure}}::h4e0275dea63b6fbc
[INFO] [stdout]                                at /opt/rustwide/cargo-home/registry/src/index.crates.io-6f17d22bba15001f/rocket-0.5.0-rc.2/src/fairing/ad_hoc.rs:264:60
[INFO] [stdout]   28:     0x5604ec64daae - <core::pin::Pin<P> as core::future::future::Future>::poll::h10bbae16177ea32c
[INFO] [stdout]                                at /rustc/0e09125c6c3c2fd70d7de961bcf0e51575235fad/library/core/src/future/future.rs:124:9
[INFO] [stdout]   29:     0x5604ec6acc5a - rocket::fairing::fairings::Fairings::handle_ignite::{{closure}}::h22176162a8e34da7
[INFO] [stdout]                                at /opt/rustwide/cargo-home/registry/src/index.crates.io-6f17d22bba15001f/rocket-0.5.0-rc.2/src/fairing/fairings.rs:120:58
[INFO] [stdout]   30:     0x5604ec65c264 - rocket::rocket::Rocket<rocket::phase::Build>::ignite::{{closure}}::h713e1840ca903154
[INFO] [stdout]                                at /opt/rustwide/cargo-home/registry/src/index.crates.io-6f17d22bba15001f/rocket-0.5.0-rc.2/src/rocket.rs:508:46
[INFO] [stdout]   31:     0x5604ec65f3e5 - rocket::rocket::Rocket<P>::local_launch::{{closure}}::h6d37eaa5d709898b
[INFO] [stdout]                                at /opt/rustwide/cargo-home/registry/src/index.crates.io-6f17d22bba15001f/rocket-0.5.0-rc.2/src/rocket.rs:839:57
[INFO] [stdout]   32:     0x5604ec6aa1c8 - rocket::local::asynchronous::client::Client::_new::{{closure}}::h27852214ca5e2168
[INFO] [stdout]                                at /opt/rustwide/cargo-home/registry/src/index.crates.io-6f17d22bba15001f/rocket-0.5.0-rc.2/src/local/asynchronous/client.rs:60:44
[INFO] [stdout]   33:     0x5604ec7494f5 - tokio::runtime::park::CachedParkThread::block_on::{{closure}}::hafe106b57371b71e
[INFO] [stdout]                                at /opt/rustwide/cargo-home/registry/src/index.crates.io-6f17d22bba15001f/tokio-1.26.0/src/runtime/park.rs:283:63
[INFO] [stdout]   34:     0x5604ec747c54 - tokio::runtime::coop::with_budget::h793a0ae058b8fbee
[INFO] [stdout]                                at /opt/rustwide/cargo-home/registry/src/index.crates.io-6f17d22bba15001f/tokio-1.26.0/src/runtime/coop.rs:107:5
[INFO] [stdout]   35:     0x5604ec747c54 - tokio::runtime::coop::budget::h4c6284ee20b06099
[INFO] [stdout]                                at /opt/rustwide/cargo-home/registry/src/index.crates.io-6f17d22bba15001f/tokio-1.26.0/src/runtime/coop.rs:73:5
[INFO] [stdout]   36:     0x5604ec747c54 - tokio::runtime::park::CachedParkThread::block_on::h7a60c40614a221d9
[INFO] [stdout]                                at /opt/rustwide/cargo-home/registry/src/index.crates.io-6f17d22bba15001f/tokio-1.26.0/src/runtime/park.rs:283:31
[INFO] [stdout]   37:     0x5604ec785905 - tokio::runtime::context::BlockingRegionGuard::block_on::h052a314fae81e497
[INFO] [stdout]                                at /opt/rustwide/cargo-home/registry/src/index.crates.io-6f17d22bba15001f/tokio-1.26.0/src/runtime/context.rs:315:13
[INFO] [stdout]   38:     0x5604ec68f951 - tokio::runtime::scheduler::multi_thread::MultiThread::block_on::he93a517f71afab59
[INFO] [stdout]                                at /opt/rustwide/cargo-home/registry/src/index.crates.io-6f17d22bba15001f/tokio-1.26.0/src/runtime/scheduler/multi_thread/mod.rs:66:9
[INFO] [stdout]   39:     0x5604ec70dbff - tokio::runtime::runtime::Runtime::block_on::h61b8b17731d76aee
[INFO] [stdout]                                at /opt/rustwide/cargo-home/registry/src/index.crates.io-6f17d22bba15001f/tokio-1.26.0/src/runtime/runtime.rs:304:45
[INFO] [stdout]   40:     0x5604ec6ab708 - rocket::local::blocking::client::Client::_new::heedfb29e0a286a65
[INFO] [stdout]                                at /opt/rustwide/cargo-home/registry/src/index.crates.io-6f17d22bba15001f/rocket-0.5.0-rc.2/src/local/blocking/client.rs:42:26
[INFO] [stdout]   41:     0x5604ec545cc7 - rocket::local::blocking::client::Client::tracked::h38e350b28121d696
[INFO] [stdout]                                at /opt/rustwide/cargo-home/registry/src/index.crates.io-6f17d22bba15001f/rocket-0.5.0-rc.2/src/local/client.rs:71:9
[INFO] [stdout]   42:     0x5604ec545cc7 - databases::tests::test::hea2dadc4b1f41563
[INFO] [stdout]                                at /opt/rustwide/workdir/src/tests.rs:25:18
[INFO] [stdout]   43:     0x5604ec549994 - databases::tests::test_diesel::h9a76cb27bf57027e
[INFO] [stdout]                                at /opt/rustwide/workdir/src/tests.rs:100:5
[INFO] [stdout]   44:     0x5604ec549957 - databases::tests::test_diesel::{{closure}}::h8911ba599d0a4f9b
[INFO] [stdout]                                at /opt/rustwide/workdir/src/tests.rs:99:17
[INFO] [stdout]   45:     0x5604ec5206f6 - core::ops::function::FnOnce::call_once::h7b35dba5d557c817
[INFO] [stdout]                                at /rustc/0e09125c6c3c2fd70d7de961bcf0e51575235fad/library/core/src/ops/function.rs:250:5
[INFO] [stdout]   46:     0x5604ec60554f - core::ops::function::FnOnce::call_once::hd64d26f405258157
[INFO] [stdout]                                at /rustc/0e09125c6c3c2fd70d7de961bcf0e51575235fad/library/core/src/ops/function.rs:250:5
[INFO] [stdout]   47:     0x5604ec60554f - test::__rust_begin_short_backtrace::he21b0b7a6d731bf9
[INFO] [stdout]                                at /rustc/0e09125c6c3c2fd70d7de961bcf0e51575235fad/library/test/src/lib.rs:627:18
[INFO] [stdout]   48:     0x5604ec6042d1 - test::run_test_in_process::{{closure}}::hf5c73986d7bdfde2
[INFO] [stdout]                                at /rustc/0e09125c6c3c2fd70d7de961bcf0e51575235fad/library/test/src/lib.rs:650:60
[INFO] [stdout]   49:     0x5604ec6042d1 - <core::panic::unwind_safe::AssertUnwindSafe<F> as core::ops::function::FnOnce<()>>::call_once::h330011ad032aadc0
[INFO] [stdout]                                at /rustc/0e09125c6c3c2fd70d7de961bcf0e51575235fad/library/core/src/panic/unwind_safe.rs:272:9
[INFO] [stdout]   50:     0x5604ec6042d1 - std::panicking::try::do_call::he61b0a958b795a41
[INFO] [stdout]                                at /rustc/0e09125c6c3c2fd70d7de961bcf0e51575235fad/library/std/src/panicking.rs:552:40
[INFO] [stdout]   51:     0x5604ec6042d1 - std::panicking::try::h7309da130f906eb7
[INFO] [stdout]                                at /rustc/0e09125c6c3c2fd70d7de961bcf0e51575235fad/library/std/src/panicking.rs:516:19
[INFO] [stdout]   52:     0x5604ec6042d1 - std::panic::catch_unwind::hc5c3a06fdaf0a92a
[INFO] [stdout]                                at /rustc/0e09125c6c3c2fd70d7de961bcf0e51575235fad/library/std/src/panic.rs:142:14
[INFO] [stdout]   53:     0x5604ec6042d1 - test::run_test_in_process::h7e7b7c71c3324e0f
[INFO] [stdout]                                at /rustc/0e09125c6c3c2fd70d7de961bcf0e51575235fad/library/test/src/lib.rs:650:27
[INFO] [stdout]   54:     0x5604ec6042d1 - test::run_test::{{closure}}::h1f509f28f5cf20b1
[INFO] [stdout]                                at /rustc/0e09125c6c3c2fd70d7de961bcf0e51575235fad/library/test/src/lib.rs:573:43
[INFO] [stdout]   55:     0x5604ec5cb606 - test::run_test::{{closure}}::h1754218abf443f6d
[INFO] [stdout]                                at /rustc/0e09125c6c3c2fd70d7de961bcf0e51575235fad/library/test/src/lib.rs:601:41
[INFO] [stdout]   56:     0x5604ec5cb606 - std::sys_common::backtrace::__rust_begin_short_backtrace::h2ee174b9d5954948
[INFO] [stdout]                                at /rustc/0e09125c6c3c2fd70d7de961bcf0e51575235fad/library/std/src/sys_common/backtrace.rs:155:18
[INFO] [stdout]   57:     0x5604ec5d0667 - std::thread::Builder::spawn_unchecked_::{{closure}}::{{closure}}::hf60bee9c1a17ef09
[INFO] [stdout]                                at /rustc/0e09125c6c3c2fd70d7de961bcf0e51575235fad/library/std/src/thread/mod.rs:529:17
[INFO] [stdout]   58:     0x5604ec5d0667 - <core::panic::unwind_safe::AssertUnwindSafe<F> as core::ops::function::FnOnce<()>>::call_once::h33d0dddec5216160
[INFO] [stdout]                                at /rustc/0e09125c6c3c2fd70d7de961bcf0e51575235fad/library/core/src/panic/unwind_safe.rs:272:9
[INFO] [stdout]   59:     0x5604ec5d0667 - std::panicking::try::do_call::h144b3048b546f835
[INFO] [stdout]                                at /rustc/0e09125c6c3c2fd70d7de961bcf0e51575235fad/library/std/src/panicking.rs:552:40
[INFO] [stdout]   60:     0x5604ec5d0667 - std::panicking::try::h978244d04646189f
[INFO] [stdout]                                at /rustc/0e09125c6c3c2fd70d7de961bcf0e51575235fad/library/std/src/panicking.rs:516:19
[INFO] [stdout]   61:     0x5604ec5d0667 - std::panic::catch_unwind::hdf436369d188fe86
[INFO] [stdout]                                at /rustc/0e09125c6c3c2fd70d7de961bcf0e51575235fad/library/std/src/panic.rs:142:14
[INFO] [stdout]   62:     0x5604ec5d0667 - std::thread::Builder::spawn_unchecked_::{{closure}}::h87329cbdd33c79ec
[INFO] [stdout]                                at /rustc/0e09125c6c3c2fd70d7de961bcf0e51575235fad/library/std/src/thread/mod.rs:528:30
[INFO] [stdout]   63:     0x5604ec5d0667 - core::ops::function::FnOnce::call_once{{vtable.shim}}::h401abbe67897d450
[INFO] [stdout]                                at /rustc/0e09125c6c3c2fd70d7de961bcf0e51575235fad/library/core/src/ops/function.rs:250:5
[INFO] [stdout]   64:     0x5604eca9d875 - <alloc::boxed::Box<F,A> as core::ops::function::FnOnce<Args>>::call_once::h5d7c8f150ab9c84c
[INFO] [stdout]                                at /rustc/0e09125c6c3c2fd70d7de961bcf0e51575235fad/library/alloc/src/boxed.rs:2015:9
[INFO] [stdout]   65:     0x5604eca9d875 - <alloc::boxed::Box<F,A> as core::ops::function::FnOnce<Args>>::call_once::h570d5b005c242c15
[INFO] [stdout]                                at /rustc/0e09125c6c3c2fd70d7de961bcf0e51575235fad/library/alloc/src/boxed.rs:2015:9
[INFO] [stdout]   66:     0x5604eca9d875 - std::sys::unix::thread::Thread::new::thread_start::h36b0a20c0b2361ad
[INFO] [stdout]                                at /rustc/0e09125c6c3c2fd70d7de961bcf0e51575235fad/library/std/src/sys/unix/thread.rs:108:17
[INFO] [stdout]   67:     0x7fa0a327aac3 - <unknown>
[INFO] [stdout]   68:     0x7fa0a330bbf4 - __clone
[INFO] [stdout]   69:                0x0 - <unknown>
[INFO] [stdout] 
[INFO] [stdout] 
[INFO] [stdout] failures:
[INFO] [stdout]     tests::test_diesel
[INFO] [stdout] 
[INFO] [stdout] test result: FAILED. 0 passed; 1 failed; 0 ignored; 0 measured; 0 filtered out; finished in 10.04s
[INFO] [stdout] 
[INFO] [stderr] error: test failed, to rerun pass `--bin databases`
[INFO] running `Command { std: "docker" "inspect" "da02e8ee6cf010a566baaf67a5e44a4e0e4d33458474fcd78c695ab07c78109e", kill_on_drop: false }`
[INFO] running `Command { std: "docker" "rm" "-f" "da02e8ee6cf010a566baaf67a5e44a4e0e4d33458474fcd78c695ab07c78109e", kill_on_drop: false }`
[INFO] [stdout] da02e8ee6cf010a566baaf67a5e44a4e0e4d33458474fcd78c695ab07c78109e
