[INFO] cloning repository https://github.com/theodoreOnzGit/rs_simulation_learning_journal
[INFO] running `Command { std: "git" "-c" "credential.helper=" "-c" "credential.helper=/workspace/cargo-home/bin/git-credential-null" "clone" "--bare" "https://github.com/theodoreOnzGit/rs_simulation_learning_journal" "/workspace/cache/git-repos/https%3A%2F%2Fgithub.com%2FtheodoreOnzGit%2Frs_simulation_learning_journal", kill_on_drop: false }`
[INFO] [stderr] Cloning into bare repository '/workspace/cache/git-repos/https%3A%2F%2Fgithub.com%2FtheodoreOnzGit%2Frs_simulation_learning_journal'...
[INFO] running `Command { std: "git" "rev-parse" "HEAD", kill_on_drop: false }`
[INFO] [stdout] 523cac38dfa3b0f2dba3d7370e5147bf9ef25aa1
[INFO] testing theodoreOnzGit/rs_simulation_learning_journal against 1.75.0 for beta-1.76-1
[INFO] running `Command { std: "git" "clone" "/workspace/cache/git-repos/https%3A%2F%2Fgithub.com%2FtheodoreOnzGit%2Frs_simulation_learning_journal" "/workspace/builds/worker-1-tc1/source", kill_on_drop: false }`
[INFO] [stderr] Cloning into '/workspace/builds/worker-1-tc1/source'...
[INFO] [stderr] done.
[INFO] validating manifest of git repo https://github.com/theodoreOnzGit/rs_simulation_learning_journal on toolchain 1.75.0
[INFO] running `Command { std: CARGO_HOME="/workspace/cargo-home" RUSTUP_HOME="/workspace/rustup-home" "/workspace/cargo-home/bin/cargo" "+1.75.0" "metadata" "--manifest-path" "Cargo.toml" "--no-deps", kill_on_drop: false }`
[INFO] started tweaking git repo https://github.com/theodoreOnzGit/rs_simulation_learning_journal
[INFO] finished tweaking git repo https://github.com/theodoreOnzGit/rs_simulation_learning_journal
[INFO] tweaked toml for git repo https://github.com/theodoreOnzGit/rs_simulation_learning_journal written to /workspace/builds/worker-1-tc1/source/Cargo.toml
[INFO] crate git repo https://github.com/theodoreOnzGit/rs_simulation_learning_journal already has a lockfile, it will not be regenerated
[INFO] running `Command { std: CARGO_HOME="/workspace/cargo-home" RUSTUP_HOME="/workspace/rustup-home" "/workspace/cargo-home/bin/cargo" "+1.75.0" "fetch" "--manifest-path" "Cargo.toml", kill_on_drop: false }`
[INFO] running `Command { std: "docker" "create" "-v" "/var/lib/crater-agent-workspace/builds/worker-1-tc1/target:/opt/rustwide/target:rw,Z" "-v" "/var/lib/crater-agent-workspace/builds/worker-1-tc1/source:/opt/rustwide/workdir:ro,Z" "-v" "/var/lib/crater-agent-workspace/cargo-home:/opt/rustwide/cargo-home:ro,Z" "-v" "/var/lib/crater-agent-workspace/rustup-home:/opt/rustwide/rustup-home:ro,Z" "-e" "SOURCE_DIR=/opt/rustwide/workdir" "-e" "CARGO_TARGET_DIR=/opt/rustwide/target" "-e" "CARGO_HOME=/opt/rustwide/cargo-home" "-e" "RUSTUP_HOME=/opt/rustwide/rustup-home" "-w" "/opt/rustwide/workdir" "-m" "1610612736" "--user" "0:0" "--network" "none" "ghcr.io/rust-lang/crates-build-env/linux@sha256:2788e3201cd34a07e3172128adcd8b3090168a8e3bcc40d7c032b9dda1df7d1c" "/opt/rustwide/cargo-home/bin/cargo" "+1.75.0" "metadata" "--no-deps" "--format-version=1", kill_on_drop: false }`
[INFO] [stdout] dc5e01d983df519552722f791107d473dd08eddc9ba14cc0c23ae9b3e0a45925
[INFO] running `Command { std: "docker" "start" "-a" "dc5e01d983df519552722f791107d473dd08eddc9ba14cc0c23ae9b3e0a45925", kill_on_drop: false }`
[INFO] running `Command { std: "docker" "inspect" "dc5e01d983df519552722f791107d473dd08eddc9ba14cc0c23ae9b3e0a45925", kill_on_drop: false }`
[INFO] running `Command { std: "docker" "rm" "-f" "dc5e01d983df519552722f791107d473dd08eddc9ba14cc0c23ae9b3e0a45925", kill_on_drop: false }`
[INFO] [stdout] dc5e01d983df519552722f791107d473dd08eddc9ba14cc0c23ae9b3e0a45925
[INFO] running `Command { std: "docker" "create" "-v" "/var/lib/crater-agent-workspace/builds/worker-1-tc1/target:/opt/rustwide/target:rw,Z" "-v" "/var/lib/crater-agent-workspace/builds/worker-1-tc1/source:/opt/rustwide/workdir:ro,Z" "-v" "/var/lib/crater-agent-workspace/cargo-home:/opt/rustwide/cargo-home:ro,Z" "-v" "/var/lib/crater-agent-workspace/rustup-home:/opt/rustwide/rustup-home:ro,Z" "-e" "SOURCE_DIR=/opt/rustwide/workdir" "-e" "CARGO_TARGET_DIR=/opt/rustwide/target" "-e" "CARGO_INCREMENTAL=0" "-e" "RUST_BACKTRACE=full" "-e" "RUSTFLAGS=--cap-lints=warn" "-e" "RUSTDOCFLAGS=--cap-lints=warn" "-e" "CARGO_HOME=/opt/rustwide/cargo-home" "-e" "RUSTUP_HOME=/opt/rustwide/rustup-home" "-w" "/opt/rustwide/workdir" "-m" "1610612736" "--user" "0:0" "--network" "none" "ghcr.io/rust-lang/crates-build-env/linux@sha256:2788e3201cd34a07e3172128adcd8b3090168a8e3bcc40d7c032b9dda1df7d1c" "/opt/rustwide/cargo-home/bin/cargo" "+1.75.0" "build" "--frozen" "--message-format=json", kill_on_drop: false }`
[INFO] [stdout] acd4f289e5bf0bc3ac4f83672692b28c40f35d928db043d0f595b5d94c29fea0
[INFO] running `Command { std: "docker" "start" "-a" "acd4f289e5bf0bc3ac4f83672692b28c40f35d928db043d0f595b5d94c29fea0", kill_on_drop: false }`
[INFO] [stderr]    Compiling proc-macro2 v1.0.74
[INFO] [stderr]    Compiling unicode-ident v1.0.12
[INFO] [stderr]    Compiling autocfg v1.1.0
[INFO] [stderr]    Compiling serde v1.0.190
[INFO] [stderr]    Compiling typenum v1.17.0
[INFO] [stderr]    Compiling thiserror v1.0.56
[INFO] [stderr]    Compiling memchr v2.6.4
[INFO] [stderr]    Compiling ryu v1.0.15
[INFO] [stderr]    Compiling itoa v1.0.9
[INFO] [stderr]    Compiling num-traits v0.2.17
[INFO] [stderr]    Compiling csv-core v0.1.11
[INFO] [stderr]    Compiling quote v1.0.35
[INFO] [stderr]    Compiling syn v2.0.46
[INFO] [stderr]    Compiling uom v0.35.0
[INFO] [stderr]    Compiling approx v0.5.1
[INFO] [stderr]    Compiling thiserror-impl v1.0.56
[INFO] [stderr]    Compiling csv v1.3.0
[INFO] [stderr]    Compiling my_rust_project_one v0.1.0 (/opt/rustwide/workdir)
[INFO] [stdout] warning: unused import: `kilogram`
[INFO] [stdout]  --> src/newtons_law_of_cooling.rs:2:30
[INFO] [stdout]   |
[INFO] [stdout] 2 | use uom::si::{f64::*, mass::{kilogram, gram}, specific_heat_capacity::joule_per_kilogram_kelvin, heat_transfer::watt_per_square_meter_kel...
[INFO] [stdout]   |                              ^^^^^^^^
[INFO] [stdout]   |
[INFO] [stdout]   = note: `#[warn(unused_imports)]` on by default
[INFO] [stdout] 
[INFO] [stdout] 
[INFO] [stdout] warning: unused imports: `mole_per_cubic_decimeter`, `mole_per_cubic_meter`
[INFO] [stdout]  --> src/main.rs:3:36
[INFO] [stdout]   |
[INFO] [stdout] 3 | use uom::si::molar_concentration::{mole_per_cubic_decimeter, mole_per_cubic_meter};
[INFO] [stdout]   |                                    ^^^^^^^^^^^^^^^^^^^^^^^^  ^^^^^^^^^^^^^^^^^^^^
[INFO] [stdout] 
[INFO] [stdout] 
[INFO] [stdout] warning: unused import: `cubic_decimeter_per_mole`
[INFO] [stdout]  --> src/main.rs:4:51
[INFO] [stdout]   |
[INFO] [stdout] 4 | use uom::si::molar_volume::{cubic_meter_per_mole, cubic_decimeter_per_mole};
[INFO] [stdout]   |                                                   ^^^^^^^^^^^^^^^^^^^^^^^^
[INFO] [stdout] 
[INFO] [stdout] 
[INFO] [stdout] warning: unused import: `bar`
[INFO] [stdout]  --> src/main.rs:5:37
[INFO] [stdout]   |
[INFO] [stdout] 5 | use uom::si::pressure::{atmosphere, bar};
[INFO] [stdout]   |                                     ^^^
[INFO] [stdout] 
[INFO] [stdout] 
[INFO] [stdout] warning: unused import: `uom::si::ratio::ratio`
[INFO] [stdout]  --> src/main.rs:6:5
[INFO] [stdout]   |
[INFO] [stdout] 6 | use uom::si::ratio::ratio;
[INFO] [stdout]   |     ^^^^^^^^^^^^^^^^^^^^^
[INFO] [stdout] 
[INFO] [stdout] 
[INFO] [stdout] warning: unused import: `uom::si::thermodynamic_temperature::kelvin`
[INFO] [stdout]  --> src/main.rs:7:5
[INFO] [stdout]   |
[INFO] [stdout] 7 | use uom::si::thermodynamic_temperature::kelvin;
[INFO] [stdout]   |     ^^^^^^^^^^^^^^^^^^^^^^^^^^^^^^^^^^^^^^^^^^
[INFO] [stdout] 
[INFO] [stdout] 
[INFO] [stdout] warning: unused import: `uom::si::pressure::pascal`
[INFO] [stdout]  --> src/main.rs:8:5
[INFO] [stdout]   |
[INFO] [stdout] 8 | use uom::si::pressure::pascal;
[INFO] [stdout]   |     ^^^^^^^^^^^^^^^^^^^^^^^^^
[INFO] [stdout] 
[INFO] [stdout] 
[INFO] [stdout] warning: unused imports: `degree_celsius`, `molar_volume::cubic_meter_per_mole`, `pressure::pascal`
[INFO] [stdout]  --> src/ideal_gas.rs:1:51
[INFO] [stdout]   |
[INFO] [stdout] 1 | use uom::si::{f64::*, thermodynamic_temperature::{degree_celsius, kelvin}, pressure::pascal, molar_volume::cubic_meter_per_mole, molar_he...
[INFO] [stdout]   |                                                   ^^^^^^^^^^^^^^           ^^^^^^^^^^^^^^^^  ^^^^^^^^^^^^^^^^^^^^^^^^^^^^^^^^^^
[INFO] [stdout] 
[INFO] [stdout] 
[INFO] [stdout] warning: unused imports: `degree_celsius`, `kelvin`, `molar_volume::cubic_meter_per_mole`, `pressure::pascal`
[INFO] [stdout]  --> src/pr_eos.rs:1:51
[INFO] [stdout]   |
[INFO] [stdout] 1 | use uom::si::{f64::*, thermodynamic_temperature::{degree_celsius, kelvin}, pressure::pascal, molar_volume::cubic_meter_per_mole, molar_he...
[INFO] [stdout]   |                                                   ^^^^^^^^^^^^^^  ^^^^^^   ^^^^^^^^^^^^^^^^  ^^^^^^^^^^^^^^^^^^^^^^^^^^^^^^^^^^
[INFO] [stdout] 
[INFO] [stdout] 
[INFO] [stdout] warning: unused import: `pr_eos::*`
[INFO] [stdout]   --> src/main.rs:16:5
[INFO] [stdout]    |
[INFO] [stdout] 16 | use pr_eos::*;
[INFO] [stdout]    |     ^^^^^^^^^
[INFO] [stdout] 
[INFO] [stdout] 
[INFO] [stdout] warning: unused imports: `ops::Deref`, `process::id`
[INFO] [stdout]  --> src/vector_multiplication.rs:1:11
[INFO] [stdout]   |
[INFO] [stdout] 1 | use std::{ops::Deref, process::id};
[INFO] [stdout]   |           ^^^^^^^^^^  ^^^^^^^^^^^
[INFO] [stdout] 
[INFO] [stdout] 
[INFO] [stdout] warning: unused `#[macro_use]` import
[INFO] [stdout]   --> src/main.rs:22:1
[INFO] [stdout]    |
[INFO] [stdout] 22 | #[macro_use]
[INFO] [stdout]    | ^^^^^^^^^^^^
[INFO] [stdout] 
[INFO] [stdout] 
[INFO] [stdout] warning: unused variable: `b`
[INFO] [stdout]   --> src/pr_eos.rs:14:13
[INFO] [stdout]    |
[INFO] [stdout] 14 |         let b = get_b(critical_pressure, critical_temperature);
[INFO] [stdout]    |             ^ help: if this is intentional, prefix it with an underscore: `_b`
[INFO] [stdout]    |
[INFO] [stdout]    = note: `#[warn(unused_variables)]` on by default
[INFO] [stdout] 
[INFO] [stdout] 
[INFO] [stdout] warning: unused variable: `kappa`
[INFO] [stdout]   --> src/pr_eos.rs:15:13
[INFO] [stdout]    |
[INFO] [stdout] 15 |         let kappa = get_kappa(accentricity_factor);
[INFO] [stdout]    |             ^^^^^ help: if this is intentional, prefix it with an underscore: `_kappa`
[INFO] [stdout] 
[INFO] [stdout] 
[INFO] [stdout] warning: unused variable: `pressure`
[INFO] [stdout]  --> src/pr_eos.rs:8:5
[INFO] [stdout]   |
[INFO] [stdout] 8 |     pressure: Pressure,
[INFO] [stdout]   |     ^^^^^^^^ help: if this is intentional, prefix it with an underscore: `_pressure`
[INFO] [stdout] 
[INFO] [stdout] 
[INFO] [stdout] warning: unused variable: `specific_vol`
[INFO] [stdout]  --> src/pr_eos.rs:9:5
[INFO] [stdout]   |
[INFO] [stdout] 9 |     specific_vol: MolarVolume, 
[INFO] [stdout]   |     ^^^^^^^^^^^^ help: if this is intentional, prefix it with an underscore: `_specific_vol`
[INFO] [stdout] 
[INFO] [stdout] 
[INFO] [stdout] warning: unused variable: `kappa`
[INFO] [stdout]   --> src/pr_eos.rs:82:13
[INFO] [stdout]    |
[INFO] [stdout] 82 |         let kappa = get_kappa(accentricity_factor);
[INFO] [stdout]    |             ^^^^^ help: if this is intentional, prefix it with an underscore: `_kappa`
[INFO] [stdout] 
[INFO] [stdout] 
[INFO] [stdout] warning: unused variable: `one_mins_capital_b`
[INFO] [stdout]    --> src/pr_eos.rs:117:13
[INFO] [stdout]     |
[INFO] [stdout] 117 |         let one_mins_capital_b: Ratio 
[INFO] [stdout]     |             ^^^^^^^^^^^^^^^^^^ help: if this is intentional, prefix it with an underscore: `_one_mins_capital_b`
[INFO] [stdout] 
[INFO] [stdout] 
[INFO] [stdout] warning: unused variable: `capital_a_minus_3_cap_b_sq_minus_2_cap_b`
[INFO] [stdout]    --> src/pr_eos.rs:119:13
[INFO] [stdout]     |
[INFO] [stdout] 119 |         let capital_a_minus_3_cap_b_sq_minus_2_cap_b: Ratio 
[INFO] [stdout]     |             ^^^^^^^^^^^^^^^^^^^^^^^^^^^^^^^^^^^^^^^^ help: if this is intentional, prefix it with an underscore: `_capital_a_minus_3_cap_b_sq_minus_2_cap_b`
[INFO] [stdout] 
[INFO] [stdout] 
[INFO] [stdout] warning: unused variable: `cap_ab_minus_cap_b_sq_minus_b_cubed`
[INFO] [stdout]    --> src/pr_eos.rs:123:13
[INFO] [stdout]     |
[INFO] [stdout] 123 |         let cap_ab_minus_cap_b_sq_minus_b_cubed: Ratio 
[INFO] [stdout]     |             ^^^^^^^^^^^^^^^^^^^^^^^^^^^^^^^^^^^ help: if this is intentional, prefix it with an underscore: `_cap_ab_minus_cap_b_sq_minus_b_cubed`
[INFO] [stdout] 
[INFO] [stdout] 
[INFO] [stdout] warning: unused variable: `phi_degrees`
[INFO] [stdout]    --> src/cubic_roots.rs:107:13
[INFO] [stdout]     |
[INFO] [stdout] 107 |         let phi_degrees: f64 = phi_dimensioned.get::<degree>();
[INFO] [stdout]     |             ^^^^^^^^^^^ help: if this is intentional, prefix it with an underscore: `_phi_degrees`
[INFO] [stdout] 
[INFO] [stdout] 
[INFO] [stdout] warning: function `get_temperature_peng_robinson_gas` is never used
[INFO] [stdout]  --> src/pr_eos.rs:7:8
[INFO] [stdout]   |
[INFO] [stdout] 7 | pub fn get_temperature_peng_robinson_gas(
[INFO] [stdout]   |        ^^^^^^^^^^^^^^^^^^^^^^^^^^^^^^^^^
[INFO] [stdout]   |
[INFO] [stdout]   = note: `#[warn(dead_code)]` on by default
[INFO] [stdout] 
[INFO] [stdout] 
[INFO] [stdout] warning: function `get_pressure_peng_robinson_gas` is never used
[INFO] [stdout]   --> src/pr_eos.rs:22:8
[INFO] [stdout]    |
[INFO] [stdout] 22 | pub fn get_pressure_peng_robinson_gas(
[INFO] [stdout]    |        ^^^^^^^^^^^^^^^^^^^^^^^^^^^^^^
[INFO] [stdout] 
[INFO] [stdout] 
[INFO] [stdout] warning: function `get_molar_volume_peng_robinson_gas` is never used
[INFO] [stdout]   --> src/pr_eos.rs:74:8
[INFO] [stdout]    |
[INFO] [stdout] 74 | pub fn get_molar_volume_peng_robinson_gas(
[INFO] [stdout]    |        ^^^^^^^^^^^^^^^^^^^^^^^^^^^^^^^^^^
[INFO] [stdout] 
[INFO] [stdout] 
[INFO] [stdout] warning: function `get_kappa` is never used
[INFO] [stdout]    --> src/pr_eos.rs:135:4
[INFO] [stdout]     |
[INFO] [stdout] 135 | fn get_kappa(accentricity_factor: Ratio) -> Ratio {
[INFO] [stdout]     |    ^^^^^^^^^
[INFO] [stdout] 
[INFO] [stdout] 
[INFO] [stdout] warning: function `get_b` is never used
[INFO] [stdout]    --> src/pr_eos.rs:146:4
[INFO] [stdout]     |
[INFO] [stdout] 146 | fn get_b(critical_pressure: Pressure, 
[INFO] [stdout]     |    ^^^^^
[INFO] [stdout] 
[INFO] [stdout] 
[INFO] [stdout] warning: function `find_cubic_roots` is never used
[INFO] [stdout]  --> src/cubic_roots.rs:5:8
[INFO] [stdout]   |
[INFO] [stdout] 5 | pub fn find_cubic_roots(b: f64,
[INFO] [stdout]   |        ^^^^^^^^^^^^^^^^
[INFO] [stdout] 
[INFO] [stdout] 
[INFO] [stdout] warning: variants `VectorLengthsUnequal` and `VectorLengthZero` are never constructed
[INFO] [stdout]   --> src/vector_multiplication.rs:8:5
[INFO] [stdout]    |
[INFO] [stdout] 6  | pub enum DotProductError {
[INFO] [stdout]    |          --------------- variants in this enum
[INFO] [stdout] 7  |     #[error("the two vectors are of unequal length")]
[INFO] [stdout] 8  |     VectorLengthsUnequal,
[INFO] [stdout]    |     ^^^^^^^^^^^^^^^^^^^^
[INFO] [stdout] 9  |     #[error("either one of the vector lengths is zero")]
[INFO] [stdout] 10 |     VectorLengthZero,
[INFO] [stdout]    |     ^^^^^^^^^^^^^^^^
[INFO] [stdout]    |
[INFO] [stdout]    = note: `DotProductError` has a derived impl for the trait `Debug`, but this is intentionally ignored during dead code analysis
[INFO] [stdout] 
[INFO] [stdout] 
[INFO] [stdout] warning: function `dot_product` is never used
[INFO] [stdout]   --> src/vector_multiplication.rs:14:8
[INFO] [stdout]    |
[INFO] [stdout] 14 | pub fn dot_product(vec1: Vec<f64>,vec2: Vec<f64>) -> Result<f64, DotProductError> {
[INFO] [stdout]    |        ^^^^^^^^^^^
[INFO] [stdout] 
[INFO] [stdout] 
[INFO] [stdout] warning: variable `A` should have a snake case name
[INFO] [stdout]    --> src/cubic_roots.rs:125:13
[INFO] [stdout]     |
[INFO] [stdout] 125 |         let A: f64;
[INFO] [stdout]     |             ^ help: convert the identifier to snake case: `a`
[INFO] [stdout]     |
[INFO] [stdout]     = note: `#[warn(non_snake_case)]` on by default
[INFO] [stdout] 
[INFO] [stdout] 
[INFO] [stdout] warning: variable `B` should have a snake case name
[INFO] [stdout]    --> src/cubic_roots.rs:126:13
[INFO] [stdout]     |
[INFO] [stdout] 126 |         let B: f64;
[INFO] [stdout]     |             ^ help: convert the identifier to snake case: `b`
[INFO] [stdout] 
[INFO] [stdout] 
[INFO] [stdout] warning: variable `A` should have a snake case name
[INFO] [stdout]    --> src/cubic_roots.rs:155:13
[INFO] [stdout]     |
[INFO] [stdout] 155 |         let A: f64;
[INFO] [stdout]     |             ^ help: convert the identifier to snake case: `a`
[INFO] [stdout] 
[INFO] [stdout] 
[INFO] [stdout] warning: variable `B` should have a snake case name
[INFO] [stdout]    --> src/cubic_roots.rs:156:13
[INFO] [stdout]     |
[INFO] [stdout] 156 |         let B: f64;
[INFO] [stdout]     |             ^ help: convert the identifier to snake case: `b`
[INFO] [stdout] 
[INFO] [stdout] 
[INFO] [stdout] warning: 33 warnings emitted
[INFO] [stdout] 
[INFO] [stdout] 
[INFO] [stderr]     Finished dev [unoptimized + debuginfo] target(s) in 22.61s
[INFO] running `Command { std: "docker" "inspect" "acd4f289e5bf0bc3ac4f83672692b28c40f35d928db043d0f595b5d94c29fea0", kill_on_drop: false }`
[INFO] running `Command { std: "docker" "rm" "-f" "acd4f289e5bf0bc3ac4f83672692b28c40f35d928db043d0f595b5d94c29fea0", kill_on_drop: false }`
[INFO] [stdout] acd4f289e5bf0bc3ac4f83672692b28c40f35d928db043d0f595b5d94c29fea0
[INFO] running `Command { std: "docker" "create" "-v" "/var/lib/crater-agent-workspace/builds/worker-1-tc1/target:/opt/rustwide/target:rw,Z" "-v" "/var/lib/crater-agent-workspace/builds/worker-1-tc1/source:/opt/rustwide/workdir:ro,Z" "-v" "/var/lib/crater-agent-workspace/cargo-home:/opt/rustwide/cargo-home:ro,Z" "-v" "/var/lib/crater-agent-workspace/rustup-home:/opt/rustwide/rustup-home:ro,Z" "-e" "SOURCE_DIR=/opt/rustwide/workdir" "-e" "CARGO_TARGET_DIR=/opt/rustwide/target" "-e" "CARGO_INCREMENTAL=0" "-e" "RUST_BACKTRACE=full" "-e" "RUSTFLAGS=--cap-lints=warn" "-e" "RUSTDOCFLAGS=--cap-lints=warn" "-e" "CARGO_HOME=/opt/rustwide/cargo-home" "-e" "RUSTUP_HOME=/opt/rustwide/rustup-home" "-w" "/opt/rustwide/workdir" "-m" "1610612736" "--user" "0:0" "--network" "none" "ghcr.io/rust-lang/crates-build-env/linux@sha256:2788e3201cd34a07e3172128adcd8b3090168a8e3bcc40d7c032b9dda1df7d1c" "/opt/rustwide/cargo-home/bin/cargo" "+1.75.0" "test" "--frozen" "--no-run" "--message-format=json", kill_on_drop: false }`
[INFO] [stdout] 3ee8399a1957bf95abb144cf20bbc794236d6f47735d2cbb10e324793ee5a546
[INFO] running `Command { std: "docker" "start" "-a" "3ee8399a1957bf95abb144cf20bbc794236d6f47735d2cbb10e324793ee5a546", kill_on_drop: false }`
[INFO] [stderr]    Compiling my_rust_project_one v0.1.0 (/opt/rustwide/workdir)
[INFO] [stdout] warning: unused import: `kilogram`
[INFO] [stdout]  --> src/newtons_law_of_cooling.rs:2:30
[INFO] [stdout]   |
[INFO] [stdout] 2 | use uom::si::{f64::*, mass::{kilogram, gram}, specific_heat_capacity::joule_per_kilogram_kelvin, heat_transfer::watt_per_square_meter_kel...
[INFO] [stdout]   |                              ^^^^^^^^
[INFO] [stdout]   |
[INFO] [stdout]   = note: `#[warn(unused_imports)]` on by default
[INFO] [stdout] 
[INFO] [stdout] 
[INFO] [stdout] warning: unused imports: `mole_per_cubic_decimeter`, `mole_per_cubic_meter`
[INFO] [stdout]  --> src/main.rs:3:36
[INFO] [stdout]   |
[INFO] [stdout] 3 | use uom::si::molar_concentration::{mole_per_cubic_decimeter, mole_per_cubic_meter};
[INFO] [stdout]   |                                    ^^^^^^^^^^^^^^^^^^^^^^^^  ^^^^^^^^^^^^^^^^^^^^
[INFO] [stdout] 
[INFO] [stdout] 
[INFO] [stdout] warning: unused imports: `degree_celsius`, `molar_volume::cubic_meter_per_mole`, `pressure::pascal`
[INFO] [stdout]  --> src/ideal_gas.rs:1:51
[INFO] [stdout]   |
[INFO] [stdout] 1 | use uom::si::{f64::*, thermodynamic_temperature::{degree_celsius, kelvin}, pressure::pascal, molar_volume::cubic_meter_per_mole, molar_he...
[INFO] [stdout]   |                                                   ^^^^^^^^^^^^^^           ^^^^^^^^^^^^^^^^  ^^^^^^^^^^^^^^^^^^^^^^^^^^^^^^^^^^
[INFO] [stdout] 
[INFO] [stdout] 
[INFO] [stdout] warning: unused imports: `degree_celsius`, `kelvin`, `molar_volume::cubic_meter_per_mole`, `pressure::pascal`
[INFO] [stdout]  --> src/pr_eos.rs:1:51
[INFO] [stdout]   |
[INFO] [stdout] 1 | use uom::si::{f64::*, thermodynamic_temperature::{degree_celsius, kelvin}, pressure::pascal, molar_volume::cubic_meter_per_mole, molar_he...
[INFO] [stdout]   |                                                   ^^^^^^^^^^^^^^  ^^^^^^   ^^^^^^^^^^^^^^^^  ^^^^^^^^^^^^^^^^^^^^^^^^^^^^^^^^^^
[INFO] [stdout] 
[INFO] [stdout] 
[INFO] [stdout] warning: unused imports: `ops::Deref`, `process::id`
[INFO] [stdout]  --> src/vector_multiplication.rs:1:11
[INFO] [stdout]   |
[INFO] [stdout] 1 | use std::{ops::Deref, process::id};
[INFO] [stdout]   |           ^^^^^^^^^^  ^^^^^^^^^^^
[INFO] [stdout] 
[INFO] [stdout] 
[INFO] [stdout] warning: unused variable: `b`
[INFO] [stdout]   --> src/pr_eos.rs:14:13
[INFO] [stdout]    |
[INFO] [stdout] 14 |         let b = get_b(critical_pressure, critical_temperature);
[INFO] [stdout]    |             ^ help: if this is intentional, prefix it with an underscore: `_b`
[INFO] [stdout]    |
[INFO] [stdout]    = note: `#[warn(unused_variables)]` on by default
[INFO] [stdout] 
[INFO] [stdout] 
[INFO] [stdout] warning: unused variable: `kappa`
[INFO] [stdout]   --> src/pr_eos.rs:15:13
[INFO] [stdout]    |
[INFO] [stdout] 15 |         let kappa = get_kappa(accentricity_factor);
[INFO] [stdout]    |             ^^^^^ help: if this is intentional, prefix it with an underscore: `_kappa`
[INFO] [stdout] 
[INFO] [stdout] 
[INFO] [stdout] warning: unused variable: `pressure`
[INFO] [stdout]  --> src/pr_eos.rs:8:5
[INFO] [stdout]   |
[INFO] [stdout] 8 |     pressure: Pressure,
[INFO] [stdout]   |     ^^^^^^^^ help: if this is intentional, prefix it with an underscore: `_pressure`
[INFO] [stdout] 
[INFO] [stdout] 
[INFO] [stdout] warning: unused variable: `specific_vol`
[INFO] [stdout]  --> src/pr_eos.rs:9:5
[INFO] [stdout]   |
[INFO] [stdout] 9 |     specific_vol: MolarVolume, 
[INFO] [stdout]   |     ^^^^^^^^^^^^ help: if this is intentional, prefix it with an underscore: `_specific_vol`
[INFO] [stdout] 
[INFO] [stdout] 
[INFO] [stdout] warning: unused variable: `kappa`
[INFO] [stdout]   --> src/pr_eos.rs:82:13
[INFO] [stdout]    |
[INFO] [stdout] 82 |         let kappa = get_kappa(accentricity_factor);
[INFO] [stdout]    |             ^^^^^ help: if this is intentional, prefix it with an underscore: `_kappa`
[INFO] [stdout] 
[INFO] [stdout] 
[INFO] [stdout] warning: unused variable: `one_mins_capital_b`
[INFO] [stdout]    --> src/pr_eos.rs:117:13
[INFO] [stdout]     |
[INFO] [stdout] 117 |         let one_mins_capital_b: Ratio 
[INFO] [stdout]     |             ^^^^^^^^^^^^^^^^^^ help: if this is intentional, prefix it with an underscore: `_one_mins_capital_b`
[INFO] [stdout] 
[INFO] [stdout] 
[INFO] [stdout] warning: unused variable: `capital_a_minus_3_cap_b_sq_minus_2_cap_b`
[INFO] [stdout]    --> src/pr_eos.rs:119:13
[INFO] [stdout]     |
[INFO] [stdout] 119 |         let capital_a_minus_3_cap_b_sq_minus_2_cap_b: Ratio 
[INFO] [stdout]     |             ^^^^^^^^^^^^^^^^^^^^^^^^^^^^^^^^^^^^^^^^ help: if this is intentional, prefix it with an underscore: `_capital_a_minus_3_cap_b_sq_minus_2_cap_b`
[INFO] [stdout] 
[INFO] [stdout] 
[INFO] [stdout] warning: unused variable: `cap_ab_minus_cap_b_sq_minus_b_cubed`
[INFO] [stdout]    --> src/pr_eos.rs:123:13
[INFO] [stdout]     |
[INFO] [stdout] 123 |         let cap_ab_minus_cap_b_sq_minus_b_cubed: Ratio 
[INFO] [stdout]     |             ^^^^^^^^^^^^^^^^^^^^^^^^^^^^^^^^^^^ help: if this is intentional, prefix it with an underscore: `_cap_ab_minus_cap_b_sq_minus_b_cubed`
[INFO] [stdout] 
[INFO] [stdout] 
[INFO] [stdout] warning: unused variable: `phi_degrees`
[INFO] [stdout]    --> src/cubic_roots.rs:107:13
[INFO] [stdout]     |
[INFO] [stdout] 107 |         let phi_degrees: f64 = phi_dimensioned.get::<degree>();
[INFO] [stdout]     |             ^^^^^^^^^^^ help: if this is intentional, prefix it with an underscore: `_phi_degrees`
[INFO] [stdout] 
[INFO] [stdout] 
[INFO] [stdout] warning: function `get_temperature_peng_robinson_gas` is never used
[INFO] [stdout]  --> src/pr_eos.rs:7:8
[INFO] [stdout]   |
[INFO] [stdout] 7 | pub fn get_temperature_peng_robinson_gas(
[INFO] [stdout]   |        ^^^^^^^^^^^^^^^^^^^^^^^^^^^^^^^^^
[INFO] [stdout]   |
[INFO] [stdout]   = note: `#[warn(dead_code)]` on by default
[INFO] [stdout] 
[INFO] [stdout] 
[INFO] [stdout] warning: function `get_molar_volume_peng_robinson_gas` is never used
[INFO] [stdout]   --> src/pr_eos.rs:74:8
[INFO] [stdout]    |
[INFO] [stdout] 74 | pub fn get_molar_volume_peng_robinson_gas(
[INFO] [stdout]    |        ^^^^^^^^^^^^^^^^^^^^^^^^^^^^^^^^^^
[INFO] [stdout] 
[INFO] [stdout] 
[INFO] [stdout] warning: function `get_y_k` is never used
[INFO] [stdout]   --> src/cubic_roots.rs:65:12
[INFO] [stdout]    |
[INFO] [stdout] 65 |         fn get_y_k(k: usize, p: f64,
[INFO] [stdout]    |            ^^^^^^^
[INFO] [stdout] 
[INFO] [stdout] 
[INFO] [stdout] warning: variable `A` should have a snake case name
[INFO] [stdout]    --> src/cubic_roots.rs:125:13
[INFO] [stdout]     |
[INFO] [stdout] 125 |         let A: f64;
[INFO] [stdout]     |             ^ help: convert the identifier to snake case: `a`
[INFO] [stdout]     |
[INFO] [stdout]     = note: `#[warn(non_snake_case)]` on by default
[INFO] [stdout] 
[INFO] [stdout] 
[INFO] [stdout] warning: variable `B` should have a snake case name
[INFO] [stdout]    --> src/cubic_roots.rs:126:13
[INFO] [stdout]     |
[INFO] [stdout] 126 |         let B: f64;
[INFO] [stdout]     |             ^ help: convert the identifier to snake case: `b`
[INFO] [stdout] 
[INFO] [stdout] 
[INFO] [stdout] warning: variable `A` should have a snake case name
[INFO] [stdout]    --> src/cubic_roots.rs:155:13
[INFO] [stdout]     |
[INFO] [stdout] 155 |         let A: f64;
[INFO] [stdout]     |             ^ help: convert the identifier to snake case: `a`
[INFO] [stdout] 
[INFO] [stdout] 
[INFO] [stdout] warning: variable `B` should have a snake case name
[INFO] [stdout]    --> src/cubic_roots.rs:156:13
[INFO] [stdout]     |
[INFO] [stdout] 156 |         let B: f64;
[INFO] [stdout]     |             ^ help: convert the identifier to snake case: `b`
[INFO] [stdout] 
[INFO] [stdout] 
[INFO] [stdout] warning: 21 warnings emitted
[INFO] [stdout] 
[INFO] [stdout] 
[INFO] [stderr]     Finished test [unoptimized + debuginfo] target(s) in 1.02s
[INFO] running `Command { std: "docker" "inspect" "3ee8399a1957bf95abb144cf20bbc794236d6f47735d2cbb10e324793ee5a546", kill_on_drop: false }`
[INFO] running `Command { std: "docker" "rm" "-f" "3ee8399a1957bf95abb144cf20bbc794236d6f47735d2cbb10e324793ee5a546", kill_on_drop: false }`
[INFO] [stdout] 3ee8399a1957bf95abb144cf20bbc794236d6f47735d2cbb10e324793ee5a546
[INFO] running `Command { std: "docker" "create" "-v" "/var/lib/crater-agent-workspace/builds/worker-1-tc1/target:/opt/rustwide/target:rw,Z" "-v" "/var/lib/crater-agent-workspace/builds/worker-1-tc1/source:/opt/rustwide/workdir:ro,Z" "-v" "/var/lib/crater-agent-workspace/cargo-home:/opt/rustwide/cargo-home:ro,Z" "-v" "/var/lib/crater-agent-workspace/rustup-home:/opt/rustwide/rustup-home:ro,Z" "-e" "SOURCE_DIR=/opt/rustwide/workdir" "-e" "CARGO_TARGET_DIR=/opt/rustwide/target" "-e" "CARGO_INCREMENTAL=0" "-e" "RUST_BACKTRACE=full" "-e" "RUSTFLAGS=--cap-lints=warn" "-e" "RUSTDOCFLAGS=--cap-lints=warn" "-e" "CARGO_HOME=/opt/rustwide/cargo-home" "-e" "RUSTUP_HOME=/opt/rustwide/rustup-home" "-w" "/opt/rustwide/workdir" "-m" "1610612736" "--user" "0:0" "--network" "none" "ghcr.io/rust-lang/crates-build-env/linux@sha256:2788e3201cd34a07e3172128adcd8b3090168a8e3bcc40d7c032b9dda1df7d1c" "/opt/rustwide/cargo-home/bin/cargo" "+1.75.0" "test" "--frozen", kill_on_drop: false }`
[INFO] [stdout] 61a04657b7a58de9ef8384222633e8fa9c625d49733b1b4d033e1528ee578108
[INFO] running `Command { std: "docker" "start" "-a" "61a04657b7a58de9ef8384222633e8fa9c625d49733b1b4d033e1528ee578108", kill_on_drop: false }`
[INFO] [stderr] warning: unused import: `kilogram`
[INFO] [stderr]  --> src/newtons_law_of_cooling.rs:2:30
[INFO] [stderr]   |
[INFO] [stderr] 2 | use uom::si::{f64::*, mass::{kilogram, gram}, specific_heat_capacity::joule_per_kilogram_kelvin, heat_transfer::watt_per_square_meter_kel...
[INFO] [stderr]   |                              ^^^^^^^^
[INFO] [stderr]   |
[INFO] [stderr]   = note: `#[warn(unused_imports)]` on by default
[INFO] [stderr] 
[INFO] [stderr] warning: unused imports: `mole_per_cubic_decimeter`, `mole_per_cubic_meter`
[INFO] [stderr]  --> src/main.rs:3:36
[INFO] [stderr]   |
[INFO] [stderr] 3 | use uom::si::molar_concentration::{mole_per_cubic_decimeter, mole_per_cubic_meter};
[INFO] [stderr]   |                                    ^^^^^^^^^^^^^^^^^^^^^^^^  ^^^^^^^^^^^^^^^^^^^^
[INFO] [stderr] 
[INFO] [stderr] warning: unused imports: `degree_celsius`, `molar_volume::cubic_meter_per_mole`, `pressure::pascal`
[INFO] [stderr]  --> src/ideal_gas.rs:1:51
[INFO] [stderr]   |
[INFO] [stderr] 1 | use uom::si::{f64::*, thermodynamic_temperature::{degree_celsius, kelvin}, pressure::pascal, molar_volume::cubic_meter_per_mole, molar_he...
[INFO] [stderr]   |                                                   ^^^^^^^^^^^^^^           ^^^^^^^^^^^^^^^^  ^^^^^^^^^^^^^^^^^^^^^^^^^^^^^^^^^^
[INFO] [stderr] 
[INFO] [stderr] warning: unused imports: `degree_celsius`, `kelvin`, `molar_volume::cubic_meter_per_mole`, `pressure::pascal`
[INFO] [stderr]  --> src/pr_eos.rs:1:51
[INFO] [stderr]   |
[INFO] [stderr] 1 | use uom::si::{f64::*, thermodynamic_temperature::{degree_celsius, kelvin}, pressure::pascal, molar_volume::cubic_meter_per_mole, molar_he...
[INFO] [stderr]   |                                                   ^^^^^^^^^^^^^^  ^^^^^^   ^^^^^^^^^^^^^^^^  ^^^^^^^^^^^^^^^^^^^^^^^^^^^^^^^^^^
[INFO] [stderr] 
[INFO] [stderr] warning: unused imports: `ops::Deref`, `process::id`
[INFO] [stderr]  --> src/vector_multiplication.rs:1:11
[INFO] [stderr]   |
[INFO] [stderr] 1 | use std::{ops::Deref, process::id};
[INFO] [stderr]   |           ^^^^^^^^^^  ^^^^^^^^^^^
[INFO] [stderr] 
[INFO] [stderr] warning: unused variable: `b`
[INFO] [stderr]   --> src/pr_eos.rs:14:13
[INFO] [stderr]    |
[INFO] [stderr] 14 |         let b = get_b(critical_pressure, critical_temperature);
[INFO] [stderr]    |             ^ help: if this is intentional, prefix it with an underscore: `_b`
[INFO] [stderr]    |
[INFO] [stderr]    = note: `#[warn(unused_variables)]` on by default
[INFO] [stderr] 
[INFO] [stderr] warning: unused variable: `kappa`
[INFO] [stderr]   --> src/pr_eos.rs:15:13
[INFO] [stderr]    |
[INFO] [stderr] 15 |         let kappa = get_kappa(accentricity_factor);
[INFO] [stderr]    |             ^^^^^ help: if this is intentional, prefix it with an underscore: `_kappa`
[INFO] [stderr] 
[INFO] [stderr] warning: unused variable: `pressure`
[INFO] [stderr]  --> src/pr_eos.rs:8:5
[INFO] [stderr]   |
[INFO] [stderr] 8 |     pressure: Pressure,
[INFO] [stderr]   |     ^^^^^^^^ help: if this is intentional, prefix it with an underscore: `_pressure`
[INFO] [stderr] 
[INFO] [stderr] warning: unused variable: `specific_vol`
[INFO] [stderr]  --> src/pr_eos.rs:9:5
[INFO] [stderr]   |
[INFO] [stderr] 9 |     specific_vol: MolarVolume, 
[INFO] [stderr]   |     ^^^^^^^^^^^^ help: if this is intentional, prefix it with an underscore: `_specific_vol`
[INFO] [stderr] 
[INFO] [stderr] warning: unused variable: `kappa`
[INFO] [stderr]   --> src/pr_eos.rs:82:13
[INFO] [stderr]    |
[INFO] [stderr] 82 |         let kappa = get_kappa(accentricity_factor);
[INFO] [stderr]    |             ^^^^^ help: if this is intentional, prefix it with an underscore: `_kappa`
[INFO] [stderr] 
[INFO] [stderr] warning: unused variable: `one_mins_capital_b`
[INFO] [stderr]    --> src/pr_eos.rs:117:13
[INFO] [stderr]     |
[INFO] [stderr] 117 |         let one_mins_capital_b: Ratio 
[INFO] [stderr]     |             ^^^^^^^^^^^^^^^^^^ help: if this is intentional, prefix it with an underscore: `_one_mins_capital_b`
[INFO] [stderr] 
[INFO] [stderr] warning: unused variable: `capital_a_minus_3_cap_b_sq_minus_2_cap_b`
[INFO] [stderr]    --> src/pr_eos.rs:119:13
[INFO] [stderr]     |
[INFO] [stderr] 119 |         let capital_a_minus_3_cap_b_sq_minus_2_cap_b: Ratio 
[INFO] [stderr]     |             ^^^^^^^^^^^^^^^^^^^^^^^^^^^^^^^^^^^^^^^^ help: if this is intentional, prefix it with an underscore: `_capital_a_minus_3_cap_b_sq_minus_2_cap_b`
[INFO] [stderr] 
[INFO] [stderr] warning: unused variable: `cap_ab_minus_cap_b_sq_minus_b_cubed`
[INFO] [stderr]    --> src/pr_eos.rs:123:13
[INFO] [stderr]     |
[INFO] [stderr] 123 |         let cap_ab_minus_cap_b_sq_minus_b_cubed: Ratio 
[INFO] [stderr]     |             ^^^^^^^^^^^^^^^^^^^^^^^^^^^^^^^^^^^ help: if this is intentional, prefix it with an underscore: `_cap_ab_minus_cap_b_sq_minus_b_cubed`
[INFO] [stderr] 
[INFO] [stderr] warning: unused variable: `phi_degrees`
[INFO] [stderr]    --> src/cubic_roots.rs:107:13
[INFO] [stderr]     |
[INFO] [stderr] 107 |         let phi_degrees: f64 = phi_dimensioned.get::<degree>();
[INFO] [stderr]     |             ^^^^^^^^^^^ help: if this is intentional, prefix it with an underscore: `_phi_degrees`
[INFO] [stderr] 
[INFO] [stderr] warning: function `get_temperature_peng_robinson_gas` is never used
[INFO] [stderr]  --> src/pr_eos.rs:7:8
[INFO] [stderr]   |
[INFO] [stderr] 7 | pub fn get_temperature_peng_robinson_gas(
[INFO] [stderr]   |        ^^^^^^^^^^^^^^^^^^^^^^^^^^^^^^^^^
[INFO] [stderr]   |
[INFO] [stderr]   = note: `#[warn(dead_code)]` on by default
[INFO] [stderr] 
[INFO] [stderr] warning: function `get_molar_volume_peng_robinson_gas` is never used
[INFO] [stderr]   --> src/pr_eos.rs:74:8
[INFO] [stderr]    |
[INFO] [stderr] 74 | pub fn get_molar_volume_peng_robinson_gas(
[INFO] [stderr]    |        ^^^^^^^^^^^^^^^^^^^^^^^^^^^^^^^^^^
[INFO] [stderr] 
[INFO] [stderr] warning: function `get_y_k` is never used
[INFO] [stderr]   --> src/cubic_roots.rs:65:12
[INFO] [stderr]    |
[INFO] [stderr] 65 |         fn get_y_k(k: usize, p: f64,
[INFO] [stderr]    |            ^^^^^^^
[INFO] [stderr] 
[INFO] [stderr] warning: variable `A` should have a snake case name
[INFO] [stderr]    --> src/cubic_roots.rs:125:13
[INFO] [stderr]     |
[INFO] [stderr] 125 |         let A: f64;
[INFO] [stderr]     |             ^ help: convert the identifier to snake case: `a`
[INFO] [stderr]     |
[INFO] [stderr]     = note: `#[warn(non_snake_case)]` on by default
[INFO] [stderr] 
[INFO] [stderr] warning: variable `B` should have a snake case name
[INFO] [stderr]    --> src/cubic_roots.rs:126:13
[INFO] [stderr]     |
[INFO] [stderr] 126 |         let B: f64;
[INFO] [stderr]     |             ^ help: convert the identifier to snake case: `b`
[INFO] [stderr] 
[INFO] [stderr] warning: variable `A` should have a snake case name
[INFO] [stderr]    --> src/cubic_roots.rs:155:13
[INFO] [stderr]     |
[INFO] [stderr] 155 |         let A: f64;
[INFO] [stderr]     |             ^ help: convert the identifier to snake case: `a`
[INFO] [stderr] 
[INFO] [stderr] warning: variable `B` should have a snake case name
[INFO] [stderr]    --> src/cubic_roots.rs:156:13
[INFO] [stderr]     |
[INFO] [stderr] 156 |         let B: f64;
[INFO] [stderr]     |             ^ help: convert the identifier to snake case: `b`
[INFO] [stderr] 
[INFO] [stderr] warning: `my_rust_project_one` (bin "my_rust_project_one" test) generated 21 warnings (run `cargo fix --bin "my_rust_project_one" --tests` to apply 14 suggestions)
[INFO] [stderr]     Finished test [unoptimized + debuginfo] target(s) in 0.02s
[INFO] [stderr]      Running unittests src/main.rs (/opt/rustwide/target/debug/deps/my_rust_project_one-f14c60cbe86f4272)
[INFO] [stdout] 
[INFO] [stdout] running 7 tests
[INFO] [stdout] test test_co2_pressure_peng_robinson_subcritial ... ok
[INFO] [stdout] test vector_multiplication::enum_demo ... ok
[INFO] [stdout] test cubic_roots::test_one_real_root ... ok
[INFO] [stdout] test cubic_roots::test_three_real_roots ... ok
[INFO] [stdout] test vector_multiplication::dot_product_sandbox ... ok
[INFO] [stdout] test vector_multiplication::dot_product_error_handling_zero_vector ... FAILED
[INFO] [stdout] test vector_multiplication::dot_product_error_handling_unequal_length ... FAILED
[INFO] [stdout] 
[INFO] [stdout] failures:
[INFO] [stdout] 
[INFO] [stdout] ---- vector_multiplication::dot_product_error_handling_zero_vector stdout ----
[INFO] [stdout] thread 'vector_multiplication::dot_product_error_handling_zero_vector' panicked at src/vector_multiplication.rs:136:24:
[INFO] [stdout] called `Result::unwrap()` on an `Err` value: VectorLengthZero
[INFO] [stdout] stack backtrace:
[INFO] [stdout]    0:     0x565530d9924c - std::backtrace_rs::backtrace::libunwind::trace::ha637c64ce894333a
[INFO] [stdout]                                at /rustc/82e1608dfa6e0b5569232559e3d385fea5a93112/library/std/src/../../backtrace/src/backtrace/libunwind.rs:104:5
[INFO] [stdout]    1:     0x565530d9924c - std::backtrace_rs::backtrace::trace_unsynchronized::h47f62dea28e0c88d
[INFO] [stdout]                                at /rustc/82e1608dfa6e0b5569232559e3d385fea5a93112/library/std/src/../../backtrace/src/backtrace/mod.rs:66:5
[INFO] [stdout]    2:     0x565530d9924c - std::sys_common::backtrace::_print_fmt::h9eef0abe20ede486
[INFO] [stdout]                                at /rustc/82e1608dfa6e0b5569232559e3d385fea5a93112/library/std/src/sys_common/backtrace.rs:67:5
[INFO] [stdout]    3:     0x565530d9924c - <std::sys_common::backtrace::_print::DisplayBacktrace as core::fmt::Display>::fmt::hed7f999df88cc644
[INFO] [stdout]                                at /rustc/82e1608dfa6e0b5569232559e3d385fea5a93112/library/std/src/sys_common/backtrace.rs:44:22
[INFO] [stderr] error: test failed, to rerun pass `--bin my_rust_project_one`
[INFO] [stdout]    4:     0x565530dc31a0 - core::fmt::rt::Argument::fmt::h1539a9308b8d058d
[INFO] [stdout]                                at /rustc/82e1608dfa6e0b5569232559e3d385fea5a93112/library/core/src/fmt/rt.rs:142:9
[INFO] [stdout]    5:     0x565530dc31a0 - core::fmt::write::h3a39390d8560d9c9
[INFO] [stdout]                                at /rustc/82e1608dfa6e0b5569232559e3d385fea5a93112/library/core/src/fmt/mod.rs:1120:17
[INFO] [stdout]    6:     0x565530d96bff - std::io::Write::write_fmt::h040b369f3a0f9cbc
[INFO] [stdout]                                at /rustc/82e1608dfa6e0b5569232559e3d385fea5a93112/library/std/src/io/mod.rs:1762:15
[INFO] [stdout]    7:     0x565530d99034 - std::sys_common::backtrace::_print::h894006fb5c6f3d45
[INFO] [stdout]                                at /rustc/82e1608dfa6e0b5569232559e3d385fea5a93112/library/std/src/sys_common/backtrace.rs:47:5
[INFO] [stdout]    8:     0x565530d99034 - std::sys_common::backtrace::print::h23a2d212c6fff936
[INFO] [stdout]                                at /rustc/82e1608dfa6e0b5569232559e3d385fea5a93112/library/std/src/sys_common/backtrace.rs:34:9
[INFO] [stdout]    9:     0x565530d9acf7 - std::panicking::default_hook::{{closure}}::h8a1d2ee00185001a
[INFO] [stdout]   10:     0x565530d9a9e3 - std::panicking::default_hook::h6038f2eba384e475
[INFO] [stdout]                                at /rustc/82e1608dfa6e0b5569232559e3d385fea5a93112/library/std/src/panicking.rs:289:9
[INFO] [stdout]   11:     0x565530d69c17 - <alloc::boxed::Box<F,A> as core::ops::function::Fn<Args>>::call::h0ad024c9bdc6d768
[INFO] [stdout]                                at /rustc/82e1608dfa6e0b5569232559e3d385fea5a93112/library/alloc/src/boxed.rs:2021:9
[INFO] [stdout]   12:     0x565530d69c17 - test::test_main::{{closure}}::h7500b54257359db6
[INFO] [stdout]                                at /rustc/82e1608dfa6e0b5569232559e3d385fea5a93112/library/test/src/lib.rs:138:21
[INFO] [stdout]   13:     0x565530d9b308 - <alloc::boxed::Box<F,A> as core::ops::function::Fn<Args>>::call::h1f8f335eaa9cfaee
[INFO] [stdout]                                at /rustc/82e1608dfa6e0b5569232559e3d385fea5a93112/library/alloc/src/boxed.rs:2021:9
[INFO] [stdout]   14:     0x565530d9b308 - std::panicking::rust_panic_with_hook::h2b5517d590cab22e
[INFO] [stdout]                                at /rustc/82e1608dfa6e0b5569232559e3d385fea5a93112/library/std/src/panicking.rs:783:13
[INFO] [stdout]   15:     0x565530d9b05e - std::panicking::begin_panic_handler::{{closure}}::h233112c06e0ef43e
[INFO] [stdout]                                at /rustc/82e1608dfa6e0b5569232559e3d385fea5a93112/library/std/src/panicking.rs:657:13
[INFO] [stdout]   16:     0x565530d99716 - std::sys_common::backtrace::__rust_end_short_backtrace::h6e893f24d7ebbff8
[INFO] [stdout]                                at /rustc/82e1608dfa6e0b5569232559e3d385fea5a93112/library/std/src/sys_common/backtrace.rs:170:18
[INFO] [stdout]   17:     0x565530d9adc2 - rust_begin_unwind
[INFO] [stdout]                                at /rustc/82e1608dfa6e0b5569232559e3d385fea5a93112/library/std/src/panicking.rs:645:5
[INFO] [stdout]   18:     0x565530d07cf5 - core::panicking::panic_fmt::hbf0e066aabfa482c
[INFO] [stdout]                                at /rustc/82e1608dfa6e0b5569232559e3d385fea5a93112/library/core/src/panicking.rs:72:14
[INFO] [stdout]   19:     0x565530d08283 - core::result::unwrap_failed::hddb4fea594200c52
[INFO] [stdout]                                at /rustc/82e1608dfa6e0b5569232559e3d385fea5a93112/library/core/src/result.rs:1653:5
[INFO] [stdout]   20:     0x565530d337a2 - core::result::Result<T,E>::unwrap::h155fe56f57df3776
[INFO] [stdout]                                at /rustc/82e1608dfa6e0b5569232559e3d385fea5a93112/library/core/src/result.rs:1077:23
[INFO] [stdout]   21:     0x565530d3567c - my_rust_project_one::vector_multiplication::dot_product_error_handling_zero_vector::hd38036d99cd5e0b2
[INFO] [stdout]                                at /opt/rustwide/workdir/src/vector_multiplication.rs:136:17
[INFO] [stdout]   22:     0x565530d35537 - my_rust_project_one::vector_multiplication::dot_product_error_handling_zero_vector::{{closure}}::hfeecb9face3fb306
[INFO] [stdout]                                at /opt/rustwide/workdir/src/vector_multiplication.rs:129:44
[INFO] [stdout]   23:     0x565530d32ac6 - core::ops::function::FnOnce::call_once::hdeae9c9fe5e489bb
[INFO] [stdout]                                at /rustc/82e1608dfa6e0b5569232559e3d385fea5a93112/library/core/src/ops/function.rs:250:5
[INFO] [stdout]   24:     0x565530d6f26f - core::ops::function::FnOnce::call_once::h2b5d431d5046312d
[INFO] [stdout]                                at /rustc/82e1608dfa6e0b5569232559e3d385fea5a93112/library/core/src/ops/function.rs:250:5
[INFO] [stdout]   25:     0x565530d6f26f - test::__rust_begin_short_backtrace::h7714669af176e207
[INFO] [stdout]                                at /rustc/82e1608dfa6e0b5569232559e3d385fea5a93112/library/test/src/lib.rs:628:18
[INFO] [stdout]   26:     0x565530d6e285 - test::run_test_in_process::{{closure}}::h85218797dcbcec12
[INFO] [stdout]                                at /rustc/82e1608dfa6e0b5569232559e3d385fea5a93112/library/test/src/lib.rs:651:60
[INFO] [stdout]   27:     0x565530d6e285 - <core::panic::unwind_safe::AssertUnwindSafe<F> as core::ops::function::FnOnce<()>>::call_once::h76c106ea31c14d7b
[INFO] [stdout]                                at /rustc/82e1608dfa6e0b5569232559e3d385fea5a93112/library/core/src/panic/unwind_safe.rs:272:9
[INFO] [stdout]   28:     0x565530d6e285 - std::panicking::try::do_call::h3bd5d0f6620ee946
[INFO] [stdout]                                at /rustc/82e1608dfa6e0b5569232559e3d385fea5a93112/library/std/src/panicking.rs:552:40
[INFO] [stdout]   29:     0x565530d6e285 - std::panicking::try::h232e535e4744fe31
[INFO] [stdout]                                at /rustc/82e1608dfa6e0b5569232559e3d385fea5a93112/library/std/src/panicking.rs:516:19
[INFO] [stdout]   30:     0x565530d6e285 - std::panic::catch_unwind::h3ce3bd6ca8dbac68
[INFO] [stdout]                                at /rustc/82e1608dfa6e0b5569232559e3d385fea5a93112/library/std/src/panic.rs:142:14
[INFO] [stdout]   31:     0x565530d6e285 - test::run_test_in_process::hc97b257c9621286a
[INFO] [stdout]                                at /rustc/82e1608dfa6e0b5569232559e3d385fea5a93112/library/test/src/lib.rs:651:27
[INFO] [stdout]   32:     0x565530d6e285 - test::run_test::{{closure}}::h2aa798823a438d38
[INFO] [stdout]                                at /rustc/82e1608dfa6e0b5569232559e3d385fea5a93112/library/test/src/lib.rs:574:43
[INFO] [stdout]   33:     0x565530d36546 - test::run_test::{{closure}}::h87d231c78fb59832
[INFO] [stdout]                                at /rustc/82e1608dfa6e0b5569232559e3d385fea5a93112/library/test/src/lib.rs:602:41
[INFO] [stdout]   34:     0x565530d36546 - std::sys_common::backtrace::__rust_begin_short_backtrace::he6df152596625789
[INFO] [stdout]                                at /rustc/82e1608dfa6e0b5569232559e3d385fea5a93112/library/std/src/sys_common/backtrace.rs:154:18
[INFO] [stdout]   35:     0x565530d3b5f7 - std::thread::Builder::spawn_unchecked_::{{closure}}::{{closure}}::ha94be15d1e0acf36
[INFO] [stdout]                                at /rustc/82e1608dfa6e0b5569232559e3d385fea5a93112/library/std/src/thread/mod.rs:529:17
[INFO] [stdout]   36:     0x565530d3b5f7 - <core::panic::unwind_safe::AssertUnwindSafe<F> as core::ops::function::FnOnce<()>>::call_once::h9dc6bd6372f16606
[INFO] [stdout]                                at /rustc/82e1608dfa6e0b5569232559e3d385fea5a93112/library/core/src/panic/unwind_safe.rs:272:9
[INFO] [stdout]   37:     0x565530d3b5f7 - std::panicking::try::do_call::h9057517f80303cd4
[INFO] [stdout]                                at /rustc/82e1608dfa6e0b5569232559e3d385fea5a93112/library/std/src/panicking.rs:552:40
[INFO] [stdout]   38:     0x565530d3b5f7 - std::panicking::try::he3a30b11ee45340c
[INFO] [stdout]                                at /rustc/82e1608dfa6e0b5569232559e3d385fea5a93112/library/std/src/panicking.rs:516:19
[INFO] [stdout]   39:     0x565530d3b5f7 - std::panic::catch_unwind::h410458cfd3528b8b
[INFO] [stdout]                                at /rustc/82e1608dfa6e0b5569232559e3d385fea5a93112/library/std/src/panic.rs:142:14
[INFO] [stdout]   40:     0x565530d3b5f7 - std::thread::Builder::spawn_unchecked_::{{closure}}::h72ac3bdb567b737b
[INFO] [stdout]                                at /rustc/82e1608dfa6e0b5569232559e3d385fea5a93112/library/std/src/thread/mod.rs:528:30
[INFO] [stdout]   41:     0x565530d3b5f7 - core::ops::function::FnOnce::call_once{{vtable.shim}}::h38f34da3654a8344
[INFO] [stdout]                                at /rustc/82e1608dfa6e0b5569232559e3d385fea5a93112/library/core/src/ops/function.rs:250:5
[INFO] [stdout]   42:     0x565530d9fd95 - <alloc::boxed::Box<F,A> as core::ops::function::FnOnce<Args>>::call_once::hc7eafaff61e32df9
[INFO] [stdout]                                at /rustc/82e1608dfa6e0b5569232559e3d385fea5a93112/library/alloc/src/boxed.rs:2007:9
[INFO] [stdout]   43:     0x565530d9fd95 - <alloc::boxed::Box<F,A> as core::ops::function::FnOnce<Args>>::call_once::h6ba4a5de48dd2304
[INFO] [stdout]                                at /rustc/82e1608dfa6e0b5569232559e3d385fea5a93112/library/alloc/src/boxed.rs:2007:9
[INFO] [stdout]   44:     0x565530d9fd95 - std::sys::unix::thread::Thread::new::thread_start::he469335aef763e45
[INFO] [stdout]                                at /rustc/82e1608dfa6e0b5569232559e3d385fea5a93112/library/std/src/sys/unix/thread.rs:108:17
[INFO] [stdout]   45:     0x7f9153cf2ac3 - <unknown>
[INFO] [stdout]   46:     0x7f9153d83bf4 - __clone
[INFO] [stdout]   47:                0x0 - <unknown>
[INFO] [stdout] 
[INFO] [stdout] ---- vector_multiplication::dot_product_error_handling_unequal_length stdout ----
[INFO] [stdout] thread 'vector_multiplication::dot_product_error_handling_unequal_length' panicked at src/vector_multiplication.rs:120:24:
[INFO] [stdout] called `Result::unwrap()` on an `Err` value: VectorLengthsUnequal
[INFO] [stdout] stack backtrace:
[INFO] [stdout]    0:     0x565530d9924c - std::backtrace_rs::backtrace::libunwind::trace::ha637c64ce894333a
[INFO] [stdout]                                at /rustc/82e1608dfa6e0b5569232559e3d385fea5a93112/library/std/src/../../backtrace/src/backtrace/libunwind.rs:104:5
[INFO] [stdout]    1:     0x565530d9924c - std::backtrace_rs::backtrace::trace_unsynchronized::h47f62dea28e0c88d
[INFO] [stdout]                                at /rustc/82e1608dfa6e0b5569232559e3d385fea5a93112/library/std/src/../../backtrace/src/backtrace/mod.rs:66:5
[INFO] [stdout]    2:     0x565530d9924c - std::sys_common::backtrace::_print_fmt::h9eef0abe20ede486
[INFO] [stdout]                                at /rustc/82e1608dfa6e0b5569232559e3d385fea5a93112/library/std/src/sys_common/backtrace.rs:67:5
[INFO] [stdout]    3:     0x565530d9924c - <std::sys_common::backtrace::_print::DisplayBacktrace as core::fmt::Display>::fmt::hed7f999df88cc644
[INFO] [stdout]                                at /rustc/82e1608dfa6e0b5569232559e3d385fea5a93112/library/std/src/sys_common/backtrace.rs:44:22
[INFO] [stdout]    4:     0x565530dc31a0 - core::fmt::rt::Argument::fmt::h1539a9308b8d058d
[INFO] [stdout]                                at /rustc/82e1608dfa6e0b5569232559e3d385fea5a93112/library/core/src/fmt/rt.rs:142:9
[INFO] [stdout]    5:     0x565530dc31a0 - core::fmt::write::h3a39390d8560d9c9
[INFO] [stdout]                                at /rustc/82e1608dfa6e0b5569232559e3d385fea5a93112/library/core/src/fmt/mod.rs:1120:17
[INFO] [stdout]    6:     0x565530d96bff - std::io::Write::write_fmt::h040b369f3a0f9cbc
[INFO] [stdout]                                at /rustc/82e1608dfa6e0b5569232559e3d385fea5a93112/library/std/src/io/mod.rs:1762:15
[INFO] [stdout]    7:     0x565530d99034 - std::sys_common::backtrace::_print::h894006fb5c6f3d45
[INFO] [stdout]                                at /rustc/82e1608dfa6e0b5569232559e3d385fea5a93112/library/std/src/sys_common/backtrace.rs:47:5
[INFO] [stdout]    8:     0x565530d99034 - std::sys_common::backtrace::print::h23a2d212c6fff936
[INFO] [stdout]                                at /rustc/82e1608dfa6e0b5569232559e3d385fea5a93112/library/std/src/sys_common/backtrace.rs:34:9
[INFO] [stdout]    9:     0x565530d9acf7 - std::panicking::default_hook::{{closure}}::h8a1d2ee00185001a
[INFO] [stdout]   10:     0x565530d9a9e3 - std::panicking::default_hook::h6038f2eba384e475
[INFO] [stdout]                                at /rustc/82e1608dfa6e0b5569232559e3d385fea5a93112/library/std/src/panicking.rs:289:9
[INFO] [stdout]   11:     0x565530d69c17 - <alloc::boxed::Box<F,A> as core::ops::function::Fn<Args>>::call::h0ad024c9bdc6d768
[INFO] [stdout]                                at /rustc/82e1608dfa6e0b5569232559e3d385fea5a93112/library/alloc/src/boxed.rs:2021:9
[INFO] [stdout]   12:     0x565530d69c17 - test::test_main::{{closure}}::h7500b54257359db6
[INFO] [stdout]                                at /rustc/82e1608dfa6e0b5569232559e3d385fea5a93112/library/test/src/lib.rs:138:21
[INFO] [stdout]   13:     0x565530d9b308 - <alloc::boxed::Box<F,A> as core::ops::function::Fn<Args>>::call::h1f8f335eaa9cfaee
[INFO] [stdout]                                at /rustc/82e1608dfa6e0b5569232559e3d385fea5a93112/library/alloc/src/boxed.rs:2021:9
[INFO] [stdout]   14:     0x565530d9b308 - std::panicking::rust_panic_with_hook::h2b5517d590cab22e
[INFO] [stdout]                                at /rustc/82e1608dfa6e0b5569232559e3d385fea5a93112/library/std/src/panicking.rs:783:13
[INFO] [stdout]   15:     0x565530d9b05e - std::panicking::begin_panic_handler::{{closure}}::h233112c06e0ef43e
[INFO] [stdout]                                at /rustc/82e1608dfa6e0b5569232559e3d385fea5a93112/library/std/src/panicking.rs:657:13
[INFO] [stdout]   16:     0x565530d99716 - std::sys_common::backtrace::__rust_end_short_backtrace::h6e893f24d7ebbff8
[INFO] [stdout]                                at /rustc/82e1608dfa6e0b5569232559e3d385fea5a93112/library/std/src/sys_common/backtrace.rs:170:18
[INFO] [stdout]   17:     0x565530d9adc2 - rust_begin_unwind
[INFO] [stdout]                                at /rustc/82e1608dfa6e0b5569232559e3d385fea5a93112/library/std/src/panicking.rs:645:5
[INFO] [stdout]   18:     0x565530d07cf5 - core::panicking::panic_fmt::hbf0e066aabfa482c
[INFO] [stdout]                                at /rustc/82e1608dfa6e0b5569232559e3d385fea5a93112/library/core/src/panicking.rs:72:14
[INFO] [stdout]   19:     0x565530d08283 - core::result::unwrap_failed::hddb4fea594200c52
[INFO] [stdout]                                at /rustc/82e1608dfa6e0b5569232559e3d385fea5a93112/library/core/src/result.rs:1653:5
[INFO] [stdout]   20:     0x565530d337a2 - core::result::Result<T,E>::unwrap::h155fe56f57df3776
[INFO] [stdout]                                at /rustc/82e1608dfa6e0b5569232559e3d385fea5a93112/library/core/src/result.rs:1077:23
[INFO] [stdout]   21:     0x565530d35154 - my_rust_project_one::vector_multiplication::dot_product_error_handling_unequal_length::h64b56b5a20046338
[INFO] [stdout]                                at /opt/rustwide/workdir/src/vector_multiplication.rs:120:17
[INFO] [stdout]   22:     0x565530d34f87 - my_rust_project_one::vector_multiplication::dot_product_error_handling_unequal_length::{{closure}}::h63d7c3ed1b9d7458
[INFO] [stdout]                                at /opt/rustwide/workdir/src/vector_multiplication.rs:113:47
[INFO] [stdout]   23:     0x565530d32a86 - core::ops::function::FnOnce::call_once::hc84a2bf1898426fe
[INFO] [stdout]                                at /rustc/82e1608dfa6e0b5569232559e3d385fea5a93112/library/core/src/ops/function.rs:250:5
[INFO] [stdout]   24:     0x565530d6f26f - core::ops::function::FnOnce::call_once::h2b5d431d5046312d
[INFO] [stdout]                                at /rustc/82e1608dfa6e0b5569232559e3d385fea5a93112/library/core/src/ops/function.rs:250:5
[INFO] [stdout]   25:     0x565530d6f26f - test::__rust_begin_short_backtrace::h7714669af176e207
[INFO] [stdout]                                at /rustc/82e1608dfa6e0b5569232559e3d385fea5a93112/library/test/src/lib.rs:628:18
[INFO] [stdout]   26:     0x565530d6e285 - test::run_test_in_process::{{closure}}::h85218797dcbcec12
[INFO] [stdout]                                at /rustc/82e1608dfa6e0b5569232559e3d385fea5a93112/library/test/src/lib.rs:651:60
[INFO] [stdout]   27:     0x565530d6e285 - <core::panic::unwind_safe::AssertUnwindSafe<F> as core::ops::function::FnOnce<()>>::call_once::h76c106ea31c14d7b
[INFO] [stdout]                                at /rustc/82e1608dfa6e0b5569232559e3d385fea5a93112/library/core/src/panic/unwind_safe.rs:272:9
[INFO] [stdout]   28:     0x565530d6e285 - std::panicking::try::do_call::h3bd5d0f6620ee946
[INFO] [stdout]                                at /rustc/82e1608dfa6e0b5569232559e3d385fea5a93112/library/std/src/panicking.rs:552:40
[INFO] [stdout]   29:     0x565530d6e285 - std::panicking::try::h232e535e4744fe31
[INFO] [stdout]                                at /rustc/82e1608dfa6e0b5569232559e3d385fea5a93112/library/std/src/panicking.rs:516:19
[INFO] [stdout]   30:     0x565530d6e285 - std::panic::catch_unwind::h3ce3bd6ca8dbac68
[INFO] [stdout]                                at /rustc/82e1608dfa6e0b5569232559e3d385fea5a93112/library/std/src/panic.rs:142:14
[INFO] [stdout]   31:     0x565530d6e285 - test::run_test_in_process::hc97b257c9621286a
[INFO] [stdout]                                at /rustc/82e1608dfa6e0b5569232559e3d385fea5a93112/library/test/src/lib.rs:651:27
[INFO] [stdout]   32:     0x565530d6e285 - test::run_test::{{closure}}::h2aa798823a438d38
[INFO] [stdout]                                at /rustc/82e1608dfa6e0b5569232559e3d385fea5a93112/library/test/src/lib.rs:574:43
[INFO] [stdout]   33:     0x565530d36546 - test::run_test::{{closure}}::h87d231c78fb59832
[INFO] [stdout]                                at /rustc/82e1608dfa6e0b5569232559e3d385fea5a93112/library/test/src/lib.rs:602:41
[INFO] [stdout]   34:     0x565530d36546 - std::sys_common::backtrace::__rust_begin_short_backtrace::he6df152596625789
[INFO] [stdout]                                at /rustc/82e1608dfa6e0b5569232559e3d385fea5a93112/library/std/src/sys_common/backtrace.rs:154:18
[INFO] [stdout]   35:     0x565530d3b5f7 - std::thread::Builder::spawn_unchecked_::{{closure}}::{{closure}}::ha94be15d1e0acf36
[INFO] [stdout]                                at /rustc/82e1608dfa6e0b5569232559e3d385fea5a93112/library/std/src/thread/mod.rs:529:17
[INFO] [stdout]   36:     0x565530d3b5f7 - <core::panic::unwind_safe::AssertUnwindSafe<F> as core::ops::function::FnOnce<()>>::call_once::h9dc6bd6372f16606
[INFO] [stdout]                                at /rustc/82e1608dfa6e0b5569232559e3d385fea5a93112/library/core/src/panic/unwind_safe.rs:272:9
[INFO] [stdout]   37:     0x565530d3b5f7 - std::panicking::try::do_call::h9057517f80303cd4
[INFO] [stdout]                                at /rustc/82e1608dfa6e0b5569232559e3d385fea5a93112/library/std/src/panicking.rs:552:40
[INFO] [stdout]   38:     0x565530d3b5f7 - std::panicking::try::he3a30b11ee45340c
[INFO] [stdout]                                at /rustc/82e1608dfa6e0b5569232559e3d385fea5a93112/library/std/src/panicking.rs:516:19
[INFO] [stdout]   39:     0x565530d3b5f7 - std::panic::catch_unwind::h410458cfd3528b8b
[INFO] [stdout]                                at /rustc/82e1608dfa6e0b5569232559e3d385fea5a93112/library/std/src/panic.rs:142:14
[INFO] [stdout]   40:     0x565530d3b5f7 - std::thread::Builder::spawn_unchecked_::{{closure}}::h72ac3bdb567b737b
[INFO] [stdout]                                at /rustc/82e1608dfa6e0b5569232559e3d385fea5a93112/library/std/src/thread/mod.rs:528:30
[INFO] [stdout]   41:     0x565530d3b5f7 - core::ops::function::FnOnce::call_once{{vtable.shim}}::h38f34da3654a8344
[INFO] [stdout]                                at /rustc/82e1608dfa6e0b5569232559e3d385fea5a93112/library/core/src/ops/function.rs:250:5
[INFO] [stdout]   42:     0x565530d9fd95 - <alloc::boxed::Box<F,A> as core::ops::function::FnOnce<Args>>::call_once::hc7eafaff61e32df9
[INFO] [stdout]                                at /rustc/82e1608dfa6e0b5569232559e3d385fea5a93112/library/alloc/src/boxed.rs:2007:9
[INFO] [stdout]   43:     0x565530d9fd95 - <alloc::boxed::Box<F,A> as core::ops::function::FnOnce<Args>>::call_once::h6ba4a5de48dd2304
[INFO] [stdout]                                at /rustc/82e1608dfa6e0b5569232559e3d385fea5a93112/library/alloc/src/boxed.rs:2007:9
[INFO] [stdout]   44:     0x565530d9fd95 - std::sys::unix::thread::Thread::new::thread_start::he469335aef763e45
[INFO] [stdout]                                at /rustc/82e1608dfa6e0b5569232559e3d385fea5a93112/library/std/src/sys/unix/thread.rs:108:17
[INFO] [stdout]   45:     0x7f9153cf2ac3 - <unknown>
[INFO] [stdout]   46:     0x7f9153d83bf4 - __clone
[INFO] [stdout]   47:                0x0 - <unknown>
[INFO] [stdout] 
[INFO] [stdout] 
[INFO] [stdout] failures:
[INFO] [stdout]     vector_multiplication::dot_product_error_handling_unequal_length
[INFO] [stdout]     vector_multiplication::dot_product_error_handling_zero_vector
[INFO] [stdout] 
[INFO] [stdout] test result: FAILED. 5 passed; 2 failed; 0 ignored; 0 measured; 0 filtered out; finished in 0.03s
[INFO] [stdout] 
[INFO] running `Command { std: "docker" "inspect" "61a04657b7a58de9ef8384222633e8fa9c625d49733b1b4d033e1528ee578108", kill_on_drop: false }`
[INFO] running `Command { std: "docker" "rm" "-f" "61a04657b7a58de9ef8384222633e8fa9c625d49733b1b4d033e1528ee578108", kill_on_drop: false }`
[INFO] [stdout] 61a04657b7a58de9ef8384222633e8fa9c625d49733b1b4d033e1528ee578108
[INFO] testing theodoreOnzGit/rs_simulation_learning_journal against beta-2023-12-22 for beta-1.76-1
[INFO] running `Command { std: "git" "clone" "/workspace/cache/git-repos/https%3A%2F%2Fgithub.com%2FtheodoreOnzGit%2Frs_simulation_learning_journal" "/workspace/builds/worker-1-tc2/source", kill_on_drop: false }`
[INFO] [stderr] Cloning into '/workspace/builds/worker-1-tc2/source'...
[INFO] [stderr] done.
[INFO] validating manifest of git repo https://github.com/theodoreOnzGit/rs_simulation_learning_journal on toolchain beta-2023-12-22
[INFO] running `Command { std: CARGO_HOME="/workspace/cargo-home" RUSTUP_HOME="/workspace/rustup-home" "/workspace/cargo-home/bin/cargo" "+beta-2023-12-22" "metadata" "--manifest-path" "Cargo.toml" "--no-deps", kill_on_drop: false }`
[INFO] started tweaking git repo https://github.com/theodoreOnzGit/rs_simulation_learning_journal
[INFO] finished tweaking git repo https://github.com/theodoreOnzGit/rs_simulation_learning_journal
[INFO] tweaked toml for git repo https://github.com/theodoreOnzGit/rs_simulation_learning_journal written to /workspace/builds/worker-1-tc2/source/Cargo.toml
[INFO] crate git repo https://github.com/theodoreOnzGit/rs_simulation_learning_journal already has a lockfile, it will not be regenerated
[INFO] running `Command { std: CARGO_HOME="/workspace/cargo-home" RUSTUP_HOME="/workspace/rustup-home" "/workspace/cargo-home/bin/cargo" "+beta-2023-12-22" "fetch" "--manifest-path" "Cargo.toml", kill_on_drop: false }`
[INFO] running `Command { std: "docker" "create" "-v" "/var/lib/crater-agent-workspace/builds/worker-1-tc2/target:/opt/rustwide/target:rw,Z" "-v" "/var/lib/crater-agent-workspace/builds/worker-1-tc2/source:/opt/rustwide/workdir:ro,Z" "-v" "/var/lib/crater-agent-workspace/cargo-home:/opt/rustwide/cargo-home:ro,Z" "-v" "/var/lib/crater-agent-workspace/rustup-home:/opt/rustwide/rustup-home:ro,Z" "-e" "SOURCE_DIR=/opt/rustwide/workdir" "-e" "CARGO_TARGET_DIR=/opt/rustwide/target" "-e" "CARGO_HOME=/opt/rustwide/cargo-home" "-e" "RUSTUP_HOME=/opt/rustwide/rustup-home" "-w" "/opt/rustwide/workdir" "-m" "1610612736" "--user" "0:0" "--network" "none" "ghcr.io/rust-lang/crates-build-env/linux@sha256:2788e3201cd34a07e3172128adcd8b3090168a8e3bcc40d7c032b9dda1df7d1c" "/opt/rustwide/cargo-home/bin/cargo" "+beta-2023-12-22" "metadata" "--no-deps" "--format-version=1", kill_on_drop: false }`
[INFO] [stdout] 0ede3989ee72450d5c7b548601b0c95ad60d24ba40c4b869e1cd7c11d0cb4289
[INFO] running `Command { std: "docker" "start" "-a" "0ede3989ee72450d5c7b548601b0c95ad60d24ba40c4b869e1cd7c11d0cb4289", kill_on_drop: false }`
[INFO] running `Command { std: "docker" "inspect" "0ede3989ee72450d5c7b548601b0c95ad60d24ba40c4b869e1cd7c11d0cb4289", kill_on_drop: false }`
[INFO] running `Command { std: "docker" "rm" "-f" "0ede3989ee72450d5c7b548601b0c95ad60d24ba40c4b869e1cd7c11d0cb4289", kill_on_drop: false }`
[INFO] [stdout] 0ede3989ee72450d5c7b548601b0c95ad60d24ba40c4b869e1cd7c11d0cb4289
[INFO] running `Command { std: "docker" "create" "-v" "/var/lib/crater-agent-workspace/builds/worker-1-tc2/target:/opt/rustwide/target:rw,Z" "-v" "/var/lib/crater-agent-workspace/builds/worker-1-tc2/source:/opt/rustwide/workdir:ro,Z" "-v" "/var/lib/crater-agent-workspace/cargo-home:/opt/rustwide/cargo-home:ro,Z" "-v" "/var/lib/crater-agent-workspace/rustup-home:/opt/rustwide/rustup-home:ro,Z" "-e" "SOURCE_DIR=/opt/rustwide/workdir" "-e" "CARGO_TARGET_DIR=/opt/rustwide/target" "-e" "CARGO_INCREMENTAL=0" "-e" "RUST_BACKTRACE=full" "-e" "RUSTFLAGS=--cap-lints=warn" "-e" "RUSTDOCFLAGS=--cap-lints=warn" "-e" "CARGO_HOME=/opt/rustwide/cargo-home" "-e" "RUSTUP_HOME=/opt/rustwide/rustup-home" "-w" "/opt/rustwide/workdir" "-m" "1610612736" "--user" "0:0" "--network" "none" "ghcr.io/rust-lang/crates-build-env/linux@sha256:2788e3201cd34a07e3172128adcd8b3090168a8e3bcc40d7c032b9dda1df7d1c" "/opt/rustwide/cargo-home/bin/cargo" "+beta-2023-12-22" "build" "--frozen" "--message-format=json", kill_on_drop: false }`
[INFO] [stdout] 3fd02877c5858bfa34311ed3a7d0346d441e974e3bf9b48abcaa100942623a71
[INFO] running `Command { std: "docker" "start" "-a" "3fd02877c5858bfa34311ed3a7d0346d441e974e3bf9b48abcaa100942623a71", kill_on_drop: false }`
[INFO] [stderr]    Compiling proc-macro2 v1.0.74
[INFO] [stderr]    Compiling autocfg v1.1.0
[INFO] [stderr]    Compiling unicode-ident v1.0.12
[INFO] [stderr]    Compiling serde v1.0.190
[INFO] [stderr]    Compiling typenum v1.17.0
[INFO] [stderr]    Compiling thiserror v1.0.56
[INFO] [stderr]    Compiling memchr v2.6.4
[INFO] [stderr]    Compiling itoa v1.0.9
[INFO] [stderr]    Compiling ryu v1.0.15
[INFO] [stderr]    Compiling num-traits v0.2.17
[INFO] [stderr]    Compiling csv-core v0.1.11
[INFO] [stderr]    Compiling quote v1.0.35
[INFO] [stderr]    Compiling syn v2.0.46
[INFO] [stderr]    Compiling uom v0.35.0
[INFO] [stderr]    Compiling approx v0.5.1
[INFO] [stderr]    Compiling thiserror-impl v1.0.56
[INFO] [stderr]    Compiling csv v1.3.0
[INFO] [stderr]    Compiling my_rust_project_one v0.1.0 (/opt/rustwide/workdir)
[INFO] [stdout] warning: unused import: `kilogram`
[INFO] [stdout]  --> src/newtons_law_of_cooling.rs:2:30
[INFO] [stdout]   |
[INFO] [stdout] 2 | use uom::si::{f64::*, mass::{kilogram, gram}, specific_heat_capacity::joule_per_kilogram_kelvin, heat_transfer::watt_per_square_meter_kel...
[INFO] [stdout]   |                              ^^^^^^^^
[INFO] [stdout]   |
[INFO] [stdout]   = note: `#[warn(unused_imports)]` on by default
[INFO] [stdout] 
[INFO] [stdout] 
[INFO] [stdout] warning: unused imports: `mole_per_cubic_decimeter`, `mole_per_cubic_meter`
[INFO] [stdout]  --> src/main.rs:3:36
[INFO] [stdout]   |
[INFO] [stdout] 3 | use uom::si::molar_concentration::{mole_per_cubic_decimeter, mole_per_cubic_meter};
[INFO] [stdout]   |                                    ^^^^^^^^^^^^^^^^^^^^^^^^  ^^^^^^^^^^^^^^^^^^^^
[INFO] [stdout] 
[INFO] [stdout] 
[INFO] [stdout] warning: unused import: `cubic_decimeter_per_mole`
[INFO] [stdout]  --> src/main.rs:4:51
[INFO] [stdout]   |
[INFO] [stdout] 4 | use uom::si::molar_volume::{cubic_meter_per_mole, cubic_decimeter_per_mole};
[INFO] [stdout]   |                                                   ^^^^^^^^^^^^^^^^^^^^^^^^
[INFO] [stdout] 
[INFO] [stdout] 
[INFO] [stdout] warning: unused import: `bar`
[INFO] [stdout]  --> src/main.rs:5:37
[INFO] [stdout]   |
[INFO] [stdout] 5 | use uom::si::pressure::{atmosphere, bar};
[INFO] [stdout]   |                                     ^^^
[INFO] [stdout] 
[INFO] [stdout] 
[INFO] [stdout] warning: unused import: `uom::si::ratio::ratio`
[INFO] [stdout]  --> src/main.rs:6:5
[INFO] [stdout]   |
[INFO] [stdout] 6 | use uom::si::ratio::ratio;
[INFO] [stdout]   |     ^^^^^^^^^^^^^^^^^^^^^
[INFO] [stdout] 
[INFO] [stdout] 
[INFO] [stdout] warning: unused import: `uom::si::thermodynamic_temperature::kelvin`
[INFO] [stdout]  --> src/main.rs:7:5
[INFO] [stdout]   |
[INFO] [stdout] 7 | use uom::si::thermodynamic_temperature::kelvin;
[INFO] [stdout]   |     ^^^^^^^^^^^^^^^^^^^^^^^^^^^^^^^^^^^^^^^^^^
[INFO] [stdout] 
[INFO] [stdout] 
[INFO] [stdout] warning: unused import: `uom::si::pressure::pascal`
[INFO] [stdout]  --> src/main.rs:8:5
[INFO] [stdout]   |
[INFO] [stdout] 8 | use uom::si::pressure::pascal;
[INFO] [stdout]   |     ^^^^^^^^^^^^^^^^^^^^^^^^^
[INFO] [stdout] 
[INFO] [stdout] 
[INFO] [stdout] warning: unused imports: `degree_celsius`, `molar_volume::cubic_meter_per_mole`, `pressure::pascal`
[INFO] [stdout]  --> src/ideal_gas.rs:1:51
[INFO] [stdout]   |
[INFO] [stdout] 1 | use uom::si::{f64::*, thermodynamic_temperature::{degree_celsius, kelvin}, pressure::pascal, molar_volume::cubic_meter_per_mole, molar_he...
[INFO] [stdout]   |                                                   ^^^^^^^^^^^^^^           ^^^^^^^^^^^^^^^^  ^^^^^^^^^^^^^^^^^^^^^^^^^^^^^^^^^^
[INFO] [stdout] 
[INFO] [stdout] 
[INFO] [stdout] warning: unused imports: `degree_celsius`, `kelvin`, `molar_volume::cubic_meter_per_mole`, `pressure::pascal`
[INFO] [stdout]  --> src/pr_eos.rs:1:51
[INFO] [stdout]   |
[INFO] [stdout] 1 | use uom::si::{f64::*, thermodynamic_temperature::{degree_celsius, kelvin}, pressure::pascal, molar_volume::cubic_meter_per_mole, molar_he...
[INFO] [stdout]   |                                                   ^^^^^^^^^^^^^^  ^^^^^^   ^^^^^^^^^^^^^^^^  ^^^^^^^^^^^^^^^^^^^^^^^^^^^^^^^^^^
[INFO] [stdout] 
[INFO] [stdout] 
[INFO] [stdout] warning: unused import: `pr_eos::*`
[INFO] [stdout]   --> src/main.rs:16:5
[INFO] [stdout]    |
[INFO] [stdout] 16 | use pr_eos::*;
[INFO] [stdout]    |     ^^^^^^^^^
[INFO] [stdout] 
[INFO] [stdout] 
[INFO] [stdout] warning: unused imports: `ops::Deref`, `process::id`
[INFO] [stdout]  --> src/vector_multiplication.rs:1:11
[INFO] [stdout]   |
[INFO] [stdout] 1 | use std::{ops::Deref, process::id};
[INFO] [stdout]   |           ^^^^^^^^^^  ^^^^^^^^^^^
[INFO] [stdout] 
[INFO] [stdout] 
[INFO] [stdout] warning: unused `#[macro_use]` import
[INFO] [stdout]   --> src/main.rs:22:1
[INFO] [stdout]    |
[INFO] [stdout] 22 | #[macro_use]
[INFO] [stdout]    | ^^^^^^^^^^^^
[INFO] [stdout] 
[INFO] [stdout] 
[INFO] [stdout] warning: unused variable: `b`
[INFO] [stdout]   --> src/pr_eos.rs:14:13
[INFO] [stdout]    |
[INFO] [stdout] 14 |         let b = get_b(critical_pressure, critical_temperature);
[INFO] [stdout]    |             ^ help: if this is intentional, prefix it with an underscore: `_b`
[INFO] [stdout]    |
[INFO] [stdout]    = note: `#[warn(unused_variables)]` on by default
[INFO] [stdout] 
[INFO] [stdout] 
[INFO] [stdout] warning: unused variable: `kappa`
[INFO] [stdout]   --> src/pr_eos.rs:15:13
[INFO] [stdout]    |
[INFO] [stdout] 15 |         let kappa = get_kappa(accentricity_factor);
[INFO] [stdout]    |             ^^^^^ help: if this is intentional, prefix it with an underscore: `_kappa`
[INFO] [stdout] 
[INFO] [stdout] 
[INFO] [stdout] warning: unused variable: `pressure`
[INFO] [stdout]  --> src/pr_eos.rs:8:5
[INFO] [stdout]   |
[INFO] [stdout] 8 |     pressure: Pressure,
[INFO] [stdout]   |     ^^^^^^^^ help: if this is intentional, prefix it with an underscore: `_pressure`
[INFO] [stdout] 
[INFO] [stdout] 
[INFO] [stdout] warning: unused variable: `specific_vol`
[INFO] [stdout]  --> src/pr_eos.rs:9:5
[INFO] [stdout]   |
[INFO] [stdout] 9 |     specific_vol: MolarVolume, 
[INFO] [stdout]   |     ^^^^^^^^^^^^ help: if this is intentional, prefix it with an underscore: `_specific_vol`
[INFO] [stdout] 
[INFO] [stdout] 
[INFO] [stdout] warning: unused variable: `kappa`
[INFO] [stdout]   --> src/pr_eos.rs:82:13
[INFO] [stdout]    |
[INFO] [stdout] 82 |         let kappa = get_kappa(accentricity_factor);
[INFO] [stdout]    |             ^^^^^ help: if this is intentional, prefix it with an underscore: `_kappa`
[INFO] [stdout] 
[INFO] [stdout] 
[INFO] [stdout] warning: unused variable: `one_mins_capital_b`
[INFO] [stdout]    --> src/pr_eos.rs:117:13
[INFO] [stdout]     |
[INFO] [stdout] 117 |         let one_mins_capital_b: Ratio 
[INFO] [stdout]     |             ^^^^^^^^^^^^^^^^^^ help: if this is intentional, prefix it with an underscore: `_one_mins_capital_b`
[INFO] [stdout] 
[INFO] [stdout] 
[INFO] [stdout] warning: unused variable: `capital_a_minus_3_cap_b_sq_minus_2_cap_b`
[INFO] [stdout]    --> src/pr_eos.rs:119:13
[INFO] [stdout]     |
[INFO] [stdout] 119 |         let capital_a_minus_3_cap_b_sq_minus_2_cap_b: Ratio 
[INFO] [stdout]     |             ^^^^^^^^^^^^^^^^^^^^^^^^^^^^^^^^^^^^^^^^ help: if this is intentional, prefix it with an underscore: `_capital_a_minus_3_cap_b_sq_minus_2_cap_b`
[INFO] [stdout] 
[INFO] [stdout] 
[INFO] [stdout] warning: unused variable: `cap_ab_minus_cap_b_sq_minus_b_cubed`
[INFO] [stdout]    --> src/pr_eos.rs:123:13
[INFO] [stdout]     |
[INFO] [stdout] 123 |         let cap_ab_minus_cap_b_sq_minus_b_cubed: Ratio 
[INFO] [stdout]     |             ^^^^^^^^^^^^^^^^^^^^^^^^^^^^^^^^^^^ help: if this is intentional, prefix it with an underscore: `_cap_ab_minus_cap_b_sq_minus_b_cubed`
[INFO] [stdout] 
[INFO] [stdout] 
[INFO] [stdout] warning: unused variable: `phi_degrees`
[INFO] [stdout]    --> src/cubic_roots.rs:107:13
[INFO] [stdout]     |
[INFO] [stdout] 107 |         let phi_degrees: f64 = phi_dimensioned.get::<degree>();
[INFO] [stdout]     |             ^^^^^^^^^^^ help: if this is intentional, prefix it with an underscore: `_phi_degrees`
[INFO] [stdout] 
[INFO] [stdout] 
[INFO] [stdout] warning: function `get_temperature_peng_robinson_gas` is never used
[INFO] [stdout]  --> src/pr_eos.rs:7:8
[INFO] [stdout]   |
[INFO] [stdout] 7 | pub fn get_temperature_peng_robinson_gas(
[INFO] [stdout]   |        ^^^^^^^^^^^^^^^^^^^^^^^^^^^^^^^^^
[INFO] [stdout]   |
[INFO] [stdout]   = note: `#[warn(dead_code)]` on by default
[INFO] [stdout] 
[INFO] [stdout] 
[INFO] [stdout] warning: function `get_pressure_peng_robinson_gas` is never used
[INFO] [stdout]   --> src/pr_eos.rs:22:8
[INFO] [stdout]    |
[INFO] [stdout] 22 | pub fn get_pressure_peng_robinson_gas(
[INFO] [stdout]    |        ^^^^^^^^^^^^^^^^^^^^^^^^^^^^^^
[INFO] [stdout] 
[INFO] [stdout] 
[INFO] [stdout] warning: function `get_molar_volume_peng_robinson_gas` is never used
[INFO] [stdout]   --> src/pr_eos.rs:74:8
[INFO] [stdout]    |
[INFO] [stdout] 74 | pub fn get_molar_volume_peng_robinson_gas(
[INFO] [stdout]    |        ^^^^^^^^^^^^^^^^^^^^^^^^^^^^^^^^^^
[INFO] [stdout] 
[INFO] [stdout] 
[INFO] [stdout] warning: function `get_kappa` is never used
[INFO] [stdout]    --> src/pr_eos.rs:135:4
[INFO] [stdout]     |
[INFO] [stdout] 135 | fn get_kappa(accentricity_factor: Ratio) -> Ratio {
[INFO] [stdout]     |    ^^^^^^^^^
[INFO] [stdout] 
[INFO] [stdout] 
[INFO] [stdout] warning: function `get_b` is never used
[INFO] [stdout]    --> src/pr_eos.rs:146:4
[INFO] [stdout]     |
[INFO] [stdout] 146 | fn get_b(critical_pressure: Pressure, 
[INFO] [stdout]     |    ^^^^^
[INFO] [stdout] 
[INFO] [stdout] 
[INFO] [stdout] warning: function `find_cubic_roots` is never used
[INFO] [stdout]  --> src/cubic_roots.rs:5:8
[INFO] [stdout]   |
[INFO] [stdout] 5 | pub fn find_cubic_roots(b: f64,
[INFO] [stdout]   |        ^^^^^^^^^^^^^^^^
[INFO] [stdout] 
[INFO] [stdout] 
[INFO] [stdout] warning: variants `VectorLengthsUnequal` and `VectorLengthZero` are never constructed
[INFO] [stdout]   --> src/vector_multiplication.rs:8:5
[INFO] [stdout]    |
[INFO] [stdout] 6  | pub enum DotProductError {
[INFO] [stdout]    |          --------------- variants in this enum
[INFO] [stdout] 7  |     #[error("the two vectors are of unequal length")]
[INFO] [stdout] 8  |     VectorLengthsUnequal,
[INFO] [stdout]    |     ^^^^^^^^^^^^^^^^^^^^
[INFO] [stdout] 9  |     #[error("either one of the vector lengths is zero")]
[INFO] [stdout] 10 |     VectorLengthZero,
[INFO] [stdout]    |     ^^^^^^^^^^^^^^^^
[INFO] [stdout]    |
[INFO] [stdout]    = note: `DotProductError` has a derived impl for the trait `Debug`, but this is intentionally ignored during dead code analysis
[INFO] [stdout] 
[INFO] [stdout] 
[INFO] [stdout] warning: function `dot_product` is never used
[INFO] [stdout]   --> src/vector_multiplication.rs:14:8
[INFO] [stdout]    |
[INFO] [stdout] 14 | pub fn dot_product(vec1: Vec<f64>,vec2: Vec<f64>) -> Result<f64, DotProductError> {
[INFO] [stdout]    |        ^^^^^^^^^^^
[INFO] [stdout] 
[INFO] [stdout] 
[INFO] [stdout] warning: variable `A` should have a snake case name
[INFO] [stdout]    --> src/cubic_roots.rs:125:13
[INFO] [stdout]     |
[INFO] [stdout] 125 |         let A: f64;
[INFO] [stdout]     |             ^ help: convert the identifier to snake case: `a`
[INFO] [stdout]     |
[INFO] [stdout]     = note: `#[warn(non_snake_case)]` on by default
[INFO] [stdout] 
[INFO] [stdout] 
[INFO] [stdout] warning: variable `B` should have a snake case name
[INFO] [stdout]    --> src/cubic_roots.rs:126:13
[INFO] [stdout]     |
[INFO] [stdout] 126 |         let B: f64;
[INFO] [stdout]     |             ^ help: convert the identifier to snake case: `b`
[INFO] [stdout] 
[INFO] [stdout] 
[INFO] [stdout] warning: variable `A` should have a snake case name
[INFO] [stdout]    --> src/cubic_roots.rs:155:13
[INFO] [stdout]     |
[INFO] [stdout] 155 |         let A: f64;
[INFO] [stdout]     |             ^ help: convert the identifier to snake case: `a`
[INFO] [stdout] 
[INFO] [stdout] 
[INFO] [stdout] warning: variable `B` should have a snake case name
[INFO] [stdout]    --> src/cubic_roots.rs:156:13
[INFO] [stdout]     |
[INFO] [stdout] 156 |         let B: f64;
[INFO] [stdout]     |             ^ help: convert the identifier to snake case: `b`
[INFO] [stdout] 
[INFO] [stdout] 
[INFO] [stdout] warning: 33 warnings emitted
[INFO] [stdout] 
[INFO] [stdout] 
[INFO] [stderr]     Finished dev [unoptimized + debuginfo] target(s) in 23.60s
[INFO] running `Command { std: "docker" "inspect" "3fd02877c5858bfa34311ed3a7d0346d441e974e3bf9b48abcaa100942623a71", kill_on_drop: false }`
[INFO] running `Command { std: "docker" "rm" "-f" "3fd02877c5858bfa34311ed3a7d0346d441e974e3bf9b48abcaa100942623a71", kill_on_drop: false }`
[INFO] [stdout] 3fd02877c5858bfa34311ed3a7d0346d441e974e3bf9b48abcaa100942623a71
[INFO] running `Command { std: "docker" "create" "-v" "/var/lib/crater-agent-workspace/builds/worker-1-tc2/target:/opt/rustwide/target:rw,Z" "-v" "/var/lib/crater-agent-workspace/builds/worker-1-tc2/source:/opt/rustwide/workdir:ro,Z" "-v" "/var/lib/crater-agent-workspace/cargo-home:/opt/rustwide/cargo-home:ro,Z" "-v" "/var/lib/crater-agent-workspace/rustup-home:/opt/rustwide/rustup-home:ro,Z" "-e" "SOURCE_DIR=/opt/rustwide/workdir" "-e" "CARGO_TARGET_DIR=/opt/rustwide/target" "-e" "CARGO_INCREMENTAL=0" "-e" "RUST_BACKTRACE=full" "-e" "RUSTFLAGS=--cap-lints=warn" "-e" "RUSTDOCFLAGS=--cap-lints=warn" "-e" "CARGO_HOME=/opt/rustwide/cargo-home" "-e" "RUSTUP_HOME=/opt/rustwide/rustup-home" "-w" "/opt/rustwide/workdir" "-m" "1610612736" "--user" "0:0" "--network" "none" "ghcr.io/rust-lang/crates-build-env/linux@sha256:2788e3201cd34a07e3172128adcd8b3090168a8e3bcc40d7c032b9dda1df7d1c" "/opt/rustwide/cargo-home/bin/cargo" "+beta-2023-12-22" "test" "--frozen" "--no-run" "--message-format=json", kill_on_drop: false }`
[INFO] [stdout] 60958fba537626632bd00b4564d02fc00d59d907f4804e9487e889b1d9e48933
[INFO] running `Command { std: "docker" "start" "-a" "60958fba537626632bd00b4564d02fc00d59d907f4804e9487e889b1d9e48933", kill_on_drop: false }`
[INFO] [stderr]    Compiling my_rust_project_one v0.1.0 (/opt/rustwide/workdir)
[INFO] [stdout] warning: unused import: `kilogram`
[INFO] [stdout]  --> src/newtons_law_of_cooling.rs:2:30
[INFO] [stdout]   |
[INFO] [stdout] 2 | use uom::si::{f64::*, mass::{kilogram, gram}, specific_heat_capacity::joule_per_kilogram_kelvin, heat_transfer::watt_per_square_meter_kel...
[INFO] [stdout]   |                              ^^^^^^^^
[INFO] [stdout]   |
[INFO] [stdout]   = note: `#[warn(unused_imports)]` on by default
[INFO] [stdout] 
[INFO] [stdout] 
[INFO] [stdout] warning: unused imports: `mole_per_cubic_decimeter`, `mole_per_cubic_meter`
[INFO] [stdout]  --> src/main.rs:3:36
[INFO] [stdout]   |
[INFO] [stdout] 3 | use uom::si::molar_concentration::{mole_per_cubic_decimeter, mole_per_cubic_meter};
[INFO] [stdout]   |                                    ^^^^^^^^^^^^^^^^^^^^^^^^  ^^^^^^^^^^^^^^^^^^^^
[INFO] [stdout] 
[INFO] [stdout] 
[INFO] [stdout] warning: unused imports: `degree_celsius`, `molar_volume::cubic_meter_per_mole`, `pressure::pascal`
[INFO] [stdout]  --> src/ideal_gas.rs:1:51
[INFO] [stdout]   |
[INFO] [stdout] 1 | use uom::si::{f64::*, thermodynamic_temperature::{degree_celsius, kelvin}, pressure::pascal, molar_volume::cubic_meter_per_mole, molar_he...
[INFO] [stdout]   |                                                   ^^^^^^^^^^^^^^           ^^^^^^^^^^^^^^^^  ^^^^^^^^^^^^^^^^^^^^^^^^^^^^^^^^^^
[INFO] [stdout] 
[INFO] [stdout] 
[INFO] [stdout] warning: unused imports: `degree_celsius`, `kelvin`, `molar_volume::cubic_meter_per_mole`, `pressure::pascal`
[INFO] [stdout]  --> src/pr_eos.rs:1:51
[INFO] [stdout]   |
[INFO] [stdout] 1 | use uom::si::{f64::*, thermodynamic_temperature::{degree_celsius, kelvin}, pressure::pascal, molar_volume::cubic_meter_per_mole, molar_he...
[INFO] [stdout]   |                                                   ^^^^^^^^^^^^^^  ^^^^^^   ^^^^^^^^^^^^^^^^  ^^^^^^^^^^^^^^^^^^^^^^^^^^^^^^^^^^
[INFO] [stdout] 
[INFO] [stdout] 
[INFO] [stdout] warning: unused imports: `ops::Deref`, `process::id`
[INFO] [stdout]  --> src/vector_multiplication.rs:1:11
[INFO] [stdout]   |
[INFO] [stdout] 1 | use std::{ops::Deref, process::id};
[INFO] [stdout]   |           ^^^^^^^^^^  ^^^^^^^^^^^
[INFO] [stdout] 
[INFO] [stdout] 
[INFO] [stdout] warning: unused variable: `b`
[INFO] [stdout]   --> src/pr_eos.rs:14:13
[INFO] [stdout]    |
[INFO] [stdout] 14 |         let b = get_b(critical_pressure, critical_temperature);
[INFO] [stdout]    |             ^ help: if this is intentional, prefix it with an underscore: `_b`
[INFO] [stdout]    |
[INFO] [stdout]    = note: `#[warn(unused_variables)]` on by default
[INFO] [stdout] 
[INFO] [stdout] 
[INFO] [stdout] warning: unused variable: `kappa`
[INFO] [stdout]   --> src/pr_eos.rs:15:13
[INFO] [stdout]    |
[INFO] [stdout] 15 |         let kappa = get_kappa(accentricity_factor);
[INFO] [stdout]    |             ^^^^^ help: if this is intentional, prefix it with an underscore: `_kappa`
[INFO] [stdout] 
[INFO] [stdout] 
[INFO] [stdout] warning: unused variable: `pressure`
[INFO] [stdout]  --> src/pr_eos.rs:8:5
[INFO] [stdout]   |
[INFO] [stdout] 8 |     pressure: Pressure,
[INFO] [stdout]   |     ^^^^^^^^ help: if this is intentional, prefix it with an underscore: `_pressure`
[INFO] [stdout] 
[INFO] [stdout] 
[INFO] [stdout] warning: unused variable: `specific_vol`
[INFO] [stdout]  --> src/pr_eos.rs:9:5
[INFO] [stdout]   |
[INFO] [stdout] 9 |     specific_vol: MolarVolume, 
[INFO] [stdout]   |     ^^^^^^^^^^^^ help: if this is intentional, prefix it with an underscore: `_specific_vol`
[INFO] [stdout] 
[INFO] [stdout] 
[INFO] [stdout] warning: unused variable: `kappa`
[INFO] [stdout]   --> src/pr_eos.rs:82:13
[INFO] [stdout]    |
[INFO] [stdout] 82 |         let kappa = get_kappa(accentricity_factor);
[INFO] [stdout]    |             ^^^^^ help: if this is intentional, prefix it with an underscore: `_kappa`
[INFO] [stdout] 
[INFO] [stdout] 
[INFO] [stdout] warning: unused variable: `one_mins_capital_b`
[INFO] [stdout]    --> src/pr_eos.rs:117:13
[INFO] [stdout]     |
[INFO] [stdout] 117 |         let one_mins_capital_b: Ratio 
[INFO] [stdout]     |             ^^^^^^^^^^^^^^^^^^ help: if this is intentional, prefix it with an underscore: `_one_mins_capital_b`
[INFO] [stdout] 
[INFO] [stdout] 
[INFO] [stdout] warning: unused variable: `capital_a_minus_3_cap_b_sq_minus_2_cap_b`
[INFO] [stdout]    --> src/pr_eos.rs:119:13
[INFO] [stdout]     |
[INFO] [stdout] 119 |         let capital_a_minus_3_cap_b_sq_minus_2_cap_b: Ratio 
[INFO] [stdout]     |             ^^^^^^^^^^^^^^^^^^^^^^^^^^^^^^^^^^^^^^^^ help: if this is intentional, prefix it with an underscore: `_capital_a_minus_3_cap_b_sq_minus_2_cap_b`
[INFO] [stdout] 
[INFO] [stdout] 
[INFO] [stdout] warning: unused variable: `cap_ab_minus_cap_b_sq_minus_b_cubed`
[INFO] [stdout]    --> src/pr_eos.rs:123:13
[INFO] [stdout]     |
[INFO] [stdout] 123 |         let cap_ab_minus_cap_b_sq_minus_b_cubed: Ratio 
[INFO] [stdout]     |             ^^^^^^^^^^^^^^^^^^^^^^^^^^^^^^^^^^^ help: if this is intentional, prefix it with an underscore: `_cap_ab_minus_cap_b_sq_minus_b_cubed`
[INFO] [stdout] 
[INFO] [stdout] 
[INFO] [stdout] warning: unused variable: `phi_degrees`
[INFO] [stdout]    --> src/cubic_roots.rs:107:13
[INFO] [stdout]     |
[INFO] [stdout] 107 |         let phi_degrees: f64 = phi_dimensioned.get::<degree>();
[INFO] [stdout]     |             ^^^^^^^^^^^ help: if this is intentional, prefix it with an underscore: `_phi_degrees`
[INFO] [stdout] 
[INFO] [stdout] 
[INFO] [stdout] warning: function `get_temperature_peng_robinson_gas` is never used
[INFO] [stdout]  --> src/pr_eos.rs:7:8
[INFO] [stdout]   |
[INFO] [stdout] 7 | pub fn get_temperature_peng_robinson_gas(
[INFO] [stdout]   |        ^^^^^^^^^^^^^^^^^^^^^^^^^^^^^^^^^
[INFO] [stdout]   |
[INFO] [stdout]   = note: `#[warn(dead_code)]` on by default
[INFO] [stdout] 
[INFO] [stdout] 
[INFO] [stdout] warning: function `get_molar_volume_peng_robinson_gas` is never used
[INFO] [stdout]   --> src/pr_eos.rs:74:8
[INFO] [stdout]    |
[INFO] [stdout] 74 | pub fn get_molar_volume_peng_robinson_gas(
[INFO] [stdout]    |        ^^^^^^^^^^^^^^^^^^^^^^^^^^^^^^^^^^
[INFO] [stdout] 
[INFO] [stdout] 
[INFO] [stdout] warning: function `get_y_k` is never used
[INFO] [stdout]   --> src/cubic_roots.rs:65:12
[INFO] [stdout]    |
[INFO] [stdout] 65 |         fn get_y_k(k: usize, p: f64,
[INFO] [stdout]    |            ^^^^^^^
[INFO] [stdout] 
[INFO] [stdout] 
[INFO] [stdout] warning: variable `A` should have a snake case name
[INFO] [stdout]    --> src/cubic_roots.rs:125:13
[INFO] [stdout]     |
[INFO] [stdout] 125 |         let A: f64;
[INFO] [stdout]     |             ^ help: convert the identifier to snake case: `a`
[INFO] [stdout]     |
[INFO] [stdout]     = note: `#[warn(non_snake_case)]` on by default
[INFO] [stdout] 
[INFO] [stdout] 
[INFO] [stdout] warning: variable `B` should have a snake case name
[INFO] [stdout]    --> src/cubic_roots.rs:126:13
[INFO] [stdout]     |
[INFO] [stdout] 126 |         let B: f64;
[INFO] [stdout]     |             ^ help: convert the identifier to snake case: `b`
[INFO] [stdout] 
[INFO] [stdout] 
[INFO] [stdout] warning: variable `A` should have a snake case name
[INFO] [stdout]    --> src/cubic_roots.rs:155:13
[INFO] [stdout]     |
[INFO] [stdout] 155 |         let A: f64;
[INFO] [stdout]     |             ^ help: convert the identifier to snake case: `a`
[INFO] [stdout] 
[INFO] [stdout] 
[INFO] [stdout] warning: variable `B` should have a snake case name
[INFO] [stdout]    --> src/cubic_roots.rs:156:13
[INFO] [stdout]     |
[INFO] [stdout] 156 |         let B: f64;
[INFO] [stdout]     |             ^ help: convert the identifier to snake case: `b`
[INFO] [stdout] 
[INFO] [stdout] 
[INFO] [stdout] warning: 21 warnings emitted
[INFO] [stdout] 
[INFO] [stdout] 
[INFO] [stderr]     Finished test [unoptimized + debuginfo] target(s) in 1.05s
[INFO] running `Command { std: "docker" "inspect" "60958fba537626632bd00b4564d02fc00d59d907f4804e9487e889b1d9e48933", kill_on_drop: false }`
[INFO] running `Command { std: "docker" "rm" "-f" "60958fba537626632bd00b4564d02fc00d59d907f4804e9487e889b1d9e48933", kill_on_drop: false }`
[INFO] [stdout] 60958fba537626632bd00b4564d02fc00d59d907f4804e9487e889b1d9e48933
[INFO] running `Command { std: "docker" "create" "-v" "/var/lib/crater-agent-workspace/builds/worker-1-tc2/target:/opt/rustwide/target:rw,Z" "-v" "/var/lib/crater-agent-workspace/builds/worker-1-tc2/source:/opt/rustwide/workdir:ro,Z" "-v" "/var/lib/crater-agent-workspace/cargo-home:/opt/rustwide/cargo-home:ro,Z" "-v" "/var/lib/crater-agent-workspace/rustup-home:/opt/rustwide/rustup-home:ro,Z" "-e" "SOURCE_DIR=/opt/rustwide/workdir" "-e" "CARGO_TARGET_DIR=/opt/rustwide/target" "-e" "CARGO_INCREMENTAL=0" "-e" "RUST_BACKTRACE=full" "-e" "RUSTFLAGS=--cap-lints=warn" "-e" "RUSTDOCFLAGS=--cap-lints=warn" "-e" "CARGO_HOME=/opt/rustwide/cargo-home" "-e" "RUSTUP_HOME=/opt/rustwide/rustup-home" "-w" "/opt/rustwide/workdir" "-m" "1610612736" "--user" "0:0" "--network" "none" "ghcr.io/rust-lang/crates-build-env/linux@sha256:2788e3201cd34a07e3172128adcd8b3090168a8e3bcc40d7c032b9dda1df7d1c" "/opt/rustwide/cargo-home/bin/cargo" "+beta-2023-12-22" "test" "--frozen", kill_on_drop: false }`
[INFO] [stdout] 2b2a49985b45ab99162383e6172bd1f930f9398807ac27f00cc5a16589d520a9
[INFO] running `Command { std: "docker" "start" "-a" "2b2a49985b45ab99162383e6172bd1f930f9398807ac27f00cc5a16589d520a9", kill_on_drop: false }`
[INFO] [stderr] warning: unused import: `kilogram`
[INFO] [stderr]  --> src/newtons_law_of_cooling.rs:2:30
[INFO] [stderr]   |
[INFO] [stderr] 2 | use uom::si::{f64::*, mass::{kilogram, gram}, specific_heat_capacity::joule_per_kilogram_kelvin, heat_transfer::watt_per_square_meter_kel...
[INFO] [stderr]   |                              ^^^^^^^^
[INFO] [stderr]   |
[INFO] [stderr]   = note: `#[warn(unused_imports)]` on by default
[INFO] [stderr] 
[INFO] [stderr] warning: unused imports: `mole_per_cubic_decimeter`, `mole_per_cubic_meter`
[INFO] [stderr]  --> src/main.rs:3:36
[INFO] [stderr]   |
[INFO] [stderr] 3 | use uom::si::molar_concentration::{mole_per_cubic_decimeter, mole_per_cubic_meter};
[INFO] [stderr]   |                                    ^^^^^^^^^^^^^^^^^^^^^^^^  ^^^^^^^^^^^^^^^^^^^^
[INFO] [stderr] 
[INFO] [stderr] warning: unused imports: `degree_celsius`, `molar_volume::cubic_meter_per_mole`, `pressure::pascal`
[INFO] [stderr]  --> src/ideal_gas.rs:1:51
[INFO] [stderr]   |
[INFO] [stderr] 1 | use uom::si::{f64::*, thermodynamic_temperature::{degree_celsius, kelvin}, pressure::pascal, molar_volume::cubic_meter_per_mole, molar_he...
[INFO] [stderr]   |                                                   ^^^^^^^^^^^^^^           ^^^^^^^^^^^^^^^^  ^^^^^^^^^^^^^^^^^^^^^^^^^^^^^^^^^^
[INFO] [stderr] 
[INFO] [stderr] warning: unused imports: `degree_celsius`, `kelvin`, `molar_volume::cubic_meter_per_mole`, `pressure::pascal`
[INFO] [stderr]  --> src/pr_eos.rs:1:51
[INFO] [stderr]   |
[INFO] [stderr] 1 | use uom::si::{f64::*, thermodynamic_temperature::{degree_celsius, kelvin}, pressure::pascal, molar_volume::cubic_meter_per_mole, molar_he...
[INFO] [stderr]   |                                                   ^^^^^^^^^^^^^^  ^^^^^^   ^^^^^^^^^^^^^^^^  ^^^^^^^^^^^^^^^^^^^^^^^^^^^^^^^^^^
[INFO] [stderr] 
[INFO] [stderr] warning: unused imports: `ops::Deref`, `process::id`
[INFO] [stderr]  --> src/vector_multiplication.rs:1:11
[INFO] [stderr]   |
[INFO] [stderr] 1 | use std::{ops::Deref, process::id};
[INFO] [stderr]   |           ^^^^^^^^^^  ^^^^^^^^^^^
[INFO] [stderr] 
[INFO] [stderr] warning: unused variable: `b`
[INFO] [stderr]   --> src/pr_eos.rs:14:13
[INFO] [stderr]    |
[INFO] [stderr] 14 |         let b = get_b(critical_pressure, critical_temperature);
[INFO] [stderr]    |             ^ help: if this is intentional, prefix it with an underscore: `_b`
[INFO] [stderr]    |
[INFO] [stderr]    = note: `#[warn(unused_variables)]` on by default
[INFO] [stderr] 
[INFO] [stderr] warning: unused variable: `kappa`
[INFO] [stderr]   --> src/pr_eos.rs:15:13
[INFO] [stderr]    |
[INFO] [stderr] 15 |         let kappa = get_kappa(accentricity_factor);
[INFO] [stderr]    |             ^^^^^ help: if this is intentional, prefix it with an underscore: `_kappa`
[INFO] [stderr] 
[INFO] [stderr] warning: unused variable: `pressure`
[INFO] [stderr]  --> src/pr_eos.rs:8:5
[INFO] [stderr]   |
[INFO] [stderr] 8 |     pressure: Pressure,
[INFO] [stderr]   |     ^^^^^^^^ help: if this is intentional, prefix it with an underscore: `_pressure`
[INFO] [stderr] 
[INFO] [stderr] warning: unused variable: `specific_vol`
[INFO] [stderr]  --> src/pr_eos.rs:9:5
[INFO] [stderr]   |
[INFO] [stderr] 9 |     specific_vol: MolarVolume, 
[INFO] [stderr]   |     ^^^^^^^^^^^^ help: if this is intentional, prefix it with an underscore: `_specific_vol`
[INFO] [stderr] 
[INFO] [stderr] warning: unused variable: `kappa`
[INFO] [stderr]   --> src/pr_eos.rs:82:13
[INFO] [stderr]    |
[INFO] [stderr] 82 |         let kappa = get_kappa(accentricity_factor);
[INFO] [stderr]    |             ^^^^^ help: if this is intentional, prefix it with an underscore: `_kappa`
[INFO] [stderr] 
[INFO] [stderr] warning: unused variable: `one_mins_capital_b`
[INFO] [stderr]    --> src/pr_eos.rs:117:13
[INFO] [stderr]     |
[INFO] [stderr] 117 |         let one_mins_capital_b: Ratio 
[INFO] [stderr]     |             ^^^^^^^^^^^^^^^^^^ help: if this is intentional, prefix it with an underscore: `_one_mins_capital_b`
[INFO] [stderr] 
[INFO] [stderr] warning: unused variable: `capital_a_minus_3_cap_b_sq_minus_2_cap_b`
[INFO] [stderr]    --> src/pr_eos.rs:119:13
[INFO] [stderr]     |
[INFO] [stderr] 119 |         let capital_a_minus_3_cap_b_sq_minus_2_cap_b: Ratio 
[INFO] [stderr]     |             ^^^^^^^^^^^^^^^^^^^^^^^^^^^^^^^^^^^^^^^^ help: if this is intentional, prefix it with an underscore: `_capital_a_minus_3_cap_b_sq_minus_2_cap_b`
[INFO] [stderr] 
[INFO] [stderr] warning: unused variable: `cap_ab_minus_cap_b_sq_minus_b_cubed`
[INFO] [stderr]    --> src/pr_eos.rs:123:13
[INFO] [stderr]     |
[INFO] [stderr] 123 |         let cap_ab_minus_cap_b_sq_minus_b_cubed: Ratio 
[INFO] [stderr]     |             ^^^^^^^^^^^^^^^^^^^^^^^^^^^^^^^^^^^ help: if this is intentional, prefix it with an underscore: `_cap_ab_minus_cap_b_sq_minus_b_cubed`
[INFO] [stderr] 
[INFO] [stderr] warning: unused variable: `phi_degrees`
[INFO] [stderr]    --> src/cubic_roots.rs:107:13
[INFO] [stderr]     |
[INFO] [stderr] 107 |         let phi_degrees: f64 = phi_dimensioned.get::<degree>();
[INFO] [stderr]     |             ^^^^^^^^^^^ help: if this is intentional, prefix it with an underscore: `_phi_degrees`
[INFO] [stderr] 
[INFO] [stderr] warning: function `get_temperature_peng_robinson_gas` is never used
[INFO] [stderr]  --> src/pr_eos.rs:7:8
[INFO] [stderr]   |
[INFO] [stderr] 7 | pub fn get_temperature_peng_robinson_gas(
[INFO] [stderr]   |        ^^^^^^^^^^^^^^^^^^^^^^^^^^^^^^^^^
[INFO] [stderr]   |
[INFO] [stderr]   = note: `#[warn(dead_code)]` on by default
[INFO] [stderr] 
[INFO] [stderr] warning: function `get_molar_volume_peng_robinson_gas` is never used
[INFO] [stderr]   --> src/pr_eos.rs:74:8
[INFO] [stderr]    |
[INFO] [stderr] 74 | pub fn get_molar_volume_peng_robinson_gas(
[INFO] [stderr]    |        ^^^^^^^^^^^^^^^^^^^^^^^^^^^^^^^^^^
[INFO] [stderr] 
[INFO] [stderr] warning: function `get_y_k` is never used
[INFO] [stderr]   --> src/cubic_roots.rs:65:12
[INFO] [stderr]    |
[INFO] [stderr] 65 |         fn get_y_k(k: usize, p: f64,
[INFO] [stderr]    |            ^^^^^^^
[INFO] [stderr] 
[INFO] [stderr] warning: variable `A` should have a snake case name
[INFO] [stderr]    --> src/cubic_roots.rs:125:13
[INFO] [stderr]     |
[INFO] [stderr] 125 |         let A: f64;
[INFO] [stderr]     |             ^ help: convert the identifier to snake case: `a`
[INFO] [stderr]     |
[INFO] [stderr]     = note: `#[warn(non_snake_case)]` on by default
[INFO] [stderr] 
[INFO] [stderr] warning: variable `B` should have a snake case name
[INFO] [stderr]    --> src/cubic_roots.rs:126:13
[INFO] [stderr]     |
[INFO] [stderr] 126 |         let B: f64;
[INFO] [stderr]     |             ^ help: convert the identifier to snake case: `b`
[INFO] [stderr] 
[INFO] [stderr] warning: variable `A` should have a snake case name
[INFO] [stderr]    --> src/cubic_roots.rs:155:13
[INFO] [stderr]     |
[INFO] [stderr] 155 |         let A: f64;
[INFO] [stderr]     |             ^ help: convert the identifier to snake case: `a`
[INFO] [stderr] 
[INFO] [stderr] warning: variable `B` should have a snake case name
[INFO] [stderr]    --> src/cubic_roots.rs:156:13
[INFO] [stderr]     |
[INFO] [stderr] 156 |         let B: f64;
[INFO] [stderr]     |             ^ help: convert the identifier to snake case: `b`
[INFO] [stderr] 
[INFO] [stderr] warning: `my_rust_project_one` (bin "my_rust_project_one" test) generated 21 warnings (run `cargo fix --bin "my_rust_project_one" --tests` to apply 14 suggestions)
[INFO] [stderr]     Finished test [unoptimized + debuginfo] target(s) in 0.03s
[INFO] [stderr]      Running unittests src/main.rs (/opt/rustwide/target/debug/deps/my_rust_project_one-7766c28713c048cd)
[INFO] [stdout] 
[INFO] [stdout] running 7 tests
[INFO] [stdout] test cubic_roots::test_three_real_roots ... ok
[INFO] [stdout] test vector_multiplication::enum_demo ... ok
[INFO] [stdout] test cubic_roots::test_one_real_root ... ok
[INFO] [stdout] test vector_multiplication::dot_product_sandbox ... ok
[INFO] [stderr] error: test failed, to rerun pass `--bin my_rust_project_one`
[INFO] [stdout] test vector_multiplication::dot_product_error_handling_zero_vector ... FAILED
[INFO] [stdout] test vector_multiplication::dot_product_error_handling_unequal_length ... FAILED
[INFO] [stdout] test test_co2_pressure_peng_robinson_subcritial ... ok
[INFO] [stdout] 
[INFO] [stdout] failures:
[INFO] [stdout] 
[INFO] [stdout] ---- vector_multiplication::dot_product_error_handling_zero_vector stdout ----
[INFO] [stdout] thread 'vector_multiplication::dot_product_error_handling_zero_vector' panicked at src/vector_multiplication.rs:136:24:
[INFO] [stdout] called `Result::unwrap()` on an `Err` value: VectorLengthZero
[INFO] [stdout] stack backtrace:
[INFO] [stdout]    0:     0x5592a384e3c6 - std::backtrace_rs::backtrace::libunwind::trace::h261606ad26a499c1
[INFO] [stdout]                                at /rustc/0e09125c6c3c2fd70d7de961bcf0e51575235fad/library/std/src/../../backtrace/src/backtrace/libunwind.rs:104:5
[INFO] [stdout]    1:     0x5592a384e3c6 - std::backtrace_rs::backtrace::trace_unsynchronized::hd183f0625477fb28
[INFO] [stdout]                                at /rustc/0e09125c6c3c2fd70d7de961bcf0e51575235fad/library/std/src/../../backtrace/src/backtrace/mod.rs:66:5
[INFO] [stdout]    2:     0x5592a384e3c6 - std::sys_common::backtrace::_print_fmt::hd7f8fef21b4eda67
[INFO] [stdout]                                at /rustc/0e09125c6c3c2fd70d7de961bcf0e51575235fad/library/std/src/sys_common/backtrace.rs:68:5
[INFO] [stdout]    3:     0x5592a384e3c6 - <std::sys_common::backtrace::_print::DisplayBacktrace as core::fmt::Display>::fmt::h623d9b51f2f453f1
[INFO] [stdout]                                at /rustc/0e09125c6c3c2fd70d7de961bcf0e51575235fad/library/std/src/sys_common/backtrace.rs:44:22
[INFO] [stdout]    4:     0x5592a3877620 - core::fmt::rt::Argument::fmt::h9f417ac76a86f368
[INFO] [stdout]                                at /rustc/0e09125c6c3c2fd70d7de961bcf0e51575235fad/library/core/src/fmt/rt.rs:142:9
[INFO] [stdout]    5:     0x5592a3877620 - core::fmt::write::hc9b6faf4ac2aeff7
[INFO] [stdout]                                at /rustc/0e09125c6c3c2fd70d7de961bcf0e51575235fad/library/core/src/fmt/mod.rs:1120:17
[INFO] [stdout]    6:     0x5592a384be2f - std::io::Write::write_fmt::he04625a3a989fec3
[INFO] [stdout]                                at /rustc/0e09125c6c3c2fd70d7de961bcf0e51575235fad/library/std/src/io/mod.rs:1810:15
[INFO] [stdout]    7:     0x5592a384e1a4 - std::sys_common::backtrace::_print::hd5d66399c7df88a2
[INFO] [stdout]                                at /rustc/0e09125c6c3c2fd70d7de961bcf0e51575235fad/library/std/src/sys_common/backtrace.rs:47:5
[INFO] [stdout]    8:     0x5592a384e1a4 - std::sys_common::backtrace::print::he81ed2da642d37e5
[INFO] [stdout]                                at /rustc/0e09125c6c3c2fd70d7de961bcf0e51575235fad/library/std/src/sys_common/backtrace.rs:34:9
[INFO] [stdout]    9:     0x5592a384ff17 - std::panicking::default_hook::{{closure}}::h85773f4fa117163d
[INFO] [stdout]   10:     0x5592a384fbfd - std::panicking::default_hook::h6a1694a91d09b278
[INFO] [stdout]                                at /rustc/0e09125c6c3c2fd70d7de961bcf0e51575235fad/library/std/src/panicking.rs:289:9
[INFO] [stdout]   11:     0x5592a381e587 - <alloc::boxed::Box<F,A> as core::ops::function::Fn<Args>>::call::h616ac37fa3cd6c8f
[INFO] [stdout]                                at /rustc/0e09125c6c3c2fd70d7de961bcf0e51575235fad/library/alloc/src/boxed.rs:2029:9
[INFO] [stdout]   12:     0x5592a381e587 - test::test_main::{{closure}}::h00d84697cefdcbb6
[INFO] [stdout]                                at /rustc/0e09125c6c3c2fd70d7de961bcf0e51575235fad/library/test/src/lib.rs:138:21
[INFO] [stdout]   13:     0x5592a3850536 - <alloc::boxed::Box<F,A> as core::ops::function::Fn<Args>>::call::hcb3fe3b9bb537ba8
[INFO] [stdout]                                at /rustc/0e09125c6c3c2fd70d7de961bcf0e51575235fad/library/alloc/src/boxed.rs:2029:9
[INFO] [stdout]   14:     0x5592a3850536 - std::panicking::rust_panic_with_hook::h0a7ad96e90f7145b
[INFO] [stdout]                                at /rustc/0e09125c6c3c2fd70d7de961bcf0e51575235fad/library/std/src/panicking.rs:783:13
[INFO] [stdout]   15:     0x5592a3850282 - std::panicking::begin_panic_handler::{{closure}}::h7919090525c6485e
[INFO] [stdout]                                at /rustc/0e09125c6c3c2fd70d7de961bcf0e51575235fad/library/std/src/panicking.rs:657:13
[INFO] [stdout]   16:     0x5592a384e8c6 - std::sys_common::backtrace::__rust_end_short_backtrace::hf3289479464f7dfe
[INFO] [stdout]                                at /rustc/0e09125c6c3c2fd70d7de961bcf0e51575235fad/library/std/src/sys_common/backtrace.rs:171:18
[INFO] [stdout]   17:     0x5592a384ffe0 - rust_begin_unwind
[INFO] [stdout]                                at /rustc/0e09125c6c3c2fd70d7de961bcf0e51575235fad/library/std/src/panicking.rs:645:5
[INFO] [stdout]   18:     0x5592a37bacd5 - core::panicking::panic_fmt::hcc9f77c5c132af55
[INFO] [stdout]                                at /rustc/0e09125c6c3c2fd70d7de961bcf0e51575235fad/library/core/src/panicking.rs:72:14
[INFO] [stdout]   19:     0x5592a37bb273 - core::result::unwrap_failed::hbe14f498be1452f9
[INFO] [stdout]                                at /rustc/0e09125c6c3c2fd70d7de961bcf0e51575235fad/library/core/src/result.rs:1649:5
[INFO] [stdout]   20:     0x5592a37e70a2 - core::result::Result<T,E>::unwrap::h4f3ec83b62ddec91
[INFO] [stdout]                                at /rustc/0e09125c6c3c2fd70d7de961bcf0e51575235fad/library/core/src/result.rs:1073:23
[INFO] [stdout]   21:     0x5592a37e905a - my_rust_project_one::vector_multiplication::dot_product_error_handling_zero_vector::h6b6351eaf9d75485
[INFO] [stdout]                                at /opt/rustwide/workdir/src/vector_multiplication.rs:136:17
[INFO] [stdout]   22:     0x5592a37e8f17 - my_rust_project_one::vector_multiplication::dot_product_error_handling_zero_vector::{{closure}}::h8af0fd0802c0ae26
[INFO] [stdout]                                at /opt/rustwide/workdir/src/vector_multiplication.rs:129:44
[INFO] [stdout]   23:     0x5592a37e6426 - core::ops::function::FnOnce::call_once::heaed49eda9ddd5b9
[INFO] [stdout]                                at /rustc/0e09125c6c3c2fd70d7de961bcf0e51575235fad/library/core/src/ops/function.rs:250:5
[INFO] [stdout]   24:     0x5592a3823e5f - core::ops::function::FnOnce::call_once::hd64d26f405258157
[INFO] [stdout]                                at /rustc/0e09125c6c3c2fd70d7de961bcf0e51575235fad/library/core/src/ops/function.rs:250:5
[INFO] [stdout]   25:     0x5592a3823e5f - test::__rust_begin_short_backtrace::he21b0b7a6d731bf9
[INFO] [stdout]                                at /rustc/0e09125c6c3c2fd70d7de961bcf0e51575235fad/library/test/src/lib.rs:627:18
[INFO] [stdout]   26:     0x5592a3822be1 - test::run_test_in_process::{{closure}}::hf5c73986d7bdfde2
[INFO] [stdout]                                at /rustc/0e09125c6c3c2fd70d7de961bcf0e51575235fad/library/test/src/lib.rs:650:60
[INFO] [stdout]   27:     0x5592a3822be1 - <core::panic::unwind_safe::AssertUnwindSafe<F> as core::ops::function::FnOnce<()>>::call_once::h330011ad032aadc0
[INFO] [stdout]                                at /rustc/0e09125c6c3c2fd70d7de961bcf0e51575235fad/library/core/src/panic/unwind_safe.rs:272:9
[INFO] [stdout]   28:     0x5592a3822be1 - std::panicking::try::do_call::he61b0a958b795a41
[INFO] [stdout]                                at /rustc/0e09125c6c3c2fd70d7de961bcf0e51575235fad/library/std/src/panicking.rs:552:40
[INFO] [stdout]   29:     0x5592a3822be1 - std::panicking::try::h7309da130f906eb7
[INFO] [stdout]                                at /rustc/0e09125c6c3c2fd70d7de961bcf0e51575235fad/library/std/src/panicking.rs:516:19
[INFO] [stdout]   30:     0x5592a3822be1 - std::panic::catch_unwind::hc5c3a06fdaf0a92a
[INFO] [stdout]                                at /rustc/0e09125c6c3c2fd70d7de961bcf0e51575235fad/library/std/src/panic.rs:142:14
[INFO] [stdout]   31:     0x5592a3822be1 - test::run_test_in_process::h7e7b7c71c3324e0f
[INFO] [stdout]                                at /rustc/0e09125c6c3c2fd70d7de961bcf0e51575235fad/library/test/src/lib.rs:650:27
[INFO] [stdout]   32:     0x5592a3822be1 - test::run_test::{{closure}}::h1f509f28f5cf20b1
[INFO] [stdout]                                at /rustc/0e09125c6c3c2fd70d7de961bcf0e51575235fad/library/test/src/lib.rs:573:43
[INFO] [stdout]   33:     0x5592a37e9f16 - test::run_test::{{closure}}::h1754218abf443f6d
[INFO] [stdout]                                at /rustc/0e09125c6c3c2fd70d7de961bcf0e51575235fad/library/test/src/lib.rs:601:41
[INFO] [stdout]   34:     0x5592a37e9f16 - std::sys_common::backtrace::__rust_begin_short_backtrace::h2ee174b9d5954948
[INFO] [stdout]                                at /rustc/0e09125c6c3c2fd70d7de961bcf0e51575235fad/library/std/src/sys_common/backtrace.rs:155:18
[INFO] [stdout]   35:     0x5592a37eef77 - std::thread::Builder::spawn_unchecked_::{{closure}}::{{closure}}::hf60bee9c1a17ef09
[INFO] [stdout]                                at /rustc/0e09125c6c3c2fd70d7de961bcf0e51575235fad/library/std/src/thread/mod.rs:529:17
[INFO] [stdout]   36:     0x5592a37eef77 - <core::panic::unwind_safe::AssertUnwindSafe<F> as core::ops::function::FnOnce<()>>::call_once::h33d0dddec5216160
[INFO] [stdout]                                at /rustc/0e09125c6c3c2fd70d7de961bcf0e51575235fad/library/core/src/panic/unwind_safe.rs:272:9
[INFO] [stdout]   37:     0x5592a37eef77 - std::panicking::try::do_call::h144b3048b546f835
[INFO] [stdout]                                at /rustc/0e09125c6c3c2fd70d7de961bcf0e51575235fad/library/std/src/panicking.rs:552:40
[INFO] [stdout]   38:     0x5592a37eef77 - std::panicking::try::h978244d04646189f
[INFO] [stdout]                                at /rustc/0e09125c6c3c2fd70d7de961bcf0e51575235fad/library/std/src/panicking.rs:516:19
[INFO] [stdout]   39:     0x5592a37eef77 - std::panic::catch_unwind::hdf436369d188fe86
[INFO] [stdout]                                at /rustc/0e09125c6c3c2fd70d7de961bcf0e51575235fad/library/std/src/panic.rs:142:14
[INFO] [stdout]   40:     0x5592a37eef77 - std::thread::Builder::spawn_unchecked_::{{closure}}::h87329cbdd33c79ec
[INFO] [stdout]                                at /rustc/0e09125c6c3c2fd70d7de961bcf0e51575235fad/library/std/src/thread/mod.rs:528:30
[INFO] [stdout]   41:     0x5592a37eef77 - core::ops::function::FnOnce::call_once{{vtable.shim}}::h401abbe67897d450
[INFO] [stdout]                                at /rustc/0e09125c6c3c2fd70d7de961bcf0e51575235fad/library/core/src/ops/function.rs:250:5
[INFO] [stdout]   42:     0x5592a3854fe5 - <alloc::boxed::Box<F,A> as core::ops::function::FnOnce<Args>>::call_once::h5d7c8f150ab9c84c
[INFO] [stdout]                                at /rustc/0e09125c6c3c2fd70d7de961bcf0e51575235fad/library/alloc/src/boxed.rs:2015:9
[INFO] [stdout]   43:     0x5592a3854fe5 - <alloc::boxed::Box<F,A> as core::ops::function::FnOnce<Args>>::call_once::h570d5b005c242c15
[INFO] [stdout]                                at /rustc/0e09125c6c3c2fd70d7de961bcf0e51575235fad/library/alloc/src/boxed.rs:2015:9
[INFO] [stdout]   44:     0x5592a3854fe5 - std::sys::unix::thread::Thread::new::thread_start::h36b0a20c0b2361ad
[INFO] [stdout]                                at /rustc/0e09125c6c3c2fd70d7de961bcf0e51575235fad/library/std/src/sys/unix/thread.rs:108:17
[INFO] [stdout]   45:     0x7f8db97f0ac3 - <unknown>
[INFO] [stdout]   46:     0x7f8db9881bf4 - __clone
[INFO] [stdout]   47:                0x0 - <unknown>
[INFO] [stdout] 
[INFO] [stdout] ---- vector_multiplication::dot_product_error_handling_unequal_length stdout ----
[INFO] [stdout] thread 'vector_multiplication::dot_product_error_handling_unequal_length' panicked at src/vector_multiplication.rs:120:24:
[INFO] [stdout] called `Result::unwrap()` on an `Err` value: VectorLengthsUnequal
[INFO] [stdout] stack backtrace:
[INFO] [stdout]    0:     0x5592a384e3c6 - std::backtrace_rs::backtrace::libunwind::trace::h261606ad26a499c1
[INFO] [stdout]                                at /rustc/0e09125c6c3c2fd70d7de961bcf0e51575235fad/library/std/src/../../backtrace/src/backtrace/libunwind.rs:104:5
[INFO] [stdout]    1:     0x5592a384e3c6 - std::backtrace_rs::backtrace::trace_unsynchronized::hd183f0625477fb28
[INFO] [stdout]                                at /rustc/0e09125c6c3c2fd70d7de961bcf0e51575235fad/library/std/src/../../backtrace/src/backtrace/mod.rs:66:5
[INFO] [stdout]    2:     0x5592a384e3c6 - std::sys_common::backtrace::_print_fmt::hd7f8fef21b4eda67
[INFO] [stdout]                                at /rustc/0e09125c6c3c2fd70d7de961bcf0e51575235fad/library/std/src/sys_common/backtrace.rs:68:5
[INFO] [stdout]    3:     0x5592a384e3c6 - <std::sys_common::backtrace::_print::DisplayBacktrace as core::fmt::Display>::fmt::h623d9b51f2f453f1
[INFO] [stdout]                                at /rustc/0e09125c6c3c2fd70d7de961bcf0e51575235fad/library/std/src/sys_common/backtrace.rs:44:22
[INFO] [stdout]    4:     0x5592a3877620 - core::fmt::rt::Argument::fmt::h9f417ac76a86f368
[INFO] [stdout]                                at /rustc/0e09125c6c3c2fd70d7de961bcf0e51575235fad/library/core/src/fmt/rt.rs:142:9
[INFO] [stdout]    5:     0x5592a3877620 - core::fmt::write::hc9b6faf4ac2aeff7
[INFO] [stdout]                                at /rustc/0e09125c6c3c2fd70d7de961bcf0e51575235fad/library/core/src/fmt/mod.rs:1120:17
[INFO] [stdout]    6:     0x5592a384be2f - std::io::Write::write_fmt::he04625a3a989fec3
[INFO] [stdout]                                at /rustc/0e09125c6c3c2fd70d7de961bcf0e51575235fad/library/std/src/io/mod.rs:1810:15
[INFO] [stdout]    7:     0x5592a384e1a4 - std::sys_common::backtrace::_print::hd5d66399c7df88a2
[INFO] [stdout]                                at /rustc/0e09125c6c3c2fd70d7de961bcf0e51575235fad/library/std/src/sys_common/backtrace.rs:47:5
[INFO] [stdout]    8:     0x5592a384e1a4 - std::sys_common::backtrace::print::he81ed2da642d37e5
[INFO] [stdout]                                at /rustc/0e09125c6c3c2fd70d7de961bcf0e51575235fad/library/std/src/sys_common/backtrace.rs:34:9
[INFO] [stdout]    9:     0x5592a384ff17 - std::panicking::default_hook::{{closure}}::h85773f4fa117163d
[INFO] [stdout]   10:     0x5592a384fbfd - std::panicking::default_hook::h6a1694a91d09b278
[INFO] [stdout]                                at /rustc/0e09125c6c3c2fd70d7de961bcf0e51575235fad/library/std/src/panicking.rs:289:9
[INFO] [stdout]   11:     0x5592a381e587 - <alloc::boxed::Box<F,A> as core::ops::function::Fn<Args>>::call::h616ac37fa3cd6c8f
[INFO] [stdout]                                at /rustc/0e09125c6c3c2fd70d7de961bcf0e51575235fad/library/alloc/src/boxed.rs:2029:9
[INFO] [stdout]   12:     0x5592a381e587 - test::test_main::{{closure}}::h00d84697cefdcbb6
[INFO] [stdout]                                at /rustc/0e09125c6c3c2fd70d7de961bcf0e51575235fad/library/test/src/lib.rs:138:21
[INFO] [stdout]   13:     0x5592a3850536 - <alloc::boxed::Box<F,A> as core::ops::function::Fn<Args>>::call::hcb3fe3b9bb537ba8
[INFO] [stdout]                                at /rustc/0e09125c6c3c2fd70d7de961bcf0e51575235fad/library/alloc/src/boxed.rs:2029:9
[INFO] [stdout]   14:     0x5592a3850536 - std::panicking::rust_panic_with_hook::h0a7ad96e90f7145b
[INFO] [stdout]                                at /rustc/0e09125c6c3c2fd70d7de961bcf0e51575235fad/library/std/src/panicking.rs:783:13
[INFO] [stdout]   15:     0x5592a3850282 - std::panicking::begin_panic_handler::{{closure}}::h7919090525c6485e
[INFO] [stdout]                                at /rustc/0e09125c6c3c2fd70d7de961bcf0e51575235fad/library/std/src/panicking.rs:657:13
[INFO] [stdout]   16:     0x5592a384e8c6 - std::sys_common::backtrace::__rust_end_short_backtrace::hf3289479464f7dfe
[INFO] [stdout]                                at /rustc/0e09125c6c3c2fd70d7de961bcf0e51575235fad/library/std/src/sys_common/backtrace.rs:171:18
[INFO] [stdout]   17:     0x5592a384ffe0 - rust_begin_unwind
[INFO] [stdout]                                at /rustc/0e09125c6c3c2fd70d7de961bcf0e51575235fad/library/std/src/panicking.rs:645:5
[INFO] [stdout]   18:     0x5592a37bacd5 - core::panicking::panic_fmt::hcc9f77c5c132af55
[INFO] [stdout]                                at /rustc/0e09125c6c3c2fd70d7de961bcf0e51575235fad/library/core/src/panicking.rs:72:14
[INFO] [stdout]   19:     0x5592a37bb273 - core::result::unwrap_failed::hbe14f498be1452f9
[INFO] [stdout]                                at /rustc/0e09125c6c3c2fd70d7de961bcf0e51575235fad/library/core/src/result.rs:1649:5
[INFO] [stdout]   20:     0x5592a37e70a2 - core::result::Result<T,E>::unwrap::h4f3ec83b62ddec91
[INFO] [stdout]                                at /rustc/0e09125c6c3c2fd70d7de961bcf0e51575235fad/library/core/src/result.rs:1073:23
[INFO] [stdout]   21:     0x5592a37e8b40 - my_rust_project_one::vector_multiplication::dot_product_error_handling_unequal_length::h650dab9272bceb50
[INFO] [stdout]                                at /opt/rustwide/workdir/src/vector_multiplication.rs:120:17
[INFO] [stdout]   22:     0x5592a37e8977 - my_rust_project_one::vector_multiplication::dot_product_error_handling_unequal_length::{{closure}}::h682cd487e1d85d42
[INFO] [stdout]                                at /opt/rustwide/workdir/src/vector_multiplication.rs:113:47
[INFO] [stdout]   23:     0x5592a37e6296 - core::ops::function::FnOnce::call_once::h7d53969c4a36becb
[INFO] [stdout]                                at /rustc/0e09125c6c3c2fd70d7de961bcf0e51575235fad/library/core/src/ops/function.rs:250:5
[INFO] [stdout]   24:     0x5592a3823e5f - core::ops::function::FnOnce::call_once::hd64d26f405258157
[INFO] [stdout]                                at /rustc/0e09125c6c3c2fd70d7de961bcf0e51575235fad/library/core/src/ops/function.rs:250:5
[INFO] [stdout]   25:     0x5592a3823e5f - test::__rust_begin_short_backtrace::he21b0b7a6d731bf9
[INFO] [stdout]                                at /rustc/0e09125c6c3c2fd70d7de961bcf0e51575235fad/library/test/src/lib.rs:627:18
[INFO] [stdout]   26:     0x5592a3822be1 - test::run_test_in_process::{{closure}}::hf5c73986d7bdfde2
[INFO] [stdout]                                at /rustc/0e09125c6c3c2fd70d7de961bcf0e51575235fad/library/test/src/lib.rs:650:60
[INFO] [stdout]   27:     0x5592a3822be1 - <core::panic::unwind_safe::AssertUnwindSafe<F> as core::ops::function::FnOnce<()>>::call_once::h330011ad032aadc0
[INFO] [stdout]                                at /rustc/0e09125c6c3c2fd70d7de961bcf0e51575235fad/library/core/src/panic/unwind_safe.rs:272:9
[INFO] [stdout]   28:     0x5592a3822be1 - std::panicking::try::do_call::he61b0a958b795a41
[INFO] [stdout]                                at /rustc/0e09125c6c3c2fd70d7de961bcf0e51575235fad/library/std/src/panicking.rs:552:40
[INFO] [stdout]   29:     0x5592a3822be1 - std::panicking::try::h7309da130f906eb7
[INFO] [stdout]                                at /rustc/0e09125c6c3c2fd70d7de961bcf0e51575235fad/library/std/src/panicking.rs:516:19
[INFO] [stdout]   30:     0x5592a3822be1 - std::panic::catch_unwind::hc5c3a06fdaf0a92a
[INFO] [stdout]                                at /rustc/0e09125c6c3c2fd70d7de961bcf0e51575235fad/library/std/src/panic.rs:142:14
[INFO] [stdout]   31:     0x5592a3822be1 - test::run_test_in_process::h7e7b7c71c3324e0f
[INFO] [stdout]                                at /rustc/0e09125c6c3c2fd70d7de961bcf0e51575235fad/library/test/src/lib.rs:650:27
[INFO] [stdout]   32:     0x5592a3822be1 - test::run_test::{{closure}}::h1f509f28f5cf20b1
[INFO] [stdout]                                at /rustc/0e09125c6c3c2fd70d7de961bcf0e51575235fad/library/test/src/lib.rs:573:43
[INFO] [stdout]   33:     0x5592a37e9f16 - test::run_test::{{closure}}::h1754218abf443f6d
[INFO] [stdout]                                at /rustc/0e09125c6c3c2fd70d7de961bcf0e51575235fad/library/test/src/lib.rs:601:41
[INFO] [stdout]   34:     0x5592a37e9f16 - std::sys_common::backtrace::__rust_begin_short_backtrace::h2ee174b9d5954948
[INFO] [stdout]                                at /rustc/0e09125c6c3c2fd70d7de961bcf0e51575235fad/library/std/src/sys_common/backtrace.rs:155:18
[INFO] [stdout]   35:     0x5592a37eef77 - std::thread::Builder::spawn_unchecked_::{{closure}}::{{closure}}::hf60bee9c1a17ef09
[INFO] [stdout]                                at /rustc/0e09125c6c3c2fd70d7de961bcf0e51575235fad/library/std/src/thread/mod.rs:529:17
[INFO] [stdout]   36:     0x5592a37eef77 - <core::panic::unwind_safe::AssertUnwindSafe<F> as core::ops::function::FnOnce<()>>::call_once::h33d0dddec5216160
[INFO] [stdout]                                at /rustc/0e09125c6c3c2fd70d7de961bcf0e51575235fad/library/core/src/panic/unwind_safe.rs:272:9
[INFO] [stdout]   37:     0x5592a37eef77 - std::panicking::try::do_call::h144b3048b546f835
[INFO] [stdout]                                at /rustc/0e09125c6c3c2fd70d7de961bcf0e51575235fad/library/std/src/panicking.rs:552:40
[INFO] [stdout]   38:     0x5592a37eef77 - std::panicking::try::h978244d04646189f
[INFO] [stdout]                                at /rustc/0e09125c6c3c2fd70d7de961bcf0e51575235fad/library/std/src/panicking.rs:516:19
[INFO] [stdout]   39:     0x5592a37eef77 - std::panic::catch_unwind::hdf436369d188fe86
[INFO] [stdout]                                at /rustc/0e09125c6c3c2fd70d7de961bcf0e51575235fad/library/std/src/panic.rs:142:14
[INFO] [stdout]   40:     0x5592a37eef77 - std::thread::Builder::spawn_unchecked_::{{closure}}::h87329cbdd33c79ec
[INFO] [stdout]                                at /rustc/0e09125c6c3c2fd70d7de961bcf0e51575235fad/library/std/src/thread/mod.rs:528:30
[INFO] [stdout]   41:     0x5592a37eef77 - core::ops::function::FnOnce::call_once{{vtable.shim}}::h401abbe67897d450
[INFO] [stdout]                                at /rustc/0e09125c6c3c2fd70d7de961bcf0e51575235fad/library/core/src/ops/function.rs:250:5
[INFO] [stdout]   42:     0x5592a3854fe5 - <alloc::boxed::Box<F,A> as core::ops::function::FnOnce<Args>>::call_once::h5d7c8f150ab9c84c
[INFO] [stdout]                                at /rustc/0e09125c6c3c2fd70d7de961bcf0e51575235fad/library/alloc/src/boxed.rs:2015:9
[INFO] [stdout]   43:     0x5592a3854fe5 - <alloc::boxed::Box<F,A> as core::ops::function::FnOnce<Args>>::call_once::h570d5b005c242c15
[INFO] [stdout]                                at /rustc/0e09125c6c3c2fd70d7de961bcf0e51575235fad/library/alloc/src/boxed.rs:2015:9
[INFO] [stdout]   44:     0x5592a3854fe5 - std::sys::unix::thread::Thread::new::thread_start::h36b0a20c0b2361ad
[INFO] [stdout]                                at /rustc/0e09125c6c3c2fd70d7de961bcf0e51575235fad/library/std/src/sys/unix/thread.rs:108:17
[INFO] [stdout]   45:     0x7f8db97f0ac3 - <unknown>
[INFO] [stdout]   46:     0x7f8db9881bf4 - __clone
[INFO] [stdout]   47:                0x0 - <unknown>
[INFO] [stdout] 
[INFO] [stdout] 
[INFO] [stdout] failures:
[INFO] [stdout]     vector_multiplication::dot_product_error_handling_unequal_length
[INFO] [stdout]     vector_multiplication::dot_product_error_handling_zero_vector
[INFO] [stdout] 
[INFO] [stdout] test result: FAILED. 5 passed; 2 failed; 0 ignored; 0 measured; 0 filtered out; finished in 0.04s
[INFO] [stdout] 
[INFO] running `Command { std: "docker" "inspect" "2b2a49985b45ab99162383e6172bd1f930f9398807ac27f00cc5a16589d520a9", kill_on_drop: false }`
[INFO] running `Command { std: "docker" "rm" "-f" "2b2a49985b45ab99162383e6172bd1f930f9398807ac27f00cc5a16589d520a9", kill_on_drop: false }`
[INFO] [stdout] 2b2a49985b45ab99162383e6172bd1f930f9398807ac27f00cc5a16589d520a9
