[INFO] cloning repository https://github.com/thankslyh/chat-server
[INFO] running `Command { std: "git" "-c" "credential.helper=" "-c" "credential.helper=/workspace/cargo-home/bin/git-credential-null" "clone" "--bare" "https://github.com/thankslyh/chat-server" "/workspace/cache/git-repos/https%3A%2F%2Fgithub.com%2Fthankslyh%2Fchat-server", kill_on_drop: false }`
[INFO] [stderr] Cloning into bare repository '/workspace/cache/git-repos/https%3A%2F%2Fgithub.com%2Fthankslyh%2Fchat-server'...
[INFO] running `Command { std: "git" "rev-parse" "HEAD", kill_on_drop: false }`
[INFO] [stdout] 2b34793c86c05d0142a7b01eb34ace7e2b9d9948
[INFO] testing thankslyh/chat-server against 1.75.0 for beta-1.76-1
[INFO] running `Command { std: "git" "clone" "/workspace/cache/git-repos/https%3A%2F%2Fgithub.com%2Fthankslyh%2Fchat-server" "/workspace/builds/worker-7-tc1/source", kill_on_drop: false }`
[INFO] [stderr] Cloning into '/workspace/builds/worker-7-tc1/source'...
[INFO] [stderr] done.
[INFO] validating manifest of git repo https://github.com/thankslyh/chat-server on toolchain 1.75.0
[INFO] running `Command { std: CARGO_HOME="/workspace/cargo-home" RUSTUP_HOME="/workspace/rustup-home" "/workspace/cargo-home/bin/cargo" "+1.75.0" "metadata" "--manifest-path" "Cargo.toml" "--no-deps", kill_on_drop: false }`
[INFO] started tweaking git repo https://github.com/thankslyh/chat-server
[INFO] finished tweaking git repo https://github.com/thankslyh/chat-server
[INFO] tweaked toml for git repo https://github.com/thankslyh/chat-server written to /workspace/builds/worker-7-tc1/source/Cargo.toml
[INFO] crate git repo https://github.com/thankslyh/chat-server already has a lockfile, it will not be regenerated
[INFO] running `Command { std: CARGO_HOME="/workspace/cargo-home" RUSTUP_HOME="/workspace/rustup-home" "/workspace/cargo-home/bin/cargo" "+1.75.0" "fetch" "--manifest-path" "Cargo.toml", kill_on_drop: false }`
[INFO] [stderr]  Downloading crates ...
[INFO] [stderr]   Downloaded sea-orm-macros v0.12.5
[INFO] [stderr]   Downloaded sea-query v0.30.2
[INFO] [stderr]   Downloaded sea-orm v0.12.5
[INFO] running `Command { std: "docker" "create" "-v" "/var/lib/crater-agent-workspace/builds/worker-7-tc1/target:/opt/rustwide/target:rw,Z" "-v" "/var/lib/crater-agent-workspace/builds/worker-7-tc1/source:/opt/rustwide/workdir:ro,Z" "-v" "/var/lib/crater-agent-workspace/cargo-home:/opt/rustwide/cargo-home:ro,Z" "-v" "/var/lib/crater-agent-workspace/rustup-home:/opt/rustwide/rustup-home:ro,Z" "-e" "SOURCE_DIR=/opt/rustwide/workdir" "-e" "CARGO_TARGET_DIR=/opt/rustwide/target" "-e" "CARGO_HOME=/opt/rustwide/cargo-home" "-e" "RUSTUP_HOME=/opt/rustwide/rustup-home" "-w" "/opt/rustwide/workdir" "-m" "1610612736" "--user" "0:0" "--network" "none" "ghcr.io/rust-lang/crates-build-env/linux@sha256:2788e3201cd34a07e3172128adcd8b3090168a8e3bcc40d7c032b9dda1df7d1c" "/opt/rustwide/cargo-home/bin/cargo" "+1.75.0" "metadata" "--no-deps" "--format-version=1", kill_on_drop: false }`
[INFO] [stdout] 166a7d1f7e5dfa2f759064b99af52c389ae7815f179c304f95d8ac38d1c9ffd6
[INFO] running `Command { std: "docker" "start" "-a" "166a7d1f7e5dfa2f759064b99af52c389ae7815f179c304f95d8ac38d1c9ffd6", kill_on_drop: false }`
[INFO] running `Command { std: "docker" "inspect" "166a7d1f7e5dfa2f759064b99af52c389ae7815f179c304f95d8ac38d1c9ffd6", kill_on_drop: false }`
[INFO] running `Command { std: "docker" "rm" "-f" "166a7d1f7e5dfa2f759064b99af52c389ae7815f179c304f95d8ac38d1c9ffd6", kill_on_drop: false }`
[INFO] [stdout] 166a7d1f7e5dfa2f759064b99af52c389ae7815f179c304f95d8ac38d1c9ffd6
[INFO] running `Command { std: "docker" "create" "-v" "/var/lib/crater-agent-workspace/builds/worker-7-tc1/target:/opt/rustwide/target:rw,Z" "-v" "/var/lib/crater-agent-workspace/builds/worker-7-tc1/source:/opt/rustwide/workdir:ro,Z" "-v" "/var/lib/crater-agent-workspace/cargo-home:/opt/rustwide/cargo-home:ro,Z" "-v" "/var/lib/crater-agent-workspace/rustup-home:/opt/rustwide/rustup-home:ro,Z" "-e" "SOURCE_DIR=/opt/rustwide/workdir" "-e" "CARGO_TARGET_DIR=/opt/rustwide/target" "-e" "CARGO_INCREMENTAL=0" "-e" "RUST_BACKTRACE=full" "-e" "RUSTFLAGS=--cap-lints=warn" "-e" "RUSTDOCFLAGS=--cap-lints=warn" "-e" "CARGO_HOME=/opt/rustwide/cargo-home" "-e" "RUSTUP_HOME=/opt/rustwide/rustup-home" "-w" "/opt/rustwide/workdir" "-m" "1610612736" "--user" "0:0" "--network" "none" "ghcr.io/rust-lang/crates-build-env/linux@sha256:2788e3201cd34a07e3172128adcd8b3090168a8e3bcc40d7c032b9dda1df7d1c" "/opt/rustwide/cargo-home/bin/cargo" "+1.75.0" "build" "--frozen" "--message-format=json", kill_on_drop: false }`
[INFO] [stdout] 3036822dd26d279e37da483266a158952089a98c8150cf72e27a8e351b1d9a3e
[INFO] running `Command { std: "docker" "start" "-a" "3036822dd26d279e37da483266a158952089a98c8150cf72e27a8e351b1d9a3e", kill_on_drop: false }`
[INFO] [stderr]    Compiling proc-macro2 v1.0.69
[INFO] [stderr]    Compiling unicode-ident v1.0.12
[INFO] [stderr]    Compiling libc v0.2.150
[INFO] [stderr]    Compiling autocfg v1.1.0
[INFO] [stderr]    Compiling cfg-if v1.0.0
[INFO] [stderr]    Compiling version_check v0.9.4
[INFO] [stderr]    Compiling pin-project-lite v0.2.13
[INFO] [stderr]    Compiling futures-core v0.3.29
[INFO] [stderr]    Compiling memchr v2.6.4
[INFO] [stderr]    Compiling serde v1.0.190
[INFO] [stderr]    Compiling typenum v1.17.0
[INFO] [stderr]    Compiling generic-array v0.14.7
[INFO] [stderr]    Compiling once_cell v1.18.0
[INFO] [stderr]    Compiling smallvec v1.11.1
[INFO] [stderr]    Compiling bytes v1.5.0
[INFO] [stderr]    Compiling const-oid v0.9.5
[INFO] [stderr]    Compiling libm v0.2.8
[INFO] [stderr]    Compiling num-traits v0.2.17
[INFO] [stderr]    Compiling lock_api v0.4.11
[INFO] [stderr]    Compiling quote v1.0.33
[INFO] [stderr]    Compiling syn v2.0.39
[INFO] [stderr]    Compiling itoa v1.0.9
[INFO] [stderr]    Compiling getrandom v0.2.10
[INFO] [stderr]    Compiling jobserver v0.1.27
[INFO] [stderr]    Compiling parking_lot_core v0.9.9
[INFO] [stderr]    Compiling scopeguard v1.2.0
[INFO] [stderr]    Compiling subtle v2.5.0
[INFO] [stderr]    Compiling socket2 v0.5.5
[INFO] [stderr]    Compiling cc v1.0.83
[INFO] [stderr]    Compiling tracing-core v0.1.32
[INFO] [stderr]    Compiling rand_core v0.6.4
[INFO] [stderr]    Compiling block-buffer v0.10.4
[INFO] [stderr]    Compiling crypto-common v0.1.6
[INFO] [stderr]    Compiling digest v0.10.7
[INFO] [stderr]    Compiling parking_lot v0.12.1
[INFO] [stderr]    Compiling slab v0.4.9
[INFO] [stderr]    Compiling syn v1.0.109
[INFO] [stderr]    Compiling ppv-lite86 v0.2.17
[INFO] [stderr]    Compiling log v0.4.20
[INFO] [stderr]    Compiling futures-channel v0.3.29
[INFO] [stderr]    Compiling futures-task v0.3.29
[INFO] [stderr]    Compiling num-integer v0.1.45
[INFO] [stderr]    Compiling pin-utils v0.1.0
[INFO] [stderr]    Compiling futures-io v0.3.29
[INFO] [stderr]    Compiling rand_chacha v0.3.1
[INFO] [stderr]    Compiling ahash v0.8.6
[INFO] [stderr]    Compiling percent-encoding v2.3.0
[INFO] [stderr]    Compiling tinyvec_macros v0.1.1
[INFO] [stderr]    Compiling futures-sink v0.3.29
[INFO] [stderr]    Compiling powerfmt v0.2.0
[INFO] [stderr]    Compiling ring v0.17.5
[INFO] [stderr]    Compiling tinyvec v1.6.0
[INFO] [stderr]    Compiling mio v0.8.9
[INFO] [stderr]    Compiling signal-hook-registry v1.4.1
[INFO] [stderr]    Compiling cpufeatures v0.2.11
[INFO] [stderr]    Compiling zerocopy v0.7.25
[INFO] [stderr]    Compiling paste v1.0.14
[INFO] [stderr]    Compiling time-core v0.1.2
[INFO] [stderr]    Compiling tokio v1.34.0
[INFO] [stderr]    Compiling time-macros v0.2.15
[INFO] [stderr]    Compiling serde_json v1.0.108
[INFO] [stderr]    Compiling crossbeam-utils v0.8.18
[INFO] [stderr]    Compiling unicode-normalization v0.1.22
[INFO] [stderr]    Compiling unicode-bidi v0.3.13
[INFO] [stderr]    Compiling zeroize v1.6.0
[INFO] [stderr]    Compiling ryu v1.0.15
[INFO] [stderr]    Compiling form_urlencoded v1.2.0
[INFO] [stderr]    Compiling base64ct v1.6.0
[INFO] [stderr]    Compiling untrusted v0.9.0
[INFO] [stderr]    Compiling spin v0.9.8
[INFO] [stderr]    Compiling futures-util v0.3.29
[INFO] [stderr]    Compiling pem-rfc7468 v0.7.0
[INFO] [stderr]    Compiling idna v0.4.0
[INFO] [stderr]    Compiling num-iter v0.1.43
[INFO] [stderr]    Compiling num-bigint v0.4.4
[INFO] [stderr]    Compiling rust_decimal v1.32.0
[INFO] [stderr]    Compiling byteorder v1.5.0
[INFO] [stderr]    Compiling base64 v0.21.5
[INFO] [stderr]    Compiling der v0.7.8
[INFO] [stderr]    Compiling rand v0.8.5
[INFO] [stderr]    Compiling spin v0.5.2
[INFO] [stderr]    Compiling num-bigint-dig v0.8.4
[INFO] [stderr]    Compiling iana-time-zone v0.1.58
[INFO] [stderr]    Compiling arrayvec v0.7.4
[INFO] [stderr]    Compiling minimal-lexical v0.2.1
[INFO] [stderr]    Compiling allocator-api2 v0.2.16
[INFO] [stderr]    Compiling lazy_static v1.4.0
[INFO] [stderr]    Compiling nom v7.1.3
[INFO] [stderr]    Compiling hashbrown v0.14.2
[INFO] [stderr]    Compiling rustls v0.21.8
[INFO] [stderr]    Compiling unicode_categories v0.1.1
[INFO] [stderr]    Compiling thiserror v1.0.50
[INFO] [stderr]    Compiling serde_derive v1.0.190
[INFO] [stderr]    Compiling tracing-attributes v0.1.27
[INFO] [stderr]    Compiling futures-macro v0.3.29
[INFO] [stderr]    Compiling spki v0.7.2
[INFO] [stderr]    Compiling crossbeam-queue v0.3.8
[INFO] [stderr]    Compiling pkcs8 v0.10.2
[INFO] [stderr]    Compiling bigdecimal v0.3.1
[INFO] [stderr]    Compiling thiserror-impl v1.0.50
[INFO] [stderr]    Compiling equivalent v1.0.1
[INFO] [stderr]    Compiling linux-raw-sys v0.4.10
[INFO] [stderr]    Compiling crc-catalog v2.4.0
[INFO] [stderr]    Compiling unicode-segmentation v1.10.1
[INFO] [stderr]    Compiling crc v3.0.1
[INFO] [stderr]    Compiling indexmap v2.1.0
[INFO] [stderr]    Compiling pkcs1 v0.7.5
[INFO] [stderr]    Compiling heck v0.4.1
[INFO] [stderr]    Compiling tracing v0.1.40
[INFO] [stderr]    Compiling hashlink v0.8.4
[INFO] [stderr]    Compiling rustls-pemfile v1.0.3
[INFO] [stderr]    Compiling atoi v2.0.0
[INFO] [stderr]    Compiling signature v2.1.0
[INFO] [stderr]    Compiling futures-intrusive v0.5.0
[INFO] [stderr]    Compiling hex v0.4.3
[INFO] [stderr]    Compiling dotenvy v0.15.7
[INFO] [stderr]    Compiling pkg-config v0.3.27
[INFO] [stderr]    Compiling event-listener v2.5.3
[INFO] [stderr]    Compiling deranged v0.3.9
[INFO] [stderr]    Compiling hmac v0.12.1
[INFO] [stderr]    Compiling aho-corasick v1.1.2
[INFO] [stderr]    Compiling zstd-sys v2.0.9+zstd.1.5.5
[INFO] [stderr]    Compiling proc-macro-error-attr v1.0.4
[INFO] [stderr]    Compiling regex-syntax v0.8.2
[INFO] [stderr]    Compiling rustix v0.38.21
[INFO] [stderr]    Compiling finl_unicode v1.2.0
[INFO] [stderr]    Compiling fnv v1.0.7
[INFO] [stderr]    Compiling http v0.2.9
[INFO] [stderr]    Compiling stringprep v0.1.4
[INFO] [stderr]    Compiling time v0.3.30
[INFO] [stderr]    Compiling regex-automata v0.4.3
[INFO] [stderr]    Compiling hkdf v0.12.3
[INFO] [stderr]    Compiling bitflags v2.4.1
[INFO] [stderr]    Compiling either v1.9.0
[INFO] [stderr]    Compiling tokio-stream v0.1.14
[INFO] [stderr]    Compiling chrono v0.4.31
[INFO] [stderr]    Compiling itertools v0.11.0
[INFO] [stderr]    Compiling sqlformat v0.2.2
[INFO] [stderr]    Compiling url v2.4.1
[INFO] [stderr]    Compiling sha1 v0.10.6
[INFO] [stderr]    Compiling sha2 v0.10.8
[INFO] [stderr]    Compiling md-5 v0.10.6
[INFO] [stderr]    Compiling proc-macro-error v1.0.4
[INFO] [stderr]    Compiling uuid v1.5.0
[INFO] [stderr]    Compiling whoami v1.4.1
[INFO] [stderr]    Compiling regex v1.10.2
[INFO] [stderr]    Compiling rsa v0.9.3
[INFO] [stderr]    Compiling tokio-util v0.7.10
[INFO] [stderr]    Compiling bytestring v1.3.1
[INFO] [stderr]    Compiling indexmap v1.9.3
[INFO] [stderr]    Compiling zstd-safe v6.0.6
[INFO] [stderr]    Compiling crc32fast v1.3.2
[INFO] [stderr]    Compiling fastrand v2.0.1
[INFO] [stderr]    Compiling alloc-no-stdlib v2.0.4
[INFO] [stderr]    Compiling local-waker v0.1.4
[INFO] [stderr]    Compiling alloc-stdlib v0.2.2
[INFO] [stderr]    Compiling tempfile v3.8.1
[INFO] [stderr]    Compiling actix-rt v2.9.0
[INFO] [stderr]    Compiling httparse v1.8.0
[INFO] [stderr]    Compiling adler v1.0.2
[INFO] [stderr]    Compiling hashbrown v0.12.3
[INFO] [stderr]    Compiling miniz_oxide v0.7.1
[INFO] [stderr]    Compiling brotli-decompressor v2.5.1
[INFO] [stderr]    Compiling actix-utils v3.0.1
[INFO] [stderr]    Compiling actix-service v2.0.2
[INFO] [stderr]    Compiling cookie v0.16.2
[INFO] [stderr]    Compiling bitflags v1.3.2
[INFO] [stderr]    Compiling convert_case v0.4.0
[INFO] [stderr]    Compiling actix-codec v0.5.1
[INFO] [stderr]    Compiling h2 v0.3.21
[INFO] [stderr]    Compiling flate2 v1.0.28
[INFO] [stderr]    Compiling derive_more v0.99.17
[INFO] [stderr]    Compiling brotli v3.4.0
[INFO] [stderr]    Compiling local-channel v0.1.5
[INFO] [stderr]    Compiling actix-router v0.5.1
[INFO] [stderr]    Compiling derivative v2.2.0
[INFO] [stderr]    Compiling inherent v1.0.10
[INFO] [stderr]    Compiling actix-macros v0.2.4
[INFO] [stderr]    Compiling ordered-float v3.9.2
[INFO] [stderr]    Compiling encoding_rs v0.8.33
[INFO] [stderr]    Compiling language-tags v0.3.2
[INFO] [stderr]    Compiling async-trait v0.1.74
[INFO] [stderr]    Compiling httpdate v1.0.3
[INFO] [stderr]    Compiling mime v0.3.17
[INFO] [stderr]    Compiling actix-web-codegen v4.2.2
[INFO] [stderr]    Compiling actix-server v2.3.0
[INFO] [stderr]    Compiling sea-query v0.30.2
[INFO] [stderr]    Compiling ouroboros_macro v0.17.2
[INFO] [stderr]    Compiling sea-bae v0.2.0
[INFO] [stderr]    Compiling serde_urlencoded v0.7.1
[INFO] [stderr]    Compiling actix_derive v0.6.0
[INFO] [stderr]    Compiling async-stream-impl v0.3.5
[INFO] [stderr]    Compiling crossbeam-channel v0.5.10
[INFO] [stderr]    Compiling anyhow v1.0.75
[INFO] [stderr]    Compiling static_assertions v1.1.0
[INFO] [stderr]    Compiling aliasable v0.1.3
[INFO] [stderr]    Compiling sea-orm-macros v0.12.5
[INFO] [stderr]    Compiling async-stream v0.3.5
[INFO] [stderr]    Compiling ouroboros v0.17.2
[INFO] [stderr]    Compiling actix v0.13.1
[INFO] [stderr]    Compiling is-terminal v0.4.9
[INFO] [stderr]    Compiling futures v0.3.29
[INFO] [stderr]    Compiling termcolor v1.3.0
[INFO] [stderr]    Compiling strum v0.25.0
[INFO] [stderr]    Compiling humantime v2.1.0
[INFO] [stderr]    Compiling env_logger v0.10.0
[INFO] [stderr]    Compiling tokio-macros v2.1.0
[INFO] [stderr]    Compiling rustls-webpki v0.101.7
[INFO] [stderr]    Compiling sct v0.7.1
[INFO] [stderr]    Compiling webpki-roots v0.24.0
[INFO] [stderr]    Compiling zstd v0.12.4
[INFO] [stderr]    Compiling actix-http v3.4.0
[INFO] [stderr]    Compiling sqlx-core v0.7.2
[INFO] [stderr]    Compiling actix-web v4.4.0
[INFO] [stderr]    Compiling sqlx-mysql v0.7.2
[INFO] [stderr]    Compiling sqlx-macros-core v0.7.2
[INFO] [stderr]    Compiling actix-web-actors v4.2.0
[INFO] [stderr]    Compiling sqlx-macros v0.7.2
[INFO] [stderr]    Compiling sqlx v0.7.2
[INFO] [stderr]    Compiling sea-query-binder v0.5.0
[INFO] [stderr]    Compiling sea-orm v0.12.5
[INFO] [stderr]    Compiling chat-server v0.1.0 (/opt/rustwide/workdir)
[INFO] [stdout] warning: unused import: `std::error::Error`
[INFO] [stdout]  --> src/errors.rs:6:5
[INFO] [stdout]   |
[INFO] [stdout] 6 | use std::error::Error;
[INFO] [stdout]   |     ^^^^^^^^^^^^^^^^^
[INFO] [stdout]   |
[INFO] [stdout]   = note: `#[warn(unused_imports)]` on by default
[INFO] [stdout] 
[INFO] [stdout] 
[INFO] [stdout] warning: unused imports: `Display`, `Formatter`
[INFO] [stdout]  --> src/errors.rs:7:16
[INFO] [stdout]   |
[INFO] [stdout] 7 | use std::fmt::{Display, Formatter};
[INFO] [stdout]   |                ^^^^^^^  ^^^^^^^^^
[INFO] [stdout] 
[INFO] [stdout] 
[INFO] [stdout] warning: unused imports: `Display`, `Formatter`
[INFO] [stdout]  --> src/model/user.rs:6:16
[INFO] [stdout]   |
[INFO] [stdout] 6 | use std::fmt::{Display, Formatter};
[INFO] [stdout]   |                ^^^^^^^  ^^^^^^^^^
[INFO] [stdout] 
[INFO] [stdout] 
[INFO] [stdout] warning: unused imports: `HttpServer`, `Scope`
[INFO] [stdout]  --> src/routes.rs:6:47
[INFO] [stdout]   |
[INFO] [stdout] 6 | use actix_web::{get, post, web, HttpResponse, HttpServer, Scope};
[INFO] [stdout]   |                                               ^^^^^^^^^^  ^^^^^
[INFO] [stdout] 
[INFO] [stdout] 
[INFO] [stdout] warning: unused import: `serde::de::DeserializeOwned`
[INFO] [stdout]  --> src/routes.rs:7:5
[INFO] [stdout]   |
[INFO] [stdout] 7 | use serde::de::DeserializeOwned;
[INFO] [stdout]   |     ^^^^^^^^^^^^^^^^^^^^^^^^^^^
[INFO] [stdout] 
[INFO] [stdout] 
[INFO] [stdout] warning: unused import: `std::time`
[INFO] [stdout]  --> src/service.rs:1:5
[INFO] [stdout]   |
[INFO] [stdout] 1 | use std::time;
[INFO] [stdout]   |     ^^^^^^^^^
[INFO] [stdout] 
[INFO] [stdout] 
[INFO] [stdout] warning: unused import: `log::logger`
[INFO] [stdout]  --> src/socket/session.rs:5:5
[INFO] [stdout]   |
[INFO] [stdout] 5 | use log::logger;
[INFO] [stdout]   |     ^^^^^^^^^^^
[INFO] [stdout] 
[INFO] [stdout] 
[INFO] [stdout] warning: unused variable: `ctx`
[INFO] [stdout]   --> src/socket/server.rs:61:40
[INFO] [stdout]    |
[INFO] [stdout] 61 |     fn handle(&mut self, msg: Connect, ctx: &mut Self::Context) -> Self::Result {
[INFO] [stdout]    |                                        ^^^ help: if this is intentional, prefix it with an underscore: `_ctx`
[INFO] [stdout]    |
[INFO] [stdout]    = note: `#[warn(unused_variables)]` on by default
[INFO] [stdout] 
[INFO] [stdout] 
[INFO] [stdout] warning: unused variable: `ctx`
[INFO] [stdout]   --> src/socket/server.rs:72:43
[INFO] [stdout]    |
[INFO] [stdout] 72 |     fn handle(&mut self, msg: Disconnect, ctx: &mut Self::Context) -> Self::Result {
[INFO] [stdout]    |                                           ^^^ help: if this is intentional, prefix it with an underscore: `_ctx`
[INFO] [stdout] 
[INFO] [stdout] 
[INFO] [stdout] warning: unused variable: `ctx`
[INFO] [stdout]   --> src/socket/server.rs:80:46
[INFO] [stdout]    |
[INFO] [stdout] 80 |     fn handle(&mut self, msg: ClientMessage, ctx: &mut Self::Context) -> Self::Result {
[INFO] [stdout]    |                                              ^^^ help: if this is intentional, prefix it with an underscore: `_ctx`
[INFO] [stdout] 
[INFO] [stdout] 
[INFO] [stdout] warning: unused variable: `ctx`
[INFO] [stdout]   --> src/socket/session.rs:76:28
[INFO] [stdout]    |
[INFO] [stdout] 76 |     fn stopping(&mut self, ctx: &mut Self::Context) -> Running {
[INFO] [stdout]    |                            ^^^ help: if this is intentional, prefix it with an underscore: `_ctx`
[INFO] [stdout] 
[INFO] [stdout] 
[INFO] [stdout] warning: 11 warnings emitted
[INFO] [stdout] 
[INFO] [stdout] 
[INFO] [stdout] warning: unused import: `actix_web_actors::ws`
[INFO] [stdout]  --> bin/main.rs:3:5
[INFO] [stdout]   |
[INFO] [stdout] 3 | use actix_web_actors::ws;
[INFO] [stdout]   |     ^^^^^^^^^^^^^^^^^^^^
[INFO] [stdout]   |
[INFO] [stdout]   = note: `#[warn(unused_imports)]` on by default
[INFO] [stdout] 
[INFO] [stdout] 
[INFO] [stdout] warning: 1 warning emitted
[INFO] [stdout] 
[INFO] [stdout] 
[INFO] [stderr]     Finished dev [unoptimized + debuginfo] target(s) in 1m 18s
[INFO] running `Command { std: "docker" "inspect" "3036822dd26d279e37da483266a158952089a98c8150cf72e27a8e351b1d9a3e", kill_on_drop: false }`
[INFO] running `Command { std: "docker" "rm" "-f" "3036822dd26d279e37da483266a158952089a98c8150cf72e27a8e351b1d9a3e", kill_on_drop: false }`
[INFO] [stdout] 3036822dd26d279e37da483266a158952089a98c8150cf72e27a8e351b1d9a3e
[INFO] running `Command { std: "docker" "create" "-v" "/var/lib/crater-agent-workspace/builds/worker-7-tc1/target:/opt/rustwide/target:rw,Z" "-v" "/var/lib/crater-agent-workspace/builds/worker-7-tc1/source:/opt/rustwide/workdir:ro,Z" "-v" "/var/lib/crater-agent-workspace/cargo-home:/opt/rustwide/cargo-home:ro,Z" "-v" "/var/lib/crater-agent-workspace/rustup-home:/opt/rustwide/rustup-home:ro,Z" "-e" "SOURCE_DIR=/opt/rustwide/workdir" "-e" "CARGO_TARGET_DIR=/opt/rustwide/target" "-e" "CARGO_INCREMENTAL=0" "-e" "RUST_BACKTRACE=full" "-e" "RUSTFLAGS=--cap-lints=warn" "-e" "RUSTDOCFLAGS=--cap-lints=warn" "-e" "CARGO_HOME=/opt/rustwide/cargo-home" "-e" "RUSTUP_HOME=/opt/rustwide/rustup-home" "-w" "/opt/rustwide/workdir" "-m" "1610612736" "--user" "0:0" "--network" "none" "ghcr.io/rust-lang/crates-build-env/linux@sha256:2788e3201cd34a07e3172128adcd8b3090168a8e3bcc40d7c032b9dda1df7d1c" "/opt/rustwide/cargo-home/bin/cargo" "+1.75.0" "test" "--frozen" "--no-run" "--message-format=json", kill_on_drop: false }`
[INFO] [stdout] f0ca77892d81c9be4d3ed89f86a470b585096ddedb2e3a7a20b6943435a286bc
[INFO] running `Command { std: "docker" "start" "-a" "f0ca77892d81c9be4d3ed89f86a470b585096ddedb2e3a7a20b6943435a286bc", kill_on_drop: false }`
[INFO] [stdout] warning: unused import: `std::error::Error`
[INFO] [stdout]  --> src/errors.rs:6:5
[INFO] [stdout]   |
[INFO] [stdout] 6 | use std::error::Error;
[INFO] [stdout]   |     ^^^^^^^^^^^^^^^^^
[INFO] [stdout]   |
[INFO] [stdout]   = note: `#[warn(unused_imports)]` on by default
[INFO] [stdout] 
[INFO] [stdout] 
[INFO] [stdout] warning: unused imports: `Display`, `Formatter`
[INFO] [stdout]  --> src/errors.rs:7:16
[INFO] [stdout]   |
[INFO] [stdout] 7 | use std::fmt::{Display, Formatter};
[INFO] [stdout]   |                ^^^^^^^  ^^^^^^^^^
[INFO] [stdout] 
[INFO] [stdout] 
[INFO] [stdout] warning: unused imports: `Display`, `Formatter`
[INFO] [stdout]  --> src/model/user.rs:6:16
[INFO] [stdout]   |
[INFO] [stdout] 6 | use std::fmt::{Display, Formatter};
[INFO] [stdout]   |                ^^^^^^^  ^^^^^^^^^
[INFO] [stdout] 
[INFO] [stdout] 
[INFO] [stdout] warning: unused imports: `HttpServer`, `Scope`
[INFO] [stdout]  --> src/routes.rs:6:47
[INFO] [stdout]   |
[INFO] [stdout] 6 | use actix_web::{get, post, web, HttpResponse, HttpServer, Scope};
[INFO] [stdout]   |                                               ^^^^^^^^^^  ^^^^^
[INFO] [stdout] 
[INFO] [stdout] 
[INFO] [stdout] warning: unused import: `serde::de::DeserializeOwned`
[INFO] [stdout]  --> src/routes.rs:7:5
[INFO] [stdout]   |
[INFO] [stdout] 7 | use serde::de::DeserializeOwned;
[INFO] [stdout]   |     ^^^^^^^^^^^^^^^^^^^^^^^^^^^
[INFO] [stdout] 
[INFO] [stdout] 
[INFO] [stdout] warning: unused import: `std::time`
[INFO] [stdout]  --> src/service.rs:1:5
[INFO] [stdout]   |
[INFO] [stdout] 1 | use std::time;
[INFO] [stdout]   |     ^^^^^^^^^
[INFO] [stdout] 
[INFO] [stdout] 
[INFO] [stdout] warning: unused import: `log::logger`
[INFO] [stdout]  --> src/socket/session.rs:5:5
[INFO] [stdout]   |
[INFO] [stdout] 5 | use log::logger;
[INFO] [stdout]   |     ^^^^^^^^^^^
[INFO] [stdout] 
[INFO] [stdout] 
[INFO] [stdout] warning: unused variable: `ctx`
[INFO] [stdout]   --> src/socket/server.rs:61:40
[INFO] [stdout]    |
[INFO] [stdout] 61 |     fn handle(&mut self, msg: Connect, ctx: &mut Self::Context) -> Self::Result {
[INFO] [stdout]    |                                        ^^^ help: if this is intentional, prefix it with an underscore: `_ctx`
[INFO] [stdout]    |
[INFO] [stdout]    = note: `#[warn(unused_variables)]` on by default
[INFO] [stdout] 
[INFO] [stdout] 
[INFO] [stdout] warning: unused variable: `ctx`
[INFO] [stdout]   --> src/socket/server.rs:72:43
[INFO] [stdout]    |
[INFO] [stdout] 72 |     fn handle(&mut self, msg: Disconnect, ctx: &mut Self::Context) -> Self::Result {
[INFO] [stdout]    |                                           ^^^ help: if this is intentional, prefix it with an underscore: `_ctx`
[INFO] [stdout] 
[INFO] [stdout] 
[INFO] [stdout] warning: unused variable: `ctx`
[INFO] [stdout]   --> src/socket/server.rs:80:46
[INFO] [stdout]    |
[INFO] [stdout] 80 |     fn handle(&mut self, msg: ClientMessage, ctx: &mut Self::Context) -> Self::Result {
[INFO] [stdout]    |                                              ^^^ help: if this is intentional, prefix it with an underscore: `_ctx`
[INFO] [stdout] 
[INFO] [stdout] 
[INFO] [stderr]    Compiling chat-server v0.1.0 (/opt/rustwide/workdir)
[INFO] [stdout] warning: unused variable: `ctx`
[INFO] [stdout]   --> src/socket/session.rs:76:28
[INFO] [stdout]    |
[INFO] [stdout] 76 |     fn stopping(&mut self, ctx: &mut Self::Context) -> Running {
[INFO] [stdout]    |                            ^^^ help: if this is intentional, prefix it with an underscore: `_ctx`
[INFO] [stdout] 
[INFO] [stdout] 
[INFO] [stdout] warning: 11 warnings emitted
[INFO] [stdout] 
[INFO] [stdout] 
[INFO] [stdout] warning: unused import: `actix_web_actors::ws`
[INFO] [stdout]  --> bin/main.rs:3:5
[INFO] [stdout]   |
[INFO] [stdout] 3 | use actix_web_actors::ws;
[INFO] [stdout]   |     ^^^^^^^^^^^^^^^^^^^^
[INFO] [stdout]   |
[INFO] [stdout]   = note: `#[warn(unused_imports)]` on by default
[INFO] [stdout] 
[INFO] [stdout] 
[INFO] [stdout] warning: unused import: `std::error::Error`
[INFO] [stdout]  --> src/errors.rs:6:5
[INFO] [stdout]   |
[INFO] [stdout] 6 | use std::error::Error;
[INFO] [stdout]   |     ^^^^^^^^^^^^^^^^^
[INFO] [stdout]   |
[INFO] [stdout]   = note: `#[warn(unused_imports)]` on by default
[INFO] [stdout] 
[INFO] [stdout] 
[INFO] [stdout] warning: unused imports: `Display`, `Formatter`
[INFO] [stdout]  --> src/errors.rs:7:16
[INFO] [stdout]   |
[INFO] [stdout] 7 | use std::fmt::{Display, Formatter};
[INFO] [stdout]   |                ^^^^^^^  ^^^^^^^^^
[INFO] [stdout] 
[INFO] [stdout] 
[INFO] [stdout] warning: unused imports: `Display`, `Formatter`
[INFO] [stdout]  --> src/model/user.rs:6:16
[INFO] [stdout]   |
[INFO] [stdout] 6 | use std::fmt::{Display, Formatter};
[INFO] [stdout]   |                ^^^^^^^  ^^^^^^^^^
[INFO] [stdout] 
[INFO] [stdout] 
[INFO] [stdout] warning: unused imports: `ActiveModel`, `Model`, `Mutation`
[INFO] [stdout]    --> src/model/user.rs:108:30
[INFO] [stdout]     |
[INFO] [stdout] 108 |     use crate::model::user::{ActiveModel, Model, Mutation, Query, Sex};
[INFO] [stdout]     |                              ^^^^^^^^^^^  ^^^^^  ^^^^^^^^
[INFO] [stdout] 
[INFO] [stdout] 
[INFO] [stdout] warning: unused imports: `HttpServer`, `Scope`
[INFO] [stdout]  --> src/routes.rs:6:47
[INFO] [stdout]   |
[INFO] [stdout] 6 | use actix_web::{get, post, web, HttpResponse, HttpServer, Scope};
[INFO] [stdout]   |                                               ^^^^^^^^^^  ^^^^^
[INFO] [stdout] 
[INFO] [stdout] 
[INFO] [stdout] warning: unused import: `serde::de::DeserializeOwned`
[INFO] [stdout]  --> src/routes.rs:7:5
[INFO] [stdout]   |
[INFO] [stdout] 7 | use serde::de::DeserializeOwned;
[INFO] [stdout]   |     ^^^^^^^^^^^^^^^^^^^^^^^^^^^
[INFO] [stdout] 
[INFO] [stdout] 
[INFO] [stdout] warning: unused import: `std::time`
[INFO] [stdout]  --> src/service.rs:1:5
[INFO] [stdout]   |
[INFO] [stdout] 1 | use std::time;
[INFO] [stdout]   |     ^^^^^^^^^
[INFO] [stdout] 
[INFO] [stdout] 
[INFO] [stdout] warning: unused import: `log::logger`
[INFO] [stdout]  --> src/socket/session.rs:5:5
[INFO] [stdout]   |
[INFO] [stdout] 5 | use log::logger;
[INFO] [stdout]   |     ^^^^^^^^^^^
[INFO] [stdout] 
[INFO] [stdout] 
[INFO] [stdout] warning: unused variable: `ctx`
[INFO] [stdout]   --> src/socket/server.rs:61:40
[INFO] [stdout]    |
[INFO] [stdout] 61 |     fn handle(&mut self, msg: Connect, ctx: &mut Self::Context) -> Self::Result {
[INFO] [stdout]    |                                        ^^^ help: if this is intentional, prefix it with an underscore: `_ctx`
[INFO] [stdout]    |
[INFO] [stdout]    = note: `#[warn(unused_variables)]` on by default
[INFO] [stdout] 
[INFO] [stdout] 
[INFO] [stdout] warning: unused variable: `ctx`
[INFO] [stdout]   --> src/socket/server.rs:72:43
[INFO] [stdout]    |
[INFO] [stdout] 72 |     fn handle(&mut self, msg: Disconnect, ctx: &mut Self::Context) -> Self::Result {
[INFO] [stdout]    |                                           ^^^ help: if this is intentional, prefix it with an underscore: `_ctx`
[INFO] [stdout] 
[INFO] [stdout] 
[INFO] [stdout] warning: unused variable: `ctx`
[INFO] [stdout]   --> src/socket/server.rs:80:46
[INFO] [stdout]    |
[INFO] [stdout] 80 |     fn handle(&mut self, msg: ClientMessage, ctx: &mut Self::Context) -> Self::Result {
[INFO] [stdout]    |                                              ^^^ help: if this is intentional, prefix it with an underscore: `_ctx`
[INFO] [stdout] 
[INFO] [stdout] 
[INFO] [stdout] warning: unused variable: `ctx`
[INFO] [stdout]   --> src/socket/session.rs:76:28
[INFO] [stdout]    |
[INFO] [stdout] 76 |     fn stopping(&mut self, ctx: &mut Self::Context) -> Running {
[INFO] [stdout]    |                            ^^^ help: if this is intentional, prefix it with an underscore: `_ctx`
[INFO] [stdout] 
[INFO] [stdout] 
[INFO] [stdout] warning: 1 warning emitted
[INFO] [stdout] 
[INFO] [stdout] 
[INFO] [stdout] warning: 12 warnings emitted
[INFO] [stdout] 
[INFO] [stdout] 
[INFO] [stderr]     Finished test [unoptimized + debuginfo] target(s) in 4.37s
[INFO] running `Command { std: "docker" "inspect" "f0ca77892d81c9be4d3ed89f86a470b585096ddedb2e3a7a20b6943435a286bc", kill_on_drop: false }`
[INFO] running `Command { std: "docker" "rm" "-f" "f0ca77892d81c9be4d3ed89f86a470b585096ddedb2e3a7a20b6943435a286bc", kill_on_drop: false }`
[INFO] [stdout] f0ca77892d81c9be4d3ed89f86a470b585096ddedb2e3a7a20b6943435a286bc
[INFO] running `Command { std: "docker" "create" "-v" "/var/lib/crater-agent-workspace/builds/worker-7-tc1/target:/opt/rustwide/target:rw,Z" "-v" "/var/lib/crater-agent-workspace/builds/worker-7-tc1/source:/opt/rustwide/workdir:ro,Z" "-v" "/var/lib/crater-agent-workspace/cargo-home:/opt/rustwide/cargo-home:ro,Z" "-v" "/var/lib/crater-agent-workspace/rustup-home:/opt/rustwide/rustup-home:ro,Z" "-e" "SOURCE_DIR=/opt/rustwide/workdir" "-e" "CARGO_TARGET_DIR=/opt/rustwide/target" "-e" "CARGO_INCREMENTAL=0" "-e" "RUST_BACKTRACE=full" "-e" "RUSTFLAGS=--cap-lints=warn" "-e" "RUSTDOCFLAGS=--cap-lints=warn" "-e" "CARGO_HOME=/opt/rustwide/cargo-home" "-e" "RUSTUP_HOME=/opt/rustwide/rustup-home" "-w" "/opt/rustwide/workdir" "-m" "1610612736" "--user" "0:0" "--network" "none" "ghcr.io/rust-lang/crates-build-env/linux@sha256:2788e3201cd34a07e3172128adcd8b3090168a8e3bcc40d7c032b9dda1df7d1c" "/opt/rustwide/cargo-home/bin/cargo" "+1.75.0" "test" "--frozen", kill_on_drop: false }`
[INFO] [stdout] 0652c6cba179f671a38a6e462dab33a90025c6c7c68fb741c1e12e99d33b8f79
[INFO] running `Command { std: "docker" "start" "-a" "0652c6cba179f671a38a6e462dab33a90025c6c7c68fb741c1e12e99d33b8f79", kill_on_drop: false }`
[INFO] [stderr] warning: unused import: `std::error::Error`
[INFO] [stderr]  --> src/errors.rs:6:5
[INFO] [stderr]   |
[INFO] [stderr] 6 | use std::error::Error;
[INFO] [stderr]   |     ^^^^^^^^^^^^^^^^^
[INFO] [stderr]   |
[INFO] [stderr]   = note: `#[warn(unused_imports)]` on by default
[INFO] [stderr] 
[INFO] [stderr] warning: unused imports: `Display`, `Formatter`
[INFO] [stderr]  --> src/errors.rs:7:16
[INFO] [stderr]   |
[INFO] [stderr] 7 | use std::fmt::{Display, Formatter};
[INFO] [stderr]   |                ^^^^^^^  ^^^^^^^^^
[INFO] [stderr] 
[INFO] [stderr] warning: unused imports: `Display`, `Formatter`
[INFO] [stderr]  --> src/model/user.rs:6:16
[INFO] [stderr]   |
[INFO] [stderr] 6 | use std::fmt::{Display, Formatter};
[INFO] [stderr]   |                ^^^^^^^  ^^^^^^^^^
[INFO] [stderr] 
[INFO] [stderr] warning: unused imports: `HttpServer`, `Scope`
[INFO] [stderr]  --> src/routes.rs:6:47
[INFO] [stderr]   |
[INFO] [stderr] 6 | use actix_web::{get, post, web, HttpResponse, HttpServer, Scope};
[INFO] [stderr]   |                                               ^^^^^^^^^^  ^^^^^
[INFO] [stderr] 
[INFO] [stderr] warning: unused import: `serde::de::DeserializeOwned`
[INFO] [stderr]  --> src/routes.rs:7:5
[INFO] [stderr]   |
[INFO] [stderr] 7 | use serde::de::DeserializeOwned;
[INFO] [stderr]   |     ^^^^^^^^^^^^^^^^^^^^^^^^^^^
[INFO] [stderr] 
[INFO] [stderr] warning: unused import: `std::time`
[INFO] [stderr]  --> src/service.rs:1:5
[INFO] [stderr]   |
[INFO] [stderr] 1 | use std::time;
[INFO] [stderr]   |     ^^^^^^^^^
[INFO] [stderr] 
[INFO] [stderr] warning: unused import: `log::logger`
[INFO] [stderr]  --> src/socket/session.rs:5:5
[INFO] [stderr]   |
[INFO] [stderr] 5 | use log::logger;
[INFO] [stderr]   |     ^^^^^^^^^^^
[INFO] [stderr] 
[INFO] [stderr] warning: unused variable: `ctx`
[INFO] [stderr]   --> src/socket/server.rs:61:40
[INFO] [stderr]    |
[INFO] [stderr] 61 |     fn handle(&mut self, msg: Connect, ctx: &mut Self::Context) -> Self::Result {
[INFO] [stderr]    |                                        ^^^ help: if this is intentional, prefix it with an underscore: `_ctx`
[INFO] [stderr]    |
[INFO] [stderr]    = note: `#[warn(unused_variables)]` on by default
[INFO] [stderr] 
[INFO] [stderr] warning: unused variable: `ctx`
[INFO] [stderr]   --> src/socket/server.rs:72:43
[INFO] [stderr]    |
[INFO] [stderr] 72 |     fn handle(&mut self, msg: Disconnect, ctx: &mut Self::Context) -> Self::Result {
[INFO] [stderr]    |                                           ^^^ help: if this is intentional, prefix it with an underscore: `_ctx`
[INFO] [stderr] 
[INFO] [stderr] warning: unused variable: `ctx`
[INFO] [stderr]   --> src/socket/server.rs:80:46
[INFO] [stderr]    |
[INFO] [stderr] 80 |     fn handle(&mut self, msg: ClientMessage, ctx: &mut Self::Context) -> Self::Result {
[INFO] [stderr]    |                                              ^^^ help: if this is intentional, prefix it with an underscore: `_ctx`
[INFO] [stderr] 
[INFO] [stderr] warning: unused variable: `ctx`
[INFO] [stderr]   --> src/socket/session.rs:76:28
[INFO] [stderr]    |
[INFO] [stderr] 76 |     fn stopping(&mut self, ctx: &mut Self::Context) -> Running {
[INFO] [stderr]    |                            ^^^ help: if this is intentional, prefix it with an underscore: `_ctx`
[INFO] [stderr] 
[INFO] [stderr] warning: unused imports: `ActiveModel`, `Model`, `Mutation`
[INFO] [stderr]    --> src/model/user.rs:108:30
[INFO] [stderr]     |
[INFO] [stderr] 108 |     use crate::model::user::{ActiveModel, Model, Mutation, Query, Sex};
[INFO] [stderr]     |                              ^^^^^^^^^^^  ^^^^^  ^^^^^^^^
[INFO] [stderr] 
[INFO] [stderr] warning: `chat-server` (lib) generated 11 warnings (run `cargo fix --lib -p chat-server` to apply 11 suggestions)
[INFO] [stderr] warning: `chat-server` (lib test) generated 12 warnings (11 duplicates) (run `cargo fix --lib -p chat-server --tests` to apply 1 suggestion)
[INFO] [stderr] warning: unused import: `actix_web_actors::ws`
[INFO] [stderr]  --> bin/main.rs:3:5
[INFO] [stderr]   |
[INFO] [stderr] 3 | use actix_web_actors::ws;
[INFO] [stderr]   |     ^^^^^^^^^^^^^^^^^^^^
[INFO] [stderr]   |
[INFO] [stderr]   = note: `#[warn(unused_imports)]` on by default
[INFO] [stderr] 
[INFO] [stderr] warning: `chat-server` (bin "chat-server" test) generated 1 warning (run `cargo fix --bin "chat-server" --tests` to apply 1 suggestion)
[INFO] [stderr]     Finished test [unoptimized + debuginfo] target(s) in 0.14s
[INFO] [stderr]      Running unittests src/lib.rs (/opt/rustwide/target/debug/deps/chat_server-5e7d8fba6c4ada02)
[INFO] [stdout] 
[INFO] [stdout] running 2 tests
[INFO] [stdout] test errors::tests::test_into ... ok
[INFO] [stdout] test model::user::tests::test_create ... FAILED
[INFO] [stdout] 
[INFO] [stdout] failures:
[INFO] [stdout] 
[INFO] [stdout] ---- model::user::tests::test_create stdout ----
[INFO] [stdout] thread 'model::user::tests::test_create' panicked at src/model/user.rs:115:14:
[INFO] [stdout] called `Result::unwrap()` on an `Err` value: Conn(SqlxError(Io(Os { code: 99, kind: AddrNotAvailable, message: "Cannot assign requested address" })))
[INFO] [stdout] stack backtrace:
[INFO] [stdout]    0:     0x55e7d664c15c - std::backtrace_rs::backtrace::libunwind::trace::ha637c64ce894333a
[INFO] [stdout]                                at /rustc/82e1608dfa6e0b5569232559e3d385fea5a93112/library/std/src/../../backtrace/src/backtrace/libunwind.rs:104:5
[INFO] [stdout]    1:     0x55e7d664c15c - std::backtrace_rs::backtrace::trace_unsynchronized::h47f62dea28e0c88d
[INFO] [stdout]                                at /rustc/82e1608dfa6e0b5569232559e3d385fea5a93112/library/std/src/../../backtrace/src/backtrace/mod.rs:66:5
[INFO] [stdout]    2:     0x55e7d664c15c - std::sys_common::backtrace::_print_fmt::h9eef0abe20ede486
[INFO] [stdout]                                at /rustc/82e1608dfa6e0b5569232559e3d385fea5a93112/library/std/src/sys_common/backtrace.rs:67:5
[INFO] [stdout]    3:     0x55e7d664c15c - <std::sys_common::backtrace::_print::DisplayBacktrace as core::fmt::Display>::fmt::hed7f999df88cc644
[INFO] [stdout]                                at /rustc/82e1608dfa6e0b5569232559e3d385fea5a93112/library/std/src/sys_common/backtrace.rs:44:22
[INFO] [stdout]    4:     0x55e7d6679d60 - core::fmt::rt::Argument::fmt::h1539a9308b8d058d
[INFO] [stdout]                                at /rustc/82e1608dfa6e0b5569232559e3d385fea5a93112/library/core/src/fmt/rt.rs:142:9
[INFO] [stdout]    5:     0x55e7d6679d60 - core::fmt::write::h3a39390d8560d9c9
[INFO] [stdout]                                at /rustc/82e1608dfa6e0b5569232559e3d385fea5a93112/library/core/src/fmt/mod.rs:1120:17
[INFO] [stdout]    6:     0x55e7d664921f - std::io::Write::write_fmt::h040b369f3a0f9cbc
[INFO] [stdout]                                at /rustc/82e1608dfa6e0b5569232559e3d385fea5a93112/library/std/src/io/mod.rs:1762:15
[INFO] [stdout]    7:     0x55e7d664bf44 - std::sys_common::backtrace::_print::h894006fb5c6f3d45
[INFO] [stdout]                                at /rustc/82e1608dfa6e0b5569232559e3d385fea5a93112/library/std/src/sys_common/backtrace.rs:47:5
[INFO] [stdout]    8:     0x55e7d664bf44 - std::sys_common::backtrace::print::h23a2d212c6fff936
[INFO] [stdout]                                at /rustc/82e1608dfa6e0b5569232559e3d385fea5a93112/library/std/src/sys_common/backtrace.rs:34:9
[INFO] [stdout]    9:     0x55e7d664dc07 - std::panicking::default_hook::{{closure}}::h8a1d2ee00185001a
[INFO] [stdout]   10:     0x55e7d664d8f3 - std::panicking::default_hook::h6038f2eba384e475
[INFO] [stdout]                                at /rustc/82e1608dfa6e0b5569232559e3d385fea5a93112/library/std/src/panicking.rs:289:9
[INFO] [stdout]   11:     0x55e7d60773d7 - <alloc::boxed::Box<F,A> as core::ops::function::Fn<Args>>::call::h0ad024c9bdc6d768
[INFO] [stdout]                                at /rustc/82e1608dfa6e0b5569232559e3d385fea5a93112/library/alloc/src/boxed.rs:2021:9
[INFO] [stdout]   12:     0x55e7d60773d7 - test::test_main::{{closure}}::h7500b54257359db6
[INFO] [stdout]                                at /rustc/82e1608dfa6e0b5569232559e3d385fea5a93112/library/test/src/lib.rs:138:21
[INFO] [stdout]   13:     0x55e7d664e218 - <alloc::boxed::Box<F,A> as core::ops::function::Fn<Args>>::call::h1f8f335eaa9cfaee
[INFO] [stdout]                                at /rustc/82e1608dfa6e0b5569232559e3d385fea5a93112/library/alloc/src/boxed.rs:2021:9
[INFO] [stdout]   14:     0x55e7d664e218 - std::panicking::rust_panic_with_hook::h2b5517d590cab22e
[INFO] [stdout]                                at /rustc/82e1608dfa6e0b5569232559e3d385fea5a93112/library/std/src/panicking.rs:783:13
[INFO] [stdout]   15:     0x55e7d664df6e - std::panicking::begin_panic_handler::{{closure}}::h233112c06e0ef43e
[INFO] [stdout]                                at /rustc/82e1608dfa6e0b5569232559e3d385fea5a93112/library/std/src/panicking.rs:657:13
[INFO] [stdout]   16:     0x55e7d664c626 - std::sys_common::backtrace::__rust_end_short_backtrace::h6e893f24d7ebbff8
[INFO] [stdout]                                at /rustc/82e1608dfa6e0b5569232559e3d385fea5a93112/library/std/src/sys_common/backtrace.rs:170:18
[INFO] [stdout]   17:     0x55e7d664dcd2 - rust_begin_unwind
[INFO] [stdout]                                at /rustc/82e1608dfa6e0b5569232559e3d385fea5a93112/library/std/src/panicking.rs:645:5
[INFO] [stdout]   18:     0x55e7d60256b5 - core::panicking::panic_fmt::hbf0e066aabfa482c
[INFO] [stdout]                                at /rustc/82e1608dfa6e0b5569232559e3d385fea5a93112/library/core/src/panicking.rs:72:14
[INFO] [stdout]   19:     0x55e7d6025ce3 - core::result::unwrap_failed::hddb4fea594200c52
[INFO] [stdout]                                at /rustc/82e1608dfa6e0b5569232559e3d385fea5a93112/library/core/src/result.rs:1653:5
[INFO] [stdout]   20:     0x55e7d602f1e3 - core::result::Result<T,E>::unwrap::h4423b2f07c67d787
[INFO] [stdout]                                at /rustc/82e1608dfa6e0b5569232559e3d385fea5a93112/library/core/src/result.rs:1077:23
[INFO] [stdout]   21:     0x55e7d6039c1f - chat_server::model::user::tests::test_create::{{closure}}::hdcf3a0b8a7e37b06
[INFO] [stdout]                                at /opt/rustwide/workdir/src/model/user.rs:113:18
[INFO] [stdout]   22:     0x55e7d6032558 - <core::pin::Pin<P> as core::future::future::Future>::poll::h1314a74e88f209bc
[INFO] [stdout]                                at /rustc/82e1608dfa6e0b5569232559e3d385fea5a93112/library/core/src/future/future.rs:125:9
[INFO] [stdout]   23:     0x55e7d60325ab - <core::pin::Pin<P> as core::future::future::Future>::poll::hc66ee459dca3d571
[INFO] [stdout]                                at /rustc/82e1608dfa6e0b5569232559e3d385fea5a93112/library/core/src/future/future.rs:125:9
[INFO] [stdout]   24:     0x55e7d6032444 - tokio::runtime::scheduler::current_thread::CoreGuard::block_on::{{closure}}::{{closure}}::{{closure}}::h9031093e02c1c528
[INFO] [stdout]                                at /opt/rustwide/cargo-home/registry/src/index.crates.io-6f17d22bba15001f/tokio-1.34.0/src/runtime/scheduler/current_thread/mod.rs:665:57
[INFO] [stdout]   25:     0x55e7d603237a - tokio::runtime::coop::with_budget::h15c4332caf07b714
[INFO] [stdout]                                at /opt/rustwide/cargo-home/registry/src/index.crates.io-6f17d22bba15001f/tokio-1.34.0/src/runtime/coop.rs:107:5
[INFO] [stdout]   26:     0x55e7d603237a - tokio::runtime::coop::budget::h5b03c32d75b748df
[INFO] [stdout]                                at /opt/rustwide/cargo-home/registry/src/index.crates.io-6f17d22bba15001f/tokio-1.34.0/src/runtime/coop.rs:73:5
[INFO] [stdout]   27:     0x55e7d603237a - tokio::runtime::scheduler::current_thread::CoreGuard::block_on::{{closure}}::{{closure}}::he88482c418bdec87
[INFO] [stdout]                                at /opt/rustwide/cargo-home/registry/src/index.crates.io-6f17d22bba15001f/tokio-1.34.0/src/runtime/scheduler/current_thread/mod.rs:665:25
[INFO] [stdout]   28:     0x55e7d6030cfc - tokio::runtime::scheduler::current_thread::Context::enter::ha1720f355dd1cb2d
[INFO] [stdout]                                at /opt/rustwide/cargo-home/registry/src/index.crates.io-6f17d22bba15001f/tokio-1.34.0/src/runtime/scheduler/current_thread/mod.rs:410:19
[INFO] [stdout]   29:     0x55e7d6031b6e - tokio::runtime::scheduler::current_thread::CoreGuard::block_on::{{closure}}::ha784f8e938604783
[INFO] [stdout]                                at /opt/rustwide/cargo-home/registry/src/index.crates.io-6f17d22bba15001f/tokio-1.34.0/src/runtime/scheduler/current_thread/mod.rs:664:36
[INFO] [stdout]   30:     0x55e7d603187b - tokio::runtime::scheduler::current_thread::CoreGuard::enter::{{closure}}::hcfc9b3e5226654bb
[INFO] [stdout]                                at /opt/rustwide/cargo-home/registry/src/index.crates.io-6f17d22bba15001f/tokio-1.34.0/src/runtime/scheduler/current_thread/mod.rs:743:68
[INFO] [stdout]   31:     0x55e7d603564b - tokio::runtime::context::scoped::Scoped<T>::set::hae8ffa210e3db58c
[INFO] [stdout]                                at /opt/rustwide/cargo-home/registry/src/index.crates.io-6f17d22bba15001f/tokio-1.34.0/src/runtime/context/scoped.rs:40:9
[INFO] [stdout]   32:     0x55e7d6035459 - tokio::runtime::context::set_scheduler::{{closure}}::h137867e19bc10bc2
[INFO] [stdout]                                at /opt/rustwide/cargo-home/registry/src/index.crates.io-6f17d22bba15001f/tokio-1.34.0/src/runtime/context.rs:176:26
[INFO] [stdout]   33:     0x55e7d6033c86 - std::thread::local::LocalKey<T>::try_with::h4bdb84ea39734e25
[INFO] [stdout]                                at /rustc/82e1608dfa6e0b5569232559e3d385fea5a93112/library/std/src/thread/local.rs:270:16
[INFO] [stdout]   34:     0x55e7d603396a - std::thread::local::LocalKey<T>::with::h09491f4f27a80ea9
[INFO] [stdout]                                at /rustc/82e1608dfa6e0b5569232559e3d385fea5a93112/library/std/src/thread/local.rs:246:9
[INFO] [stdout]   35:     0x55e7d603540d - tokio::runtime::context::set_scheduler::h6f33000a8d44ed2d
[INFO] [stdout]                                at /opt/rustwide/cargo-home/registry/src/index.crates.io-6f17d22bba15001f/tokio-1.34.0/src/runtime/context.rs:176:9
[INFO] [stdout]   36:     0x55e7d6031610 - tokio::runtime::scheduler::current_thread::CoreGuard::enter::h7d5cca13d89e5d1a
[INFO] [stdout]                                at /opt/rustwide/cargo-home/registry/src/index.crates.io-6f17d22bba15001f/tokio-1.34.0/src/runtime/scheduler/current_thread/mod.rs:743:27
[INFO] [stdout]   37:     0x55e7d60318ad - tokio::runtime::scheduler::current_thread::CoreGuard::block_on::h237ebbe3917a1be7
[INFO] [stdout]                                at /opt/rustwide/cargo-home/registry/src/index.crates.io-6f17d22bba15001f/tokio-1.34.0/src/runtime/scheduler/current_thread/mod.rs:652:19
[INFO] [stdout]   38:     0x55e7d60307d3 - tokio::runtime::scheduler::current_thread::CurrentThread::block_on::{{closure}}::hbf8cd5b7164396a3
[INFO] [stdout]                                at /opt/rustwide/cargo-home/registry/src/index.crates.io-6f17d22bba15001f/tokio-1.34.0/src/runtime/scheduler/current_thread/mod.rs:175:28
[INFO] [stdout]   39:     0x55e7d6028cab - tokio::runtime::context::runtime::enter_runtime::h1676263891905b5e
[INFO] [stdout]                                at /opt/rustwide/cargo-home/registry/src/index.crates.io-6f17d22bba15001f/tokio-1.34.0/src/runtime/context/runtime.rs:65:16
[INFO] [stdout]   40:     0x55e7d60306f0 - tokio::runtime::scheduler::current_thread::CurrentThread::block_on::h059ddea95d234894
[INFO] [stdout]                                at /opt/rustwide/cargo-home/registry/src/index.crates.io-6f17d22bba15001f/tokio-1.34.0/src/runtime/scheduler/current_thread/mod.rs:167:9
[INFO] [stdout]   41:     0x55e7d603b582 - tokio::runtime::runtime::Runtime::block_on::h7a90155846c85a9c
[INFO] [stdout]                                at /opt/rustwide/cargo-home/registry/src/index.crates.io-6f17d22bba15001f/tokio-1.34.0/src/runtime/runtime.rs:348:47
[INFO] [stdout]   42:     0x55e7d6039927 - chat_server::model::user::tests::test_create::h09fef6b8ec334a22
[INFO] [stdout]                                at /opt/rustwide/workdir/src/model/user.rs:118:9
[INFO] [stdout]   43:     0x55e7d6039797 - chat_server::model::user::tests::test_create::{{closure}}::h626112c46aeb2a9c
[INFO] [stdout]                                at /opt/rustwide/workdir/src/model/user.rs:112:27
[INFO] [stdout]   44:     0x55e7d6026b16 - core::ops::function::FnOnce::call_once::h971d5a746dfa9c04
[INFO] [stdout]                                at /rustc/82e1608dfa6e0b5569232559e3d385fea5a93112/library/core/src/ops/function.rs:250:5
[INFO] [stdout]   45:     0x55e7d607ca2f - core::ops::function::FnOnce::call_once::h2b5d431d5046312d
[INFO] [stdout]                                at /rustc/82e1608dfa6e0b5569232559e3d385fea5a93112/library/core/src/ops/function.rs:250:5
[INFO] [stdout]   46:     0x55e7d607ca2f - test::__rust_begin_short_backtrace::h7714669af176e207
[INFO] [stdout]                                at /rustc/82e1608dfa6e0b5569232559e3d385fea5a93112/library/test/src/lib.rs:628:18
[INFO] [stdout]   47:     0x55e7d607ba45 - test::run_test_in_process::{{closure}}::h85218797dcbcec12
[INFO] [stdout]                                at /rustc/82e1608dfa6e0b5569232559e3d385fea5a93112/library/test/src/lib.rs:651:60
[INFO] [stdout]   48:     0x55e7d607ba45 - <core::panic::unwind_safe::AssertUnwindSafe<F> as core::ops::function::FnOnce<()>>::call_once::h76c106ea31c14d7b
[INFO] [stdout]                                at /rustc/82e1608dfa6e0b5569232559e3d385fea5a93112/library/core/src/panic/unwind_safe.rs:272:9
[INFO] [stdout]   49:     0x55e7d607ba45 - std::panicking::try::do_call::h3bd5d0f6620ee946
[INFO] [stdout]                                at /rustc/82e1608dfa6e0b5569232559e3d385fea5a93112/library/std/src/panicking.rs:552:40
[INFO] [stdout]   50:     0x55e7d607ba45 - std::panicking::try::h232e535e4744fe31
[INFO] [stdout]                                at /rustc/82e1608dfa6e0b5569232559e3d385fea5a93112/library/std/src/panicking.rs:516:19
[INFO] [stdout]   51:     0x55e7d607ba45 - std::panic::catch_unwind::h3ce3bd6ca8dbac68
[INFO] [stdout]                                at /rustc/82e1608dfa6e0b5569232559e3d385fea5a93112/library/std/src/panic.rs:142:14
[INFO] [stdout]   52:     0x55e7d607ba45 - test::run_test_in_process::hc97b257c9621286a
[INFO] [stdout]                                at /rustc/82e1608dfa6e0b5569232559e3d385fea5a93112/library/test/src/lib.rs:651:27
[INFO] [stdout]   53:     0x55e7d607ba45 - test::run_test::{{closure}}::h2aa798823a438d38
[INFO] [stdout]                                at /rustc/82e1608dfa6e0b5569232559e3d385fea5a93112/library/test/src/lib.rs:574:43
[INFO] [stdout]   54:     0x55e7d6043d06 - test::run_test::{{closure}}::h87d231c78fb59832
[INFO] [stdout]                                at /rustc/82e1608dfa6e0b5569232559e3d385fea5a93112/library/test/src/lib.rs:602:41
[INFO] [stdout]   55:     0x55e7d6043d06 - std::sys_common::backtrace::__rust_begin_short_backtrace::he6df152596625789
[INFO] [stdout]                                at /rustc/82e1608dfa6e0b5569232559e3d385fea5a93112/library/std/src/sys_common/backtrace.rs:154:18
[INFO] [stdout]   56:     0x55e7d6048db7 - std::thread::Builder::spawn_unchecked_::{{closure}}::{{closure}}::ha94be15d1e0acf36
[INFO] [stdout]                                at /rustc/82e1608dfa6e0b5569232559e3d385fea5a93112/library/std/src/thread/mod.rs:529:17
[INFO] [stdout]   57:     0x55e7d6048db7 - <core::panic::unwind_safe::AssertUnwindSafe<F> as core::ops::function::FnOnce<()>>::call_once::h9dc6bd6372f16606
[INFO] [stdout]                                at /rustc/82e1608dfa6e0b5569232559e3d385fea5a93112/library/core/src/panic/unwind_safe.rs:272:9
[INFO] [stdout]   58:     0x55e7d6048db7 - std::panicking::try::do_call::h9057517f80303cd4
[INFO] [stdout]                                at /rustc/82e1608dfa6e0b5569232559e3d385fea5a93112/library/std/src/panicking.rs:552:40
[INFO] [stdout]   59:     0x55e7d6048db7 - std::panicking::try::he3a30b11ee45340c
[INFO] [stdout]                                at /rustc/82e1608dfa6e0b5569232559e3d385fea5a93112/library/std/src/panicking.rs:516:19
[INFO] [stdout]   60:     0x55e7d6048db7 - std::panic::catch_unwind::h410458cfd3528b8b
[INFO] [stdout]                                at /rustc/82e1608dfa6e0b5569232559e3d385fea5a93112/library/std/src/panic.rs:142:14
[INFO] [stdout]   61:     0x55e7d6048db7 - std::thread::Builder::spawn_unchecked_::{{closure}}::h72ac3bdb567b737b
[INFO] [stdout]                                at /rustc/82e1608dfa6e0b5569232559e3d385fea5a93112/library/std/src/thread/mod.rs:528:30
[INFO] [stdout]   62:     0x55e7d6048db7 - core::ops::function::FnOnce::call_once{{vtable.shim}}::h38f34da3654a8344
[INFO] [stdout]                                at /rustc/82e1608dfa6e0b5569232559e3d385fea5a93112/library/core/src/ops/function.rs:250:5
[INFO] [stdout]   63:     0x55e7d66530f5 - <alloc::boxed::Box<F,A> as core::ops::function::FnOnce<Args>>::call_once::hc7eafaff61e32df9
[INFO] [stdout]                                at /rustc/82e1608dfa6e0b5569232559e3d385fea5a93112/library/alloc/src/boxed.rs:2007:9
[INFO] [stdout]   64:     0x55e7d66530f5 - <alloc::boxed::Box<F,A> as core::ops::function::FnOnce<Args>>::call_once::h6ba4a5de48dd2304
[INFO] [stdout]                                at /rustc/82e1608dfa6e0b5569232559e3d385fea5a93112/library/alloc/src/boxed.rs:2007:9
[INFO] [stdout]   65:     0x55e7d66530f5 - std::sys::unix::thread::Thread::new::thread_start::he469335aef763e45
[INFO] [stdout]                                at /rustc/82e1608dfa6e0b5569232559e3d385fea5a93112/library/std/src/sys/unix/thread.rs:108:17
[INFO] [stdout]   66:     0x7fe08421bac3 - <unknown>
[INFO] [stdout]   67:     0x7fe0842acbf4 - __clone
[INFO] [stdout]   68:                0x0 - <unknown>
[INFO] [stdout] 
[INFO] [stdout] 
[INFO] [stdout] failures:
[INFO] [stdout]     model::user::tests::test_create
[INFO] [stdout] 
[INFO] [stdout] test result: FAILED. 1 passed; 1 failed; 0 ignored; 0 measured; 0 filtered out; finished in 0.08s
[INFO] [stdout] 
[INFO] [stderr] error: test failed, to rerun pass `--lib`
[INFO] running `Command { std: "docker" "inspect" "0652c6cba179f671a38a6e462dab33a90025c6c7c68fb741c1e12e99d33b8f79", kill_on_drop: false }`
[INFO] running `Command { std: "docker" "rm" "-f" "0652c6cba179f671a38a6e462dab33a90025c6c7c68fb741c1e12e99d33b8f79", kill_on_drop: false }`
[INFO] [stdout] 0652c6cba179f671a38a6e462dab33a90025c6c7c68fb741c1e12e99d33b8f79
