[INFO] cloning repository https://github.com/th7nder/aoc-2023
[INFO] running `Command { std: "git" "-c" "credential.helper=" "-c" "credential.helper=/workspace/cargo-home/bin/git-credential-null" "clone" "--bare" "https://github.com/th7nder/aoc-2023" "/workspace/cache/git-repos/https%3A%2F%2Fgithub.com%2Fth7nder%2Faoc-2023", kill_on_drop: false }`
[INFO] [stderr] Cloning into bare repository '/workspace/cache/git-repos/https%3A%2F%2Fgithub.com%2Fth7nder%2Faoc-2023'...
[INFO] running `Command { std: "git" "rev-parse" "HEAD", kill_on_drop: false }`
[INFO] [stdout] 948dd27d271c50e543d7bbabee4e2fa7f5b1b88a
[INFO] testing th7nder/aoc-2023 against 1.75.0 for beta-1.76-1
[INFO] running `Command { std: "git" "clone" "/workspace/cache/git-repos/https%3A%2F%2Fgithub.com%2Fth7nder%2Faoc-2023" "/workspace/builds/worker-0-tc1/source", kill_on_drop: false }`
[INFO] [stderr] Cloning into '/workspace/builds/worker-0-tc1/source'...
[INFO] [stderr] done.
[INFO] validating manifest of git repo https://github.com/th7nder/aoc-2023 on toolchain 1.75.0
[INFO] running `Command { std: CARGO_HOME="/workspace/cargo-home" RUSTUP_HOME="/workspace/rustup-home" "/workspace/cargo-home/bin/cargo" "+1.75.0" "metadata" "--manifest-path" "Cargo.toml" "--no-deps", kill_on_drop: false }`
[INFO] started tweaking git repo https://github.com/th7nder/aoc-2023
[INFO] finished tweaking git repo https://github.com/th7nder/aoc-2023
[INFO] tweaked toml for git repo https://github.com/th7nder/aoc-2023 written to /workspace/builds/worker-0-tc1/source/Cargo.toml
[INFO] crate git repo https://github.com/th7nder/aoc-2023 already has a lockfile, it will not be regenerated
[INFO] running `Command { std: CARGO_HOME="/workspace/cargo-home" RUSTUP_HOME="/workspace/rustup-home" "/workspace/cargo-home/bin/cargo" "+1.75.0" "fetch" "--manifest-path" "Cargo.toml", kill_on_drop: false }`
[INFO] running `Command { std: "docker" "create" "-v" "/var/lib/crater-agent-workspace/builds/worker-0-tc1/target:/opt/rustwide/target:rw,Z" "-v" "/var/lib/crater-agent-workspace/builds/worker-0-tc1/source:/opt/rustwide/workdir:ro,Z" "-v" "/var/lib/crater-agent-workspace/cargo-home:/opt/rustwide/cargo-home:ro,Z" "-v" "/var/lib/crater-agent-workspace/rustup-home:/opt/rustwide/rustup-home:ro,Z" "-e" "SOURCE_DIR=/opt/rustwide/workdir" "-e" "CARGO_TARGET_DIR=/opt/rustwide/target" "-e" "CARGO_HOME=/opt/rustwide/cargo-home" "-e" "RUSTUP_HOME=/opt/rustwide/rustup-home" "-w" "/opt/rustwide/workdir" "-m" "1610612736" "--user" "0:0" "--network" "none" "ghcr.io/rust-lang/crates-build-env/linux@sha256:2788e3201cd34a07e3172128adcd8b3090168a8e3bcc40d7c032b9dda1df7d1c" "/opt/rustwide/cargo-home/bin/cargo" "+1.75.0" "metadata" "--no-deps" "--format-version=1", kill_on_drop: false }`
[INFO] [stdout] 0346f0b3aebe739d981ca06cdc5abd35021ec5fd7453e797051ebd32af22079c
[INFO] running `Command { std: "docker" "start" "-a" "0346f0b3aebe739d981ca06cdc5abd35021ec5fd7453e797051ebd32af22079c", kill_on_drop: false }`
[INFO] running `Command { std: "docker" "inspect" "0346f0b3aebe739d981ca06cdc5abd35021ec5fd7453e797051ebd32af22079c", kill_on_drop: false }`
[INFO] running `Command { std: "docker" "rm" "-f" "0346f0b3aebe739d981ca06cdc5abd35021ec5fd7453e797051ebd32af22079c", kill_on_drop: false }`
[INFO] [stdout] 0346f0b3aebe739d981ca06cdc5abd35021ec5fd7453e797051ebd32af22079c
[INFO] running `Command { std: "docker" "create" "-v" "/var/lib/crater-agent-workspace/builds/worker-0-tc1/target:/opt/rustwide/target:rw,Z" "-v" "/var/lib/crater-agent-workspace/builds/worker-0-tc1/source:/opt/rustwide/workdir:ro,Z" "-v" "/var/lib/crater-agent-workspace/cargo-home:/opt/rustwide/cargo-home:ro,Z" "-v" "/var/lib/crater-agent-workspace/rustup-home:/opt/rustwide/rustup-home:ro,Z" "-e" "SOURCE_DIR=/opt/rustwide/workdir" "-e" "CARGO_TARGET_DIR=/opt/rustwide/target" "-e" "CARGO_INCREMENTAL=0" "-e" "RUST_BACKTRACE=full" "-e" "RUSTFLAGS=--cap-lints=warn" "-e" "RUSTDOCFLAGS=--cap-lints=warn" "-e" "CARGO_HOME=/opt/rustwide/cargo-home" "-e" "RUSTUP_HOME=/opt/rustwide/rustup-home" "-w" "/opt/rustwide/workdir" "-m" "1610612736" "--user" "0:0" "--network" "none" "ghcr.io/rust-lang/crates-build-env/linux@sha256:2788e3201cd34a07e3172128adcd8b3090168a8e3bcc40d7c032b9dda1df7d1c" "/opt/rustwide/cargo-home/bin/cargo" "+1.75.0" "build" "--frozen" "--message-format=json", kill_on_drop: false }`
[INFO] [stdout] 94b7b716fff58350e36c88c6f2597cceb9e5371d75e4cc4f3b100b745d5ff914
[INFO] running `Command { std: "docker" "start" "-a" "94b7b716fff58350e36c88c6f2597cceb9e5371d75e4cc4f3b100b745d5ff914", kill_on_drop: false }`
[INFO] [stderr]    Compiling aoc-2023 v0.1.0 (/opt/rustwide/workdir)
[INFO] [stdout] warning: unused import: `HashSet`
[INFO] [stdout]  --> src/day12.rs:1:48
[INFO] [stdout]   |
[INFO] [stdout] 1 | use std::{fs::File, io, collections::{HashMap, HashSet}};
[INFO] [stdout]   |                                                ^^^^^^^
[INFO] [stdout]   |
[INFO] [stdout]   = note: `#[warn(unused_imports)]` on by default
[INFO] [stdout] 
[INFO] [stdout] 
[INFO] [stdout] warning: unnecessary parentheses around type
[INFO] [stdout]    --> src/day20.rs:206:29
[INFO] [stdout]     |
[INFO] [stdout] 206 | fn parse(filename: &str) -> (HashMap<String, Module>) {
[INFO] [stdout]     |                             ^                       ^
[INFO] [stdout]     |
[INFO] [stdout]     = note: `#[warn(unused_parens)]` on by default
[INFO] [stdout] help: remove these parentheses
[INFO] [stdout]     |
[INFO] [stdout] 206 - fn parse(filename: &str) -> (HashMap<String, Module>) {
[INFO] [stdout] 206 + fn parse(filename: &str) -> HashMap<String, Module> {
[INFO] [stdout]     |
[INFO] [stdout] 
[INFO] [stdout] 
[INFO] [stdout] warning: unused variable: `first`
[INFO] [stdout]   --> src/day1.rs:25:13
[INFO] [stdout]    |
[INFO] [stdout] 25 |     let mut first: Option<char> = None;
[INFO] [stdout]    |             ^^^^^ help: if this is intentional, prefix it with an underscore: `_first`
[INFO] [stdout]    |
[INFO] [stdout]    = note: `#[warn(unused_variables)]` on by default
[INFO] [stdout] 
[INFO] [stdout] 
[INFO] [stdout] warning: unused variable: `last`
[INFO] [stdout]   --> src/day1.rs:26:13
[INFO] [stdout]    |
[INFO] [stdout] 26 |     let mut last: Option<char> = None;
[INFO] [stdout]    |             ^^^^ help: if this is intentional, prefix it with an underscore: `_last`
[INFO] [stdout] 
[INFO] [stdout] 
[INFO] [stdout] warning: variable does not need to be mutable
[INFO] [stdout]   --> src/day1.rs:25:9
[INFO] [stdout]    |
[INFO] [stdout] 25 |     let mut first: Option<char> = None;
[INFO] [stdout]    |         ----^^^^^
[INFO] [stdout]    |         |
[INFO] [stdout]    |         help: remove this `mut`
[INFO] [stdout]    |
[INFO] [stdout]    = note: `#[warn(unused_mut)]` on by default
[INFO] [stdout] 
[INFO] [stdout] 
[INFO] [stdout] warning: variable does not need to be mutable
[INFO] [stdout]   --> src/day1.rs:26:9
[INFO] [stdout]    |
[INFO] [stdout] 26 |     let mut last: Option<char> = None;
[INFO] [stdout]    |         ----^^^^
[INFO] [stdout]    |         |
[INFO] [stdout]    |         help: remove this `mut`
[INFO] [stdout] 
[INFO] [stdout] 
[INFO] [stdout] warning: unused variable: `game_id`
[INFO] [stdout]   --> src/day2.rs:69:17
[INFO] [stdout]    |
[INFO] [stdout] 69 |             let game_id: u32 = x[1].parse().unwrap();
[INFO] [stdout]    |                 ^^^^^^^ help: if this is intentional, prefix it with an underscore: `_game_id`
[INFO] [stdout] 
[INFO] [stdout] 
[INFO] [stdout] warning: unused variable: `idx`
[INFO] [stdout]    --> src/day3.rs:234:31
[INFO] [stdout]     |
[INFO] [stdout] 234 |                     for (num, idx, x) in gears {
[INFO] [stdout]     |                               ^^^ help: if this is intentional, prefix it with an underscore: `_idx`
[INFO] [stdout] 
[INFO] [stdout] 
[INFO] [stdout] warning: unused variable: `x`
[INFO] [stdout]    --> src/day3.rs:234:36
[INFO] [stdout]     |
[INFO] [stdout] 234 |                     for (num, idx, x) in gears {
[INFO] [stdout]     |                                    ^ help: if this is intentional, prefix it with an underscore: `_x`
[INFO] [stdout] 
[INFO] [stdout] 
[INFO] [stdout] warning: variable does not need to be mutable
[INFO] [stdout]    --> src/day3.rs:149:25
[INFO] [stdout]     |
[INFO] [stdout] 149 |                     let mut last_idx = col_idx - 1;
[INFO] [stdout]     |                         ----^^^^^^^^
[INFO] [stdout]     |                         |
[INFO] [stdout]     |                         help: remove this `mut`
[INFO] [stdout] 
[INFO] [stdout] 
[INFO] [stdout] warning: unused variable: `next`
[INFO] [stdout]    --> src/day10.rs:308:26
[INFO] [stdout]     |
[INFO] [stdout] 308 |                     let (next, nr, nc) = self.get_xy(r, c, dir);
[INFO] [stdout]     |                          ^^^^ help: if this is intentional, prefix it with an underscore: `_next`
[INFO] [stdout] 
[INFO] [stdout] 
[INFO] [stdout] warning: type `Hand` is more private than the item `score`
[INFO] [stdout]    --> src/day7.rs:197:1
[INFO] [stdout]     |
[INFO] [stdout] 197 | pub fn score(hands: &Vec<Hand>) -> u32 {
[INFO] [stdout]     | ^^^^^^^^^^^^^^^^^^^^^^^^^^^^^^^^^^^^^^ function `score` is reachable at visibility `pub(crate)`
[INFO] [stdout]     |
[INFO] [stdout] note: but type `Hand` is only usable at visibility `pub(self)`
[INFO] [stdout]    --> src/day7.rs:45:1
[INFO] [stdout]     |
[INFO] [stdout] 45  | struct Hand {
[INFO] [stdout]     | ^^^^^^^^^^^
[INFO] [stdout]     = note: `#[warn(private_interfaces)]` on by default
[INFO] [stdout] 
[INFO] [stdout] 
[INFO] [stdout] warning: function `calibration_value` is never used
[INFO] [stdout]  --> src/day1.rs:7:4
[INFO] [stdout]   |
[INFO] [stdout] 7 | fn calibration_value(line: &str) -> i32 {
[INFO] [stdout]   |    ^^^^^^^^^^^^^^^^^
[INFO] [stdout]   |
[INFO] [stdout]   = note: `#[warn(dead_code)]` on by default
[INFO] [stdout] 
[INFO] [stdout] 
[INFO] [stdout] warning: function `calibration_value_v2` is never used
[INFO] [stdout]   --> src/day1.rs:24:4
[INFO] [stdout]    |
[INFO] [stdout] 24 | fn calibration_value_v2(line: &str) -> i32 {
[INFO] [stdout]    |    ^^^^^^^^^^^^^^^^^^^^
[INFO] [stdout] 
[INFO] [stdout] 
[INFO] [stdout] warning: function `part1` is never used
[INFO] [stdout]   --> src/day1.rs:67:8
[INFO] [stdout]    |
[INFO] [stdout] 67 | pub fn part1() {
[INFO] [stdout]    |        ^^^^^
[INFO] [stdout] 
[INFO] [stdout] 
[INFO] [stdout] warning: function `part2` is never used
[INFO] [stdout]   --> src/day1.rs:82:8
[INFO] [stdout]    |
[INFO] [stdout] 82 | pub fn part2() {
[INFO] [stdout]    |        ^^^^^
[INFO] [stdout] 
[INFO] [stdout] 
[INFO] [stdout] warning: function `part1` is never used
[INFO] [stdout]  --> src/day2.rs:7:8
[INFO] [stdout]   |
[INFO] [stdout] 7 | pub fn part1() {
[INFO] [stdout]   |        ^^^^^
[INFO] [stdout] 
[INFO] [stdout] 
[INFO] [stdout] warning: function `part2` is never used
[INFO] [stdout]   --> src/day2.rs:60:8
[INFO] [stdout]    |
[INFO] [stdout] 60 | pub fn part2() {
[INFO] [stdout]    |        ^^^^^
[INFO] [stdout] 
[INFO] [stdout] 
[INFO] [stdout] warning: function `read_schematic` is never used
[INFO] [stdout]  --> src/day3.rs:5:4
[INFO] [stdout]   |
[INFO] [stdout] 5 | fn read_schematic() -> Vec<Vec<char>> {
[INFO] [stdout]   |    ^^^^^^^^^^^^^^
[INFO] [stdout] 
[INFO] [stdout] 
[INFO] [stdout] warning: function `is_symbol` is never used
[INFO] [stdout]   --> src/day3.rs:18:4
[INFO] [stdout]    |
[INFO] [stdout] 18 | fn is_symbol(schematic: &Vec<Vec<char>>, row_idx: usize, col_idx: usize, rr: i32, cc: i32) -> bool {
[INFO] [stdout]    |    ^^^^^^^^^
[INFO] [stdout] 
[INFO] [stdout] 
[INFO] [stdout] warning: function `is_number` is never used
[INFO] [stdout]   --> src/day3.rs:48:4
[INFO] [stdout]    |
[INFO] [stdout] 48 | fn is_number(schematic: &Vec<Vec<char>>, 
[INFO] [stdout]    |    ^^^^^^^^^
[INFO] [stdout] 
[INFO] [stdout] 
[INFO] [stdout] warning: function `part2` is never used
[INFO] [stdout]    --> src/day3.rs:127:8
[INFO] [stdout]     |
[INFO] [stdout] 127 | pub fn part2() {
[INFO] [stdout]     |        ^^^^^
[INFO] [stdout] 
[INFO] [stdout] 
[INFO] [stdout] warning: fields `id`, `winning`, `owned`, and `count` are never read
[INFO] [stdout]   --> src/day4.rs:7:5
[INFO] [stdout]    |
[INFO] [stdout] 6  | struct Card {
[INFO] [stdout]    |        ---- fields in this struct
[INFO] [stdout] 7  |     id: u32,
[INFO] [stdout]    |     ^^
[INFO] [stdout] 8  |     winning: HashSet<u32>,
[INFO] [stdout]    |     ^^^^^^^
[INFO] [stdout] 9  |     owned: Vec<u32>,
[INFO] [stdout]    |     ^^^^^
[INFO] [stdout] 10 |     count: u32,
[INFO] [stdout]    |     ^^^^^
[INFO] [stdout]    |
[INFO] [stdout]    = note: `Card` has a derived impl for the trait `Debug`, but this is intentionally ignored during dead code analysis
[INFO] [stdout] 
[INFO] [stdout] 
[INFO] [stdout] warning: associated items `new` and `matching_numbers` are never used
[INFO] [stdout]   --> src/day4.rs:14:8
[INFO] [stdout]    |
[INFO] [stdout] 13 | impl Card {
[INFO] [stdout]    | --------- associated items in this implementation
[INFO] [stdout] 14 |     fn new(id: u32, winning: HashSet<u32>, owned: Vec<u32>) -> Card {
[INFO] [stdout]    |        ^^^
[INFO] [stdout] ...
[INFO] [stdout] 24 |     fn matching_numbers(&self) -> i32 {
[INFO] [stdout]    |        ^^^^^^^^^^^^^^^^
[INFO] [stdout] 
[INFO] [stdout] 
[INFO] [stdout] warning: function `read_cards` is never used
[INFO] [stdout]   --> src/day4.rs:36:4
[INFO] [stdout]    |
[INFO] [stdout] 36 | fn read_cards() -> Vec<Card> {
[INFO] [stdout]    |    ^^^^^^^^^^
[INFO] [stdout] 
[INFO] [stdout] 
[INFO] [stdout] warning: function `part1` is never used
[INFO] [stdout]   --> src/day4.rs:63:8
[INFO] [stdout]    |
[INFO] [stdout] 63 | pub fn part1() {
[INFO] [stdout]    |        ^^^^^
[INFO] [stdout] 
[INFO] [stdout] 
[INFO] [stdout] warning: function `part2` is never used
[INFO] [stdout]   --> src/day4.rs:81:8
[INFO] [stdout]    |
[INFO] [stdout] 81 | pub fn part2() {
[INFO] [stdout]    |        ^^^^^
[INFO] [stdout] 
[INFO] [stdout] 
[INFO] [stdout] warning: multiple variants are never constructed
[INFO] [stdout]   --> src/day7.rs:9:5
[INFO] [stdout]    |
[INFO] [stdout] 8  | enum Card {
[INFO] [stdout]    |      ---- variants in this enum
[INFO] [stdout] 9  |     J,
[INFO] [stdout]    |     ^
[INFO] [stdout] 10 |     Two,
[INFO] [stdout]    |     ^^^
[INFO] [stdout] 11 |     Three,
[INFO] [stdout]    |     ^^^^^
[INFO] [stdout] 12 |     Four, 
[INFO] [stdout]    |     ^^^^
[INFO] [stdout] 13 |     Five, 
[INFO] [stdout]    |     ^^^^
[INFO] [stdout] 14 |     Six, 
[INFO] [stdout]    |     ^^^
[INFO] [stdout] 15 |     Seven, 
[INFO] [stdout]    |     ^^^^^
[INFO] [stdout] 16 |     Eight, 
[INFO] [stdout]    |     ^^^^^
[INFO] [stdout] 17 |     Nine,
[INFO] [stdout]    |     ^^^^
[INFO] [stdout] 18 |     T,
[INFO] [stdout]    |     ^
[INFO] [stdout] 19 |     Q,
[INFO] [stdout]    |     ^
[INFO] [stdout] 20 |     K,
[INFO] [stdout]    |     ^
[INFO] [stdout] 21 |     A 
[INFO] [stdout]    |     ^
[INFO] [stdout]    |
[INFO] [stdout]    = note: `Card` has derived impls for the traits `Debug` and `Clone`, but these are intentionally ignored during dead code analysis
[INFO] [stdout] 
[INFO] [stdout] 
[INFO] [stdout] warning: associated function `new` is never used
[INFO] [stdout]   --> src/day7.rs:25:8
[INFO] [stdout]    |
[INFO] [stdout] 24 | impl Card {
[INFO] [stdout]    | --------- associated function in this implementation
[INFO] [stdout] 25 |     fn new(from: char) -> Card {
[INFO] [stdout]    |        ^^^
[INFO] [stdout] 
[INFO] [stdout] 
[INFO] [stdout] warning: field `bid` is never read
[INFO] [stdout]   --> src/day7.rs:48:5
[INFO] [stdout]    |
[INFO] [stdout] 45 | struct Hand {
[INFO] [stdout]    |        ---- field in this struct
[INFO] [stdout] ...
[INFO] [stdout] 48 |     bid: u32
[INFO] [stdout]    |     ^^^
[INFO] [stdout] 
[INFO] [stdout] 
[INFO] [stdout] warning: associated functions `parse` and `new` are never used
[INFO] [stdout]   --> src/day7.rs:52:8
[INFO] [stdout]    |
[INFO] [stdout] 51 | impl Hand { 
[INFO] [stdout]    | --------- associated functions in this implementation
[INFO] [stdout] 52 |     fn parse(cards: &str, bid: u32) -> Hand {
[INFO] [stdout]    |        ^^^^^
[INFO] [stdout] ...
[INFO] [stdout] 60 |     fn new(cards: Vec<Card>, bid: u32) -> Hand {
[INFO] [stdout]    |        ^^^
[INFO] [stdout] 
[INFO] [stdout] 
[INFO] [stdout] warning: multiple variants are never constructed
[INFO] [stdout]    --> src/day7.rs:188:5
[INFO] [stdout]     |
[INFO] [stdout] 187 | enum HandKind {
[INFO] [stdout]     |      -------- variants in this enum
[INFO] [stdout] 188 |     HighCard,
[INFO] [stdout]     |     ^^^^^^^^
[INFO] [stdout] 189 |     OnePair,
[INFO] [stdout]     |     ^^^^^^^
[INFO] [stdout] 190 |     TwoPair,
[INFO] [stdout]     |     ^^^^^^^
[INFO] [stdout] 191 |     ThreeOfAKind,
[INFO] [stdout]     |     ^^^^^^^^^^^^
[INFO] [stdout] 192 |     FullHouse,
[INFO] [stdout]     |     ^^^^^^^^^
[INFO] [stdout] 193 |     FourOfAKind,
[INFO] [stdout]     |     ^^^^^^^^^^^
[INFO] [stdout] 194 |     FiveOfAKind,
[INFO] [stdout]     |     ^^^^^^^^^^^
[INFO] [stdout]     |
[INFO] [stdout]     = note: `HandKind` has a derived impl for the trait `Debug`, but this is intentionally ignored during dead code analysis
[INFO] [stdout] 
[INFO] [stdout] 
[INFO] [stdout] warning: function `score` is never used
[INFO] [stdout]    --> src/day7.rs:197:8
[INFO] [stdout]     |
[INFO] [stdout] 197 | pub fn score(hands: &Vec<Hand>) -> u32 {
[INFO] [stdout]     |        ^^^^^
[INFO] [stdout] 
[INFO] [stdout] 
[INFO] [stdout] warning: function `part1` is never used
[INFO] [stdout]    --> src/day7.rs:206:8
[INFO] [stdout]     |
[INFO] [stdout] 206 | pub fn part1() {
[INFO] [stdout]     |        ^^^^^
[INFO] [stdout] 
[INFO] [stdout] 
[INFO] [stdout] warning: multiple variants are never constructed
[INFO] [stdout]   --> src/day10.rs:11:5
[INFO] [stdout]    |
[INFO] [stdout] 10 | enum Direction {
[INFO] [stdout]    |      --------- variants in this enum
[INFO] [stdout] 11 |     None,
[INFO] [stdout]    |     ^^^^
[INFO] [stdout] 12 |     North,
[INFO] [stdout]    |     ^^^^^
[INFO] [stdout] 13 |     NorthWest,
[INFO] [stdout]    |     ^^^^^^^^^
[INFO] [stdout] 14 |     NorthEast,
[INFO] [stdout]    |     ^^^^^^^^^
[INFO] [stdout] 15 |     East,
[INFO] [stdout]    |     ^^^^
[INFO] [stdout] 16 |     South,
[INFO] [stdout]    |     ^^^^^
[INFO] [stdout] 17 |     SouthEast,
[INFO] [stdout]    |     ^^^^^^^^^
[INFO] [stdout] 18 |     SouthWest,
[INFO] [stdout]    |     ^^^^^^^^^
[INFO] [stdout] 19 |     West,
[INFO] [stdout]    |     ^^^^
[INFO] [stdout]    |
[INFO] [stdout]    = note: `Direction` has derived impls for the traits `Clone` and `Debug`, but these are intentionally ignored during dead code analysis
[INFO] [stdout] 
[INFO] [stdout] 
[INFO] [stdout] warning: method `opposite` is never used
[INFO] [stdout]   --> src/day10.rs:23:8
[INFO] [stdout]    |
[INFO] [stdout] 22 | impl Direction {
[INFO] [stdout]    | -------------- method in this implementation
[INFO] [stdout] 23 |     fn opposite(self) -> Direction {
[INFO] [stdout]    |        ^^^^^^^^
[INFO] [stdout] 
[INFO] [stdout] 
[INFO] [stdout] warning: multiple variants are never constructed
[INFO] [stdout]   --> src/day10.rs:40:5
[INFO] [stdout]    |
[INFO] [stdout] 39 | enum Tile {
[INFO] [stdout]    |      ---- variants in this enum
[INFO] [stdout] 40 |     None,
[INFO] [stdout]    |     ^^^^
[INFO] [stdout] 41 |     NorthAndSouth,
[INFO] [stdout]    |     ^^^^^^^^^^^^^
[INFO] [stdout] 42 |     EastAndWest,
[INFO] [stdout]    |     ^^^^^^^^^^^
[INFO] [stdout] 43 |     NorthAndEast,
[INFO] [stdout]    |     ^^^^^^^^^^^^
[INFO] [stdout] 44 |     NorthAndWest,
[INFO] [stdout]    |     ^^^^^^^^^^^^
[INFO] [stdout] 45 |     SouthAndWest,
[INFO] [stdout]    |     ^^^^^^^^^^^^
[INFO] [stdout] 46 |     SouthAndEast,
[INFO] [stdout]    |     ^^^^^^^^^^^^
[INFO] [stdout] 47 |     Ground,
[INFO] [stdout]    |     ^^^^^^
[INFO] [stdout] 48 |     StartingPosition,
[INFO] [stdout]    |     ^^^^^^^^^^^^^^^^
[INFO] [stdout]    |
[INFO] [stdout]    = note: `Tile` has derived impls for the traits `Debug` and `Clone`, but these are intentionally ignored during dead code analysis
[INFO] [stdout] 
[INFO] [stdout] 
[INFO] [stdout] warning: associated items `print`, `parse`, `directions`, and `by_directions` are never used
[INFO] [stdout]   --> src/day10.rs:52:8
[INFO] [stdout]    |
[INFO] [stdout] 51 | impl Tile {
[INFO] [stdout]    | --------- associated items in this implementation
[INFO] [stdout] 52 |     fn print(self) -> char {
[INFO] [stdout]    |        ^^^^^
[INFO] [stdout] ...
[INFO] [stdout] 67 |     fn parse(c: char) -> Tile {
[INFO] [stdout]    |        ^^^^^
[INFO] [stdout] ...
[INFO] [stdout] 81 |     fn directions(self) -> Vec<Direction> {
[INFO] [stdout]    |        ^^^^^^^^^^
[INFO] [stdout] ...
[INFO] [stdout] 95 |     fn by_directions(dirs: &Vec<Direction>) -> Tile {
[INFO] [stdout]    |        ^^^^^^^^^^^^^
[INFO] [stdout] 
[INFO] [stdout] 
[INFO] [stdout] warning: function `parse` is never used
[INFO] [stdout]    --> src/day10.rs:119:4
[INFO] [stdout]     |
[INFO] [stdout] 119 | fn parse() -> Map {
[INFO] [stdout]     |    ^^^^^
[INFO] [stdout] 
[INFO] [stdout] 
[INFO] [stdout] warning: struct `Map` is never constructed
[INFO] [stdout]    --> src/day10.rs:138:8
[INFO] [stdout]     |
[INFO] [stdout] 138 | struct Map {
[INFO] [stdout]     |        ^^^
[INFO] [stdout] 
[INFO] [stdout] 
[INFO] [stdout] warning: multiple associated items are never used
[INFO] [stdout]    --> src/day10.rs:146:8
[INFO] [stdout]     |
[INFO] [stdout] 145 | impl Map {
[INFO] [stdout]     | -------- associated items in this implementation
[INFO] [stdout] 146 |     fn new(tiles: Vec<Vec<Tile>>) -> Map {
[INFO] [stdout]     |        ^^^
[INFO] [stdout] ...
[INFO] [stdout] 158 |     fn determine_start(&mut self) {
[INFO] [stdout]     |        ^^^^^^^^^^^^^^^
[INFO] [stdout] ...
[INFO] [stdout] 205 |     fn get(&self, r: usize, c: usize, dir: Direction) -> Tile {
[INFO] [stdout]     |        ^^^
[INFO] [stdout] ...
[INFO] [stdout] 248 |     fn get_xy(&self, r: usize, c: usize, dir: Direction) -> (Tile, usize, usize) {
[INFO] [stdout]     |        ^^^^^^
[INFO] [stdout] ...
[INFO] [stdout] 287 |     fn traverse(&mut self, start: (usize, usize)) {
[INFO] [stdout]     |        ^^^^^^^^
[INFO] [stdout] ...
[INFO] [stdout] 350 |     fn cast(&self, (r, c): (usize, usize), visited: &HashSet<(usize, usize)>) -> usize {
[INFO] [stdout]     |        ^^^^
[INFO] [stdout] ...
[INFO] [stdout] 372 |     fn print(&self, visited: &HashSet<(usize, usize)>) {
[INFO] [stdout]     |        ^^^^^
[INFO] [stdout] 
[INFO] [stdout] 
[INFO] [stdout] warning: function `part1` is never used
[INFO] [stdout]    --> src/day10.rs:398:8
[INFO] [stdout]     |
[INFO] [stdout] 398 | pub fn part1() {
[INFO] [stdout]     |        ^^^^^
[INFO] [stdout] 
[INFO] [stdout] 
[INFO] [stdout] warning: variants `Unknown`, `Operational`, and `Damaged` are never constructed
[INFO] [stdout]   --> src/day12.rs:9:5
[INFO] [stdout]    |
[INFO] [stdout] 8  | enum SpringStatus {
[INFO] [stdout]    |      ------------ variants in this enum
[INFO] [stdout] 9  |     Unknown,
[INFO] [stdout]    |     ^^^^^^^
[INFO] [stdout] 10 |     Operational,
[INFO] [stdout]    |     ^^^^^^^^^^^
[INFO] [stdout] 11 |     Damaged
[INFO] [stdout]    |     ^^^^^^^
[INFO] [stdout]    |
[INFO] [stdout]    = note: `SpringStatus` has a derived impl for the trait `Clone`, but this is intentionally ignored during dead code analysis
[INFO] [stdout] 
[INFO] [stdout] 
[INFO] [stdout] warning: associated items `from` and `print` are never used
[INFO] [stdout]   --> src/day12.rs:15:12
[INFO] [stdout]    |
[INFO] [stdout] 14 | impl SpringStatus {
[INFO] [stdout]    | ----------------- associated items in this implementation
[INFO] [stdout] 15 |     pub fn from(c: char) -> SpringStatus {
[INFO] [stdout]    |            ^^^^
[INFO] [stdout] ...
[INFO] [stdout] 24 |     pub fn print(&self) -> char {
[INFO] [stdout]    |            ^^^^^
[INFO] [stdout] 
[INFO] [stdout] 
[INFO] [stdout] warning: function `print_config` is never used
[INFO] [stdout]   --> src/day12.rs:33:4
[INFO] [stdout]    |
[INFO] [stdout] 33 | fn print_config(configuration: &Vec<SpringStatus>) {
[INFO] [stdout]    |    ^^^^^^^^^^^^
[INFO] [stdout] 
[INFO] [stdout] 
[INFO] [stdout] warning: function `valid` is never used
[INFO] [stdout]   --> src/day12.rs:41:4
[INFO] [stdout]    |
[INFO] [stdout] 41 | fn valid(configuration: &Vec<SpringStatus>, damaged_segments: Vec<usize>) -> bool {
[INFO] [stdout]    |    ^^^^^
[INFO] [stdout] 
[INFO] [stdout] 
[INFO] [stdout] warning: function `arrange` is never used
[INFO] [stdout]   --> src/day12.rs:82:4
[INFO] [stdout]    |
[INFO] [stdout] 82 | fn arrange(
[INFO] [stdout]    |    ^^^^^^^
[INFO] [stdout] 
[INFO] [stdout] 
[INFO] [stdout] warning: function `parse` is never used
[INFO] [stdout]    --> src/day12.rs:162:4
[INFO] [stdout]     |
[INFO] [stdout] 162 | fn parse(s: &str) -> (Vec<SpringStatus>, Vec<usize>) {
[INFO] [stdout]     |    ^^^^^
[INFO] [stdout] 
[INFO] [stdout] 
[INFO] [stdout] warning: function `part1` is never used
[INFO] [stdout]    --> src/day12.rs:180:8
[INFO] [stdout]     |
[INFO] [stdout] 180 | pub fn part1() {
[INFO] [stdout]     |        ^^^^^
[INFO] [stdout] 
[INFO] [stdout] 
[INFO] [stdout] warning: struct `Workflow` is never constructed
[INFO] [stdout]  --> src/day19.rs:5:8
[INFO] [stdout]   |
[INFO] [stdout] 5 | struct Workflow {
[INFO] [stdout]   |        ^^^^^^^^
[INFO] [stdout] 
[INFO] [stdout] 
[INFO] [stdout] warning: associated items `process` and `parse` are never used
[INFO] [stdout]   --> src/day19.rs:11:8
[INFO] [stdout]    |
[INFO] [stdout] 10 | impl Workflow {
[INFO] [stdout]    | ------------- associated items in this implementation
[INFO] [stdout] 11 |     fn process(&self, part: &Part) -> String {
[INFO] [stdout]    |        ^^^^^^^
[INFO] [stdout] ...
[INFO] [stdout] 21 |     fn parse(s: &str) -> Workflow {
[INFO] [stdout]    |        ^^^^^
[INFO] [stdout] 
[INFO] [stdout] 
[INFO] [stdout] warning: fields `kind`, `segment`, `value`, and `target` are never read
[INFO] [stdout]   --> src/day19.rs:42:5
[INFO] [stdout]    |
[INFO] [stdout] 41 | struct Rule {
[INFO] [stdout]    |        ---- fields in this struct
[INFO] [stdout] 42 |     kind: RuleKind,
[INFO] [stdout]    |     ^^^^
[INFO] [stdout] 43 |     segment: Segment,
[INFO] [stdout]    |     ^^^^^^^
[INFO] [stdout] 44 |     value: i32,
[INFO] [stdout]    |     ^^^^^
[INFO] [stdout] 45 |     target: String,
[INFO] [stdout]    |     ^^^^^^
[INFO] [stdout]    |
[INFO] [stdout]    = note: `Rule` has derived impls for the traits `Clone` and `Debug`, but these are intentionally ignored during dead code analysis
[INFO] [stdout] 
[INFO] [stdout] 
[INFO] [stdout] warning: associated items `invert`, `parse`, and `accept` are never used
[INFO] [stdout]    --> src/day19.rs:49:8
[INFO] [stdout]     |
[INFO] [stdout] 48  | impl Rule {
[INFO] [stdout]     | --------- associated items in this implementation
[INFO] [stdout] 49  |     fn invert(&self) -> Rule {
[INFO] [stdout]     |        ^^^^^^
[INFO] [stdout] ...
[INFO] [stdout] 70  |     fn parse(s: &str) -> Rule {
[INFO] [stdout]     |        ^^^^^
[INFO] [stdout] ...
[INFO] [stdout] 108 |     fn accept(&self, part: &Part) -> bool {
[INFO] [stdout]     |        ^^^^^^
[INFO] [stdout] 
[INFO] [stdout] 
[INFO] [stdout] warning: variants `Empty`, `Greater`, and `Lesser` are never constructed
[INFO] [stdout]    --> src/day19.rs:126:5
[INFO] [stdout]     |
[INFO] [stdout] 125 | enum RuleKind {
[INFO] [stdout]     |      -------- variants in this enum
[INFO] [stdout] 126 |     Empty,
[INFO] [stdout]     |     ^^^^^
[INFO] [stdout] 127 |     Greater,
[INFO] [stdout]     |     ^^^^^^^
[INFO] [stdout] 128 |     Lesser,
[INFO] [stdout]     |     ^^^^^^
[INFO] [stdout]     |
[INFO] [stdout]     = note: `RuleKind` has derived impls for the traits `Clone` and `Debug`, but these are intentionally ignored during dead code analysis
[INFO] [stdout] 
[INFO] [stdout] 
[INFO] [stdout] warning: variants `X`, `M`, `A`, and `S` are never constructed
[INFO] [stdout]    --> src/day19.rs:134:5
[INFO] [stdout]     |
[INFO] [stdout] 133 | enum Segment {
[INFO] [stdout]     |      ------- variants in this enum
[INFO] [stdout] 134 |     X,
[INFO] [stdout]     |     ^
[INFO] [stdout] 135 |     M,
[INFO] [stdout]     |     ^
[INFO] [stdout] 136 |     A,
[INFO] [stdout]     |     ^
[INFO] [stdout] 137 |     S,
[INFO] [stdout]     |     ^
[INFO] [stdout]     |
[INFO] [stdout]     = note: `Segment` has derived impls for the traits `Clone` and `Debug`, but these are intentionally ignored during dead code analysis
[INFO] [stdout] 
[INFO] [stdout] 
[INFO] [stdout] warning: struct `Part` is never constructed
[INFO] [stdout]    --> src/day19.rs:140:8
[INFO] [stdout]     |
[INFO] [stdout] 140 | struct Part {
[INFO] [stdout]     |        ^^^^
[INFO] [stdout] 
[INFO] [stdout] 
[INFO] [stdout] warning: associated items `parse` and `rating` are never used
[INFO] [stdout]    --> src/day19.rs:149:8
[INFO] [stdout]     |
[INFO] [stdout] 148 | impl Part {
[INFO] [stdout]     | --------- associated items in this implementation
[INFO] [stdout] 149 |     fn parse(s: &str) -> Part {
[INFO] [stdout]     |        ^^^^^
[INFO] [stdout] ...
[INFO] [stdout] 170 |     fn rating(&self) -> i32 {
[INFO] [stdout]     |        ^^^^^^
[INFO] [stdout] 
[INFO] [stdout] 
[INFO] [stdout] warning: function `process_part` is never used
[INFO] [stdout]    --> src/day19.rs:175:4
[INFO] [stdout]     |
[INFO] [stdout] 175 | fn process_part(part: &mut Part, workflows: &HashMap<String, Workflow>) -> bool {
[INFO] [stdout]     |    ^^^^^^^^^^^^
[INFO] [stdout] 
[INFO] [stdout] 
[INFO] [stdout] warning: function `process_parts` is never used
[INFO] [stdout]    --> src/day19.rs:198:4
[INFO] [stdout]     |
[INFO] [stdout] 198 | fn process_parts(parts: &mut Vec<Part>, workflows: &HashMap<String, Workflow>) -> i32 {
[INFO] [stdout]     |    ^^^^^^^^^^^^^
[INFO] [stdout] 
[INFO] [stdout] 
[INFO] [stdout] warning: function `parse` is never used
[INFO] [stdout]    --> src/day19.rs:209:4
[INFO] [stdout]     |
[INFO] [stdout] 209 | fn parse(filename: &str) -> (HashMap<String, Workflow>, Vec<Part>) {
[INFO] [stdout]     |    ^^^^^
[INFO] [stdout] 
[INFO] [stdout] 
[INFO] [stdout] warning: function `part1` is never used
[INFO] [stdout]    --> src/day19.rs:236:8
[INFO] [stdout]     |
[INFO] [stdout] 236 | pub fn part1() {
[INFO] [stdout]     |        ^^^^^
[INFO] [stdout] 
[INFO] [stdout] 
[INFO] [stdout] warning: function `determine_ranges` is never used
[INFO] [stdout]    --> src/day19.rs:243:4
[INFO] [stdout]     |
[INFO] [stdout] 243 | fn determine_ranges(constraints: &Vec<Rule>) -> i64 {
[INFO] [stdout]     |    ^^^^^^^^^^^^^^^^
[INFO] [stdout] 
[INFO] [stdout] 
[INFO] [stdout] warning: function `traverse` is never used
[INFO] [stdout]    --> src/day19.rs:343:4
[INFO] [stdout]     |
[INFO] [stdout] 343 | fn traverse(current_workflow: &str, workflows: &HashMap<String, Workflow>, constraints: &mut Vec<Rule>, path: &mut Vec<String>) -> i64 {
[INFO] [stdout]     |    ^^^^^^^^
[INFO] [stdout] 
[INFO] [stdout] 
[INFO] [stdout] warning: function `part2` is never used
[INFO] [stdout]    --> src/day19.rs:383:8
[INFO] [stdout]     |
[INFO] [stdout] 383 | pub fn part2() {
[INFO] [stdout]     |        ^^^^^
[INFO] [stdout] 
[INFO] [stdout] 
[INFO] [stdout] warning: function `print_signals` is never used
[INFO] [stdout]    --> src/day20.rs:139:4
[INFO] [stdout]     |
[INFO] [stdout] 139 | fn print_signals(signals: &Vec<(String, String, Signal)>) {
[INFO] [stdout]     |    ^^^^^^^^^^^^^
[INFO] [stdout] 
[INFO] [stdout] 
[INFO] [stdout] warning: function `print_signal` is never used
[INFO] [stdout]    --> src/day20.rs:145:4
[INFO] [stdout]     |
[INFO] [stdout] 145 | fn print_signal((from, target, signal): &(String, String, Signal)) {
[INFO] [stdout]     |    ^^^^^^^^^^^^
[INFO] [stdout] 
[INFO] [stdout] 
[INFO] [stdout] warning: function `part1` is never used
[INFO] [stdout]    --> src/day20.rs:224:8
[INFO] [stdout]     |
[INFO] [stdout] 224 | pub fn part1() {
[INFO] [stdout]     |        ^^^^^
[INFO] [stdout] 
[INFO] [stdout] 
[INFO] [stdout] warning: 67 warnings emitted
[INFO] [stdout] 
[INFO] [stdout] 
[INFO] [stderr]     Finished dev [unoptimized + debuginfo] target(s) in 0.83s
[INFO] running `Command { std: "docker" "inspect" "94b7b716fff58350e36c88c6f2597cceb9e5371d75e4cc4f3b100b745d5ff914", kill_on_drop: false }`
[INFO] running `Command { std: "docker" "rm" "-f" "94b7b716fff58350e36c88c6f2597cceb9e5371d75e4cc4f3b100b745d5ff914", kill_on_drop: false }`
[INFO] [stdout] 94b7b716fff58350e36c88c6f2597cceb9e5371d75e4cc4f3b100b745d5ff914
[INFO] running `Command { std: "docker" "create" "-v" "/var/lib/crater-agent-workspace/builds/worker-0-tc1/target:/opt/rustwide/target:rw,Z" "-v" "/var/lib/crater-agent-workspace/builds/worker-0-tc1/source:/opt/rustwide/workdir:ro,Z" "-v" "/var/lib/crater-agent-workspace/cargo-home:/opt/rustwide/cargo-home:ro,Z" "-v" "/var/lib/crater-agent-workspace/rustup-home:/opt/rustwide/rustup-home:ro,Z" "-e" "SOURCE_DIR=/opt/rustwide/workdir" "-e" "CARGO_TARGET_DIR=/opt/rustwide/target" "-e" "CARGO_INCREMENTAL=0" "-e" "RUST_BACKTRACE=full" "-e" "RUSTFLAGS=--cap-lints=warn" "-e" "RUSTDOCFLAGS=--cap-lints=warn" "-e" "CARGO_HOME=/opt/rustwide/cargo-home" "-e" "RUSTUP_HOME=/opt/rustwide/rustup-home" "-w" "/opt/rustwide/workdir" "-m" "1610612736" "--user" "0:0" "--network" "none" "ghcr.io/rust-lang/crates-build-env/linux@sha256:2788e3201cd34a07e3172128adcd8b3090168a8e3bcc40d7c032b9dda1df7d1c" "/opt/rustwide/cargo-home/bin/cargo" "+1.75.0" "test" "--frozen" "--no-run" "--message-format=json", kill_on_drop: false }`
[INFO] [stdout] 6f0bdb3fd38e5e2dcbef896be48643bcd0794fff2a7c469b5cd509cc17500c19
[INFO] running `Command { std: "docker" "start" "-a" "6f0bdb3fd38e5e2dcbef896be48643bcd0794fff2a7c469b5cd509cc17500c19", kill_on_drop: false }`
[INFO] [stderr]    Compiling aoc-2023 v0.1.0 (/opt/rustwide/workdir)
[INFO] [stdout] warning: unused import: `HashSet`
[INFO] [stdout]  --> src/day12.rs:1:48
[INFO] [stdout]   |
[INFO] [stdout] 1 | use std::{fs::File, io, collections::{HashMap, HashSet}};
[INFO] [stdout]   |                                                ^^^^^^^
[INFO] [stdout]   |
[INFO] [stdout]   = note: `#[warn(unused_imports)]` on by default
[INFO] [stdout] 
[INFO] [stdout] 
[INFO] [stdout] warning: unnecessary parentheses around type
[INFO] [stdout]    --> src/day20.rs:206:29
[INFO] [stdout]     |
[INFO] [stdout] 206 | fn parse(filename: &str) -> (HashMap<String, Module>) {
[INFO] [stdout]     |                             ^                       ^
[INFO] [stdout]     |
[INFO] [stdout]     = note: `#[warn(unused_parens)]` on by default
[INFO] [stdout] help: remove these parentheses
[INFO] [stdout]     |
[INFO] [stdout] 206 - fn parse(filename: &str) -> (HashMap<String, Module>) {
[INFO] [stdout] 206 + fn parse(filename: &str) -> HashMap<String, Module> {
[INFO] [stdout]     |
[INFO] [stdout] 
[INFO] [stdout] 
[INFO] [stdout] warning: unused import: `VecDeque`
[INFO] [stdout]    --> src/day20.rs:304:28
[INFO] [stdout]     |
[INFO] [stdout] 304 |     use std::collections::{VecDeque};
[INFO] [stdout]     |                            ^^^^^^^^
[INFO] [stdout] 
[INFO] [stdout] 
[INFO] [stdout] warning: unused variable: `first`
[INFO] [stdout]   --> src/day1.rs:25:13
[INFO] [stdout]    |
[INFO] [stdout] 25 |     let mut first: Option<char> = None;
[INFO] [stdout]    |             ^^^^^ help: if this is intentional, prefix it with an underscore: `_first`
[INFO] [stdout]    |
[INFO] [stdout]    = note: `#[warn(unused_variables)]` on by default
[INFO] [stdout] 
[INFO] [stdout] 
[INFO] [stdout] warning: unused variable: `last`
[INFO] [stdout]   --> src/day1.rs:26:13
[INFO] [stdout]    |
[INFO] [stdout] 26 |     let mut last: Option<char> = None;
[INFO] [stdout]    |             ^^^^ help: if this is intentional, prefix it with an underscore: `_last`
[INFO] [stdout] 
[INFO] [stdout] 
[INFO] [stdout] warning: variable does not need to be mutable
[INFO] [stdout]   --> src/day1.rs:25:9
[INFO] [stdout]    |
[INFO] [stdout] 25 |     let mut first: Option<char> = None;
[INFO] [stdout]    |         ----^^^^^
[INFO] [stdout]    |         |
[INFO] [stdout]    |         help: remove this `mut`
[INFO] [stdout]    |
[INFO] [stdout]    = note: `#[warn(unused_mut)]` on by default
[INFO] [stdout] 
[INFO] [stdout] 
[INFO] [stdout] warning: variable does not need to be mutable
[INFO] [stdout]   --> src/day1.rs:26:9
[INFO] [stdout]    |
[INFO] [stdout] 26 |     let mut last: Option<char> = None;
[INFO] [stdout]    |         ----^^^^
[INFO] [stdout]    |         |
[INFO] [stdout]    |         help: remove this `mut`
[INFO] [stdout] 
[INFO] [stdout] 
[INFO] [stdout] warning: unused variable: `game_id`
[INFO] [stdout]   --> src/day2.rs:69:17
[INFO] [stdout]    |
[INFO] [stdout] 69 |             let game_id: u32 = x[1].parse().unwrap();
[INFO] [stdout]    |                 ^^^^^^^ help: if this is intentional, prefix it with an underscore: `_game_id`
[INFO] [stdout] 
[INFO] [stdout] 
[INFO] [stdout] warning: unused variable: `idx`
[INFO] [stdout]    --> src/day3.rs:234:31
[INFO] [stdout]     |
[INFO] [stdout] 234 |                     for (num, idx, x) in gears {
[INFO] [stdout]     |                               ^^^ help: if this is intentional, prefix it with an underscore: `_idx`
[INFO] [stdout] 
[INFO] [stdout] 
[INFO] [stdout] warning: unused variable: `x`
[INFO] [stdout]    --> src/day3.rs:234:36
[INFO] [stdout]     |
[INFO] [stdout] 234 |                     for (num, idx, x) in gears {
[INFO] [stdout]     |                                    ^ help: if this is intentional, prefix it with an underscore: `_x`
[INFO] [stdout] 
[INFO] [stdout] 
[INFO] [stdout] warning: variable does not need to be mutable
[INFO] [stdout]    --> src/day3.rs:149:25
[INFO] [stdout]     |
[INFO] [stdout] 149 |                     let mut last_idx = col_idx - 1;
[INFO] [stdout]     |                         ----^^^^^^^^
[INFO] [stdout]     |                         |
[INFO] [stdout]     |                         help: remove this `mut`
[INFO] [stdout] 
[INFO] [stdout] 
[INFO] [stdout] warning: unused variable: `next`
[INFO] [stdout]    --> src/day10.rs:308:26
[INFO] [stdout]     |
[INFO] [stdout] 308 |                     let (next, nr, nc) = self.get_xy(r, c, dir);
[INFO] [stdout]     |                          ^^^^ help: if this is intentional, prefix it with an underscore: `_next`
[INFO] [stdout] 
[INFO] [stdout] 
[INFO] [stdout] warning: unused variable: `map`
[INFO] [stdout]    --> src/day10.rs:409:13
[INFO] [stdout]     |
[INFO] [stdout] 409 |         let map = parse();
[INFO] [stdout]     |             ^^^ help: if this is intentional, prefix it with an underscore: `_map`
[INFO] [stdout] 
[INFO] [stdout] 
[INFO] [stdout] warning: variable does not need to be mutable
[INFO] [stdout]    --> src/day20.rs:331:13
[INFO] [stdout]     |
[INFO] [stdout] 331 |         let mut modules = vec![
[INFO] [stdout]     |             ----^^^^^^^
[INFO] [stdout]     |             |
[INFO] [stdout]     |             help: remove this `mut`
[INFO] [stdout] 
[INFO] [stdout] 
[INFO] [stdout] warning: type `day7::Hand` is more private than the item `day7::score`
[INFO] [stdout]    --> src/day7.rs:197:1
[INFO] [stdout]     |
[INFO] [stdout] 197 | pub fn score(hands: &Vec<Hand>) -> u32 {
[INFO] [stdout]     | ^^^^^^^^^^^^^^^^^^^^^^^^^^^^^^^^^^^^^^ function `day7::score` is reachable at visibility `pub(crate)`
[INFO] [stdout]     |
[INFO] [stdout] note: but type `day7::Hand` is only usable at visibility `pub(self)`
[INFO] [stdout]    --> src/day7.rs:45:1
[INFO] [stdout]     |
[INFO] [stdout] 45  | struct Hand {
[INFO] [stdout]     | ^^^^^^^^^^^
[INFO] [stdout]     = note: `#[warn(private_interfaces)]` on by default
[INFO] [stdout] 
[INFO] [stdout] 
[INFO] [stdout] warning: function `calibration_value` is never used
[INFO] [stdout]  --> src/day1.rs:7:4
[INFO] [stdout]   |
[INFO] [stdout] 7 | fn calibration_value(line: &str) -> i32 {
[INFO] [stdout]   |    ^^^^^^^^^^^^^^^^^
[INFO] [stdout]   |
[INFO] [stdout]   = note: `#[warn(dead_code)]` on by default
[INFO] [stdout] 
[INFO] [stdout] 
[INFO] [stdout] warning: function `calibration_value_v2` is never used
[INFO] [stdout]   --> src/day1.rs:24:4
[INFO] [stdout]    |
[INFO] [stdout] 24 | fn calibration_value_v2(line: &str) -> i32 {
[INFO] [stdout]    |    ^^^^^^^^^^^^^^^^^^^^
[INFO] [stdout] 
[INFO] [stdout] 
[INFO] [stdout] warning: function `part1` is never used
[INFO] [stdout]   --> src/day1.rs:67:8
[INFO] [stdout]    |
[INFO] [stdout] 67 | pub fn part1() {
[INFO] [stdout]    |        ^^^^^
[INFO] [stdout] 
[INFO] [stdout] 
[INFO] [stdout] warning: function `part2` is never used
[INFO] [stdout]   --> src/day1.rs:82:8
[INFO] [stdout]    |
[INFO] [stdout] 82 | pub fn part2() {
[INFO] [stdout]    |        ^^^^^
[INFO] [stdout] 
[INFO] [stdout] 
[INFO] [stdout] warning: function `part1` is never used
[INFO] [stdout]  --> src/day2.rs:7:8
[INFO] [stdout]   |
[INFO] [stdout] 7 | pub fn part1() {
[INFO] [stdout]   |        ^^^^^
[INFO] [stdout] 
[INFO] [stdout] 
[INFO] [stdout] warning: function `part2` is never used
[INFO] [stdout]   --> src/day2.rs:60:8
[INFO] [stdout]    |
[INFO] [stdout] 60 | pub fn part2() {
[INFO] [stdout]    |        ^^^^^
[INFO] [stdout] 
[INFO] [stdout] 
[INFO] [stdout] warning: function `read_schematic` is never used
[INFO] [stdout]  --> src/day3.rs:5:4
[INFO] [stdout]   |
[INFO] [stdout] 5 | fn read_schematic() -> Vec<Vec<char>> {
[INFO] [stdout]   |    ^^^^^^^^^^^^^^
[INFO] [stdout] 
[INFO] [stdout] 
[INFO] [stdout] warning: function `is_symbol` is never used
[INFO] [stdout]   --> src/day3.rs:18:4
[INFO] [stdout]    |
[INFO] [stdout] 18 | fn is_symbol(schematic: &Vec<Vec<char>>, row_idx: usize, col_idx: usize, rr: i32, cc: i32) -> bool {
[INFO] [stdout]    |    ^^^^^^^^^
[INFO] [stdout] 
[INFO] [stdout] 
[INFO] [stdout] warning: function `is_number` is never used
[INFO] [stdout]   --> src/day3.rs:48:4
[INFO] [stdout]    |
[INFO] [stdout] 48 | fn is_number(schematic: &Vec<Vec<char>>, 
[INFO] [stdout]    |    ^^^^^^^^^
[INFO] [stdout] 
[INFO] [stdout] 
[INFO] [stdout] warning: function `part2` is never used
[INFO] [stdout]    --> src/day3.rs:127:8
[INFO] [stdout]     |
[INFO] [stdout] 127 | pub fn part2() {
[INFO] [stdout]     |        ^^^^^
[INFO] [stdout] 
[INFO] [stdout] 
[INFO] [stdout] warning: fields `id`, `winning`, `owned`, and `count` are never read
[INFO] [stdout]   --> src/day4.rs:7:5
[INFO] [stdout]    |
[INFO] [stdout] 6  | struct Card {
[INFO] [stdout]    |        ---- fields in this struct
[INFO] [stdout] 7  |     id: u32,
[INFO] [stdout]    |     ^^
[INFO] [stdout] 8  |     winning: HashSet<u32>,
[INFO] [stdout]    |     ^^^^^^^
[INFO] [stdout] 9  |     owned: Vec<u32>,
[INFO] [stdout]    |     ^^^^^
[INFO] [stdout] 10 |     count: u32,
[INFO] [stdout]    |     ^^^^^
[INFO] [stdout]    |
[INFO] [stdout]    = note: `Card` has a derived impl for the trait `Debug`, but this is intentionally ignored during dead code analysis
[INFO] [stdout] 
[INFO] [stdout] 
[INFO] [stdout] warning: associated items `new` and `matching_numbers` are never used
[INFO] [stdout]   --> src/day4.rs:14:8
[INFO] [stdout]    |
[INFO] [stdout] 13 | impl Card {
[INFO] [stdout]    | --------- associated items in this implementation
[INFO] [stdout] 14 |     fn new(id: u32, winning: HashSet<u32>, owned: Vec<u32>) -> Card {
[INFO] [stdout]    |        ^^^
[INFO] [stdout] ...
[INFO] [stdout] 24 |     fn matching_numbers(&self) -> i32 {
[INFO] [stdout]    |        ^^^^^^^^^^^^^^^^
[INFO] [stdout] 
[INFO] [stdout] 
[INFO] [stdout] warning: function `read_cards` is never used
[INFO] [stdout]   --> src/day4.rs:36:4
[INFO] [stdout]    |
[INFO] [stdout] 36 | fn read_cards() -> Vec<Card> {
[INFO] [stdout]    |    ^^^^^^^^^^
[INFO] [stdout] 
[INFO] [stdout] 
[INFO] [stdout] warning: function `part1` is never used
[INFO] [stdout]   --> src/day4.rs:63:8
[INFO] [stdout]    |
[INFO] [stdout] 63 | pub fn part1() {
[INFO] [stdout]    |        ^^^^^
[INFO] [stdout] 
[INFO] [stdout] 
[INFO] [stdout] warning: function `part2` is never used
[INFO] [stdout]   --> src/day4.rs:81:8
[INFO] [stdout]    |
[INFO] [stdout] 81 | pub fn part2() {
[INFO] [stdout]    |        ^^^^^
[INFO] [stdout] 
[INFO] [stdout] 
[INFO] [stdout] warning: function `part1` is never used
[INFO] [stdout]    --> src/day7.rs:206:8
[INFO] [stdout]     |
[INFO] [stdout] 206 | pub fn part1() {
[INFO] [stdout]     |        ^^^^^
[INFO] [stdout] 
[INFO] [stdout] 
[INFO] [stdout] warning: method `opposite` is never used
[INFO] [stdout]   --> src/day10.rs:23:8
[INFO] [stdout]    |
[INFO] [stdout] 22 | impl Direction {
[INFO] [stdout]    | -------------- method in this implementation
[INFO] [stdout] 23 |     fn opposite(self) -> Direction {
[INFO] [stdout]    |        ^^^^^^^^
[INFO] [stdout] 
[INFO] [stdout] 
[INFO] [stdout] warning: method `print` is never used
[INFO] [stdout]   --> src/day10.rs:52:8
[INFO] [stdout]    |
[INFO] [stdout] 51 | impl Tile {
[INFO] [stdout]    | --------- method in this implementation
[INFO] [stdout] 52 |     fn print(self) -> char {
[INFO] [stdout]    |        ^^^^^
[INFO] [stdout] 
[INFO] [stdout] 
[INFO] [stdout] warning: method `print` is never used
[INFO] [stdout]    --> src/day10.rs:372:8
[INFO] [stdout]     |
[INFO] [stdout] 145 | impl Map {
[INFO] [stdout]     | -------- method in this implementation
[INFO] [stdout] ...
[INFO] [stdout] 372 |     fn print(&self, visited: &HashSet<(usize, usize)>) {
[INFO] [stdout]     |        ^^^^^
[INFO] [stdout] 
[INFO] [stdout] 
[INFO] [stdout] warning: function `part1` is never used
[INFO] [stdout]    --> src/day10.rs:398:8
[INFO] [stdout]     |
[INFO] [stdout] 398 | pub fn part1() {
[INFO] [stdout]     |        ^^^^^
[INFO] [stdout] 
[INFO] [stdout] 
[INFO] [stdout] warning: method `print` is never used
[INFO] [stdout]   --> src/day12.rs:24:12
[INFO] [stdout]    |
[INFO] [stdout] 14 | impl SpringStatus {
[INFO] [stdout]    | ----------------- method in this implementation
[INFO] [stdout] ...
[INFO] [stdout] 24 |     pub fn print(&self) -> char {
[INFO] [stdout]    |            ^^^^^
[INFO] [stdout] 
[INFO] [stdout] 
[INFO] [stdout] warning: function `print_config` is never used
[INFO] [stdout]   --> src/day12.rs:33:4
[INFO] [stdout]    |
[INFO] [stdout] 33 | fn print_config(configuration: &Vec<SpringStatus>) {
[INFO] [stdout]    |    ^^^^^^^^^^^^
[INFO] [stdout] 
[INFO] [stdout] 
[INFO] [stdout] warning: function `part1` is never used
[INFO] [stdout]    --> src/day12.rs:180:8
[INFO] [stdout]     |
[INFO] [stdout] 180 | pub fn part1() {
[INFO] [stdout]     |        ^^^^^
[INFO] [stdout] 
[INFO] [stdout] 
[INFO] [stdout] warning: method `invert` is never used
[INFO] [stdout]   --> src/day19.rs:49:8
[INFO] [stdout]    |
[INFO] [stdout] 48 | impl Rule {
[INFO] [stdout]    | --------- method in this implementation
[INFO] [stdout] 49 |     fn invert(&self) -> Rule {
[INFO] [stdout]    |        ^^^^^^
[INFO] [stdout] 
[INFO] [stdout] 
[INFO] [stdout] warning: function `part1` is never used
[INFO] [stdout]    --> src/day19.rs:236:8
[INFO] [stdout]     |
[INFO] [stdout] 236 | pub fn part1() {
[INFO] [stdout]     |        ^^^^^
[INFO] [stdout] 
[INFO] [stdout] 
[INFO] [stdout] warning: function `determine_ranges` is never used
[INFO] [stdout]    --> src/day19.rs:243:4
[INFO] [stdout]     |
[INFO] [stdout] 243 | fn determine_ranges(constraints: &Vec<Rule>) -> i64 {
[INFO] [stdout]     |    ^^^^^^^^^^^^^^^^
[INFO] [stdout] 
[INFO] [stdout] 
[INFO] [stdout] warning: function `traverse` is never used
[INFO] [stdout]    --> src/day19.rs:343:4
[INFO] [stdout]     |
[INFO] [stdout] 343 | fn traverse(current_workflow: &str, workflows: &HashMap<String, Workflow>, constraints: &mut Vec<Rule>, path: &mut Vec<String>) -> i64 {
[INFO] [stdout]     |    ^^^^^^^^
[INFO] [stdout] 
[INFO] [stdout] 
[INFO] [stdout] warning: function `part2` is never used
[INFO] [stdout]    --> src/day19.rs:383:8
[INFO] [stdout]     |
[INFO] [stdout] 383 | pub fn part2() {
[INFO] [stdout]     |        ^^^^^
[INFO] [stdout] 
[INFO] [stdout] 
[INFO] [stdout] warning: function `print_signals` is never used
[INFO] [stdout]    --> src/day20.rs:139:4
[INFO] [stdout]     |
[INFO] [stdout] 139 | fn print_signals(signals: &Vec<(String, String, Signal)>) {
[INFO] [stdout]     |    ^^^^^^^^^^^^^
[INFO] [stdout] 
[INFO] [stdout] 
[INFO] [stdout] warning: function `print_signal` is never used
[INFO] [stdout]    --> src/day20.rs:145:4
[INFO] [stdout]     |
[INFO] [stdout] 145 | fn print_signal((from, target, signal): &(String, String, Signal)) {
[INFO] [stdout]     |    ^^^^^^^^^^^^
[INFO] [stdout] 
[INFO] [stdout] 
[INFO] [stdout] warning: function `part1` is never used
[INFO] [stdout]    --> src/day20.rs:224:8
[INFO] [stdout]     |
[INFO] [stdout] 224 | pub fn part1() {
[INFO] [stdout]     |        ^^^^^
[INFO] [stdout] 
[INFO] [stdout] 
[INFO] [stdout] warning: 46 warnings emitted
[INFO] [stdout] 
[INFO] [stdout] 
[INFO] [stderr]     Finished test [unoptimized + debuginfo] target(s) in 0.71s
[INFO] running `Command { std: "docker" "inspect" "6f0bdb3fd38e5e2dcbef896be48643bcd0794fff2a7c469b5cd509cc17500c19", kill_on_drop: false }`
[INFO] running `Command { std: "docker" "rm" "-f" "6f0bdb3fd38e5e2dcbef896be48643bcd0794fff2a7c469b5cd509cc17500c19", kill_on_drop: false }`
[INFO] [stdout] 6f0bdb3fd38e5e2dcbef896be48643bcd0794fff2a7c469b5cd509cc17500c19
[INFO] running `Command { std: "docker" "create" "-v" "/var/lib/crater-agent-workspace/builds/worker-0-tc1/target:/opt/rustwide/target:rw,Z" "-v" "/var/lib/crater-agent-workspace/builds/worker-0-tc1/source:/opt/rustwide/workdir:ro,Z" "-v" "/var/lib/crater-agent-workspace/cargo-home:/opt/rustwide/cargo-home:ro,Z" "-v" "/var/lib/crater-agent-workspace/rustup-home:/opt/rustwide/rustup-home:ro,Z" "-e" "SOURCE_DIR=/opt/rustwide/workdir" "-e" "CARGO_TARGET_DIR=/opt/rustwide/target" "-e" "CARGO_INCREMENTAL=0" "-e" "RUST_BACKTRACE=full" "-e" "RUSTFLAGS=--cap-lints=warn" "-e" "RUSTDOCFLAGS=--cap-lints=warn" "-e" "CARGO_HOME=/opt/rustwide/cargo-home" "-e" "RUSTUP_HOME=/opt/rustwide/rustup-home" "-w" "/opt/rustwide/workdir" "-m" "1610612736" "--user" "0:0" "--network" "none" "ghcr.io/rust-lang/crates-build-env/linux@sha256:2788e3201cd34a07e3172128adcd8b3090168a8e3bcc40d7c032b9dda1df7d1c" "/opt/rustwide/cargo-home/bin/cargo" "+1.75.0" "test" "--frozen", kill_on_drop: false }`
[INFO] [stdout] 99e3ca2b99b1e1001b9681bda09c69843aae68abfebfaa92c20a56d1f642c0c0
[INFO] running `Command { std: "docker" "start" "-a" "99e3ca2b99b1e1001b9681bda09c69843aae68abfebfaa92c20a56d1f642c0c0", kill_on_drop: false }`
[INFO] [stderr] warning: unused import: `HashSet`
[INFO] [stderr]  --> src/day12.rs:1:48
[INFO] [stderr]   |
[INFO] [stderr] 1 | use std::{fs::File, io, collections::{HashMap, HashSet}};
[INFO] [stderr]   |                                                ^^^^^^^
[INFO] [stderr]   |
[INFO] [stderr]   = note: `#[warn(unused_imports)]` on by default
[INFO] [stderr] 
[INFO] [stderr] warning: unnecessary parentheses around type
[INFO] [stderr]    --> src/day20.rs:206:29
[INFO] [stderr]     |
[INFO] [stderr] 206 | fn parse(filename: &str) -> (HashMap<String, Module>) {
[INFO] [stderr]     |                             ^                       ^
[INFO] [stderr]     |
[INFO] [stderr]     = note: `#[warn(unused_parens)]` on by default
[INFO] [stderr] help: remove these parentheses
[INFO] [stderr]     |
[INFO] [stderr] 206 - fn parse(filename: &str) -> (HashMap<String, Module>) {
[INFO] [stderr] 206 + fn parse(filename: &str) -> HashMap<String, Module> {
[INFO] [stderr]     |
[INFO] [stderr] 
[INFO] [stderr] warning: unused import: `VecDeque`
[INFO] [stderr]    --> src/day20.rs:304:28
[INFO] [stderr]     |
[INFO] [stderr] 304 |     use std::collections::{VecDeque};
[INFO] [stderr]     |                            ^^^^^^^^
[INFO] [stderr] 
[INFO] [stderr] warning: unused variable: `first`
[INFO] [stderr]   --> src/day1.rs:25:13
[INFO] [stderr]    |
[INFO] [stderr] 25 |     let mut first: Option<char> = None;
[INFO] [stderr]    |             ^^^^^ help: if this is intentional, prefix it with an underscore: `_first`
[INFO] [stderr]    |
[INFO] [stderr]    = note: `#[warn(unused_variables)]` on by default
[INFO] [stderr] 
[INFO] [stderr] warning: unused variable: `last`
[INFO] [stderr]   --> src/day1.rs:26:13
[INFO] [stderr]    |
[INFO] [stderr] 26 |     let mut last: Option<char> = None;
[INFO] [stderr]    |             ^^^^ help: if this is intentional, prefix it with an underscore: `_last`
[INFO] [stderr] 
[INFO] [stderr] warning: variable does not need to be mutable
[INFO] [stderr]   --> src/day1.rs:25:9
[INFO] [stderr]    |
[INFO] [stderr] 25 |     let mut first: Option<char> = None;
[INFO] [stderr]    |         ----^^^^^
[INFO] [stderr]    |         |
[INFO] [stderr]    |         help: remove this `mut`
[INFO] [stderr]    |
[INFO] [stderr]    = note: `#[warn(unused_mut)]` on by default
[INFO] [stderr] 
[INFO] [stderr] warning: variable does not need to be mutable
[INFO] [stderr]   --> src/day1.rs:26:9
[INFO] [stderr]    |
[INFO] [stderr] 26 |     let mut last: Option<char> = None;
[INFO] [stderr]    |         ----^^^^
[INFO] [stderr]    |         |
[INFO] [stderr]    |         help: remove this `mut`
[INFO] [stderr] 
[INFO] [stderr] warning: unused variable: `game_id`
[INFO] [stderr]   --> src/day2.rs:69:17
[INFO] [stderr]    |
[INFO] [stderr] 69 |             let game_id: u32 = x[1].parse().unwrap();
[INFO] [stderr]    |                 ^^^^^^^ help: if this is intentional, prefix it with an underscore: `_game_id`
[INFO] [stderr] 
[INFO] [stderr] warning: unused variable: `idx`
[INFO] [stderr]    --> src/day3.rs:234:31
[INFO] [stderr]     |
[INFO] [stderr] 234 |                     for (num, idx, x) in gears {
[INFO] [stderr]     |                               ^^^ help: if this is intentional, prefix it with an underscore: `_idx`
[INFO] [stderr] 
[INFO] [stderr] warning: unused variable: `x`
[INFO] [stderr]    --> src/day3.rs:234:36
[INFO] [stderr]     |
[INFO] [stderr] 234 |                     for (num, idx, x) in gears {
[INFO] [stderr]     |                                    ^ help: if this is intentional, prefix it with an underscore: `_x`
[INFO] [stderr] 
[INFO] [stderr] warning: variable does not need to be mutable
[INFO] [stderr]    --> src/day3.rs:149:25
[INFO] [stderr]     |
[INFO] [stderr] 149 |                     let mut last_idx = col_idx - 1;
[INFO] [stderr]     |                         ----^^^^^^^^
[INFO] [stderr]     |                         |
[INFO] [stderr]     |                         help: remove this `mut`
[INFO] [stderr] 
[INFO] [stderr] warning: unused variable: `next`
[INFO] [stderr]    --> src/day10.rs:308:26
[INFO] [stderr]     |
[INFO] [stderr] 308 |                     let (next, nr, nc) = self.get_xy(r, c, dir);
[INFO] [stderr]     |                          ^^^^ help: if this is intentional, prefix it with an underscore: `_next`
[INFO] [stderr] 
[INFO] [stderr] warning: unused variable: `map`
[INFO] [stderr]    --> src/day10.rs:409:13
[INFO] [stderr]     |
[INFO] [stderr] 409 |         let map = parse();
[INFO] [stderr]     |             ^^^ help: if this is intentional, prefix it with an underscore: `_map`
[INFO] [stderr] 
[INFO] [stderr] warning: variable does not need to be mutable
[INFO] [stderr]    --> src/day20.rs:331:13
[INFO] [stderr]     |
[INFO] [stderr] 331 |         let mut modules = vec![
[INFO] [stderr]     |             ----^^^^^^^
[INFO] [stderr]     |             |
[INFO] [stderr]     |             help: remove this `mut`
[INFO] [stderr] 
[INFO] [stderr] warning: type `day7::Hand` is more private than the item `day7::score`
[INFO] [stderr]    --> src/day7.rs:197:1
[INFO] [stderr]     |
[INFO] [stderr] 197 | pub fn score(hands: &Vec<Hand>) -> u32 {
[INFO] [stderr]     | ^^^^^^^^^^^^^^^^^^^^^^^^^^^^^^^^^^^^^^ function `day7::score` is reachable at visibility `pub(crate)`
[INFO] [stderr]     |
[INFO] [stderr] note: but type `day7::Hand` is only usable at visibility `pub(self)`
[INFO] [stderr]    --> src/day7.rs:45:1
[INFO] [stderr]     |
[INFO] [stderr] 45  | struct Hand {
[INFO] [stderr]     | ^^^^^^^^^^^
[INFO] [stderr]     = note: `#[warn(private_interfaces)]` on by default
[INFO] [stderr] 
[INFO] [stderr] warning: function `calibration_value` is never used
[INFO] [stderr]  --> src/day1.rs:7:4
[INFO] [stderr]   |
[INFO] [stderr] 7 | fn calibration_value(line: &str) -> i32 {
[INFO] [stderr]   |    ^^^^^^^^^^^^^^^^^
[INFO] [stderr]   |
[INFO] [stderr]   = note: `#[warn(dead_code)]` on by default
[INFO] [stderr] 
[INFO] [stderr] warning: function `calibration_value_v2` is never used
[INFO] [stderr]   --> src/day1.rs:24:4
[INFO] [stderr]    |
[INFO] [stderr] 24 | fn calibration_value_v2(line: &str) -> i32 {
[INFO] [stderr]    |    ^^^^^^^^^^^^^^^^^^^^
[INFO] [stderr] 
[INFO] [stderr] warning: function `part1` is never used
[INFO] [stderr]   --> src/day1.rs:67:8
[INFO] [stderr]    |
[INFO] [stderr] 67 | pub fn part1() {
[INFO] [stderr]    |        ^^^^^
[INFO] [stderr] 
[INFO] [stderr] warning: function `part2` is never used
[INFO] [stderr]   --> src/day1.rs:82:8
[INFO] [stderr]    |
[INFO] [stderr] 82 | pub fn part2() {
[INFO] [stderr]    |        ^^^^^
[INFO] [stderr] 
[INFO] [stderr] warning: function `part1` is never used
[INFO] [stderr]  --> src/day2.rs:7:8
[INFO] [stderr]   |
[INFO] [stderr] 7 | pub fn part1() {
[INFO] [stderr]   |        ^^^^^
[INFO] [stderr] 
[INFO] [stderr] warning: function `part2` is never used
[INFO] [stderr]   --> src/day2.rs:60:8
[INFO] [stderr]    |
[INFO] [stderr] 60 | pub fn part2() {
[INFO] [stderr]    |        ^^^^^
[INFO] [stderr] 
[INFO] [stderr] warning: function `read_schematic` is never used
[INFO] [stderr]  --> src/day3.rs:5:4
[INFO] [stderr]   |
[INFO] [stderr] 5 | fn read_schematic() -> Vec<Vec<char>> {
[INFO] [stderr]   |    ^^^^^^^^^^^^^^
[INFO] [stderr] 
[INFO] [stderr] warning: function `is_symbol` is never used
[INFO] [stderr]   --> src/day3.rs:18:4
[INFO] [stderr]    |
[INFO] [stderr] 18 | fn is_symbol(schematic: &Vec<Vec<char>>, row_idx: usize, col_idx: usize, rr: i32, cc: i32) -> bool {
[INFO] [stderr]    |    ^^^^^^^^^
[INFO] [stderr] 
[INFO] [stderr] warning: function `is_number` is never used
[INFO] [stderr]   --> src/day3.rs:48:4
[INFO] [stderr]    |
[INFO] [stderr] 48 | fn is_number(schematic: &Vec<Vec<char>>, 
[INFO] [stderr]    |    ^^^^^^^^^
[INFO] [stderr] 
[INFO] [stderr] warning: function `part2` is never used
[INFO] [stderr]    --> src/day3.rs:127:8
[INFO] [stderr]     |
[INFO] [stderr] 127 | pub fn part2() {
[INFO] [stderr]     |        ^^^^^
[INFO] [stderr] 
[INFO] [stderr] warning: fields `id`, `winning`, `owned`, and `count` are never read
[INFO] [stderr]   --> src/day4.rs:7:5
[INFO] [stderr]    |
[INFO] [stderr] 6  | struct Card {
[INFO] [stderr]    |        ---- fields in this struct
[INFO] [stderr] 7  |     id: u32,
[INFO] [stderr]    |     ^^
[INFO] [stderr] 8  |     winning: HashSet<u32>,
[INFO] [stderr]    |     ^^^^^^^
[INFO] [stderr] 9  |     owned: Vec<u32>,
[INFO] [stderr]    |     ^^^^^
[INFO] [stderr] 10 |     count: u32,
[INFO] [stderr]    |     ^^^^^
[INFO] [stderr]    |
[INFO] [stderr]    = note: `Card` has a derived impl for the trait `Debug`, but this is intentionally ignored during dead code analysis
[INFO] [stderr] 
[INFO] [stderr] warning: associated items `new` and `matching_numbers` are never used
[INFO] [stderr]   --> src/day4.rs:14:8
[INFO] [stderr]    |
[INFO] [stderr] 13 | impl Card {
[INFO] [stderr]    | --------- associated items in this implementation
[INFO] [stderr] 14 |     fn new(id: u32, winning: HashSet<u32>, owned: Vec<u32>) -> Card {
[INFO] [stderr]    |        ^^^
[INFO] [stderr] ...
[INFO] [stderr] 24 |     fn matching_numbers(&self) -> i32 {
[INFO] [stderr]    |        ^^^^^^^^^^^^^^^^
[INFO] [stderr] 
[INFO] [stderr] warning: function `read_cards` is never used
[INFO] [stderr]   --> src/day4.rs:36:4
[INFO] [stderr]    |
[INFO] [stderr] 36 | fn read_cards() -> Vec<Card> {
[INFO] [stderr]    |    ^^^^^^^^^^
[INFO] [stderr] 
[INFO] [stderr] warning: function `part1` is never used
[INFO] [stderr]   --> src/day4.rs:63:8
[INFO] [stderr]    |
[INFO] [stderr] 63 | pub fn part1() {
[INFO] [stderr]    |        ^^^^^
[INFO] [stderr] 
[INFO] [stderr] warning: function `part2` is never used
[INFO] [stderr]   --> src/day4.rs:81:8
[INFO] [stderr]    |
[INFO] [stderr] 81 | pub fn part2() {
[INFO] [stderr]    |        ^^^^^
[INFO] [stderr] 
[INFO] [stderr] warning: function `part1` is never used
[INFO] [stderr]    --> src/day7.rs:206:8
[INFO] [stderr]     |
[INFO] [stderr] 206 | pub fn part1() {
[INFO] [stderr]     |        ^^^^^
[INFO] [stderr] 
[INFO] [stderr] warning: method `opposite` is never used
[INFO] [stderr]   --> src/day10.rs:23:8
[INFO] [stderr]    |
[INFO] [stderr] 22 | impl Direction {
[INFO] [stderr]    | -------------- method in this implementation
[INFO] [stderr] 23 |     fn opposite(self) -> Direction {
[INFO] [stderr]    |        ^^^^^^^^
[INFO] [stderr] 
[INFO] [stderr] warning: method `print` is never used
[INFO] [stderr]   --> src/day10.rs:52:8
[INFO] [stderr]    |
[INFO] [stderr] 51 | impl Tile {
[INFO] [stderr]    | --------- method in this implementation
[INFO] [stderr] 52 |     fn print(self) -> char {
[INFO] [stderr]    |        ^^^^^
[INFO] [stderr] 
[INFO] [stderr] warning: method `print` is never used
[INFO] [stderr]    --> src/day10.rs:372:8
[INFO] [stderr]     |
[INFO] [stderr] 145 | impl Map {
[INFO] [stderr]     | -------- method in this implementation
[INFO] [stderr] ...
[INFO] [stderr] 372 |     fn print(&self, visited: &HashSet<(usize, usize)>) {
[INFO] [stderr]     |        ^^^^^
[INFO] [stderr] 
[INFO] [stderr] warning: function `part1` is never used
[INFO] [stderr]    --> src/day10.rs:398:8
[INFO] [stderr]     |
[INFO] [stderr] 398 | pub fn part1() {
[INFO] [stderr]     |        ^^^^^
[INFO] [stderr] 
[INFO] [stderr] warning: method `print` is never used
[INFO] [stderr]   --> src/day12.rs:24:12
[INFO] [stderr]    |
[INFO] [stderr] 14 | impl SpringStatus {
[INFO] [stderr]    | ----------------- method in this implementation
[INFO] [stderr] ...
[INFO] [stderr] 24 |     pub fn print(&self) -> char {
[INFO] [stderr]    |            ^^^^^
[INFO] [stderr] 
[INFO] [stderr] warning: function `print_config` is never used
[INFO] [stderr]   --> src/day12.rs:33:4
[INFO] [stderr]    |
[INFO] [stderr] 33 | fn print_config(configuration: &Vec<SpringStatus>) {
[INFO] [stderr]    |    ^^^^^^^^^^^^
[INFO] [stderr] 
[INFO] [stderr] warning: function `part1` is never used
[INFO] [stderr]    --> src/day12.rs:180:8
[INFO] [stderr]     |
[INFO] [stderr] 180 | pub fn part1() {
[INFO] [stderr]     |        ^^^^^
[INFO] [stderr] 
[INFO] [stderr] warning: method `invert` is never used
[INFO] [stderr]   --> src/day19.rs:49:8
[INFO] [stderr]    |
[INFO] [stderr] 48 | impl Rule {
[INFO] [stderr]    | --------- method in this implementation
[INFO] [stderr] 49 |     fn invert(&self) -> Rule {
[INFO] [stderr]    |        ^^^^^^
[INFO] [stderr] 
[INFO] [stderr] warning: function `part1` is never used
[INFO] [stderr]    --> src/day19.rs:236:8
[INFO] [stderr]     |
[INFO] [stderr] 236 | pub fn part1() {
[INFO] [stderr]     |        ^^^^^
[INFO] [stderr] 
[INFO] [stderr] warning: function `determine_ranges` is never used
[INFO] [stderr]    --> src/day19.rs:243:4
[INFO] [stderr]     |
[INFO] [stderr] 243 | fn determine_ranges(constraints: &Vec<Rule>) -> i64 {
[INFO] [stderr]     |    ^^^^^^^^^^^^^^^^
[INFO] [stderr] 
[INFO] [stderr] warning: function `traverse` is never used
[INFO] [stderr]    --> src/day19.rs:343:4
[INFO] [stderr]     |
[INFO] [stderr] 343 | fn traverse(current_workflow: &str, workflows: &HashMap<String, Workflow>, constraints: &mut Vec<Rule>, path: &mut Vec<String>) -> i64 {
[INFO] [stderr]     |    ^^^^^^^^
[INFO] [stderr] 
[INFO] [stderr] warning: function `part2` is never used
[INFO] [stderr]    --> src/day19.rs:383:8
[INFO] [stderr]     |
[INFO] [stderr] 383 | pub fn part2() {
[INFO] [stderr]     |        ^^^^^
[INFO] [stderr] 
[INFO] [stderr] warning: function `print_signals` is never used
[INFO] [stderr]    --> src/day20.rs:139:4
[INFO] [stderr]     |
[INFO] [stderr] 139 | fn print_signals(signals: &Vec<(String, String, Signal)>) {
[INFO] [stderr]     |    ^^^^^^^^^^^^^
[INFO] [stderr] 
[INFO] [stderr] warning: function `print_signal` is never used
[INFO] [stderr]    --> src/day20.rs:145:4
[INFO] [stderr]     |
[INFO] [stderr] 145 | fn print_signal((from, target, signal): &(String, String, Signal)) {
[INFO] [stderr]     |    ^^^^^^^^^^^^
[INFO] [stderr] 
[INFO] [stderr] warning: function `part1` is never used
[INFO] [stderr]    --> src/day20.rs:224:8
[INFO] [stderr]     |
[INFO] [stderr] 224 | pub fn part1() {
[INFO] [stderr]     |        ^^^^^
[INFO] [stderr] 
[INFO] [stderr] warning: `aoc-2023` (bin "aoc-2023" test) generated 46 warnings (run `cargo fix --bin "aoc-2023" --tests` to apply 14 suggestions)
[INFO] [stderr]     Finished test [unoptimized + debuginfo] target(s) in 0.00s
[INFO] [stderr]      Running unittests src/main.rs (/opt/rustwide/target/debug/deps/aoc_2023-8d87a58de6757798)
[INFO] [stdout] 
[INFO] [stdout] running 16 tests
[INFO] [stdout] test day12::tests::calculates_outcomes ... ok
[INFO] [stdout] test day12::tests::is_valid_configuration ... ok
[INFO] [stdout] test day19::tests::parse_part ... ok
[INFO] [stdout] test day19::tests::parse_empty_rule ... ok
[INFO] [stdout] test day19::tests::parse_rule ... ok
[INFO] [stdout] test day19::tests::parse_workflow ... ok
[INFO] [stdout] test day19::tests::sanity ... ok
[INFO] [stdout] test day7::tests::hands ... ok
[INFO] [stdout] test day7::tests::compares_hands ... ok
[INFO] [stdout] test day7::tests::compares_cards ... ok
[INFO] [stdout] test day7::tests::hands_cmp ... ok
[INFO] [stdout] test day20::tests::sanity ... ok
[INFO] [stdout] test day20::tests::sanity2 ... FAILED
[INFO] [stdout] test day7::tests::sanity ... FAILED
[INFO] [stdout] test day19::tests::part1 ... FAILED
[INFO] [stdout] test day10::tests::sanity ... ok
[INFO] [stdout] 
[INFO] [stdout] failures:
[INFO] [stdout] 
[INFO] [stdout] ---- day20::tests::sanity2 stdout ----
[INFO] [stdout] thread 'day20::tests::sanity2' panicked at src/day20.rs:96:36:
[INFO] [stdout] Got it!
[INFO] [stdout] stack backtrace:
[INFO] [stdout]    0:     0x55d0362cdd7c - std::backtrace_rs::backtrace::libunwind::trace::ha637c64ce894333a
[INFO] [stdout]                                at /rustc/82e1608dfa6e0b5569232559e3d385fea5a93112/library/std/src/../../backtrace/src/backtrace/libunwind.rs:104:5
[INFO] [stdout]    1:     0x55d0362cdd7c - std::backtrace_rs::backtrace::trace_unsynchronized::h47f62dea28e0c88d
[INFO] [stdout]                                at /rustc/82e1608dfa6e0b5569232559e3d385fea5a93112/library/std/src/../../backtrace/src/backtrace/mod.rs:66:5
[INFO] [stdout]    2:     0x55d0362cdd7c - std::sys_common::backtrace::_print_fmt::h9eef0abe20ede486
[INFO] [stdout]                                at /rustc/82e1608dfa6e0b5569232559e3d385fea5a93112/library/std/src/sys_common/backtrace.rs:67:5
[INFO] [stdout]    3:     0x55d0362cdd7c - <std::sys_common::backtrace::_print::DisplayBacktrace as core::fmt::Display>::fmt::hed7f999df88cc644
[INFO] [stdout]                                at /rustc/82e1608dfa6e0b5569232559e3d385fea5a93112/library/std/src/sys_common/backtrace.rs:44:22
[INFO] [stdout]    4:     0x55d0362f7f70 - core::fmt::rt::Argument::fmt::h1539a9308b8d058d
[INFO] [stdout]                                at /rustc/82e1608dfa6e0b5569232559e3d385fea5a93112/library/core/src/fmt/rt.rs:142:9
[INFO] [stdout]    5:     0x55d0362f7f70 - core::fmt::write::h3a39390d8560d9c9
[INFO] [stdout]                                at /rustc/82e1608dfa6e0b5569232559e3d385fea5a93112/library/core/src/fmt/mod.rs:1120:17
[INFO] [stdout]    6:     0x55d0362cb72f - std::io::Write::write_fmt::h040b369f3a0f9cbc
[INFO] [stdout]                                at /rustc/82e1608dfa6e0b5569232559e3d385fea5a93112/library/std/src/io/mod.rs:1762:15
[INFO] [stdout]    7:     0x55d0362cdb64 - std::sys_common::backtrace::_print::h894006fb5c6f3d45
[INFO] [stdout]                                at /rustc/82e1608dfa6e0b5569232559e3d385fea5a93112/library/std/src/sys_common/backtrace.rs:47:5
[INFO] [stdout]    8:     0x55d0362cdb64 - std::sys_common::backtrace::print::h23a2d212c6fff936
[INFO] [stdout]                                at /rustc/82e1608dfa6e0b5569232559e3d385fea5a93112/library/std/src/sys_common/backtrace.rs:34:9
[INFO] [stdout]    9:     0x55d0362cf827 - std::panicking::default_hook::{{closure}}::h8a1d2ee00185001a
[INFO] [stdout]   10:     0x55d0362cf513 - std::panicking::default_hook::h6038f2eba384e475
[INFO] [stdout]                                at /rustc/82e1608dfa6e0b5569232559e3d385fea5a93112/library/std/src/panicking.rs:289:9
[INFO] [stdout]   11:     0x55d03629ff27 - <alloc::boxed::Box<F,A> as core::ops::function::Fn<Args>>::call::h0ad024c9bdc6d768
[INFO] [stdout]                                at /rustc/82e1608dfa6e0b5569232559e3d385fea5a93112/library/alloc/src/boxed.rs:2021:9
[INFO] [stdout]   12:     0x55d03629ff27 - test::test_main::{{closure}}::h7500b54257359db6
[INFO] [stdout]                                at /rustc/82e1608dfa6e0b5569232559e3d385fea5a93112/library/test/src/lib.rs:138:21
[INFO] [stdout]   13:     0x55d0362cfe38 - <alloc::boxed::Box<F,A> as core::ops::function::Fn<Args>>::call::h1f8f335eaa9cfaee
[INFO] [stdout]                                at /rustc/82e1608dfa6e0b5569232559e3d385fea5a93112/library/alloc/src/boxed.rs:2021:9
[INFO] [stdout]   14:     0x55d0362cfe38 - std::panicking::rust_panic_with_hook::h2b5517d590cab22e
[INFO] [stdout]                                at /rustc/82e1608dfa6e0b5569232559e3d385fea5a93112/library/std/src/panicking.rs:783:13
[INFO] [stdout]   15:     0x55d0362cfb59 - std::panicking::begin_panic_handler::{{closure}}::h233112c06e0ef43e
[INFO] [stdout]                                at /rustc/82e1608dfa6e0b5569232559e3d385fea5a93112/library/std/src/panicking.rs:649:13
[INFO] [stdout]   16:     0x55d0362ce246 - std::sys_common::backtrace::__rust_end_short_backtrace::h6e893f24d7ebbff8
[INFO] [stdout]                                at /rustc/82e1608dfa6e0b5569232559e3d385fea5a93112/library/std/src/sys_common/backtrace.rs:170:18
[INFO] [stdout]   17:     0x55d0362cf8f2 - rust_begin_unwind
[INFO] [stdout]                                at /rustc/82e1608dfa6e0b5569232559e3d385fea5a93112/library/std/src/panicking.rs:645:5
[INFO] [stdout]   18:     0x55d036223cf5 - core::panicking::panic_fmt::hbf0e066aabfa482c
[INFO] [stdout]                                at /rustc/82e1608dfa6e0b5569232559e3d385fea5a93112/library/core/src/panicking.rs:72:14
[INFO] [stdout]   19:     0x55d03624e32a - aoc_2023::day20::Module::process::hf7a1dc006c78c937
[INFO] [stdout]                                at /opt/rustwide/workdir/src/day20.rs:96:36
[INFO] [stdout]   20:     0x55d03624f858 - aoc_2023::day20::push_button::h891bdbb8ae763aba
[INFO] [stdout]                                at /opt/rustwide/workdir/src/day20.rs:195:28
[INFO] [stdout]   21:     0x55d03626165b - aoc_2023::day20::tests::sanity2::h4903a2dfe45e7efa
[INFO] [stdout]                                at /opt/rustwide/workdir/src/day20.rs:346:9
[INFO] [stdout]   22:     0x55d0362610f7 - aoc_2023::day20::tests::sanity2::{{closure}}::ha3bf7889400f4ee9
[INFO] [stdout]                                at /opt/rustwide/workdir/src/day20.rs:330:17
[INFO] [stdout]   23:     0x55d03625a136 - core::ops::function::FnOnce::call_once::h469e886849367b81
[INFO] [stdout]                                at /rustc/82e1608dfa6e0b5569232559e3d385fea5a93112/library/core/src/ops/function.rs:250:5
[INFO] [stdout]   24:     0x55d0362a557f - core::ops::function::FnOnce::call_once::h2b5d431d5046312d
[INFO] [stdout]                                at /rustc/82e1608dfa6e0b5569232559e3d385fea5a93112/library/core/src/ops/function.rs:250:5
[INFO] [stdout]   25:     0x55d0362a557f - test::__rust_begin_short_backtrace::h7714669af176e207
[INFO] [stdout]                                at /rustc/82e1608dfa6e0b5569232559e3d385fea5a93112/library/test/src/lib.rs:628:18
[INFO] [stdout]   26:     0x55d0362a4595 - test::run_test_in_process::{{closure}}::h85218797dcbcec12
[INFO] [stdout]                                at /rustc/82e1608dfa6e0b5569232559e3d385fea5a93112/library/test/src/lib.rs:651:60
[INFO] [stdout]   27:     0x55d0362a4595 - <core::panic::unwind_safe::AssertUnwindSafe<F> as core::ops::function::FnOnce<()>>::call_once::h76c106ea31c14d7b
[INFO] [stdout]                                at /rustc/82e1608dfa6e0b5569232559e3d385fea5a93112/library/core/src/panic/unwind_safe.rs:272:9
[INFO] [stdout]   28:     0x55d0362a4595 - std::panicking::try::do_call::h3bd5d0f6620ee946
[INFO] [stdout]                                at /rustc/82e1608dfa6e0b5569232559e3d385fea5a93112/library/std/src/panicking.rs:552:40
[INFO] [stdout]   29:     0x55d0362a4595 - std::panicking::try::h232e535e4744fe31
[INFO] [stdout]                                at /rustc/82e1608dfa6e0b5569232559e3d385fea5a93112/library/std/src/panicking.rs:516:19
[INFO] [stdout]   30:     0x55d0362a4595 - std::panic::catch_unwind::h3ce3bd6ca8dbac68
[INFO] [stdout]                                at /rustc/82e1608dfa6e0b5569232559e3d385fea5a93112/library/std/src/panic.rs:142:14
[INFO] [stdout]   31:     0x55d0362a4595 - test::run_test_in_process::hc97b257c9621286a
[INFO] [stdout]                                at /rustc/82e1608dfa6e0b5569232559e3d385fea5a93112/library/test/src/lib.rs:651:27
[INFO] [stdout]   32:     0x55d0362a4595 - test::run_test::{{closure}}::h2aa798823a438d38
[INFO] [stdout]                                at /rustc/82e1608dfa6e0b5569232559e3d385fea5a93112/library/test/src/lib.rs:574:43
[INFO] [stdout]   33:     0x55d03626c856 - test::run_test::{{closure}}::h87d231c78fb59832
[INFO] [stdout]                                at /rustc/82e1608dfa6e0b5569232559e3d385fea5a93112/library/test/src/lib.rs:602:41
[INFO] [stdout]   34:     0x55d03626c856 - std::sys_common::backtrace::__rust_begin_short_backtrace::he6df152596625789
[INFO] [stdout]                                at /rustc/82e1608dfa6e0b5569232559e3d385fea5a93112/library/std/src/sys_common/backtrace.rs:154:18
[INFO] [stdout]   35:     0x55d036271907 - std::thread::Builder::spawn_unchecked_::{{closure}}::{{closure}}::ha94be15d1e0acf36
[INFO] [stdout]                                at /rustc/82e1608dfa6e0b5569232559e3d385fea5a93112/library/std/src/thread/mod.rs:529:17
[INFO] [stdout]   36:     0x55d036271907 - <core::panic::unwind_safe::AssertUnwindSafe<F> as core::ops::function::FnOnce<()>>::call_once::h9dc6bd6372f16606
[INFO] [stdout]                                at /rustc/82e1608dfa6e0b5569232559e3d385fea5a93112/library/core/src/panic/unwind_safe.rs:272:9
[INFO] [stdout]   37:     0x55d036271907 - std::panicking::try::do_call::h9057517f80303cd4
[INFO] [stdout]                                at /rustc/82e1608dfa6e0b5569232559e3d385fea5a93112/library/std/src/panicking.rs:552:40
[INFO] [stdout]   38:     0x55d036271907 - std::panicking::try::he3a30b11ee45340c
[INFO] [stdout]                                at /rustc/82e1608dfa6e0b5569232559e3d385fea5a93112/library/std/src/panicking.rs:516:19
[INFO] [stdout]   39:     0x55d036271907 - std::panic::catch_unwind::h410458cfd3528b8b
[INFO] [stdout]                                at /rustc/82e1608dfa6e0b5569232559e3d385fea5a93112/library/std/src/panic.rs:142:14
[INFO] [stdout]   40:     0x55d036271907 - std::thread::Builder::spawn_unchecked_::{{closure}}::h72ac3bdb567b737b
[INFO] [stdout]                                at /rustc/82e1608dfa6e0b5569232559e3d385fea5a93112/library/std/src/thread/mod.rs:528:30
[INFO] [stdout]   41:     0x55d036271907 - core::ops::function::FnOnce::call_once{{vtable.shim}}::h38f34da3654a8344
[INFO] [stdout]                                at /rustc/82e1608dfa6e0b5569232559e3d385fea5a93112/library/core/src/ops/function.rs:250:5
[INFO] [stdout]   42:     0x55d0362d48f5 - <alloc::boxed::Box<F,A> as core::ops::function::FnOnce<Args>>::call_once::hc7eafaff61e32df9
[INFO] [stdout]                                at /rustc/82e1608dfa6e0b5569232559e3d385fea5a93112/library/alloc/src/boxed.rs:2007:9
[INFO] [stdout]   43:     0x55d0362d48f5 - <alloc::boxed::Box<F,A> as core::ops::function::FnOnce<Args>>::call_once::h6ba4a5de48dd2304
[INFO] [stdout]                                at /rustc/82e1608dfa6e0b5569232559e3d385fea5a93112/library/alloc/src/boxed.rs:2007:9
[INFO] [stdout]   44:     0x55d0362d48f5 - std::sys::unix::thread::Thread::new::thread_start::he469335aef763e45
[INFO] [stdout]                                at /rustc/82e1608dfa6e0b5569232559e3d385fea5a93112/library/std/src/sys/unix/thread.rs:108:17
[INFO] [stdout]   45:     0x7fedb365aac3 - <unknown>
[INFO] [stdout]   46:     0x7fedb36ebbf4 - __clone
[INFO] [stdout]   47:                0x0 - <unknown>
[INFO] [stdout] 
[INFO] [stdout] ---- day7::tests::sanity stdout ----
[INFO] [stdout] thread 'day7::tests::sanity' panicked at src/day7.rs:291:9:
[INFO] [stdout] assertion `left == right` failed
[INFO] [stdout]   left: 6440
[INFO] [stdout]  right: 5905
[INFO] [stdout] stack backtrace:
[INFO] [stdout]    0:     0x55d0362cdd7c - std::backtrace_rs::backtrace::libunwind::trace::ha637c64ce894333a
[INFO] [stdout]                                at /rustc/82e1608dfa6e0b5569232559e3d385fea5a93112/library/std/src/../../backtrace/src/backtrace/libunwind.rs:104:5
[INFO] [stdout]    1:     0x55d0362cdd7c - std::backtrace_rs::backtrace::trace_unsynchronized::h47f62dea28e0c88d
[INFO] [stdout]                                at /rustc/82e1608dfa6e0b5569232559e3d385fea5a93112/library/std/src/../../backtrace/src/backtrace/mod.rs:66:5
[INFO] [stdout]    2:     0x55d0362cdd7c - std::sys_common::backtrace::_print_fmt::h9eef0abe20ede486
[INFO] [stdout]                                at /rustc/82e1608dfa6e0b5569232559e3d385fea5a93112/library/std/src/sys_common/backtrace.rs:67:5
[INFO] [stdout]    3:     0x55d0362cdd7c - <std::sys_common::backtrace::_print::DisplayBacktrace as core::fmt::Display>::fmt::hed7f999df88cc644
[INFO] [stdout]                                at /rustc/82e1608dfa6e0b5569232559e3d385fea5a93112/library/std/src/sys_common/backtrace.rs:44:22
[INFO] [stdout]    4:     0x55d0362f7f70 - core::fmt::rt::Argument::fmt::h1539a9308b8d058d
[INFO] [stdout]                                at /rustc/82e1608dfa6e0b5569232559e3d385fea5a93112/library/core/src/fmt/rt.rs:142:9
[INFO] [stdout]    5:     0x55d0362f7f70 - core::fmt::write::h3a39390d8560d9c9
[INFO] [stdout]                                at /rustc/82e1608dfa6e0b5569232559e3d385fea5a93112/library/core/src/fmt/mod.rs:1120:17
[INFO] [stdout]    6:     0x55d0362cb72f - std::io::Write::write_fmt::h040b369f3a0f9cbc
[INFO] [stdout]                                at /rustc/82e1608dfa6e0b5569232559e3d385fea5a93112/library/std/src/io/mod.rs:1762:15
[INFO] [stdout]    7:     0x55d0362cdb64 - std::sys_common::backtrace::_print::h894006fb5c6f3d45
[INFO] [stdout]                                at /rustc/82e1608dfa6e0b5569232559e3d385fea5a93112/library/std/src/sys_common/backtrace.rs:47:5
[INFO] [stdout]    8:     0x55d0362cdb64 - std::sys_common::backtrace::print::h23a2d212c6fff936
[INFO] [stdout]                                at /rustc/82e1608dfa6e0b5569232559e3d385fea5a93112/library/std/src/sys_common/backtrace.rs:34:9
[INFO] [stdout]    9:     0x55d0362cf827 - std::panicking::default_hook::{{closure}}::h8a1d2ee00185001a
[INFO] [stdout]   10:     0x55d0362cf513 - std::panicking::default_hook::h6038f2eba384e475
[INFO] [stdout]                                at /rustc/82e1608dfa6e0b5569232559e3d385fea5a93112/library/std/src/panicking.rs:289:9
[INFO] [stdout]   11:     0x55d03629ff27 - <alloc::boxed::Box<F,A> as core::ops::function::Fn<Args>>::call::h0ad024c9bdc6d768
[INFO] [stdout]                                at /rustc/82e1608dfa6e0b5569232559e3d385fea5a93112/library/alloc/src/boxed.rs:2021:9
[INFO] [stdout]   12:     0x55d03629ff27 - test::test_main::{{closure}}::h7500b54257359db6
[INFO] [stdout]                                at /rustc/82e1608dfa6e0b5569232559e3d385fea5a93112/library/test/src/lib.rs:138:21
[INFO] [stdout]   13:     0x55d0362cfe38 - <alloc::boxed::Box<F,A> as core::ops::function::Fn<Args>>::call::h1f8f335eaa9cfaee
[INFO] [stdout]                                at /rustc/82e1608dfa6e0b5569232559e3d385fea5a93112/library/alloc/src/boxed.rs:2021:9
[INFO] [stdout]   14:     0x55d0362cfe38 - std::panicking::rust_panic_with_hook::h2b5517d590cab22e
[INFO] [stdout]                                at /rustc/82e1608dfa6e0b5569232559e3d385fea5a93112/library/std/src/panicking.rs:783:13
[INFO] [stdout]   15:     0x55d0362cfb8e - std::panicking::begin_panic_handler::{{closure}}::h233112c06e0ef43e
[INFO] [stdout]                                at /rustc/82e1608dfa6e0b5569232559e3d385fea5a93112/library/std/src/panicking.rs:657:13
[INFO] [stdout]   16:     0x55d0362ce246 - std::sys_common::backtrace::__rust_end_short_backtrace::h6e893f24d7ebbff8
[INFO] [stdout]                                at /rustc/82e1608dfa6e0b5569232559e3d385fea5a93112/library/std/src/sys_common/backtrace.rs:170:18
[INFO] [stdout]   17:     0x55d0362cf8f2 - rust_begin_unwind
[INFO] [stdout]                                at /rustc/82e1608dfa6e0b5569232559e3d385fea5a93112/library/std/src/panicking.rs:645:5
[INFO] [stdout]   18:     0x55d036223cf5 - core::panicking::panic_fmt::hbf0e066aabfa482c
[INFO] [stdout]                                at /rustc/82e1608dfa6e0b5569232559e3d385fea5a93112/library/core/src/panicking.rs:72:14
[INFO] [stdout]   19:     0x55d03622410b - core::panicking::assert_failed_inner::h0bba8b7c26ee4492
[INFO] [stdout]   20:     0x55d0362653be - core::panicking::assert_failed::hc01f345961986f63
[INFO] [stdout]                                at /rustc/82e1608dfa6e0b5569232559e3d385fea5a93112/library/core/src/panicking.rs:279:5
[INFO] [stdout]   21:     0x55d036250f69 - aoc_2023::day7::tests::sanity::hfa54230b6700127c
[INFO] [stdout]                                at /opt/rustwide/workdir/src/day7.rs:291:9
[INFO] [stdout]   22:     0x55d036250b37 - aoc_2023::day7::tests::sanity::{{closure}}::hafe3aa9d07a64b72
[INFO] [stdout]                                at /opt/rustwide/workdir/src/day7.rs:278:16
[INFO] [stdout]   23:     0x55d03625a8f6 - core::ops::function::FnOnce::call_once::he603dc82a46c310c
[INFO] [stdout]                                at /rustc/82e1608dfa6e0b5569232559e3d385fea5a93112/library/core/src/ops/function.rs:250:5
[INFO] [stdout]   24:     0x55d0362a557f - core::ops::function::FnOnce::call_once::h2b5d431d5046312d
[INFO] [stdout]                                at /rustc/82e1608dfa6e0b5569232559e3d385fea5a93112/library/core/src/ops/function.rs:250:5
[INFO] [stdout]   25:     0x55d0362a557f - test::__rust_begin_short_backtrace::h7714669af176e207
[INFO] [stdout]                                at /rustc/82e1608dfa6e0b5569232559e3d385fea5a93112/library/test/src/lib.rs:628:18
[INFO] [stdout]   26:     0x55d0362a4595 - test::run_test_in_process::{{closure}}::h85218797dcbcec12
[INFO] [stdout]                                at /rustc/82e1608dfa6e0b5569232559e3d385fea5a93112/library/test/src/lib.rs:651:60
[INFO] [stdout]   27:     0x55d0362a4595 - <core::panic::unwind_safe::AssertUnwindSafe<F> as core::ops::function::FnOnce<()>>::call_once::h76c106ea31c14d7b
[INFO] [stdout]                                at /rustc/82e1608dfa6e0b5569232559e3d385fea5a93112/library/core/src/panic/unwind_safe.rs:272:9
[INFO] [stdout]   28:     0x55d0362a4595 - std::panicking::try::do_call::h3bd5d0f6620ee946
[INFO] [stdout]                                at /rustc/82e1608dfa6e0b5569232559e3d385fea5a93112/library/std/src/panicking.rs:552:40
[INFO] [stdout]   29:     0x55d0362a4595 - std::panicking::try::h232e535e4744fe31
[INFO] [stdout]                                at /rustc/82e1608dfa6e0b5569232559e3d385fea5a93112/library/std/src/panicking.rs:516:19
[INFO] [stdout]   30:     0x55d0362a4595 - std::panic::catch_unwind::h3ce3bd6ca8dbac68
[INFO] [stdout]                                at /rustc/82e1608dfa6e0b5569232559e3d385fea5a93112/library/std/src/panic.rs:142:14
[INFO] [stdout]   31:     0x55d0362a4595 - test::run_test_in_process::hc97b257c9621286a
[INFO] [stdout]                                at /rustc/82e1608dfa6e0b5569232559e3d385fea5a93112/library/test/src/lib.rs:651:27
[INFO] [stdout]   32:     0x55d0362a4595 - test::run_test::{{closure}}::h2aa798823a438d38
[INFO] [stdout]                                at /rustc/82e1608dfa6e0b5569232559e3d385fea5a93112/library/test/src/lib.rs:574:43
[INFO] [stdout]   33:     0x55d03626c856 - test::run_test::{{closure}}::h87d231c78fb59832
[INFO] [stdout]                                at /rustc/82e1608dfa6e0b5569232559e3d385fea5a93112/library/test/src/lib.rs:602:41
[INFO] [stdout]   34:     0x55d03626c856 - std::sys_common::backtrace::__rust_begin_short_backtrace::he6df152596625789
[INFO] [stdout]                                at /rustc/82e1608dfa6e0b5569232559e3d385fea5a93112/library/std/src/sys_common/backtrace.rs:154:18
[INFO] [stdout]   35:     0x55d036271907 - std::thread::Builder::spawn_unchecked_::{{closure}}::{{closure}}::ha94be15d1e0acf36
[INFO] [stdout]                                at /rustc/82e1608dfa6e0b5569232559e3d385fea5a93112/library/std/src/thread/mod.rs:529:17
[INFO] [stdout]   36:     0x55d036271907 - <core::panic::unwind_safe::AssertUnwindSafe<F> as core::ops::function::FnOnce<()>>::call_once::h9dc6bd6372f16606
[INFO] [stdout]                                at /rustc/82e1608dfa6e0b5569232559e3d385fea5a93112/library/core/src/panic/unwind_safe.rs:272:9
[INFO] [stdout]   37:     0x55d036271907 - std::panicking::try::do_call::h9057517f80303cd4
[INFO] [stdout]                                at /rustc/82e1608dfa6e0b5569232559e3d385fea5a93112/library/std/src/panicking.rs:552:40
[INFO] [stdout]   38:     0x55d036271907 - std::panicking::try::he3a30b11ee45340c
[INFO] [stdout]                                at /rustc/82e1608dfa6e0b5569232559e3d385fea5a93112/library/std/src/panicking.rs:516:19
[INFO] [stdout]   39:     0x55d036271907 - std::panic::catch_unwind::h410458cfd3528b8b
[INFO] [stdout]                                at /rustc/82e1608dfa6e0b5569232559e3d385fea5a93112/library/std/src/panic.rs:142:14
[INFO] [stdout]   40:     0x55d036271907 - std::thread::Builder::spawn_unchecked_::{{closure}}::h72ac3bdb567b737b
[INFO] [stdout]                                at /rustc/82e1608dfa6e0b5569232559e3d385fea5a93112/library/std/src/thread/mod.rs:528:30
[INFO] [stdout]   41:     0x55d036271907 - core::ops::function::FnOnce::call_once{{vtable.shim}}::h38f34da3654a8344
[INFO] [stdout]                                at /rustc/82e1608dfa6e0b5569232559e3d385fea5a93112/library/core/src/ops/function.rs:250:5
[INFO] [stdout]   42:     0x55d0362d48f5 - <alloc::boxed::Box<F,A> as core::ops::function::FnOnce<Args>>::call_once::hc7eafaff61e32df9
[INFO] [stdout]                                at /rustc/82e1608dfa6e0b5569232559e3d385fea5a93112/library/alloc/src/boxed.rs:2007:9
[INFO] [stdout]   43:     0x55d0362d48f5 - <alloc::boxed::Box<F,A> as core::ops::function::FnOnce<Args>>::call_once::h6ba4a5de48dd2304
[INFO] [stdout]                                at /rustc/82e1608dfa6e0b5569232559e3d385fea5a93112/library/alloc/src/boxed.rs:2007:9
[INFO] [stdout]   44:     0x55d0362d48f5 - std::sys::unix::thread::Thread::new::thread_start::he469335aef763e45
[INFO] [stdout]                                at /rustc/82e1608dfa6e0b5569232559e3d385fea5a93112/library/std/src/sys/unix/thread.rs:108:17
[INFO] [stdout]   45:     0x7fedb365aac3 - <unknown>
[INFO] [stdout]   46:     0x7fedb36ebbf4 - __clone
[INFO] [stdout]   47:                0x0 - <unknown>
[INFO] [stdout] 
[INFO] [stdout] ---- day19::tests::part1 stdout ----
[INFO] [stdout] thread 'day19::tests::part1' panicked at src/day19.rs:541:9:
[INFO] [stdout] assertion `left == right` failed
[INFO] [stdout]   left: 19114
[INFO] [stdout]  right: 368523
[INFO] [stdout] stack backtrace:
[INFO] [stdout]    0:     0x55d0362cdd7c - std::backtrace_rs::backtrace::libunwind::trace::ha637c64ce894333a
[INFO] [stdout]                                at /rustc/82e1608dfa6e0b5569232559e3d385fea5a93112/library/std/src/../../backtrace/src/backtrace/libunwind.rs:104:5
[INFO] [stdout]    1:     0x55d0362cdd7c - std::backtrace_rs::backtrace::trace_unsynchronized::h47f62dea28e0c88d
[INFO] [stdout]                                at /rustc/82e1608dfa6e0b5569232559e3d385fea5a93112/library/std/src/../../backtrace/src/backtrace/mod.rs:66:5
[INFO] [stdout]    2:     0x55d0362cdd7c - std::sys_common::backtrace::_print_fmt::h9eef0abe20ede486
[INFO] [stdout]                                at /rustc/82e1608dfa6e0b5569232559e3d385fea5a93112/library/std/src/sys_common/backtrace.rs:67:5
[INFO] [stdout]    3:     0x55d0362cdd7c - <std::sys_common::backtrace::_print::DisplayBacktrace as core::fmt::Display>::fmt::hed7f999df88cc644
[INFO] [stdout]                                at /rustc/82e1608dfa6e0b5569232559e3d385fea5a93112/library/std/src/sys_common/backtrace.rs:44:22
[INFO] [stdout]    4:     0x55d0362f7f70 - core::fmt::rt::Argument::fmt::h1539a9308b8d058d
[INFO] [stdout]                                at /rustc/82e1608dfa6e0b5569232559e3d385fea5a93112/library/core/src/fmt/rt.rs:142:9
[INFO] [stdout]    5:     0x55d0362f7f70 - core::fmt::write::h3a39390d8560d9c9
[INFO] [stdout]                                at /rustc/82e1608dfa6e0b5569232559e3d385fea5a93112/library/core/src/fmt/mod.rs:1120:17
[INFO] [stdout]    6:     0x55d0362cb72f - std::io::Write::write_fmt::h040b369f3a0f9cbc
[INFO] [stdout]                                at /rustc/82e1608dfa6e0b5569232559e3d385fea5a93112/library/std/src/io/mod.rs:1762:15
[INFO] [stdout]    7:     0x55d0362cdb64 - std::sys_common::backtrace::_print::h894006fb5c6f3d45
[INFO] [stdout]                                at /rustc/82e1608dfa6e0b5569232559e3d385fea5a93112/library/std/src/sys_common/backtrace.rs:47:5
[INFO] [stdout]    8:     0x55d0362cdb64 - std::sys_common::backtrace::print::h23a2d212c6fff936
[INFO] [stdout]                                at /rustc/82e1608dfa6e0b5569232559e3d385fea5a93112/library/std/src/sys_common/backtrace.rs:34:9
[INFO] [stdout]    9:     0x55d0362cf827 - std::panicking::default_hook::{{closure}}::h8a1d2ee00185001a
[INFO] [stdout]   10:     0x55d0362cf513 - std::panicking::default_hook::h6038f2eba384e475
[INFO] [stdout]                                at /rustc/82e1608dfa6e0b5569232559e3d385fea5a93112/library/std/src/panicking.rs:289:9
[INFO] [stdout]   11:     0x55d03629ff27 - <alloc::boxed::Box<F,A> as core::ops::function::Fn<Args>>::call::h0ad024c9bdc6d768
[INFO] [stdout]                                at /rustc/82e1608dfa6e0b5569232559e3d385fea5a93112/library/alloc/src/boxed.rs:2021:9
[INFO] [stdout]   12:     0x55d03629ff27 - test::test_main::{{closure}}::h7500b54257359db6
[INFO] [stdout]                                at /rustc/82e1608dfa6e0b5569232559e3d385fea5a93112/library/test/src/lib.rs:138:21
[INFO] [stdout]   13:     0x55d0362cfe38 - <alloc::boxed::Box<F,A> as core::ops::function::Fn<Args>>::call::h1f8f335eaa9cfaee
[INFO] [stdout]                                at /rustc/82e1608dfa6e0b5569232559e3d385fea5a93112/library/alloc/src/boxed.rs:2021:9
[INFO] [stdout]   14:     0x55d0362cfe38 - std::panicking::rust_panic_with_hook::h2b5517d590cab22e
[INFO] [stdout]                                at /rustc/82e1608dfa6e0b5569232559e3d385fea5a93112/library/std/src/panicking.rs:783:13
[INFO] [stdout]   15:     0x55d0362cfb8e - std::panicking::begin_panic_handler::{{closure}}::h233112c06e0ef43e
[INFO] [stdout]                                at /rustc/82e1608dfa6e0b5569232559e3d385fea5a93112/library/std/src/panicking.rs:657:13
[INFO] [stdout]   16:     0x55d0362ce246 - std::sys_common::backtrace::__rust_end_short_backtrace::h6e893f24d7ebbff8
[INFO] [stdout]                                at /rustc/82e1608dfa6e0b5569232559e3d385fea5a93112/library/std/src/sys_common/backtrace.rs:170:18
[INFO] [stdout]   17:     0x55d0362cf8f2 - rust_begin_unwind
[INFO] [stdout]                                at /rustc/82e1608dfa6e0b5569232559e3d385fea5a93112/library/std/src/panicking.rs:645:5
[INFO] [stdout]   18:     0x55d036223cf5 - core::panicking::panic_fmt::hbf0e066aabfa482c
[INFO] [stdout]                                at /rustc/82e1608dfa6e0b5569232559e3d385fea5a93112/library/core/src/panicking.rs:72:14
[INFO] [stdout]   19:     0x55d03622410b - core::panicking::assert_failed_inner::h0bba8b7c26ee4492
[INFO] [stdout]   20:     0x55d0362653fe - core::panicking::assert_failed::hd4865a9a45284e88
[INFO] [stdout]                                at /rustc/82e1608dfa6e0b5569232559e3d385fea5a93112/library/core/src/panicking.rs:279:5
[INFO] [stdout]   21:     0x55d03626c539 - aoc_2023::day19::tests::part1::h3ed0ab1e9adc6b95
[INFO] [stdout]                                at /opt/rustwide/workdir/src/day19.rs:541:9
[INFO] [stdout]   22:     0x55d03626c3f7 - aoc_2023::day19::tests::part1::{{closure}}::h67cf58b2444d2f03
[INFO] [stdout]                                at /opt/rustwide/workdir/src/day19.rs:537:15
[INFO] [stdout]   23:     0x55d03625a376 - core::ops::function::FnOnce::call_once::h63be83f25e3b5eab
[INFO] [stdout]                                at /rustc/82e1608dfa6e0b5569232559e3d385fea5a93112/library/core/src/ops/function.rs:250:5
[INFO] [stdout]   24:     0x55d0362a557f - core::ops::function::FnOnce::call_once::h2b5d431d5046312d
[INFO] [stdout]                                at /rustc/82e1608dfa6e0b5569232559e3d385fea5a93112/library/core/src/ops/function.rs:250:5
[INFO] [stdout]   25:     0x55d0362a557f - test::__rust_begin_short_backtrace::h7714669af176e207
[INFO] [stdout]                                at /rustc/82e1608dfa6e0b5569232559e3d385fea5a93112/library/test/src/lib.rs:628:18
[INFO] [stdout]   26:     0x55d0362a4595 - test::run_test_in_process::{{closure}}::h85218797dcbcec12
[INFO] [stdout]                                at /rustc/82e1608dfa6e0b5569232559e3d385fea5a93112/library/test/src/lib.rs:651:60
[INFO] [stdout]   27:     0x55d0362a4595 - <core::panic::unwind_safe::AssertUnwindSafe<F> as core::ops::function::FnOnce<()>>::call_once::h76c106ea31c14d7b
[INFO] [stdout]                                at /rustc/82e1608dfa6e0b5569232559e3d385fea5a93112/library/core/src/panic/unwind_safe.rs:272:9
[INFO] [stdout]   28:     0x55d0362a4595 - std::panicking::try::do_call::h3bd5d0f6620ee946
[INFO] [stdout]                                at /rustc/82e1608dfa6e0b5569232559e3d385fea5a93112/library/std/src/panicking.rs:552:40
[INFO] [stdout]   29:     0x55d0362a4595 - std::panicking::try::h232e535e4744fe31
[INFO] [stdout]                                at /rustc/82e1608dfa6e0b5569232559e3d385fea5a93112/library/std/src/panicking.rs:516:19
[INFO] [stdout]   30:     0x55d0362a4595 - std::panic::catch_unwind::h3ce3bd6ca8dbac68
[INFO] [stdout]                                at /rustc/82e1608dfa6e0b5569232559e3d385fea5a93112/library/std/src/panic.rs:142:14
[INFO] [stdout]   31:     0x55d0362a4595 - test::run_test_in_process::hc97b257c9621286a
[INFO] [stdout]                                at /rustc/82e1608dfa6e0b5569232559e3d385fea5a93112/library/test/src/lib.rs:651:27
[INFO] [stdout]   32:     0x55d0362a4595 - test::run_test::{{closure}}::h2aa798823a438d38
[INFO] [stdout]                                at /rustc/82e1608dfa6e0b5569232559e3d385fea5a93112/library/test/src/lib.rs:574:43
[INFO] [stdout]   33:     0x55d03626c856 - test::run_test::{{closure}}::h87d231c78fb59832
[INFO] [stdout]                                at /rustc/82e1608dfa6e0b5569232559e3d385fea5a93112/library/test/src/lib.rs:602:41
[INFO] [stdout]   34:     0x55d03626c856 - std::sys_common::backtrace::__rust_begin_short_backtrace::he6df152596625789
[INFO] [stdout]                                at /rustc/82e1608dfa6e0b5569232559e3d385fea5a93112/library/std/src/sys_common/backtrace.rs:154:18
[INFO] [stdout]   35:     0x55d036271907 - std::thread::Builder::spawn_unchecked_::{{closure}}::{{closure}}::ha94be15d1e0acf36
[INFO] [stdout]                                at /rustc/82e1608dfa6e0b5569232559e3d385fea5a93112/library/std/src/thread/mod.rs:529:17
[INFO] [stdout]   36:     0x55d036271907 - <core::panic::unwind_safe::AssertUnwindSafe<F> as core::ops::function::FnOnce<()>>::call_once::h9dc6bd6372f16606
[INFO] [stdout]                                at /rustc/82e1608dfa6e0b5569232559e3d385fea5a93112/library/core/src/panic/unwind_safe.rs:272:9
[INFO] [stdout]   37:     0x55d036271907 - std::panicking::try::do_call::h9057517f80303cd4
[INFO] [stdout]                                at /rustc/82e1608dfa6e0b5569232559e3d385fea5a93112/library/std/src/panicking.rs:552:40
[INFO] [stdout]   38:     0x55d036271907 - std::panicking::try::he3a30b11ee45340c
[INFO] [stdout]                                at /rustc/82e1608dfa6e0b5569232559e3d385fea5a93112/library/std/src/panicking.rs:516:19
[INFO] [stdout]   39:     0x55d036271907 - std::panic::catch_unwind::h410458cfd3528b8b
[INFO] [stdout]                                at /rustc/82e1608dfa6e0b5569232559e3d385fea5a93112/library/std/src/panic.rs:142:14
[INFO] [stdout]   40:     0x55d036271907 - std::thread::Builder::spawn_unchecked_::{{closure}}::h72ac3bdb567b737b
[INFO] [stdout]                                at /rustc/82e1608dfa6e0b5569232559e3d385fea5a93112/library/std/src/thread/mod.rs:528:30
[INFO] [stdout]   41:     0x55d036271907 - core::ops::function::FnOnce::call_once{{vtable.shim}}::h38f34da3654a8344
[INFO] [stdout]                                at /rustc/82e1608dfa6e0b5569232559e3d385fea5a93112/library/core/src/ops/function.rs:250:5
[INFO] [stdout]   42:     0x55d0362d48f5 - <alloc::boxed::Box<F,A> as core::ops::function::FnOnce<Args>>::call_once::hc7eafaff61e32df9
[INFO] [stdout]                                at /rustc/82e1608dfa6e0b5569232559e3d385fea5a93112/library/alloc/src/boxed.rs:2007:9
[INFO] [stdout]   43:     0x55d0362d48f5 - <alloc::boxed::Box<F,A> as core::ops::function::FnOnce<Args>>::call_once::h6ba4a5de48dd2304
[INFO] [stdout]                                at /rustc/82e1608dfa6e0b5569232559e3d385fea5a93112/library/alloc/src/boxed.rs:2007:9
[INFO] [stdout]   44:     0x55d0362d48f5 - std::sys::unix::thread::Thread::new::thread_start::he469335aef763e45
[INFO] [stdout]                                at /rustc/82e1608dfa6e0b5569232559e3d385fea5a93112/library/std/src/sys/unix/thread.rs:108:17
[INFO] [stdout]   45:     0x7fedb365aac3 - <unknown>
[INFO] [stdout]   46:     0x7fedb36ebbf4 - __clone
[INFO] [stdout]   47:                0x0 - <unknown>
[INFO] [stdout] 
[INFO] [stdout] 
[INFO] [stdout] failures:
[INFO] [stdout]     day19::tests::part1
[INFO] [stdout]     day20::tests::sanity2
[INFO] [stdout]     day7::tests::sanity
[INFO] [stdout] 
[INFO] [stdout] test result: FAILED. 13 passed; 3 failed; 0 ignored; 0 measured; 0 filtered out; finished in 0.26s
[INFO] [stdout] 
[INFO] [stderr] error: test failed, to rerun pass `--bin aoc-2023`
[INFO] running `Command { std: "docker" "inspect" "99e3ca2b99b1e1001b9681bda09c69843aae68abfebfaa92c20a56d1f642c0c0", kill_on_drop: false }`
[INFO] running `Command { std: "docker" "rm" "-f" "99e3ca2b99b1e1001b9681bda09c69843aae68abfebfaa92c20a56d1f642c0c0", kill_on_drop: false }`
[INFO] [stdout] 99e3ca2b99b1e1001b9681bda09c69843aae68abfebfaa92c20a56d1f642c0c0
[INFO] testing th7nder/aoc-2023 against beta-2023-12-22 for beta-1.76-1
[INFO] running `Command { std: "git" "clone" "/workspace/cache/git-repos/https%3A%2F%2Fgithub.com%2Fth7nder%2Faoc-2023" "/workspace/builds/worker-0-tc2/source", kill_on_drop: false }`
[INFO] [stderr] Cloning into '/workspace/builds/worker-0-tc2/source'...
[INFO] [stderr] done.
[INFO] validating manifest of git repo https://github.com/th7nder/aoc-2023 on toolchain beta-2023-12-22
[INFO] running `Command { std: CARGO_HOME="/workspace/cargo-home" RUSTUP_HOME="/workspace/rustup-home" "/workspace/cargo-home/bin/cargo" "+beta-2023-12-22" "metadata" "--manifest-path" "Cargo.toml" "--no-deps", kill_on_drop: false }`
[INFO] started tweaking git repo https://github.com/th7nder/aoc-2023
[INFO] finished tweaking git repo https://github.com/th7nder/aoc-2023
[INFO] tweaked toml for git repo https://github.com/th7nder/aoc-2023 written to /workspace/builds/worker-0-tc2/source/Cargo.toml
[INFO] crate git repo https://github.com/th7nder/aoc-2023 already has a lockfile, it will not be regenerated
[INFO] running `Command { std: CARGO_HOME="/workspace/cargo-home" RUSTUP_HOME="/workspace/rustup-home" "/workspace/cargo-home/bin/cargo" "+beta-2023-12-22" "fetch" "--manifest-path" "Cargo.toml", kill_on_drop: false }`
[INFO] running `Command { std: "docker" "create" "-v" "/var/lib/crater-agent-workspace/builds/worker-0-tc2/target:/opt/rustwide/target:rw,Z" "-v" "/var/lib/crater-agent-workspace/builds/worker-0-tc2/source:/opt/rustwide/workdir:ro,Z" "-v" "/var/lib/crater-agent-workspace/cargo-home:/opt/rustwide/cargo-home:ro,Z" "-v" "/var/lib/crater-agent-workspace/rustup-home:/opt/rustwide/rustup-home:ro,Z" "-e" "SOURCE_DIR=/opt/rustwide/workdir" "-e" "CARGO_TARGET_DIR=/opt/rustwide/target" "-e" "CARGO_HOME=/opt/rustwide/cargo-home" "-e" "RUSTUP_HOME=/opt/rustwide/rustup-home" "-w" "/opt/rustwide/workdir" "-m" "1610612736" "--user" "0:0" "--network" "none" "ghcr.io/rust-lang/crates-build-env/linux@sha256:2788e3201cd34a07e3172128adcd8b3090168a8e3bcc40d7c032b9dda1df7d1c" "/opt/rustwide/cargo-home/bin/cargo" "+beta-2023-12-22" "metadata" "--no-deps" "--format-version=1", kill_on_drop: false }`
[INFO] [stdout] c09341146c016bc1b44b6c11a4c2474475bf6b4c43bcd5471e82357017d2e2c1
[INFO] running `Command { std: "docker" "start" "-a" "c09341146c016bc1b44b6c11a4c2474475bf6b4c43bcd5471e82357017d2e2c1", kill_on_drop: false }`
[INFO] running `Command { std: "docker" "inspect" "c09341146c016bc1b44b6c11a4c2474475bf6b4c43bcd5471e82357017d2e2c1", kill_on_drop: false }`
[INFO] running `Command { std: "docker" "rm" "-f" "c09341146c016bc1b44b6c11a4c2474475bf6b4c43bcd5471e82357017d2e2c1", kill_on_drop: false }`
[INFO] [stdout] c09341146c016bc1b44b6c11a4c2474475bf6b4c43bcd5471e82357017d2e2c1
[INFO] running `Command { std: "docker" "create" "-v" "/var/lib/crater-agent-workspace/builds/worker-0-tc2/target:/opt/rustwide/target:rw,Z" "-v" "/var/lib/crater-agent-workspace/builds/worker-0-tc2/source:/opt/rustwide/workdir:ro,Z" "-v" "/var/lib/crater-agent-workspace/cargo-home:/opt/rustwide/cargo-home:ro,Z" "-v" "/var/lib/crater-agent-workspace/rustup-home:/opt/rustwide/rustup-home:ro,Z" "-e" "SOURCE_DIR=/opt/rustwide/workdir" "-e" "CARGO_TARGET_DIR=/opt/rustwide/target" "-e" "CARGO_INCREMENTAL=0" "-e" "RUST_BACKTRACE=full" "-e" "RUSTFLAGS=--cap-lints=warn" "-e" "RUSTDOCFLAGS=--cap-lints=warn" "-e" "CARGO_HOME=/opt/rustwide/cargo-home" "-e" "RUSTUP_HOME=/opt/rustwide/rustup-home" "-w" "/opt/rustwide/workdir" "-m" "1610612736" "--user" "0:0" "--network" "none" "ghcr.io/rust-lang/crates-build-env/linux@sha256:2788e3201cd34a07e3172128adcd8b3090168a8e3bcc40d7c032b9dda1df7d1c" "/opt/rustwide/cargo-home/bin/cargo" "+beta-2023-12-22" "build" "--frozen" "--message-format=json", kill_on_drop: false }`
[INFO] [stdout] 27bd0b06ea9f50fdc7b2ec09a13f1fa15af310d9c227cb5596f5f8f50eacf760
[INFO] running `Command { std: "docker" "start" "-a" "27bd0b06ea9f50fdc7b2ec09a13f1fa15af310d9c227cb5596f5f8f50eacf760", kill_on_drop: false }`
[INFO] [stderr]    Compiling aoc-2023 v0.1.0 (/opt/rustwide/workdir)
[INFO] [stdout] warning: unused import: `HashSet`
[INFO] [stdout]  --> src/day12.rs:1:48
[INFO] [stdout]   |
[INFO] [stdout] 1 | use std::{fs::File, io, collections::{HashMap, HashSet}};
[INFO] [stdout]   |                                                ^^^^^^^
[INFO] [stdout]   |
[INFO] [stdout]   = note: `#[warn(unused_imports)]` on by default
[INFO] [stdout] 
[INFO] [stdout] 
[INFO] [stdout] warning: unnecessary parentheses around type
[INFO] [stdout]    --> src/day20.rs:206:29
[INFO] [stdout]     |
[INFO] [stdout] 206 | fn parse(filename: &str) -> (HashMap<String, Module>) {
[INFO] [stdout]     |                             ^                       ^
[INFO] [stdout]     |
[INFO] [stdout]     = note: `#[warn(unused_parens)]` on by default
[INFO] [stdout] help: remove these parentheses
[INFO] [stdout]     |
[INFO] [stdout] 206 - fn parse(filename: &str) -> (HashMap<String, Module>) {
[INFO] [stdout] 206 + fn parse(filename: &str) -> HashMap<String, Module> {
[INFO] [stdout]     |
[INFO] [stdout] 
[INFO] [stdout] 
[INFO] [stdout] warning: unused variable: `first`
[INFO] [stdout]   --> src/day1.rs:25:13
[INFO] [stdout]    |
[INFO] [stdout] 25 |     let mut first: Option<char> = None;
[INFO] [stdout]    |             ^^^^^ help: if this is intentional, prefix it with an underscore: `_first`
[INFO] [stdout]    |
[INFO] [stdout]    = note: `#[warn(unused_variables)]` on by default
[INFO] [stdout] 
[INFO] [stdout] 
[INFO] [stdout] warning: unused variable: `last`
[INFO] [stdout]   --> src/day1.rs:26:13
[INFO] [stdout]    |
[INFO] [stdout] 26 |     let mut last: Option<char> = None;
[INFO] [stdout]    |             ^^^^ help: if this is intentional, prefix it with an underscore: `_last`
[INFO] [stdout] 
[INFO] [stdout] 
[INFO] [stdout] warning: variable does not need to be mutable
[INFO] [stdout]   --> src/day1.rs:25:9
[INFO] [stdout]    |
[INFO] [stdout] 25 |     let mut first: Option<char> = None;
[INFO] [stdout]    |         ----^^^^^
[INFO] [stdout]    |         |
[INFO] [stdout]    |         help: remove this `mut`
[INFO] [stdout]    |
[INFO] [stdout]    = note: `#[warn(unused_mut)]` on by default
[INFO] [stdout] 
[INFO] [stdout] 
[INFO] [stdout] warning: variable does not need to be mutable
[INFO] [stdout]   --> src/day1.rs:26:9
[INFO] [stdout]    |
[INFO] [stdout] 26 |     let mut last: Option<char> = None;
[INFO] [stdout]    |         ----^^^^
[INFO] [stdout]    |         |
[INFO] [stdout]    |         help: remove this `mut`
[INFO] [stdout] 
[INFO] [stdout] 
[INFO] [stdout] warning: unused variable: `game_id`
[INFO] [stdout]   --> src/day2.rs:69:17
[INFO] [stdout]    |
[INFO] [stdout] 69 |             let game_id: u32 = x[1].parse().unwrap();
[INFO] [stdout]    |                 ^^^^^^^ help: if this is intentional, prefix it with an underscore: `_game_id`
[INFO] [stdout] 
[INFO] [stdout] 
[INFO] [stdout] warning: unused variable: `idx`
[INFO] [stdout]    --> src/day3.rs:234:31
[INFO] [stdout]     |
[INFO] [stdout] 234 |                     for (num, idx, x) in gears {
[INFO] [stdout]     |                               ^^^ help: if this is intentional, prefix it with an underscore: `_idx`
[INFO] [stdout] 
[INFO] [stdout] 
[INFO] [stdout] warning: unused variable: `x`
[INFO] [stdout]    --> src/day3.rs:234:36
[INFO] [stdout]     |
[INFO] [stdout] 234 |                     for (num, idx, x) in gears {
[INFO] [stdout]     |                                    ^ help: if this is intentional, prefix it with an underscore: `_x`
[INFO] [stdout] 
[INFO] [stdout] 
[INFO] [stdout] warning: variable does not need to be mutable
[INFO] [stdout]    --> src/day3.rs:149:25
[INFO] [stdout]     |
[INFO] [stdout] 149 |                     let mut last_idx = col_idx - 1;
[INFO] [stdout]     |                         ----^^^^^^^^
[INFO] [stdout]     |                         |
[INFO] [stdout]     |                         help: remove this `mut`
[INFO] [stdout] 
[INFO] [stdout] 
[INFO] [stdout] warning: unused variable: `next`
[INFO] [stdout]    --> src/day10.rs:308:26
[INFO] [stdout]     |
[INFO] [stdout] 308 |                     let (next, nr, nc) = self.get_xy(r, c, dir);
[INFO] [stdout]     |                          ^^^^ help: if this is intentional, prefix it with an underscore: `_next`
[INFO] [stdout] 
[INFO] [stdout] 
[INFO] [stdout] warning: type `Hand` is more private than the item `score`
[INFO] [stdout]    --> src/day7.rs:197:1
[INFO] [stdout]     |
[INFO] [stdout] 197 | pub fn score(hands: &Vec<Hand>) -> u32 {
[INFO] [stdout]     | ^^^^^^^^^^^^^^^^^^^^^^^^^^^^^^^^^^^^^^ function `score` is reachable at visibility `pub(crate)`
[INFO] [stdout]     |
[INFO] [stdout] note: but type `Hand` is only usable at visibility `pub(self)`
[INFO] [stdout]    --> src/day7.rs:45:1
[INFO] [stdout]     |
[INFO] [stdout] 45  | struct Hand {
[INFO] [stdout]     | ^^^^^^^^^^^
[INFO] [stdout]     = note: `#[warn(private_interfaces)]` on by default
[INFO] [stdout] 
[INFO] [stdout] 
[INFO] [stdout] warning: function `calibration_value` is never used
[INFO] [stdout]  --> src/day1.rs:7:4
[INFO] [stdout]   |
[INFO] [stdout] 7 | fn calibration_value(line: &str) -> i32 {
[INFO] [stdout]   |    ^^^^^^^^^^^^^^^^^
[INFO] [stdout]   |
[INFO] [stdout]   = note: `#[warn(dead_code)]` on by default
[INFO] [stdout] 
[INFO] [stdout] 
[INFO] [stdout] warning: function `calibration_value_v2` is never used
[INFO] [stdout]   --> src/day1.rs:24:4
[INFO] [stdout]    |
[INFO] [stdout] 24 | fn calibration_value_v2(line: &str) -> i32 {
[INFO] [stdout]    |    ^^^^^^^^^^^^^^^^^^^^
[INFO] [stdout] 
[INFO] [stdout] 
[INFO] [stdout] warning: function `part1` is never used
[INFO] [stdout]   --> src/day1.rs:67:8
[INFO] [stdout]    |
[INFO] [stdout] 67 | pub fn part1() {
[INFO] [stdout]    |        ^^^^^
[INFO] [stdout] 
[INFO] [stdout] 
[INFO] [stdout] warning: function `part2` is never used
[INFO] [stdout]   --> src/day1.rs:82:8
[INFO] [stdout]    |
[INFO] [stdout] 82 | pub fn part2() {
[INFO] [stdout]    |        ^^^^^
[INFO] [stdout] 
[INFO] [stdout] 
[INFO] [stdout] warning: function `part1` is never used
[INFO] [stdout]  --> src/day2.rs:7:8
[INFO] [stdout]   |
[INFO] [stdout] 7 | pub fn part1() {
[INFO] [stdout]   |        ^^^^^
[INFO] [stdout] 
[INFO] [stdout] 
[INFO] [stdout] warning: function `part2` is never used
[INFO] [stdout]   --> src/day2.rs:60:8
[INFO] [stdout]    |
[INFO] [stdout] 60 | pub fn part2() {
[INFO] [stdout]    |        ^^^^^
[INFO] [stdout] 
[INFO] [stdout] 
[INFO] [stdout] warning: function `read_schematic` is never used
[INFO] [stdout]  --> src/day3.rs:5:4
[INFO] [stdout]   |
[INFO] [stdout] 5 | fn read_schematic() -> Vec<Vec<char>> {
[INFO] [stdout]   |    ^^^^^^^^^^^^^^
[INFO] [stdout] 
[INFO] [stdout] 
[INFO] [stdout] warning: function `is_symbol` is never used
[INFO] [stdout]   --> src/day3.rs:18:4
[INFO] [stdout]    |
[INFO] [stdout] 18 | fn is_symbol(schematic: &Vec<Vec<char>>, row_idx: usize, col_idx: usize, rr: i32, cc: i32) -> bool {
[INFO] [stdout]    |    ^^^^^^^^^
[INFO] [stdout] 
[INFO] [stdout] 
[INFO] [stdout] warning: function `is_number` is never used
[INFO] [stdout]   --> src/day3.rs:48:4
[INFO] [stdout]    |
[INFO] [stdout] 48 | fn is_number(schematic: &Vec<Vec<char>>, 
[INFO] [stdout]    |    ^^^^^^^^^
[INFO] [stdout] 
[INFO] [stdout] 
[INFO] [stdout] warning: function `part2` is never used
[INFO] [stdout]    --> src/day3.rs:127:8
[INFO] [stdout]     |
[INFO] [stdout] 127 | pub fn part2() {
[INFO] [stdout]     |        ^^^^^
[INFO] [stdout] 
[INFO] [stdout] 
[INFO] [stdout] warning: fields `id`, `winning`, `owned`, and `count` are never read
[INFO] [stdout]   --> src/day4.rs:7:5
[INFO] [stdout]    |
[INFO] [stdout] 6  | struct Card {
[INFO] [stdout]    |        ---- fields in this struct
[INFO] [stdout] 7  |     id: u32,
[INFO] [stdout]    |     ^^
[INFO] [stdout] 8  |     winning: HashSet<u32>,
[INFO] [stdout]    |     ^^^^^^^
[INFO] [stdout] 9  |     owned: Vec<u32>,
[INFO] [stdout]    |     ^^^^^
[INFO] [stdout] 10 |     count: u32,
[INFO] [stdout]    |     ^^^^^
[INFO] [stdout]    |
[INFO] [stdout]    = note: `Card` has a derived impl for the trait `Debug`, but this is intentionally ignored during dead code analysis
[INFO] [stdout] 
[INFO] [stdout] 
[INFO] [stdout] warning: associated items `new` and `matching_numbers` are never used
[INFO] [stdout]   --> src/day4.rs:14:8
[INFO] [stdout]    |
[INFO] [stdout] 13 | impl Card {
[INFO] [stdout]    | --------- associated items in this implementation
[INFO] [stdout] 14 |     fn new(id: u32, winning: HashSet<u32>, owned: Vec<u32>) -> Card {
[INFO] [stdout]    |        ^^^
[INFO] [stdout] ...
[INFO] [stdout] 24 |     fn matching_numbers(&self) -> i32 {
[INFO] [stdout]    |        ^^^^^^^^^^^^^^^^
[INFO] [stdout] 
[INFO] [stdout] 
[INFO] [stdout] warning: function `read_cards` is never used
[INFO] [stdout]   --> src/day4.rs:36:4
[INFO] [stdout]    |
[INFO] [stdout] 36 | fn read_cards() -> Vec<Card> {
[INFO] [stdout]    |    ^^^^^^^^^^
[INFO] [stdout] 
[INFO] [stdout] 
[INFO] [stdout] warning: function `part1` is never used
[INFO] [stdout]   --> src/day4.rs:63:8
[INFO] [stdout]    |
[INFO] [stdout] 63 | pub fn part1() {
[INFO] [stdout]    |        ^^^^^
[INFO] [stdout] 
[INFO] [stdout] 
[INFO] [stdout] warning: function `part2` is never used
[INFO] [stdout]   --> src/day4.rs:81:8
[INFO] [stdout]    |
[INFO] [stdout] 81 | pub fn part2() {
[INFO] [stdout]    |        ^^^^^
[INFO] [stdout] 
[INFO] [stdout] 
[INFO] [stdout] warning: multiple variants are never constructed
[INFO] [stdout]   --> src/day7.rs:9:5
[INFO] [stdout]    |
[INFO] [stdout] 8  | enum Card {
[INFO] [stdout]    |      ---- variants in this enum
[INFO] [stdout] 9  |     J,
[INFO] [stdout]    |     ^
[INFO] [stdout] 10 |     Two,
[INFO] [stdout]    |     ^^^
[INFO] [stdout] 11 |     Three,
[INFO] [stdout]    |     ^^^^^
[INFO] [stdout] 12 |     Four, 
[INFO] [stdout]    |     ^^^^
[INFO] [stdout] 13 |     Five, 
[INFO] [stdout]    |     ^^^^
[INFO] [stdout] 14 |     Six, 
[INFO] [stdout]    |     ^^^
[INFO] [stdout] 15 |     Seven, 
[INFO] [stdout]    |     ^^^^^
[INFO] [stdout] 16 |     Eight, 
[INFO] [stdout]    |     ^^^^^
[INFO] [stdout] 17 |     Nine,
[INFO] [stdout]    |     ^^^^
[INFO] [stdout] 18 |     T,
[INFO] [stdout]    |     ^
[INFO] [stdout] 19 |     Q,
[INFO] [stdout]    |     ^
[INFO] [stdout] 20 |     K,
[INFO] [stdout]    |     ^
[INFO] [stdout] 21 |     A 
[INFO] [stdout]    |     ^
[INFO] [stdout]    |
[INFO] [stdout]    = note: `Card` has derived impls for the traits `Debug` and `Clone`, but these are intentionally ignored during dead code analysis
[INFO] [stdout] 
[INFO] [stdout] 
[INFO] [stdout] warning: associated function `new` is never used
[INFO] [stdout]   --> src/day7.rs:25:8
[INFO] [stdout]    |
[INFO] [stdout] 24 | impl Card {
[INFO] [stdout]    | --------- associated function in this implementation
[INFO] [stdout] 25 |     fn new(from: char) -> Card {
[INFO] [stdout]    |        ^^^
[INFO] [stdout] 
[INFO] [stdout] 
[INFO] [stdout] warning: field `bid` is never read
[INFO] [stdout]   --> src/day7.rs:48:5
[INFO] [stdout]    |
[INFO] [stdout] 45 | struct Hand {
[INFO] [stdout]    |        ---- field in this struct
[INFO] [stdout] ...
[INFO] [stdout] 48 |     bid: u32
[INFO] [stdout]    |     ^^^
[INFO] [stdout] 
[INFO] [stdout] 
[INFO] [stdout] warning: associated functions `parse` and `new` are never used
[INFO] [stdout]   --> src/day7.rs:52:8
[INFO] [stdout]    |
[INFO] [stdout] 51 | impl Hand { 
[INFO] [stdout]    | --------- associated functions in this implementation
[INFO] [stdout] 52 |     fn parse(cards: &str, bid: u32) -> Hand {
[INFO] [stdout]    |        ^^^^^
[INFO] [stdout] ...
[INFO] [stdout] 60 |     fn new(cards: Vec<Card>, bid: u32) -> Hand {
[INFO] [stdout]    |        ^^^
[INFO] [stdout] 
[INFO] [stdout] 
[INFO] [stdout] warning: multiple variants are never constructed
[INFO] [stdout]    --> src/day7.rs:188:5
[INFO] [stdout]     |
[INFO] [stdout] 187 | enum HandKind {
[INFO] [stdout]     |      -------- variants in this enum
[INFO] [stdout] 188 |     HighCard,
[INFO] [stdout]     |     ^^^^^^^^
[INFO] [stdout] 189 |     OnePair,
[INFO] [stdout]     |     ^^^^^^^
[INFO] [stdout] 190 |     TwoPair,
[INFO] [stdout]     |     ^^^^^^^
[INFO] [stdout] 191 |     ThreeOfAKind,
[INFO] [stdout]     |     ^^^^^^^^^^^^
[INFO] [stdout] 192 |     FullHouse,
[INFO] [stdout]     |     ^^^^^^^^^
[INFO] [stdout] 193 |     FourOfAKind,
[INFO] [stdout]     |     ^^^^^^^^^^^
[INFO] [stdout] 194 |     FiveOfAKind,
[INFO] [stdout]     |     ^^^^^^^^^^^
[INFO] [stdout]     |
[INFO] [stdout]     = note: `HandKind` has a derived impl for the trait `Debug`, but this is intentionally ignored during dead code analysis
[INFO] [stdout] 
[INFO] [stdout] 
[INFO] [stdout] warning: function `score` is never used
[INFO] [stdout]    --> src/day7.rs:197:8
[INFO] [stdout]     |
[INFO] [stdout] 197 | pub fn score(hands: &Vec<Hand>) -> u32 {
[INFO] [stdout]     |        ^^^^^
[INFO] [stdout] 
[INFO] [stdout] 
[INFO] [stdout] warning: function `part1` is never used
[INFO] [stdout]    --> src/day7.rs:206:8
[INFO] [stdout]     |
[INFO] [stdout] 206 | pub fn part1() {
[INFO] [stdout]     |        ^^^^^
[INFO] [stdout] 
[INFO] [stdout] 
[INFO] [stdout] warning: multiple variants are never constructed
[INFO] [stdout]   --> src/day10.rs:11:5
[INFO] [stdout]    |
[INFO] [stdout] 10 | enum Direction {
[INFO] [stdout]    |      --------- variants in this enum
[INFO] [stdout] 11 |     None,
[INFO] [stdout]    |     ^^^^
[INFO] [stdout] 12 |     North,
[INFO] [stdout]    |     ^^^^^
[INFO] [stdout] 13 |     NorthWest,
[INFO] [stdout]    |     ^^^^^^^^^
[INFO] [stdout] 14 |     NorthEast,
[INFO] [stdout]    |     ^^^^^^^^^
[INFO] [stdout] 15 |     East,
[INFO] [stdout]    |     ^^^^
[INFO] [stdout] 16 |     South,
[INFO] [stdout]    |     ^^^^^
[INFO] [stdout] 17 |     SouthEast,
[INFO] [stdout]    |     ^^^^^^^^^
[INFO] [stdout] 18 |     SouthWest,
[INFO] [stdout]    |     ^^^^^^^^^
[INFO] [stdout] 19 |     West,
[INFO] [stdout]    |     ^^^^
[INFO] [stdout]    |
[INFO] [stdout]    = note: `Direction` has derived impls for the traits `Clone` and `Debug`, but these are intentionally ignored during dead code analysis
[INFO] [stdout] 
[INFO] [stdout] 
[INFO] [stdout] warning: method `opposite` is never used
[INFO] [stdout]   --> src/day10.rs:23:8
[INFO] [stdout]    |
[INFO] [stdout] 22 | impl Direction {
[INFO] [stdout]    | -------------- method in this implementation
[INFO] [stdout] 23 |     fn opposite(self) -> Direction {
[INFO] [stdout]    |        ^^^^^^^^
[INFO] [stdout] 
[INFO] [stdout] 
[INFO] [stdout] warning: multiple variants are never constructed
[INFO] [stdout]   --> src/day10.rs:40:5
[INFO] [stdout]    |
[INFO] [stdout] 39 | enum Tile {
[INFO] [stdout]    |      ---- variants in this enum
[INFO] [stdout] 40 |     None,
[INFO] [stdout]    |     ^^^^
[INFO] [stdout] 41 |     NorthAndSouth,
[INFO] [stdout]    |     ^^^^^^^^^^^^^
[INFO] [stdout] 42 |     EastAndWest,
[INFO] [stdout]    |     ^^^^^^^^^^^
[INFO] [stdout] 43 |     NorthAndEast,
[INFO] [stdout]    |     ^^^^^^^^^^^^
[INFO] [stdout] 44 |     NorthAndWest,
[INFO] [stdout]    |     ^^^^^^^^^^^^
[INFO] [stdout] 45 |     SouthAndWest,
[INFO] [stdout]    |     ^^^^^^^^^^^^
[INFO] [stdout] 46 |     SouthAndEast,
[INFO] [stdout]    |     ^^^^^^^^^^^^
[INFO] [stdout] 47 |     Ground,
[INFO] [stdout]    |     ^^^^^^
[INFO] [stdout] 48 |     StartingPosition,
[INFO] [stdout]    |     ^^^^^^^^^^^^^^^^
[INFO] [stdout]    |
[INFO] [stdout]    = note: `Tile` has derived impls for the traits `Debug` and `Clone`, but these are intentionally ignored during dead code analysis
[INFO] [stdout] 
[INFO] [stdout] 
[INFO] [stdout] warning: associated items `print`, `parse`, `directions`, and `by_directions` are never used
[INFO] [stdout]   --> src/day10.rs:52:8
[INFO] [stdout]    |
[INFO] [stdout] 51 | impl Tile {
[INFO] [stdout]    | --------- associated items in this implementation
[INFO] [stdout] 52 |     fn print(self) -> char {
[INFO] [stdout]    |        ^^^^^
[INFO] [stdout] ...
[INFO] [stdout] 67 |     fn parse(c: char) -> Tile {
[INFO] [stdout]    |        ^^^^^
[INFO] [stdout] ...
[INFO] [stdout] 81 |     fn directions(self) -> Vec<Direction> {
[INFO] [stdout]    |        ^^^^^^^^^^
[INFO] [stdout] ...
[INFO] [stdout] 95 |     fn by_directions(dirs: &Vec<Direction>) -> Tile {
[INFO] [stdout]    |        ^^^^^^^^^^^^^
[INFO] [stdout] 
[INFO] [stdout] 
[INFO] [stdout] warning: function `parse` is never used
[INFO] [stdout]    --> src/day10.rs:119:4
[INFO] [stdout]     |
[INFO] [stdout] 119 | fn parse() -> Map {
[INFO] [stdout]     |    ^^^^^
[INFO] [stdout] 
[INFO] [stdout] 
[INFO] [stdout] warning: struct `Map` is never constructed
[INFO] [stdout]    --> src/day10.rs:138:8
[INFO] [stdout]     |
[INFO] [stdout] 138 | struct Map {
[INFO] [stdout]     |        ^^^
[INFO] [stdout] 
[INFO] [stdout] 
[INFO] [stdout] warning: multiple associated items are never used
[INFO] [stdout]    --> src/day10.rs:146:8
[INFO] [stdout]     |
[INFO] [stdout] 145 | impl Map {
[INFO] [stdout]     | -------- associated items in this implementation
[INFO] [stdout] 146 |     fn new(tiles: Vec<Vec<Tile>>) -> Map {
[INFO] [stdout]     |        ^^^
[INFO] [stdout] ...
[INFO] [stdout] 158 |     fn determine_start(&mut self) {
[INFO] [stdout]     |        ^^^^^^^^^^^^^^^
[INFO] [stdout] ...
[INFO] [stdout] 205 |     fn get(&self, r: usize, c: usize, dir: Direction) -> Tile {
[INFO] [stdout]     |        ^^^
[INFO] [stdout] ...
[INFO] [stdout] 248 |     fn get_xy(&self, r: usize, c: usize, dir: Direction) -> (Tile, usize, usize) {
[INFO] [stdout]     |        ^^^^^^
[INFO] [stdout] ...
[INFO] [stdout] 287 |     fn traverse(&mut self, start: (usize, usize)) {
[INFO] [stdout]     |        ^^^^^^^^
[INFO] [stdout] ...
[INFO] [stdout] 350 |     fn cast(&self, (r, c): (usize, usize), visited: &HashSet<(usize, usize)>) -> usize {
[INFO] [stdout]     |        ^^^^
[INFO] [stdout] ...
[INFO] [stdout] 372 |     fn print(&self, visited: &HashSet<(usize, usize)>) {
[INFO] [stdout]     |        ^^^^^
[INFO] [stdout] 
[INFO] [stdout] 
[INFO] [stdout] warning: function `part1` is never used
[INFO] [stdout]    --> src/day10.rs:398:8
[INFO] [stdout]     |
[INFO] [stdout] 398 | pub fn part1() {
[INFO] [stdout]     |        ^^^^^
[INFO] [stdout] 
[INFO] [stdout] 
[INFO] [stdout] warning: variants `Unknown`, `Operational`, and `Damaged` are never constructed
[INFO] [stdout]   --> src/day12.rs:9:5
[INFO] [stdout]    |
[INFO] [stdout] 8  | enum SpringStatus {
[INFO] [stdout]    |      ------------ variants in this enum
[INFO] [stdout] 9  |     Unknown,
[INFO] [stdout]    |     ^^^^^^^
[INFO] [stdout] 10 |     Operational,
[INFO] [stdout]    |     ^^^^^^^^^^^
[INFO] [stdout] 11 |     Damaged
[INFO] [stdout]    |     ^^^^^^^
[INFO] [stdout]    |
[INFO] [stdout]    = note: `SpringStatus` has a derived impl for the trait `Clone`, but this is intentionally ignored during dead code analysis
[INFO] [stdout] 
[INFO] [stdout] 
[INFO] [stdout] warning: associated items `from` and `print` are never used
[INFO] [stdout]   --> src/day12.rs:15:12
[INFO] [stdout]    |
[INFO] [stdout] 14 | impl SpringStatus {
[INFO] [stdout]    | ----------------- associated items in this implementation
[INFO] [stdout] 15 |     pub fn from(c: char) -> SpringStatus {
[INFO] [stdout]    |            ^^^^
[INFO] [stdout] ...
[INFO] [stdout] 24 |     pub fn print(&self) -> char {
[INFO] [stdout]    |            ^^^^^
[INFO] [stdout] 
[INFO] [stdout] 
[INFO] [stdout] warning: function `print_config` is never used
[INFO] [stdout]   --> src/day12.rs:33:4
[INFO] [stdout]    |
[INFO] [stdout] 33 | fn print_config(configuration: &Vec<SpringStatus>) {
[INFO] [stdout]    |    ^^^^^^^^^^^^
[INFO] [stdout] 
[INFO] [stdout] 
[INFO] [stdout] warning: function `valid` is never used
[INFO] [stdout]   --> src/day12.rs:41:4
[INFO] [stdout]    |
[INFO] [stdout] 41 | fn valid(configuration: &Vec<SpringStatus>, damaged_segments: Vec<usize>) -> bool {
[INFO] [stdout]    |    ^^^^^
[INFO] [stdout] 
[INFO] [stdout] 
[INFO] [stdout] warning: function `arrange` is never used
[INFO] [stdout]   --> src/day12.rs:82:4
[INFO] [stdout]    |
[INFO] [stdout] 82 | fn arrange(
[INFO] [stdout]    |    ^^^^^^^
[INFO] [stdout] 
[INFO] [stdout] 
[INFO] [stdout] warning: function `parse` is never used
[INFO] [stdout]    --> src/day12.rs:162:4
[INFO] [stdout]     |
[INFO] [stdout] 162 | fn parse(s: &str) -> (Vec<SpringStatus>, Vec<usize>) {
[INFO] [stdout]     |    ^^^^^
[INFO] [stdout] 
[INFO] [stdout] 
[INFO] [stdout] warning: function `part1` is never used
[INFO] [stdout]    --> src/day12.rs:180:8
[INFO] [stdout]     |
[INFO] [stdout] 180 | pub fn part1() {
[INFO] [stdout]     |        ^^^^^
[INFO] [stdout] 
[INFO] [stdout] 
[INFO] [stdout] warning: struct `Workflow` is never constructed
[INFO] [stdout]  --> src/day19.rs:5:8
[INFO] [stdout]   |
[INFO] [stdout] 5 | struct Workflow {
[INFO] [stdout]   |        ^^^^^^^^
[INFO] [stdout] 
[INFO] [stdout] 
[INFO] [stdout] warning: associated items `process` and `parse` are never used
[INFO] [stdout]   --> src/day19.rs:11:8
[INFO] [stdout]    |
[INFO] [stdout] 10 | impl Workflow {
[INFO] [stdout]    | ------------- associated items in this implementation
[INFO] [stdout] 11 |     fn process(&self, part: &Part) -> String {
[INFO] [stdout]    |        ^^^^^^^
[INFO] [stdout] ...
[INFO] [stdout] 21 |     fn parse(s: &str) -> Workflow {
[INFO] [stdout]    |        ^^^^^
[INFO] [stdout] 
[INFO] [stdout] 
[INFO] [stdout] warning: fields `kind`, `segment`, `value`, and `target` are never read
[INFO] [stdout]   --> src/day19.rs:42:5
[INFO] [stdout]    |
[INFO] [stdout] 41 | struct Rule {
[INFO] [stdout]    |        ---- fields in this struct
[INFO] [stdout] 42 |     kind: RuleKind,
[INFO] [stdout]    |     ^^^^
[INFO] [stdout] 43 |     segment: Segment,
[INFO] [stdout]    |     ^^^^^^^
[INFO] [stdout] 44 |     value: i32,
[INFO] [stdout]    |     ^^^^^
[INFO] [stdout] 45 |     target: String,
[INFO] [stdout]    |     ^^^^^^
[INFO] [stdout]    |
[INFO] [stdout]    = note: `Rule` has derived impls for the traits `Clone` and `Debug`, but these are intentionally ignored during dead code analysis
[INFO] [stdout] 
[INFO] [stdout] 
[INFO] [stdout] warning: associated items `invert`, `parse`, and `accept` are never used
[INFO] [stdout]    --> src/day19.rs:49:8
[INFO] [stdout]     |
[INFO] [stdout] 48  | impl Rule {
[INFO] [stdout]     | --------- associated items in this implementation
[INFO] [stdout] 49  |     fn invert(&self) -> Rule {
[INFO] [stdout]     |        ^^^^^^
[INFO] [stdout] ...
[INFO] [stdout] 70  |     fn parse(s: &str) -> Rule {
[INFO] [stdout]     |        ^^^^^
[INFO] [stdout] ...
[INFO] [stdout] 108 |     fn accept(&self, part: &Part) -> bool {
[INFO] [stdout]     |        ^^^^^^
[INFO] [stdout] 
[INFO] [stdout] 
[INFO] [stdout] warning: variants `Empty`, `Greater`, and `Lesser` are never constructed
[INFO] [stdout]    --> src/day19.rs:126:5
[INFO] [stdout]     |
[INFO] [stdout] 125 | enum RuleKind {
[INFO] [stdout]     |      -------- variants in this enum
[INFO] [stdout] 126 |     Empty,
[INFO] [stdout]     |     ^^^^^
[INFO] [stdout] 127 |     Greater,
[INFO] [stdout]     |     ^^^^^^^
[INFO] [stdout] 128 |     Lesser,
[INFO] [stdout]     |     ^^^^^^
[INFO] [stdout]     |
[INFO] [stdout]     = note: `RuleKind` has derived impls for the traits `Clone` and `Debug`, but these are intentionally ignored during dead code analysis
[INFO] [stdout] 
[INFO] [stdout] 
[INFO] [stdout] warning: variants `X`, `M`, `A`, and `S` are never constructed
[INFO] [stdout]    --> src/day19.rs:134:5
[INFO] [stdout]     |
[INFO] [stdout] 133 | enum Segment {
[INFO] [stdout]     |      ------- variants in this enum
[INFO] [stdout] 134 |     X,
[INFO] [stdout]     |     ^
[INFO] [stdout] 135 |     M,
[INFO] [stdout]     |     ^
[INFO] [stdout] 136 |     A,
[INFO] [stdout]     |     ^
[INFO] [stdout] 137 |     S,
[INFO] [stdout]     |     ^
[INFO] [stdout]     |
[INFO] [stdout]     = note: `Segment` has derived impls for the traits `Clone` and `Debug`, but these are intentionally ignored during dead code analysis
[INFO] [stdout] 
[INFO] [stdout] 
[INFO] [stdout] warning: struct `Part` is never constructed
[INFO] [stdout]    --> src/day19.rs:140:8
[INFO] [stdout]     |
[INFO] [stdout] 140 | struct Part {
[INFO] [stdout]     |        ^^^^
[INFO] [stdout] 
[INFO] [stdout] 
[INFO] [stdout] warning: associated items `parse` and `rating` are never used
[INFO] [stdout]    --> src/day19.rs:149:8
[INFO] [stdout]     |
[INFO] [stdout] 148 | impl Part {
[INFO] [stdout]     | --------- associated items in this implementation
[INFO] [stdout] 149 |     fn parse(s: &str) -> Part {
[INFO] [stdout]     |        ^^^^^
[INFO] [stdout] ...
[INFO] [stdout] 170 |     fn rating(&self) -> i32 {
[INFO] [stdout]     |        ^^^^^^
[INFO] [stdout] 
[INFO] [stdout] 
[INFO] [stdout] warning: function `process_part` is never used
[INFO] [stdout]    --> src/day19.rs:175:4
[INFO] [stdout]     |
[INFO] [stdout] 175 | fn process_part(part: &mut Part, workflows: &HashMap<String, Workflow>) -> bool {
[INFO] [stdout]     |    ^^^^^^^^^^^^
[INFO] [stdout] 
[INFO] [stdout] 
[INFO] [stdout] warning: function `process_parts` is never used
[INFO] [stdout]    --> src/day19.rs:198:4
[INFO] [stdout]     |
[INFO] [stdout] 198 | fn process_parts(parts: &mut Vec<Part>, workflows: &HashMap<String, Workflow>) -> i32 {
[INFO] [stdout]     |    ^^^^^^^^^^^^^
[INFO] [stdout] 
[INFO] [stdout] 
[INFO] [stdout] warning: function `parse` is never used
[INFO] [stdout]    --> src/day19.rs:209:4
[INFO] [stdout]     |
[INFO] [stdout] 209 | fn parse(filename: &str) -> (HashMap<String, Workflow>, Vec<Part>) {
[INFO] [stdout]     |    ^^^^^
[INFO] [stdout] 
[INFO] [stdout] 
[INFO] [stdout] warning: function `part1` is never used
[INFO] [stdout]    --> src/day19.rs:236:8
[INFO] [stdout]     |
[INFO] [stdout] 236 | pub fn part1() {
[INFO] [stdout]     |        ^^^^^
[INFO] [stdout] 
[INFO] [stdout] 
[INFO] [stdout] warning: function `determine_ranges` is never used
[INFO] [stdout]    --> src/day19.rs:243:4
[INFO] [stdout]     |
[INFO] [stdout] 243 | fn determine_ranges(constraints: &Vec<Rule>) -> i64 {
[INFO] [stdout]     |    ^^^^^^^^^^^^^^^^
[INFO] [stdout] 
[INFO] [stdout] 
[INFO] [stdout] warning: function `traverse` is never used
[INFO] [stdout]    --> src/day19.rs:343:4
[INFO] [stdout]     |
[INFO] [stdout] 343 | fn traverse(current_workflow: &str, workflows: &HashMap<String, Workflow>, constraints: &mut Vec<Rule>, path: &mut Vec<String>) -> i64 {
[INFO] [stdout]     |    ^^^^^^^^
[INFO] [stdout] 
[INFO] [stdout] 
[INFO] [stdout] warning: function `part2` is never used
[INFO] [stdout]    --> src/day19.rs:383:8
[INFO] [stdout]     |
[INFO] [stdout] 383 | pub fn part2() {
[INFO] [stdout]     |        ^^^^^
[INFO] [stdout] 
[INFO] [stdout] 
[INFO] [stdout] warning: function `print_signals` is never used
[INFO] [stdout]    --> src/day20.rs:139:4
[INFO] [stdout]     |
[INFO] [stdout] 139 | fn print_signals(signals: &Vec<(String, String, Signal)>) {
[INFO] [stdout]     |    ^^^^^^^^^^^^^
[INFO] [stdout] 
[INFO] [stdout] 
[INFO] [stdout] warning: function `print_signal` is never used
[INFO] [stdout]    --> src/day20.rs:145:4
[INFO] [stdout]     |
[INFO] [stdout] 145 | fn print_signal((from, target, signal): &(String, String, Signal)) {
[INFO] [stdout]     |    ^^^^^^^^^^^^
[INFO] [stdout] 
[INFO] [stdout] 
[INFO] [stdout] warning: function `part1` is never used
[INFO] [stdout]    --> src/day20.rs:224:8
[INFO] [stdout]     |
[INFO] [stdout] 224 | pub fn part1() {
[INFO] [stdout]     |        ^^^^^
[INFO] [stdout] 
[INFO] [stdout] 
[INFO] [stdout] warning: 67 warnings emitted
[INFO] [stdout] 
[INFO] [stdout] 
[INFO] [stderr]     Finished dev [unoptimized + debuginfo] target(s) in 0.63s
[INFO] running `Command { std: "docker" "inspect" "27bd0b06ea9f50fdc7b2ec09a13f1fa15af310d9c227cb5596f5f8f50eacf760", kill_on_drop: false }`
[INFO] running `Command { std: "docker" "rm" "-f" "27bd0b06ea9f50fdc7b2ec09a13f1fa15af310d9c227cb5596f5f8f50eacf760", kill_on_drop: false }`
[INFO] [stdout] 27bd0b06ea9f50fdc7b2ec09a13f1fa15af310d9c227cb5596f5f8f50eacf760
[INFO] running `Command { std: "docker" "create" "-v" "/var/lib/crater-agent-workspace/builds/worker-0-tc2/target:/opt/rustwide/target:rw,Z" "-v" "/var/lib/crater-agent-workspace/builds/worker-0-tc2/source:/opt/rustwide/workdir:ro,Z" "-v" "/var/lib/crater-agent-workspace/cargo-home:/opt/rustwide/cargo-home:ro,Z" "-v" "/var/lib/crater-agent-workspace/rustup-home:/opt/rustwide/rustup-home:ro,Z" "-e" "SOURCE_DIR=/opt/rustwide/workdir" "-e" "CARGO_TARGET_DIR=/opt/rustwide/target" "-e" "CARGO_INCREMENTAL=0" "-e" "RUST_BACKTRACE=full" "-e" "RUSTFLAGS=--cap-lints=warn" "-e" "RUSTDOCFLAGS=--cap-lints=warn" "-e" "CARGO_HOME=/opt/rustwide/cargo-home" "-e" "RUSTUP_HOME=/opt/rustwide/rustup-home" "-w" "/opt/rustwide/workdir" "-m" "1610612736" "--user" "0:0" "--network" "none" "ghcr.io/rust-lang/crates-build-env/linux@sha256:2788e3201cd34a07e3172128adcd8b3090168a8e3bcc40d7c032b9dda1df7d1c" "/opt/rustwide/cargo-home/bin/cargo" "+beta-2023-12-22" "test" "--frozen" "--no-run" "--message-format=json", kill_on_drop: false }`
[INFO] [stdout] 0b1925117df09c314c57478cb21fad97bbc0bb9add05505c4add907300002159
[INFO] running `Command { std: "docker" "start" "-a" "0b1925117df09c314c57478cb21fad97bbc0bb9add05505c4add907300002159", kill_on_drop: false }`
[INFO] [stderr]    Compiling aoc-2023 v0.1.0 (/opt/rustwide/workdir)
[INFO] [stdout] warning: unused import: `HashSet`
[INFO] [stdout]  --> src/day12.rs:1:48
[INFO] [stdout]   |
[INFO] [stdout] 1 | use std::{fs::File, io, collections::{HashMap, HashSet}};
[INFO] [stdout]   |                                                ^^^^^^^
[INFO] [stdout]   |
[INFO] [stdout]   = note: `#[warn(unused_imports)]` on by default
[INFO] [stdout] 
[INFO] [stdout] 
[INFO] [stdout] warning: unnecessary parentheses around type
[INFO] [stdout]    --> src/day20.rs:206:29
[INFO] [stdout]     |
[INFO] [stdout] 206 | fn parse(filename: &str) -> (HashMap<String, Module>) {
[INFO] [stdout]     |                             ^                       ^
[INFO] [stdout]     |
[INFO] [stdout]     = note: `#[warn(unused_parens)]` on by default
[INFO] [stdout] help: remove these parentheses
[INFO] [stdout]     |
[INFO] [stdout] 206 - fn parse(filename: &str) -> (HashMap<String, Module>) {
[INFO] [stdout] 206 + fn parse(filename: &str) -> HashMap<String, Module> {
[INFO] [stdout]     |
[INFO] [stdout] 
[INFO] [stdout] 
[INFO] [stdout] warning: unused import: `VecDeque`
[INFO] [stdout]    --> src/day20.rs:304:28
[INFO] [stdout]     |
[INFO] [stdout] 304 |     use std::collections::{VecDeque};
[INFO] [stdout]     |                            ^^^^^^^^
[INFO] [stdout] 
[INFO] [stdout] 
[INFO] [stdout] warning: unused variable: `first`
[INFO] [stdout]   --> src/day1.rs:25:13
[INFO] [stdout]    |
[INFO] [stdout] 25 |     let mut first: Option<char> = None;
[INFO] [stdout]    |             ^^^^^ help: if this is intentional, prefix it with an underscore: `_first`
[INFO] [stdout]    |
[INFO] [stdout]    = note: `#[warn(unused_variables)]` on by default
[INFO] [stdout] 
[INFO] [stdout] 
[INFO] [stdout] warning: unused variable: `last`
[INFO] [stdout]   --> src/day1.rs:26:13
[INFO] [stdout]    |
[INFO] [stdout] 26 |     let mut last: Option<char> = None;
[INFO] [stdout]    |             ^^^^ help: if this is intentional, prefix it with an underscore: `_last`
[INFO] [stdout] 
[INFO] [stdout] 
[INFO] [stdout] warning: variable does not need to be mutable
[INFO] [stdout]   --> src/day1.rs:25:9
[INFO] [stdout]    |
[INFO] [stdout] 25 |     let mut first: Option<char> = None;
[INFO] [stdout]    |         ----^^^^^
[INFO] [stdout]    |         |
[INFO] [stdout]    |         help: remove this `mut`
[INFO] [stdout]    |
[INFO] [stdout]    = note: `#[warn(unused_mut)]` on by default
[INFO] [stdout] 
[INFO] [stdout] 
[INFO] [stdout] warning: variable does not need to be mutable
[INFO] [stdout]   --> src/day1.rs:26:9
[INFO] [stdout]    |
[INFO] [stdout] 26 |     let mut last: Option<char> = None;
[INFO] [stdout]    |         ----^^^^
[INFO] [stdout]    |         |
[INFO] [stdout]    |         help: remove this `mut`
[INFO] [stdout] 
[INFO] [stdout] 
[INFO] [stdout] warning: unused variable: `game_id`
[INFO] [stdout]   --> src/day2.rs:69:17
[INFO] [stdout]    |
[INFO] [stdout] 69 |             let game_id: u32 = x[1].parse().unwrap();
[INFO] [stdout]    |                 ^^^^^^^ help: if this is intentional, prefix it with an underscore: `_game_id`
[INFO] [stdout] 
[INFO] [stdout] 
[INFO] [stdout] warning: unused variable: `idx`
[INFO] [stdout]    --> src/day3.rs:234:31
[INFO] [stdout]     |
[INFO] [stdout] 234 |                     for (num, idx, x) in gears {
[INFO] [stdout]     |                               ^^^ help: if this is intentional, prefix it with an underscore: `_idx`
[INFO] [stdout] 
[INFO] [stdout] 
[INFO] [stdout] warning: unused variable: `x`
[INFO] [stdout]    --> src/day3.rs:234:36
[INFO] [stdout]     |
[INFO] [stdout] 234 |                     for (num, idx, x) in gears {
[INFO] [stdout]     |                                    ^ help: if this is intentional, prefix it with an underscore: `_x`
[INFO] [stdout] 
[INFO] [stdout] 
[INFO] [stdout] warning: variable does not need to be mutable
[INFO] [stdout]    --> src/day3.rs:149:25
[INFO] [stdout]     |
[INFO] [stdout] 149 |                     let mut last_idx = col_idx - 1;
[INFO] [stdout]     |                         ----^^^^^^^^
[INFO] [stdout]     |                         |
[INFO] [stdout]     |                         help: remove this `mut`
[INFO] [stdout] 
[INFO] [stdout] 
[INFO] [stdout] warning: unused variable: `next`
[INFO] [stdout]    --> src/day10.rs:308:26
[INFO] [stdout]     |
[INFO] [stdout] 308 |                     let (next, nr, nc) = self.get_xy(r, c, dir);
[INFO] [stdout]     |                          ^^^^ help: if this is intentional, prefix it with an underscore: `_next`
[INFO] [stdout] 
[INFO] [stdout] 
[INFO] [stdout] warning: unused variable: `map`
[INFO] [stdout]    --> src/day10.rs:409:13
[INFO] [stdout]     |
[INFO] [stdout] 409 |         let map = parse();
[INFO] [stdout]     |             ^^^ help: if this is intentional, prefix it with an underscore: `_map`
[INFO] [stdout] 
[INFO] [stdout] 
[INFO] [stdout] warning: variable does not need to be mutable
[INFO] [stdout]    --> src/day20.rs:331:13
[INFO] [stdout]     |
[INFO] [stdout] 331 |         let mut modules = vec![
[INFO] [stdout]     |             ----^^^^^^^
[INFO] [stdout]     |             |
[INFO] [stdout]     |             help: remove this `mut`
[INFO] [stdout] 
[INFO] [stdout] 
[INFO] [stdout] warning: type `day7::Hand` is more private than the item `day7::score`
[INFO] [stdout]    --> src/day7.rs:197:1
[INFO] [stdout]     |
[INFO] [stdout] 197 | pub fn score(hands: &Vec<Hand>) -> u32 {
[INFO] [stdout]     | ^^^^^^^^^^^^^^^^^^^^^^^^^^^^^^^^^^^^^^ function `day7::score` is reachable at visibility `pub(crate)`
[INFO] [stdout]     |
[INFO] [stdout] note: but type `day7::Hand` is only usable at visibility `pub(self)`
[INFO] [stdout]    --> src/day7.rs:45:1
[INFO] [stdout]     |
[INFO] [stdout] 45  | struct Hand {
[INFO] [stdout]     | ^^^^^^^^^^^
[INFO] [stdout]     = note: `#[warn(private_interfaces)]` on by default
[INFO] [stdout] 
[INFO] [stdout] 
[INFO] [stdout] warning: function `calibration_value` is never used
[INFO] [stdout]  --> src/day1.rs:7:4
[INFO] [stdout]   |
[INFO] [stdout] 7 | fn calibration_value(line: &str) -> i32 {
[INFO] [stdout]   |    ^^^^^^^^^^^^^^^^^
[INFO] [stdout]   |
[INFO] [stdout]   = note: `#[warn(dead_code)]` on by default
[INFO] [stdout] 
[INFO] [stdout] 
[INFO] [stdout] warning: function `calibration_value_v2` is never used
[INFO] [stdout]   --> src/day1.rs:24:4
[INFO] [stdout]    |
[INFO] [stdout] 24 | fn calibration_value_v2(line: &str) -> i32 {
[INFO] [stdout]    |    ^^^^^^^^^^^^^^^^^^^^
[INFO] [stdout] 
[INFO] [stdout] 
[INFO] [stdout] warning: function `part1` is never used
[INFO] [stdout]   --> src/day1.rs:67:8
[INFO] [stdout]    |
[INFO] [stdout] 67 | pub fn part1() {
[INFO] [stdout]    |        ^^^^^
[INFO] [stdout] 
[INFO] [stdout] 
[INFO] [stdout] warning: function `part2` is never used
[INFO] [stdout]   --> src/day1.rs:82:8
[INFO] [stdout]    |
[INFO] [stdout] 82 | pub fn part2() {
[INFO] [stdout]    |        ^^^^^
[INFO] [stdout] 
[INFO] [stdout] 
[INFO] [stdout] warning: function `part1` is never used
[INFO] [stdout]  --> src/day2.rs:7:8
[INFO] [stdout]   |
[INFO] [stdout] 7 | pub fn part1() {
[INFO] [stdout]   |        ^^^^^
[INFO] [stdout] 
[INFO] [stdout] 
[INFO] [stdout] warning: function `part2` is never used
[INFO] [stdout]   --> src/day2.rs:60:8
[INFO] [stdout]    |
[INFO] [stdout] 60 | pub fn part2() {
[INFO] [stdout]    |        ^^^^^
[INFO] [stdout] 
[INFO] [stdout] 
[INFO] [stdout] warning: function `read_schematic` is never used
[INFO] [stdout]  --> src/day3.rs:5:4
[INFO] [stdout]   |
[INFO] [stdout] 5 | fn read_schematic() -> Vec<Vec<char>> {
[INFO] [stdout]   |    ^^^^^^^^^^^^^^
[INFO] [stdout] 
[INFO] [stdout] 
[INFO] [stdout] warning: function `is_symbol` is never used
[INFO] [stdout]   --> src/day3.rs:18:4
[INFO] [stdout]    |
[INFO] [stdout] 18 | fn is_symbol(schematic: &Vec<Vec<char>>, row_idx: usize, col_idx: usize, rr: i32, cc: i32) -> bool {
[INFO] [stdout]    |    ^^^^^^^^^
[INFO] [stdout] 
[INFO] [stdout] 
[INFO] [stdout] warning: function `is_number` is never used
[INFO] [stdout]   --> src/day3.rs:48:4
[INFO] [stdout]    |
[INFO] [stdout] 48 | fn is_number(schematic: &Vec<Vec<char>>, 
[INFO] [stdout]    |    ^^^^^^^^^
[INFO] [stdout] 
[INFO] [stdout] 
[INFO] [stdout] warning: function `part2` is never used
[INFO] [stdout]    --> src/day3.rs:127:8
[INFO] [stdout]     |
[INFO] [stdout] 127 | pub fn part2() {
[INFO] [stdout]     |        ^^^^^
[INFO] [stdout] 
[INFO] [stdout] 
[INFO] [stdout] warning: fields `id`, `winning`, `owned`, and `count` are never read
[INFO] [stdout]   --> src/day4.rs:7:5
[INFO] [stdout]    |
[INFO] [stdout] 6  | struct Card {
[INFO] [stdout]    |        ---- fields in this struct
[INFO] [stdout] 7  |     id: u32,
[INFO] [stdout]    |     ^^
[INFO] [stdout] 8  |     winning: HashSet<u32>,
[INFO] [stdout]    |     ^^^^^^^
[INFO] [stdout] 9  |     owned: Vec<u32>,
[INFO] [stdout]    |     ^^^^^
[INFO] [stdout] 10 |     count: u32,
[INFO] [stdout]    |     ^^^^^
[INFO] [stdout]    |
[INFO] [stdout]    = note: `Card` has a derived impl for the trait `Debug`, but this is intentionally ignored during dead code analysis
[INFO] [stdout] 
[INFO] [stdout] 
[INFO] [stdout] warning: associated items `new` and `matching_numbers` are never used
[INFO] [stdout]   --> src/day4.rs:14:8
[INFO] [stdout]    |
[INFO] [stdout] 13 | impl Card {
[INFO] [stdout]    | --------- associated items in this implementation
[INFO] [stdout] 14 |     fn new(id: u32, winning: HashSet<u32>, owned: Vec<u32>) -> Card {
[INFO] [stdout]    |        ^^^
[INFO] [stdout] ...
[INFO] [stdout] 24 |     fn matching_numbers(&self) -> i32 {
[INFO] [stdout]    |        ^^^^^^^^^^^^^^^^
[INFO] [stdout] 
[INFO] [stdout] 
[INFO] [stdout] warning: function `read_cards` is never used
[INFO] [stdout]   --> src/day4.rs:36:4
[INFO] [stdout]    |
[INFO] [stdout] 36 | fn read_cards() -> Vec<Card> {
[INFO] [stdout]    |    ^^^^^^^^^^
[INFO] [stdout] 
[INFO] [stdout] 
[INFO] [stdout] warning: function `part1` is never used
[INFO] [stdout]   --> src/day4.rs:63:8
[INFO] [stdout]    |
[INFO] [stdout] 63 | pub fn part1() {
[INFO] [stdout]    |        ^^^^^
[INFO] [stdout] 
[INFO] [stdout] 
[INFO] [stdout] warning: function `part2` is never used
[INFO] [stdout]   --> src/day4.rs:81:8
[INFO] [stdout]    |
[INFO] [stdout] 81 | pub fn part2() {
[INFO] [stdout]    |        ^^^^^
[INFO] [stdout] 
[INFO] [stdout] 
[INFO] [stdout] warning: function `part1` is never used
[INFO] [stdout]    --> src/day7.rs:206:8
[INFO] [stdout]     |
[INFO] [stdout] 206 | pub fn part1() {
[INFO] [stdout]     |        ^^^^^
[INFO] [stdout] 
[INFO] [stdout] 
[INFO] [stdout] warning: method `opposite` is never used
[INFO] [stdout]   --> src/day10.rs:23:8
[INFO] [stdout]    |
[INFO] [stdout] 22 | impl Direction {
[INFO] [stdout]    | -------------- method in this implementation
[INFO] [stdout] 23 |     fn opposite(self) -> Direction {
[INFO] [stdout]    |        ^^^^^^^^
[INFO] [stdout] 
[INFO] [stdout] 
[INFO] [stdout] warning: method `print` is never used
[INFO] [stdout]   --> src/day10.rs:52:8
[INFO] [stdout]    |
[INFO] [stdout] 51 | impl Tile {
[INFO] [stdout]    | --------- method in this implementation
[INFO] [stdout] 52 |     fn print(self) -> char {
[INFO] [stdout]    |        ^^^^^
[INFO] [stdout] 
[INFO] [stdout] 
[INFO] [stdout] warning: method `print` is never used
[INFO] [stdout]    --> src/day10.rs:372:8
[INFO] [stdout]     |
[INFO] [stdout] 145 | impl Map {
[INFO] [stdout]     | -------- method in this implementation
[INFO] [stdout] ...
[INFO] [stdout] 372 |     fn print(&self, visited: &HashSet<(usize, usize)>) {
[INFO] [stdout]     |        ^^^^^
[INFO] [stdout] 
[INFO] [stdout] 
[INFO] [stdout] warning: function `part1` is never used
[INFO] [stdout]    --> src/day10.rs:398:8
[INFO] [stdout]     |
[INFO] [stdout] 398 | pub fn part1() {
[INFO] [stdout]     |        ^^^^^
[INFO] [stdout] 
[INFO] [stdout] 
[INFO] [stdout] warning: method `print` is never used
[INFO] [stdout]   --> src/day12.rs:24:12
[INFO] [stdout]    |
[INFO] [stdout] 14 | impl SpringStatus {
[INFO] [stdout]    | ----------------- method in this implementation
[INFO] [stdout] ...
[INFO] [stdout] 24 |     pub fn print(&self) -> char {
[INFO] [stdout]    |            ^^^^^
[INFO] [stdout] 
[INFO] [stdout] 
[INFO] [stdout] warning: function `print_config` is never used
[INFO] [stdout]   --> src/day12.rs:33:4
[INFO] [stdout]    |
[INFO] [stdout] 33 | fn print_config(configuration: &Vec<SpringStatus>) {
[INFO] [stdout]    |    ^^^^^^^^^^^^
[INFO] [stdout] 
[INFO] [stdout] 
[INFO] [stdout] warning: function `part1` is never used
[INFO] [stdout]    --> src/day12.rs:180:8
[INFO] [stdout]     |
[INFO] [stdout] 180 | pub fn part1() {
[INFO] [stdout]     |        ^^^^^
[INFO] [stdout] 
[INFO] [stdout] 
[INFO] [stdout] warning: method `invert` is never used
[INFO] [stdout]   --> src/day19.rs:49:8
[INFO] [stdout]    |
[INFO] [stdout] 48 | impl Rule {
[INFO] [stdout]    | --------- method in this implementation
[INFO] [stdout] 49 |     fn invert(&self) -> Rule {
[INFO] [stdout]    |        ^^^^^^
[INFO] [stdout] 
[INFO] [stdout] 
[INFO] [stdout] warning: function `part1` is never used
[INFO] [stdout]    --> src/day19.rs:236:8
[INFO] [stdout]     |
[INFO] [stdout] 236 | pub fn part1() {
[INFO] [stdout]     |        ^^^^^
[INFO] [stdout] 
[INFO] [stdout] 
[INFO] [stdout] warning: function `determine_ranges` is never used
[INFO] [stdout]    --> src/day19.rs:243:4
[INFO] [stdout]     |
[INFO] [stdout] 243 | fn determine_ranges(constraints: &Vec<Rule>) -> i64 {
[INFO] [stdout]     |    ^^^^^^^^^^^^^^^^
[INFO] [stdout] 
[INFO] [stdout] 
[INFO] [stdout] warning: function `traverse` is never used
[INFO] [stdout]    --> src/day19.rs:343:4
[INFO] [stdout]     |
[INFO] [stdout] 343 | fn traverse(current_workflow: &str, workflows: &HashMap<String, Workflow>, constraints: &mut Vec<Rule>, path: &mut Vec<String>) -> i64 {
[INFO] [stdout]     |    ^^^^^^^^
[INFO] [stdout] 
[INFO] [stdout] 
[INFO] [stdout] warning: function `part2` is never used
[INFO] [stdout]    --> src/day19.rs:383:8
[INFO] [stdout]     |
[INFO] [stdout] 383 | pub fn part2() {
[INFO] [stdout]     |        ^^^^^
[INFO] [stdout] 
[INFO] [stdout] 
[INFO] [stdout] warning: function `print_signals` is never used
[INFO] [stdout]    --> src/day20.rs:139:4
[INFO] [stdout]     |
[INFO] [stdout] 139 | fn print_signals(signals: &Vec<(String, String, Signal)>) {
[INFO] [stdout]     |    ^^^^^^^^^^^^^
[INFO] [stdout] 
[INFO] [stdout] 
[INFO] [stdout] warning: function `print_signal` is never used
[INFO] [stdout]    --> src/day20.rs:145:4
[INFO] [stdout]     |
[INFO] [stdout] 145 | fn print_signal((from, target, signal): &(String, String, Signal)) {
[INFO] [stdout]     |    ^^^^^^^^^^^^
[INFO] [stdout] 
[INFO] [stdout] 
[INFO] [stdout] warning: function `part1` is never used
[INFO] [stdout]    --> src/day20.rs:224:8
[INFO] [stdout]     |
[INFO] [stdout] 224 | pub fn part1() {
[INFO] [stdout]     |        ^^^^^
[INFO] [stdout] 
[INFO] [stdout] 
[INFO] [stdout] warning: 46 warnings emitted
[INFO] [stdout] 
[INFO] [stdout] 
[INFO] [stderr]     Finished test [unoptimized + debuginfo] target(s) in 0.71s
[INFO] running `Command { std: "docker" "inspect" "0b1925117df09c314c57478cb21fad97bbc0bb9add05505c4add907300002159", kill_on_drop: false }`
[INFO] running `Command { std: "docker" "rm" "-f" "0b1925117df09c314c57478cb21fad97bbc0bb9add05505c4add907300002159", kill_on_drop: false }`
[INFO] [stdout] 0b1925117df09c314c57478cb21fad97bbc0bb9add05505c4add907300002159
[INFO] running `Command { std: "docker" "create" "-v" "/var/lib/crater-agent-workspace/builds/worker-0-tc2/target:/opt/rustwide/target:rw,Z" "-v" "/var/lib/crater-agent-workspace/builds/worker-0-tc2/source:/opt/rustwide/workdir:ro,Z" "-v" "/var/lib/crater-agent-workspace/cargo-home:/opt/rustwide/cargo-home:ro,Z" "-v" "/var/lib/crater-agent-workspace/rustup-home:/opt/rustwide/rustup-home:ro,Z" "-e" "SOURCE_DIR=/opt/rustwide/workdir" "-e" "CARGO_TARGET_DIR=/opt/rustwide/target" "-e" "CARGO_INCREMENTAL=0" "-e" "RUST_BACKTRACE=full" "-e" "RUSTFLAGS=--cap-lints=warn" "-e" "RUSTDOCFLAGS=--cap-lints=warn" "-e" "CARGO_HOME=/opt/rustwide/cargo-home" "-e" "RUSTUP_HOME=/opt/rustwide/rustup-home" "-w" "/opt/rustwide/workdir" "-m" "1610612736" "--user" "0:0" "--network" "none" "ghcr.io/rust-lang/crates-build-env/linux@sha256:2788e3201cd34a07e3172128adcd8b3090168a8e3bcc40d7c032b9dda1df7d1c" "/opt/rustwide/cargo-home/bin/cargo" "+beta-2023-12-22" "test" "--frozen", kill_on_drop: false }`
[INFO] [stdout] e9aa3d3e2f5ab1989ce2303bb357a52a75d97d5fd4b4fffeee5a49c337ca4091
[INFO] running `Command { std: "docker" "start" "-a" "e9aa3d3e2f5ab1989ce2303bb357a52a75d97d5fd4b4fffeee5a49c337ca4091", kill_on_drop: false }`
[INFO] [stderr] warning: unused import: `HashSet`
[INFO] [stderr]  --> src/day12.rs:1:48
[INFO] [stderr]   |
[INFO] [stderr] 1 | use std::{fs::File, io, collections::{HashMap, HashSet}};
[INFO] [stderr]   |                                                ^^^^^^^
[INFO] [stderr]   |
[INFO] [stderr]   = note: `#[warn(unused_imports)]` on by default
[INFO] [stderr] 
[INFO] [stderr] warning: unnecessary parentheses around type
[INFO] [stderr]    --> src/day20.rs:206:29
[INFO] [stderr]     |
[INFO] [stderr] 206 | fn parse(filename: &str) -> (HashMap<String, Module>) {
[INFO] [stderr]     |                             ^                       ^
[INFO] [stderr]     |
[INFO] [stderr]     = note: `#[warn(unused_parens)]` on by default
[INFO] [stderr] help: remove these parentheses
[INFO] [stderr]     |
[INFO] [stderr] 206 - fn parse(filename: &str) -> (HashMap<String, Module>) {
[INFO] [stderr] 206 + fn parse(filename: &str) -> HashMap<String, Module> {
[INFO] [stderr]     |
[INFO] [stderr] 
[INFO] [stderr] warning: unused import: `VecDeque`
[INFO] [stderr]    --> src/day20.rs:304:28
[INFO] [stderr]     |
[INFO] [stderr] 304 |     use std::collections::{VecDeque};
[INFO] [stderr]     |                            ^^^^^^^^
[INFO] [stderr] 
[INFO] [stderr] warning: unused variable: `first`
[INFO] [stderr]   --> src/day1.rs:25:13
[INFO] [stderr]    |
[INFO] [stderr] 25 |     let mut first: Option<char> = None;
[INFO] [stderr]    |             ^^^^^ help: if this is intentional, prefix it with an underscore: `_first`
[INFO] [stderr]    |
[INFO] [stderr]    = note: `#[warn(unused_variables)]` on by default
[INFO] [stderr] 
[INFO] [stderr] warning: unused variable: `last`
[INFO] [stderr]   --> src/day1.rs:26:13
[INFO] [stderr]    |
[INFO] [stderr] 26 |     let mut last: Option<char> = None;
[INFO] [stderr]    |             ^^^^ help: if this is intentional, prefix it with an underscore: `_last`
[INFO] [stderr] 
[INFO] [stderr] warning: variable does not need to be mutable
[INFO] [stderr]   --> src/day1.rs:25:9
[INFO] [stderr]    |
[INFO] [stderr] 25 |     let mut first: Option<char> = None;
[INFO] [stderr]    |         ----^^^^^
[INFO] [stderr]    |         |
[INFO] [stderr]    |         help: remove this `mut`
[INFO] [stderr]    |
[INFO] [stderr]    = note: `#[warn(unused_mut)]` on by default
[INFO] [stderr] 
[INFO] [stderr] warning: variable does not need to be mutable
[INFO] [stderr]   --> src/day1.rs:26:9
[INFO] [stderr]    |
[INFO] [stderr] 26 |     let mut last: Option<char> = None;
[INFO] [stderr]    |         ----^^^^
[INFO] [stderr]    |         |
[INFO] [stderr]    |         help: remove this `mut`
[INFO] [stderr] 
[INFO] [stderr] warning: unused variable: `game_id`
[INFO] [stderr]   --> src/day2.rs:69:17
[INFO] [stderr]    |
[INFO] [stderr] 69 |             let game_id: u32 = x[1].parse().unwrap();
[INFO] [stderr]    |                 ^^^^^^^ help: if this is intentional, prefix it with an underscore: `_game_id`
[INFO] [stderr] 
[INFO] [stderr] warning: unused variable: `idx`
[INFO] [stderr]    --> src/day3.rs:234:31
[INFO] [stderr]     |
[INFO] [stderr] 234 |                     for (num, idx, x) in gears {
[INFO] [stderr]     |                               ^^^ help: if this is intentional, prefix it with an underscore: `_idx`
[INFO] [stderr] 
[INFO] [stderr] warning: unused variable: `x`
[INFO] [stderr]    --> src/day3.rs:234:36
[INFO] [stderr]     |
[INFO] [stderr] 234 |                     for (num, idx, x) in gears {
[INFO] [stderr]     |                                    ^ help: if this is intentional, prefix it with an underscore: `_x`
[INFO] [stderr] 
[INFO] [stderr] warning: variable does not need to be mutable
[INFO] [stderr]    --> src/day3.rs:149:25
[INFO] [stderr]     |
[INFO] [stderr] 149 |                     let mut last_idx = col_idx - 1;
[INFO] [stderr]     |                         ----^^^^^^^^
[INFO] [stderr]     |                         |
[INFO] [stderr]     |                         help: remove this `mut`
[INFO] [stderr] 
[INFO] [stderr] warning: unused variable: `next`
[INFO] [stderr]    --> src/day10.rs:308:26
[INFO] [stderr]     |
[INFO] [stderr] 308 |                     let (next, nr, nc) = self.get_xy(r, c, dir);
[INFO] [stderr]     |                          ^^^^ help: if this is intentional, prefix it with an underscore: `_next`
[INFO] [stdout] 
[INFO] [stderr] 
[INFO] [stdout] running 16 tests
[INFO] [stderr] warning: unused variable: `map`
[INFO] [stderr]    --> src/day10.rs:409:13
[INFO] [stderr]     |
[INFO] [stderr] 409 |         let map = parse();
[INFO] [stderr]     |             ^^^ help: if this is intentional, prefix it with an underscore: `_map`
[INFO] [stderr] 
[INFO] [stderr] warning: variable does not need to be mutable
[INFO] [stderr]    --> src/day20.rs:331:13
[INFO] [stderr]     |
[INFO] [stderr] 331 |         let mut modules = vec![
[INFO] [stderr]     |             ----^^^^^^^
[INFO] [stderr]     |             |
[INFO] [stderr]     |             help: remove this `mut`
[INFO] [stderr] 
[INFO] [stderr] warning: type `day7::Hand` is more private than the item `day7::score`
[INFO] [stderr]    --> src/day7.rs:197:1
[INFO] [stderr]     |
[INFO] [stderr] 197 | pub fn score(hands: &Vec<Hand>) -> u32 {
[INFO] [stderr]     | ^^^^^^^^^^^^^^^^^^^^^^^^^^^^^^^^^^^^^^ function `day7::score` is reachable at visibility `pub(crate)`
[INFO] [stderr]     |
[INFO] [stderr] note: but type `day7::Hand` is only usable at visibility `pub(self)`
[INFO] [stderr]    --> src/day7.rs:45:1
[INFO] [stderr]     |
[INFO] [stderr] 45  | struct Hand {
[INFO] [stderr]     | ^^^^^^^^^^^
[INFO] [stderr]     = note: `#[warn(private_interfaces)]` on by default
[INFO] [stderr] 
[INFO] [stderr] warning: function `calibration_value` is never used
[INFO] [stderr]  --> src/day1.rs:7:4
[INFO] [stderr]   |
[INFO] [stderr] 7 | fn calibration_value(line: &str) -> i32 {
[INFO] [stderr]   |    ^^^^^^^^^^^^^^^^^
[INFO] [stderr]   |
[INFO] [stderr]   = note: `#[warn(dead_code)]` on by default
[INFO] [stderr] 
[INFO] [stderr] warning: function `calibration_value_v2` is never used
[INFO] [stderr]   --> src/day1.rs:24:4
[INFO] [stderr]    |
[INFO] [stderr] 24 | fn calibration_value_v2(line: &str) -> i32 {
[INFO] [stderr]    |    ^^^^^^^^^^^^^^^^^^^^
[INFO] [stderr] 
[INFO] [stderr] warning: function `part1` is never used
[INFO] [stderr]   --> src/day1.rs:67:8
[INFO] [stderr]    |
[INFO] [stderr] 67 | pub fn part1() {
[INFO] [stderr]    |        ^^^^^
[INFO] [stderr] 
[INFO] [stderr] warning: function `part2` is never used
[INFO] [stderr]   --> src/day1.rs:82:8
[INFO] [stderr]    |
[INFO] [stderr] 82 | pub fn part2() {
[INFO] [stderr]    |        ^^^^^
[INFO] [stderr] 
[INFO] [stderr] warning: function `part1` is never used
[INFO] [stderr]  --> src/day2.rs:7:8
[INFO] [stderr]   |
[INFO] [stderr] 7 | pub fn part1() {
[INFO] [stderr]   |        ^^^^^
[INFO] [stderr] 
[INFO] [stderr] warning: function `part2` is never used
[INFO] [stderr]   --> src/day2.rs:60:8
[INFO] [stderr]    |
[INFO] [stderr] 60 | pub fn part2() {
[INFO] [stderr]    |        ^^^^^
[INFO] [stderr] 
[INFO] [stderr] warning: function `read_schematic` is never used
[INFO] [stderr]  --> src/day3.rs:5:4
[INFO] [stderr]   |
[INFO] [stderr] 5 | fn read_schematic() -> Vec<Vec<char>> {
[INFO] [stderr]   |    ^^^^^^^^^^^^^^
[INFO] [stderr] 
[INFO] [stderr] warning: function `is_symbol` is never used
[INFO] [stderr]   --> src/day3.rs:18:4
[INFO] [stderr]    |
[INFO] [stderr] 18 | fn is_symbol(schematic: &Vec<Vec<char>>, row_idx: usize, col_idx: usize, rr: i32, cc: i32) -> bool {
[INFO] [stderr]    |    ^^^^^^^^^
[INFO] [stderr] 
[INFO] [stderr] warning: function `is_number` is never used
[INFO] [stderr]   --> src/day3.rs:48:4
[INFO] [stderr]    |
[INFO] [stderr] 48 | fn is_number(schematic: &Vec<Vec<char>>, 
[INFO] [stderr]    |    ^^^^^^^^^
[INFO] [stderr] 
[INFO] [stderr] warning: function `part2` is never used
[INFO] [stderr]    --> src/day3.rs:127:8
[INFO] [stderr]     |
[INFO] [stderr] 127 | pub fn part2() {
[INFO] [stderr]     |        ^^^^^
[INFO] [stderr] 
[INFO] [stderr] warning: fields `id`, `winning`, `owned`, and `count` are never read
[INFO] [stderr]   --> src/day4.rs:7:5
[INFO] [stderr]    |
[INFO] [stderr] 6  | struct Card {
[INFO] [stderr]    |        ---- fields in this struct
[INFO] [stderr] 7  |     id: u32,
[INFO] [stderr]    |     ^^
[INFO] [stderr] 8  |     winning: HashSet<u32>,
[INFO] [stderr]    |     ^^^^^^^
[INFO] [stderr] 9  |     owned: Vec<u32>,
[INFO] [stderr]    |     ^^^^^
[INFO] [stderr] 10 |     count: u32,
[INFO] [stderr]    |     ^^^^^
[INFO] [stderr]    |
[INFO] [stderr]    = note: `Card` has a derived impl for the trait `Debug`, but this is intentionally ignored during dead code analysis
[INFO] [stderr] 
[INFO] [stderr] warning: associated items `new` and `matching_numbers` are never used
[INFO] [stderr]   --> src/day4.rs:14:8
[INFO] [stderr]    |
[INFO] [stderr] 13 | impl Card {
[INFO] [stderr]    | --------- associated items in this implementation
[INFO] [stderr] 14 |     fn new(id: u32, winning: HashSet<u32>, owned: Vec<u32>) -> Card {
[INFO] [stderr]    |        ^^^
[INFO] [stderr] ...
[INFO] [stderr] 24 |     fn matching_numbers(&self) -> i32 {
[INFO] [stderr]    |        ^^^^^^^^^^^^^^^^
[INFO] [stderr] 
[INFO] [stderr] warning: function `read_cards` is never used
[INFO] [stderr]   --> src/day4.rs:36:4
[INFO] [stderr]    |
[INFO] [stderr] 36 | fn read_cards() -> Vec<Card> {
[INFO] [stderr]    |    ^^^^^^^^^^
[INFO] [stderr] 
[INFO] [stderr] warning: function `part1` is never used
[INFO] [stderr]   --> src/day4.rs:63:8
[INFO] [stderr]    |
[INFO] [stderr] 63 | pub fn part1() {
[INFO] [stderr]    |        ^^^^^
[INFO] [stderr] 
[INFO] [stderr] warning: function `part2` is never used
[INFO] [stderr]   --> src/day4.rs:81:8
[INFO] [stderr]    |
[INFO] [stderr] 81 | pub fn part2() {
[INFO] [stderr]    |        ^^^^^
[INFO] [stderr] 
[INFO] [stderr] warning: function `part1` is never used
[INFO] [stderr]    --> src/day7.rs:206:8
[INFO] [stderr]     |
[INFO] [stderr] 206 | pub fn part1() {
[INFO] [stderr]     |        ^^^^^
[INFO] [stderr] 
[INFO] [stderr] warning: method `opposite` is never used
[INFO] [stderr]   --> src/day10.rs:23:8
[INFO] [stderr]    |
[INFO] [stderr] 22 | impl Direction {
[INFO] [stderr]    | -------------- method in this implementation
[INFO] [stderr] 23 |     fn opposite(self) -> Direction {
[INFO] [stderr]    |        ^^^^^^^^
[INFO] [stderr] 
[INFO] [stderr] warning: method `print` is never used
[INFO] [stderr]   --> src/day10.rs:52:8
[INFO] [stderr]    |
[INFO] [stderr] 51 | impl Tile {
[INFO] [stderr]    | --------- method in this implementation
[INFO] [stderr] 52 |     fn print(self) -> char {
[INFO] [stderr]    |        ^^^^^
[INFO] [stderr] 
[INFO] [stderr] warning: method `print` is never used
[INFO] [stderr]    --> src/day10.rs:372:8
[INFO] [stderr]     |
[INFO] [stderr] 145 | impl Map {
[INFO] [stderr]     | -------- method in this implementation
[INFO] [stderr] ...
[INFO] [stderr] 372 |     fn print(&self, visited: &HashSet<(usize, usize)>) {
[INFO] [stderr]     |        ^^^^^
[INFO] [stderr] 
[INFO] [stderr] warning: function `part1` is never used
[INFO] [stderr]    --> src/day10.rs:398:8
[INFO] [stderr]     |
[INFO] [stderr] 398 | pub fn part1() {
[INFO] [stderr]     |        ^^^^^
[INFO] [stderr] 
[INFO] [stderr] warning: method `print` is never used
[INFO] [stderr]   --> src/day12.rs:24:12
[INFO] [stderr]    |
[INFO] [stderr] 14 | impl SpringStatus {
[INFO] [stderr]    | ----------------- method in this implementation
[INFO] [stderr] ...
[INFO] [stderr] 24 |     pub fn print(&self) -> char {
[INFO] [stderr]    |            ^^^^^
[INFO] [stderr] 
[INFO] [stderr] warning: function `print_config` is never used
[INFO] [stderr]   --> src/day12.rs:33:4
[INFO] [stderr]    |
[INFO] [stderr] 33 | fn print_config(configuration: &Vec<SpringStatus>) {
[INFO] [stderr]    |    ^^^^^^^^^^^^
[INFO] [stderr] 
[INFO] [stderr] warning: function `part1` is never used
[INFO] [stderr]    --> src/day12.rs:180:8
[INFO] [stderr]     |
[INFO] [stderr] 180 | pub fn part1() {
[INFO] [stderr]     |        ^^^^^
[INFO] [stderr] 
[INFO] [stderr] warning: method `invert` is never used
[INFO] [stderr]   --> src/day19.rs:49:8
[INFO] [stderr]    |
[INFO] [stderr] 48 | impl Rule {
[INFO] [stderr]    | --------- method in this implementation
[INFO] [stderr] 49 |     fn invert(&self) -> Rule {
[INFO] [stderr]    |        ^^^^^^
[INFO] [stdout] test day12::tests::is_valid_configuration ... ok
[INFO] [stderr] 
[INFO] [stdout] test day19::tests::parse_empty_rule ... ok
[INFO] [stderr] warning: function `part1` is never used
[INFO] [stdout] test day19::tests::parse_part ... ok
[INFO] [stderr]    --> src/day19.rs:236:8
[INFO] [stdout] test day12::tests::calculates_outcomes ... ok
[INFO] [stderr]     |
[INFO] [stdout] test day19::tests::parse_rule ... ok
[INFO] [stderr] 236 | pub fn part1() {
[INFO] [stdout] test day19::tests::parse_workflow ... ok
[INFO] [stderr]     |        ^^^^^
[INFO] [stdout] test day19::tests::sanity ... ok
[INFO] [stderr] 
[INFO] [stdout] test day7::tests::compares_cards ... ok
[INFO] [stderr] warning: function `determine_ranges` is never used
[INFO] [stdout] test day7::tests::compares_hands ... ok
[INFO] [stderr]    --> src/day19.rs:243:4
[INFO] [stdout] test day7::tests::hands ... ok
[INFO] [stderr]     |
[INFO] [stdout] test day7::tests::hands_cmp ... ok
[INFO] [stderr] 243 | fn determine_ranges(constraints: &Vec<Rule>) -> i64 {
[INFO] [stderr]     |    ^^^^^^^^^^^^^^^^
[INFO] [stderr] 
[INFO] [stderr] warning: function `traverse` is never used
[INFO] [stderr]    --> src/day19.rs:343:4
[INFO] [stderr]     |
[INFO] [stderr] 343 | fn traverse(current_workflow: &str, workflows: &HashMap<String, Workflow>, constraints: &mut Vec<Rule>, path: &mut Vec<String>) -> i64 {
[INFO] [stderr]     |    ^^^^^^^^
[INFO] [stderr] 
[INFO] [stderr] warning: function `part2` is never used
[INFO] [stderr]    --> src/day19.rs:383:8
[INFO] [stderr]     |
[INFO] [stderr] 383 | pub fn part2() {
[INFO] [stderr]     |        ^^^^^
[INFO] [stderr] 
[INFO] [stderr] warning: function `print_signals` is never used
[INFO] [stderr]    --> src/day20.rs:139:4
[INFO] [stderr]     |
[INFO] [stderr] 139 | fn print_signals(signals: &Vec<(String, String, Signal)>) {
[INFO] [stderr]     |    ^^^^^^^^^^^^^
[INFO] [stderr] 
[INFO] [stderr] warning: function `print_signal` is never used
[INFO] [stderr]    --> src/day20.rs:145:4
[INFO] [stderr]     |
[INFO] [stderr] 145 | fn print_signal((from, target, signal): &(String, String, Signal)) {
[INFO] [stderr]     |    ^^^^^^^^^^^^
[INFO] [stderr] 
[INFO] [stderr] warning: function `part1` is never used
[INFO] [stderr]    --> src/day20.rs:224:8
[INFO] [stderr]     |
[INFO] [stderr] 224 | pub fn part1() {
[INFO] [stderr]     |        ^^^^^
[INFO] [stderr] 
[INFO] [stderr] warning: `aoc-2023` (bin "aoc-2023" test) generated 46 warnings (run `cargo fix --bin "aoc-2023" --tests` to apply 14 suggestions)
[INFO] [stderr]     Finished test [unoptimized + debuginfo] target(s) in 0.01s
[INFO] [stderr]      Running unittests src/main.rs (/opt/rustwide/target/debug/deps/aoc_2023-dd78ec1c899eac7e)
[INFO] [stdout] test day20::tests::sanity2 ... FAILED
[INFO] [stdout] test day7::tests::sanity ... FAILED
[INFO] [stdout] test day19::tests::part1 ... FAILED
[INFO] [stdout] test day20::tests::sanity ... ok
[INFO] [stdout] test day10::tests::sanity ... ok
[INFO] [stdout] 
[INFO] [stdout] failures:
[INFO] [stdout] 
[INFO] [stdout] ---- day20::tests::sanity2 stdout ----
[INFO] [stdout] thread 'day20::tests::sanity2' panicked at src/day20.rs:96:36:
[INFO] [stdout] Got it!
[INFO] [stdout] stack backtrace:
[INFO] [stdout]    0:     0x561a1d3c1d36 - std::backtrace_rs::backtrace::libunwind::trace::h261606ad26a499c1
[INFO] [stdout]                                at /rustc/0e09125c6c3c2fd70d7de961bcf0e51575235fad/library/std/src/../../backtrace/src/backtrace/libunwind.rs:104:5
[INFO] [stdout]    1:     0x561a1d3c1d36 - std::backtrace_rs::backtrace::trace_unsynchronized::hd183f0625477fb28
[INFO] [stdout]                                at /rustc/0e09125c6c3c2fd70d7de961bcf0e51575235fad/library/std/src/../../backtrace/src/backtrace/mod.rs:66:5
[INFO] [stdout]    2:     0x561a1d3c1d36 - std::sys_common::backtrace::_print_fmt::hd7f8fef21b4eda67
[INFO] [stdout]                                at /rustc/0e09125c6c3c2fd70d7de961bcf0e51575235fad/library/std/src/sys_common/backtrace.rs:68:5
[INFO] [stdout]    3:     0x561a1d3c1d36 - <std::sys_common::backtrace::_print::DisplayBacktrace as core::fmt::Display>::fmt::h623d9b51f2f453f1
[INFO] [stdout]                                at /rustc/0e09125c6c3c2fd70d7de961bcf0e51575235fad/library/std/src/sys_common/backtrace.rs:44:22
[INFO] [stdout]    4:     0x561a1d3eb220 - core::fmt::rt::Argument::fmt::h9f417ac76a86f368
[INFO] [stdout]                                at /rustc/0e09125c6c3c2fd70d7de961bcf0e51575235fad/library/core/src/fmt/rt.rs:142:9
[INFO] [stdout]    5:     0x561a1d3eb220 - core::fmt::write::hc9b6faf4ac2aeff7
[INFO] [stdout]                                at /rustc/0e09125c6c3c2fd70d7de961bcf0e51575235fad/library/core/src/fmt/mod.rs:1120:17
[INFO] [stdout]    6:     0x561a1d3bf79f - std::io::Write::write_fmt::he04625a3a989fec3
[INFO] [stdout]                                at /rustc/0e09125c6c3c2fd70d7de961bcf0e51575235fad/library/std/src/io/mod.rs:1810:15
[INFO] [stdout]    7:     0x561a1d3c1b14 - std::sys_common::backtrace::_print::hd5d66399c7df88a2
[INFO] [stdout]                                at /rustc/0e09125c6c3c2fd70d7de961bcf0e51575235fad/library/std/src/sys_common/backtrace.rs:47:5
[INFO] [stdout]    8:     0x561a1d3c1b14 - std::sys_common::backtrace::print::he81ed2da642d37e5
[INFO] [stdout]                                at /rustc/0e09125c6c3c2fd70d7de961bcf0e51575235fad/library/std/src/sys_common/backtrace.rs:34:9
[INFO] [stdout]    9:     0x561a1d3c3887 - std::panicking::default_hook::{{closure}}::h85773f4fa117163d
[INFO] [stdout]   10:     0x561a1d3c356d - std::panicking::default_hook::h6a1694a91d09b278
[INFO] [stdout]                                at /rustc/0e09125c6c3c2fd70d7de961bcf0e51575235fad/library/std/src/panicking.rs:289:9
[INFO] [stdout]   11:     0x561a1d393747 - <alloc::boxed::Box<F,A> as core::ops::function::Fn<Args>>::call::h616ac37fa3cd6c8f
[INFO] [stdout]                                at /rustc/0e09125c6c3c2fd70d7de961bcf0e51575235fad/library/alloc/src/boxed.rs:2029:9
[INFO] [stdout]   12:     0x561a1d393747 - test::test_main::{{closure}}::h00d84697cefdcbb6
[INFO] [stdout]                                at /rustc/0e09125c6c3c2fd70d7de961bcf0e51575235fad/library/test/src/lib.rs:138:21
[INFO] [stdout]   13:     0x561a1d3c3ea6 - <alloc::boxed::Box<F,A> as core::ops::function::Fn<Args>>::call::hcb3fe3b9bb537ba8
[INFO] [stdout]                                at /rustc/0e09125c6c3c2fd70d7de961bcf0e51575235fad/library/alloc/src/boxed.rs:2029:9
[INFO] [stdout]   14:     0x561a1d3c3ea6 - std::panicking::rust_panic_with_hook::h0a7ad96e90f7145b
[INFO] [stdout]                                at /rustc/0e09125c6c3c2fd70d7de961bcf0e51575235fad/library/std/src/panicking.rs:783:13
[INFO] [stdout]   15:     0x561a1d3c3bb9 - std::panicking::begin_panic_handler::{{closure}}::h7919090525c6485e
[INFO] [stdout]                                at /rustc/0e09125c6c3c2fd70d7de961bcf0e51575235fad/library/std/src/panicking.rs:649:13
[INFO] [stdout]   16:     0x561a1d3c2236 - std::sys_common::backtrace::__rust_end_short_backtrace::hf3289479464f7dfe
[INFO] [stdout]                                at /rustc/0e09125c6c3c2fd70d7de961bcf0e51575235fad/library/std/src/sys_common/backtrace.rs:171:18
[INFO] [stdout]   17:     0x561a1d3c3950 - rust_begin_unwind
[INFO] [stdout]                                at /rustc/0e09125c6c3c2fd70d7de961bcf0e51575235fad/library/std/src/panicking.rs:645:5
[INFO] [stdout]   18:     0x561a1d315cd5 - core::panicking::panic_fmt::hcc9f77c5c132af55
[INFO] [stdout]                                at /rustc/0e09125c6c3c2fd70d7de961bcf0e51575235fad/library/core/src/panicking.rs:72:14
[INFO] [stdout]   19:     0x561a1d340d32 - aoc_2023::day20::Module::process::h5453d12f663cc25e
[INFO] [stdout]                                at /opt/rustwide/workdir/src/day20.rs:96:36
[INFO] [stdout]   20:     0x561a1d342248 - aoc_2023::day20::push_button::h2702fe13fc1cbe04
[INFO] [stdout]                                at /opt/rustwide/workdir/src/day20.rs:195:28
[INFO] [stdout]   21:     0x561a1d34d5cf - aoc_2023::day20::tests::sanity2::h8324f324789126d3
[INFO] [stdout]                                at /opt/rustwide/workdir/src/day20.rs:346:9
[INFO] [stdout]   22:     0x561a1d34d067 - aoc_2023::day20::tests::sanity2::{{closure}}::h0fd72e341b0cde7f
[INFO] [stdout]                                at /opt/rustwide/workdir/src/day20.rs:330:17
[INFO] [stdout]   23:     0x561a1d3367b6 - core::ops::function::FnOnce::call_once::h46d4a11a2ff4a2aa
[INFO] [stdout]                                at /rustc/0e09125c6c3c2fd70d7de961bcf0e51575235fad/library/core/src/ops/function.rs:250:5
[INFO] [stdout]   24:     0x561a1d39901f - core::ops::function::FnOnce::call_once::hd64d26f405258157
[INFO] [stdout]                                at /rustc/0e09125c6c3c2fd70d7de961bcf0e51575235fad/library/core/src/ops/function.rs:250:5
[INFO] [stdout]   25:     0x561a1d39901f - test::__rust_begin_short_backtrace::he21b0b7a6d731bf9
[INFO] [stdout]                                at /rustc/0e09125c6c3c2fd70d7de961bcf0e51575235fad/library/test/src/lib.rs:627:18
[INFO] [stdout]   26:     0x561a1d397da1 - test::run_test_in_process::{{closure}}::hf5c73986d7bdfde2
[INFO] [stdout]                                at /rustc/0e09125c6c3c2fd70d7de961bcf0e51575235fad/library/test/src/lib.rs:650:60
[INFO] [stdout]   27:     0x561a1d397da1 - <core::panic::unwind_safe::AssertUnwindSafe<F> as core::ops::function::FnOnce<()>>::call_once::h330011ad032aadc0
[INFO] [stdout]                                at /rustc/0e09125c6c3c2fd70d7de961bcf0e51575235fad/library/core/src/panic/unwind_safe.rs:272:9
[INFO] [stdout]   28:     0x561a1d397da1 - std::panicking::try::do_call::he61b0a958b795a41
[INFO] [stdout]                                at /rustc/0e09125c6c3c2fd70d7de961bcf0e51575235fad/library/std/src/panicking.rs:552:40
[INFO] [stdout]   29:     0x561a1d397da1 - std::panicking::try::h7309da130f906eb7
[INFO] [stdout]                                at /rustc/0e09125c6c3c2fd70d7de961bcf0e51575235fad/library/std/src/panicking.rs:516:19
[INFO] [stdout]   30:     0x561a1d397da1 - std::panic::catch_unwind::hc5c3a06fdaf0a92a
[INFO] [stdout]                                at /rustc/0e09125c6c3c2fd70d7de961bcf0e51575235fad/library/std/src/panic.rs:142:14
[INFO] [stdout]   31:     0x561a1d397da1 - test::run_test_in_process::h7e7b7c71c3324e0f
[INFO] [stdout]                                at /rustc/0e09125c6c3c2fd70d7de961bcf0e51575235fad/library/test/src/lib.rs:650:27
[INFO] [stdout]   32:     0x561a1d397da1 - test::run_test::{{closure}}::h1f509f28f5cf20b1
[INFO] [stdout]                                at /rustc/0e09125c6c3c2fd70d7de961bcf0e51575235fad/library/test/src/lib.rs:573:43
[INFO] [stdout]   33:     0x561a1d35f0d6 - test::run_test::{{closure}}::h1754218abf443f6d
[INFO] [stdout]                                at /rustc/0e09125c6c3c2fd70d7de961bcf0e51575235fad/library/test/src/lib.rs:601:41
[INFO] [stdout]   34:     0x561a1d35f0d6 - std::sys_common::backtrace::__rust_begin_short_backtrace::h2ee174b9d5954948
[INFO] [stdout]                                at /rustc/0e09125c6c3c2fd70d7de961bcf0e51575235fad/library/std/src/sys_common/backtrace.rs:155:18
[INFO] [stdout]   35:     0x561a1d364137 - std::thread::Builder::spawn_unchecked_::{{closure}}::{{closure}}::hf60bee9c1a17ef09
[INFO] [stdout]                                at /rustc/0e09125c6c3c2fd70d7de961bcf0e51575235fad/library/std/src/thread/mod.rs:529:17
[INFO] [stdout]   36:     0x561a1d364137 - <core::panic::unwind_safe::AssertUnwindSafe<F> as core::ops::function::FnOnce<()>>::call_once::h33d0dddec5216160
[INFO] [stdout]                                at /rustc/0e09125c6c3c2fd70d7de961bcf0e51575235fad/library/core/src/panic/unwind_safe.rs:272:9
[INFO] [stdout]   37:     0x561a1d364137 - std::panicking::try::do_call::h144b3048b546f835
[INFO] [stdout]                                at /rustc/0e09125c6c3c2fd70d7de961bcf0e51575235fad/library/std/src/panicking.rs:552:40
[INFO] [stdout]   38:     0x561a1d364137 - std::panicking::try::h978244d04646189f
[INFO] [stdout]                                at /rustc/0e09125c6c3c2fd70d7de961bcf0e51575235fad/library/std/src/panicking.rs:516:19
[INFO] [stdout]   39:     0x561a1d364137 - std::panic::catch_unwind::hdf436369d188fe86
[INFO] [stdout]                                at /rustc/0e09125c6c3c2fd70d7de961bcf0e51575235fad/library/std/src/panic.rs:142:14
[INFO] [stdout]   40:     0x561a1d364137 - std::thread::Builder::spawn_unchecked_::{{closure}}::h87329cbdd33c79ec
[INFO] [stdout]                                at /rustc/0e09125c6c3c2fd70d7de961bcf0e51575235fad/library/std/src/thread/mod.rs:528:30
[INFO] [stdout]   41:     0x561a1d364137 - core::ops::function::FnOnce::call_once{{vtable.shim}}::h401abbe67897d450
[INFO] [stdout]                                at /rustc/0e09125c6c3c2fd70d7de961bcf0e51575235fad/library/core/src/ops/function.rs:250:5
[INFO] [stdout]   42:     0x561a1d3c8985 - <alloc::boxed::Box<F,A> as core::ops::function::FnOnce<Args>>::call_once::h5d7c8f150ab9c84c
[INFO] [stdout]                                at /rustc/0e09125c6c3c2fd70d7de961bcf0e51575235fad/library/alloc/src/boxed.rs:2015:9
[INFO] [stdout]   43:     0x561a1d3c8985 - <alloc::boxed::Box<F,A> as core::ops::function::FnOnce<Args>>::call_once::h570d5b005c242c15
[INFO] [stdout]                                at /rustc/0e09125c6c3c2fd70d7de961bcf0e51575235fad/library/alloc/src/boxed.rs:2015:9
[INFO] [stdout]   44:     0x561a1d3c8985 - std::sys::unix::thread::Thread::new::thread_start::h36b0a20c0b2361ad
[INFO] [stdout]                                at /rustc/0e09125c6c3c2fd70d7de961bcf0e51575235fad/library/std/src/sys/unix/thread.rs:108:17
[INFO] [stdout]   45:     0x7f16351b8ac3 - <unknown>
[INFO] [stdout]   46:     0x7f1635249bf4 - __clone
[INFO] [stdout]   47:                0x0 - <unknown>
[INFO] [stdout] 
[INFO] [stdout] ---- day7::tests::sanity stdout ----
[INFO] [stdout] thread 'day7::tests::sanity' panicked at src/day7.rs:291:9:
[INFO] [stdout] assertion `left == right` failed
[INFO] [stdout]   left: 6440
[INFO] [stdout]  right: 5905
[INFO] [stdout] stack backtrace:
[INFO] [stdout]    0:     0x561a1d3c1d36 - std::backtrace_rs::backtrace::libunwind::trace::h261606ad26a499c1
[INFO] [stdout]                                at /rustc/0e09125c6c3c2fd70d7de961bcf0e51575235fad/library/std/src/../../backtrace/src/backtrace/libunwind.rs:104:5
[INFO] [stdout]    1:     0x561a1d3c1d36 - std::backtrace_rs::backtrace::trace_unsynchronized::hd183f0625477fb28
[INFO] [stdout]                                at /rustc/0e09125c6c3c2fd70d7de961bcf0e51575235fad/library/std/src/../../backtrace/src/backtrace/mod.rs:66:5
[INFO] [stdout]    2:     0x561a1d3c1d36 - std::sys_common::backtrace::_print_fmt::hd7f8fef21b4eda67
[INFO] [stdout]                                at /rustc/0e09125c6c3c2fd70d7de961bcf0e51575235fad/library/std/src/sys_common/backtrace.rs:68:5
[INFO] [stdout]    3:     0x561a1d3c1d36 - <std::sys_common::backtrace::_print::DisplayBacktrace as core::fmt::Display>::fmt::h623d9b51f2f453f1
[INFO] [stdout]                                at /rustc/0e09125c6c3c2fd70d7de961bcf0e51575235fad/library/std/src/sys_common/backtrace.rs:44:22
[INFO] [stdout]    4:     0x561a1d3eb220 - core::fmt::rt::Argument::fmt::h9f417ac76a86f368
[INFO] [stdout]                                at /rustc/0e09125c6c3c2fd70d7de961bcf0e51575235fad/library/core/src/fmt/rt.rs:142:9
[INFO] [stdout]    5:     0x561a1d3eb220 - core::fmt::write::hc9b6faf4ac2aeff7
[INFO] [stdout]                                at /rustc/0e09125c6c3c2fd70d7de961bcf0e51575235fad/library/core/src/fmt/mod.rs:1120:17
[INFO] [stdout]    6:     0x561a1d3bf79f - std::io::Write::write_fmt::he04625a3a989fec3
[INFO] [stdout]                                at /rustc/0e09125c6c3c2fd70d7de961bcf0e51575235fad/library/std/src/io/mod.rs:1810:15
[INFO] [stdout]    7:     0x561a1d3c1b14 - std::sys_common::backtrace::_print::hd5d66399c7df88a2
[INFO] [stdout]                                at /rustc/0e09125c6c3c2fd70d7de961bcf0e51575235fad/library/std/src/sys_common/backtrace.rs:47:5
[INFO] [stdout]    8:     0x561a1d3c1b14 - std::sys_common::backtrace::print::he81ed2da642d37e5
[INFO] [stdout]                                at /rustc/0e09125c6c3c2fd70d7de961bcf0e51575235fad/library/std/src/sys_common/backtrace.rs:34:9
[INFO] [stdout]    9:     0x561a1d3c3887 - std::panicking::default_hook::{{closure}}::h85773f4fa117163d
[INFO] [stdout]   10:     0x561a1d3c356d - std::panicking::default_hook::h6a1694a91d09b278
[INFO] [stdout]                                at /rustc/0e09125c6c3c2fd70d7de961bcf0e51575235fad/library/std/src/panicking.rs:289:9
[INFO] [stdout]   11:     0x561a1d393747 - <alloc::boxed::Box<F,A> as core::ops::function::Fn<Args>>::call::h616ac37fa3cd6c8f
[INFO] [stdout]                                at /rustc/0e09125c6c3c2fd70d7de961bcf0e51575235fad/library/alloc/src/boxed.rs:2029:9
[INFO] [stdout]   12:     0x561a1d393747 - test::test_main::{{closure}}::h00d84697cefdcbb6
[INFO] [stdout]                                at /rustc/0e09125c6c3c2fd70d7de961bcf0e51575235fad/library/test/src/lib.rs:138:21
[INFO] [stdout]   13:     0x561a1d3c3ea6 - <alloc::boxed::Box<F,A> as core::ops::function::Fn<Args>>::call::hcb3fe3b9bb537ba8
[INFO] [stdout]                                at /rustc/0e09125c6c3c2fd70d7de961bcf0e51575235fad/library/alloc/src/boxed.rs:2029:9
[INFO] [stdout]   14:     0x561a1d3c3ea6 - std::panicking::rust_panic_with_hook::h0a7ad96e90f7145b
[INFO] [stdout]                                at /rustc/0e09125c6c3c2fd70d7de961bcf0e51575235fad/library/std/src/panicking.rs:783:13
[INFO] [stdout]   15:     0x561a1d3c3bf2 - std::panicking::begin_panic_handler::{{closure}}::h7919090525c6485e
[INFO] [stdout]                                at /rustc/0e09125c6c3c2fd70d7de961bcf0e51575235fad/library/std/src/panicking.rs:657:13
[INFO] [stdout]   16:     0x561a1d3c2236 - std::sys_common::backtrace::__rust_end_short_backtrace::hf3289479464f7dfe
[INFO] [stdout]                                at /rustc/0e09125c6c3c2fd70d7de961bcf0e51575235fad/library/std/src/sys_common/backtrace.rs:171:18
[INFO] [stdout]   17:     0x561a1d3c3950 - rust_begin_unwind
[INFO] [stdout]                                at /rustc/0e09125c6c3c2fd70d7de961bcf0e51575235fad/library/std/src/panicking.rs:645:5
[INFO] [stdout]   18:     0x561a1d315cd5 - core::panicking::panic_fmt::hcc9f77c5c132af55
[INFO] [stdout]                                at /rustc/0e09125c6c3c2fd70d7de961bcf0e51575235fad/library/core/src/panicking.rs:72:14
[INFO] [stdout]   19:     0x561a1d31610b - core::panicking::assert_failed_inner::h9f13e27dd63c3a08
[INFO] [stdout]                                at /rustc/0e09125c6c3c2fd70d7de961bcf0e51575235fad/library/core/src/panicking.rs:342:17
[INFO] [stdout]   20:     0x561a1d33ff1e - core::panicking::assert_failed::hfc112c3f1b2ae9c0
[INFO] [stdout]                                at /rustc/0e09125c6c3c2fd70d7de961bcf0e51575235fad/library/core/src/panicking.rs:297:5
[INFO] [stdout]   21:     0x561a1d34c997 - aoc_2023::day7::tests::sanity::he6ccc67156c3efa2
[INFO] [stdout]                                at /opt/rustwide/workdir/src/day7.rs:291:9
[INFO] [stdout]   22:     0x561a1d34c567 - aoc_2023::day7::tests::sanity::{{closure}}::hcf74c83f61edbcf1
[INFO] [stdout]                                at /opt/rustwide/workdir/src/day7.rs:278:16
[INFO] [stdout]   23:     0x561a1d336936 - core::ops::function::FnOnce::call_once::h7bf8ca0ea7316c6d
[INFO] [stdout]                                at /rustc/0e09125c6c3c2fd70d7de961bcf0e51575235fad/library/core/src/ops/function.rs:250:5
[INFO] [stdout]   24:     0x561a1d39901f - core::ops::function::FnOnce::call_once::hd64d26f405258157
[INFO] [stdout]                                at /rustc/0e09125c6c3c2fd70d7de961bcf0e51575235fad/library/core/src/ops/function.rs:250:5
[INFO] [stdout]   25:     0x561a1d39901f - test::__rust_begin_short_backtrace::he21b0b7a6d731bf9
[INFO] [stdout]                                at /rustc/0e09125c6c3c2fd70d7de961bcf0e51575235fad/library/test/src/lib.rs:627:18
[INFO] [stdout]   26:     0x561a1d397da1 - test::run_test_in_process::{{closure}}::hf5c73986d7bdfde2
[INFO] [stdout]                                at /rustc/0e09125c6c3c2fd70d7de961bcf0e51575235fad/library/test/src/lib.rs:650:60
[INFO] [stdout]   27:     0x561a1d397da1 - <core::panic::unwind_safe::AssertUnwindSafe<F> as core::ops::function::FnOnce<()>>::call_once::h330011ad032aadc0
[INFO] [stdout]                                at /rustc/0e09125c6c3c2fd70d7de961bcf0e51575235fad/library/core/src/panic/unwind_safe.rs:272:9
[INFO] [stdout]   28:     0x561a1d397da1 - std::panicking::try::do_call::he61b0a958b795a41
[INFO] [stdout]                                at /rustc/0e09125c6c3c2fd70d7de961bcf0e51575235fad/library/std/src/panicking.rs:552:40
[INFO] [stdout]   29:     0x561a1d397da1 - std::panicking::try::h7309da130f906eb7
[INFO] [stdout]                                at /rustc/0e09125c6c3c2fd70d7de961bcf0e51575235fad/library/std/src/panicking.rs:516:19
[INFO] [stdout]   30:     0x561a1d397da1 - std::panic::catch_unwind::hc5c3a06fdaf0a92a
[INFO] [stdout]                                at /rustc/0e09125c6c3c2fd70d7de961bcf0e51575235fad/library/std/src/panic.rs:142:14
[INFO] [stdout]   31:     0x561a1d397da1 - test::run_test_in_process::h7e7b7c71c3324e0f
[INFO] [stdout]                                at /rustc/0e09125c6c3c2fd70d7de961bcf0e51575235fad/library/test/src/lib.rs:650:27
[INFO] [stdout]   32:     0x561a1d397da1 - test::run_test::{{closure}}::h1f509f28f5cf20b1
[INFO] [stdout]                                at /rustc/0e09125c6c3c2fd70d7de961bcf0e51575235fad/library/test/src/lib.rs:573:43
[INFO] [stdout]   33:     0x561a1d35f0d6 - test::run_test::{{closure}}::h1754218abf443f6d
[INFO] [stdout]                                at /rustc/0e09125c6c3c2fd70d7de961bcf0e51575235fad/library/test/src/lib.rs:601:41
[INFO] [stdout]   34:     0x561a1d35f0d6 - std::sys_common::backtrace::__rust_begin_short_backtrace::h2ee174b9d5954948
[INFO] [stdout]                                at /rustc/0e09125c6c3c2fd70d7de961bcf0e51575235fad/library/std/src/sys_common/backtrace.rs:155:18
[INFO] [stdout]   35:     0x561a1d364137 - std::thread::Builder::spawn_unchecked_::{{closure}}::{{closure}}::hf60bee9c1a17ef09
[INFO] [stdout]                                at /rustc/0e09125c6c3c2fd70d7de961bcf0e51575235fad/library/std/src/thread/mod.rs:529:17
[INFO] [stdout]   36:     0x561a1d364137 - <core::panic::unwind_safe::AssertUnwindSafe<F> as core::ops::function::FnOnce<()>>::call_once::h33d0dddec5216160
[INFO] [stdout]                                at /rustc/0e09125c6c3c2fd70d7de961bcf0e51575235fad/library/core/src/panic/unwind_safe.rs:272:9
[INFO] [stdout]   37:     0x561a1d364137 - std::panicking::try::do_call::h144b3048b546f835
[INFO] [stdout]                                at /rustc/0e09125c6c3c2fd70d7de961bcf0e51575235fad/library/std/src/panicking.rs:552:40
[INFO] [stdout]   38:     0x561a1d364137 - std::panicking::try::h978244d04646189f
[INFO] [stdout]                                at /rustc/0e09125c6c3c2fd70d7de961bcf0e51575235fad/library/std/src/panicking.rs:516:19
[INFO] [stdout]   39:     0x561a1d364137 - std::panic::catch_unwind::hdf436369d188fe86
[INFO] [stdout]                                at /rustc/0e09125c6c3c2fd70d7de961bcf0e51575235fad/library/std/src/panic.rs:142:14
[INFO] [stdout]   40:     0x561a1d364137 - std::thread::Builder::spawn_unchecked_::{{closure}}::h87329cbdd33c79ec
[INFO] [stdout]                                at /rustc/0e09125c6c3c2fd70d7de961bcf0e51575235fad/library/std/src/thread/mod.rs:528:30
[INFO] [stdout]   41:     0x561a1d364137 - core::ops::function::FnOnce::call_once{{vtable.shim}}::h401abbe67897d450
[INFO] [stdout]                                at /rustc/0e09125c6c3c2fd70d7de961bcf0e51575235fad/library/core/src/ops/function.rs:250:5
[INFO] [stdout]   42:     0x561a1d3c8985 - <alloc::boxed::Box<F,A> as core::ops::function::FnOnce<Args>>::call_once::h5d7c8f150ab9c84c
[INFO] [stdout]                                at /rustc/0e09125c6c3c2fd70d7de961bcf0e51575235fad/library/alloc/src/boxed.rs:2015:9
[INFO] [stdout]   43:     0x561a1d3c8985 - <alloc::boxed::Box<F,A> as core::ops::function::FnOnce<Args>>::call_once::h570d5b005c242c15
[INFO] [stdout]                                at /rustc/0e09125c6c3c2fd70d7de961bcf0e51575235fad/library/alloc/src/boxed.rs:2015:9
[INFO] [stdout]   44:     0x561a1d3c8985 - std::sys::unix::thread::Thread::new::thread_start::h36b0a20c0b2361ad
[INFO] [stdout]                                at /rustc/0e09125c6c3c2fd70d7de961bcf0e51575235fad/library/std/src/sys/unix/thread.rs:108:17
[INFO] [stdout]   45:     0x7f16351b8ac3 - <unknown>
[INFO] [stdout]   46:     0x7f1635249bf4 - __clone
[INFO] [stdout]   47:                0x0 - <unknown>
[INFO] [stdout] 
[INFO] [stdout] ---- day19::tests::part1 stdout ----
[INFO] [stdout] thread 'day19::tests::part1' panicked at src/day19.rs:541:9:
[INFO] [stdout] assertion `left == right` failed
[INFO] [stdout]   left: 19114
[INFO] [stdout]  right: 368523
[INFO] [stdout] stack backtrace:
[INFO] [stdout]    0:     0x561a1d3c1d36 - std::backtrace_rs::backtrace::libunwind::trace::h261606ad26a499c1
[INFO] [stdout]                                at /rustc/0e09125c6c3c2fd70d7de961bcf0e51575235fad/library/std/src/../../backtrace/src/backtrace/libunwind.rs:104:5
[INFO] [stdout]    1:     0x561a1d3c1d36 - std::backtrace_rs::backtrace::trace_unsynchronized::hd183f0625477fb28
[INFO] [stdout]                                at /rustc/0e09125c6c3c2fd70d7de961bcf0e51575235fad/library/std/src/../../backtrace/src/backtrace/mod.rs:66:5
[INFO] [stdout]    2:     0x561a1d3c1d36 - std::sys_common::backtrace::_print_fmt::hd7f8fef21b4eda67
[INFO] [stdout]                                at /rustc/0e09125c6c3c2fd70d7de961bcf0e51575235fad/library/std/src/sys_common/backtrace.rs:68:5
[INFO] [stdout]    3:     0x561a1d3c1d36 - <std::sys_common::backtrace::_print::DisplayBacktrace as core::fmt::Display>::fmt::h623d9b51f2f453f1
[INFO] [stdout]                                at /rustc/0e09125c6c3c2fd70d7de961bcf0e51575235fad/library/std/src/sys_common/backtrace.rs:44:22
[INFO] [stdout]    4:     0x561a1d3eb220 - core::fmt::rt::Argument::fmt::h9f417ac76a86f368
[INFO] [stdout]                                at /rustc/0e09125c6c3c2fd70d7de961bcf0e51575235fad/library/core/src/fmt/rt.rs:142:9
[INFO] [stdout]    5:     0x561a1d3eb220 - core::fmt::write::hc9b6faf4ac2aeff7
[INFO] [stdout]                                at /rustc/0e09125c6c3c2fd70d7de961bcf0e51575235fad/library/core/src/fmt/mod.rs:1120:17
[INFO] [stdout]    6:     0x561a1d3bf79f - std::io::Write::write_fmt::he04625a3a989fec3
[INFO] [stdout]                                at /rustc/0e09125c6c3c2fd70d7de961bcf0e51575235fad/library/std/src/io/mod.rs:1810:15
[INFO] [stdout]    7:     0x561a1d3c1b14 - std::sys_common::backtrace::_print::hd5d66399c7df88a2
[INFO] [stdout]                                at /rustc/0e09125c6c3c2fd70d7de961bcf0e51575235fad/library/std/src/sys_common/backtrace.rs:47:5
[INFO] [stdout]    8:     0x561a1d3c1b14 - std::sys_common::backtrace::print::he81ed2da642d37e5
[INFO] [stdout]                                at /rustc/0e09125c6c3c2fd70d7de961bcf0e51575235fad/library/std/src/sys_common/backtrace.rs:34:9
[INFO] [stdout]    9:     0x561a1d3c3887 - std::panicking::default_hook::{{closure}}::h85773f4fa117163d
[INFO] [stdout]   10:     0x561a1d3c356d - std::panicking::default_hook::h6a1694a91d09b278
[INFO] [stdout]                                at /rustc/0e09125c6c3c2fd70d7de961bcf0e51575235fad/library/std/src/panicking.rs:289:9
[INFO] [stdout]   11:     0x561a1d393747 - <alloc::boxed::Box<F,A> as core::ops::function::Fn<Args>>::call::h616ac37fa3cd6c8f
[INFO] [stdout]                                at /rustc/0e09125c6c3c2fd70d7de961bcf0e51575235fad/library/alloc/src/boxed.rs:2029:9
[INFO] [stdout]   12:     0x561a1d393747 - test::test_main::{{closure}}::h00d84697cefdcbb6
[INFO] [stdout]                                at /rustc/0e09125c6c3c2fd70d7de961bcf0e51575235fad/library/test/src/lib.rs:138:21
[INFO] [stdout]   13:     0x561a1d3c3ea6 - <alloc::boxed::Box<F,A> as core::ops::function::Fn<Args>>::call::hcb3fe3b9bb537ba8
[INFO] [stdout]                                at /rustc/0e09125c6c3c2fd70d7de961bcf0e51575235fad/library/alloc/src/boxed.rs:2029:9
[INFO] [stdout]   14:     0x561a1d3c3ea6 - std::panicking::rust_panic_with_hook::h0a7ad96e90f7145b
[INFO] [stdout]                                at /rustc/0e09125c6c3c2fd70d7de961bcf0e51575235fad/library/std/src/panicking.rs:783:13
[INFO] [stdout]   15:     0x561a1d3c3bf2 - std::panicking::begin_panic_handler::{{closure}}::h7919090525c6485e
[INFO] [stdout]                                at /rustc/0e09125c6c3c2fd70d7de961bcf0e51575235fad/library/std/src/panicking.rs:657:13
[INFO] [stdout]   16:     0x561a1d3c2236 - std::sys_common::backtrace::__rust_end_short_backtrace::hf3289479464f7dfe
[INFO] [stdout]                                at /rustc/0e09125c6c3c2fd70d7de961bcf0e51575235fad/library/std/src/sys_common/backtrace.rs:171:18
[INFO] [stdout]   17:     0x561a1d3c3950 - rust_begin_unwind
[INFO] [stdout]                                at /rustc/0e09125c6c3c2fd70d7de961bcf0e51575235fad/library/std/src/panicking.rs:645:5
[INFO] [stdout]   18:     0x561a1d315cd5 - core::panicking::panic_fmt::hcc9f77c5c132af55
[INFO] [stdout]                                at /rustc/0e09125c6c3c2fd70d7de961bcf0e51575235fad/library/core/src/panicking.rs:72:14
[INFO] [stdout]   19:     0x561a1d31610b - core::panicking::assert_failed_inner::h9f13e27dd63c3a08
[INFO] [stdout]                                at /rustc/0e09125c6c3c2fd70d7de961bcf0e51575235fad/library/core/src/panicking.rs:342:17
[INFO] [stdout]   20:     0x561a1d33fe4e - core::panicking::assert_failed::h5272f30b05ca9166
[INFO] [stdout]                                at /rustc/0e09125c6c3c2fd70d7de961bcf0e51575235fad/library/core/src/panicking.rs:297:5
[INFO] [stdout]   21:     0x561a1d33e4f9 - aoc_2023::day19::tests::part1::h992423678169f788
[INFO] [stdout]                                at /opt/rustwide/workdir/src/day19.rs:541:9
[INFO] [stdout]   22:     0x561a1d33e3b7 - aoc_2023::day19::tests::part1::{{closure}}::h6500713b2e4118f5
[INFO] [stdout]                                at /opt/rustwide/workdir/src/day19.rs:537:15
[INFO] [stdout]   23:     0x561a1d3368f6 - core::ops::function::FnOnce::call_once::h794e8bd7293a3466
[INFO] [stdout]                                at /rustc/0e09125c6c3c2fd70d7de961bcf0e51575235fad/library/core/src/ops/function.rs:250:5
[INFO] [stdout]   24:     0x561a1d39901f - core::ops::function::FnOnce::call_once::hd64d26f405258157
[INFO] [stdout]                                at /rustc/0e09125c6c3c2fd70d7de961bcf0e51575235fad/library/core/src/ops/function.rs:250:5
[INFO] [stdout]   25:     0x561a1d39901f - test::__rust_begin_short_backtrace::he21b0b7a6d731bf9
[INFO] [stdout]                                at /rustc/0e09125c6c3c2fd70d7de961bcf0e51575235fad/library/test/src/lib.rs:627:18
[INFO] [stdout]   26:     0x561a1d397da1 - test::run_test_in_process::{{closure}}::hf5c73986d7bdfde2
[INFO] [stdout]                                at /rustc/0e09125c6c3c2fd70d7de961bcf0e51575235fad/library/test/src/lib.rs:650:60
[INFO] [stdout]   27:     0x561a1d397da1 - <core::panic::unwind_safe::AssertUnwindSafe<F> as core::ops::function::FnOnce<()>>::call_once::h330011ad032aadc0
[INFO] [stdout]                                at /rustc/0e09125c6c3c2fd70d7de961bcf0e51575235fad/library/core/src/panic/unwind_safe.rs:272:9
[INFO] [stdout]   28:     0x561a1d397da1 - std::panicking::try::do_call::he61b0a958b795a41
[INFO] [stdout]                                at /rustc/0e09125c6c3c2fd70d7de961bcf0e51575235fad/library/std/src/panicking.rs:552:40
[INFO] [stdout]   29:     0x561a1d397da1 - std::panicking::try::h7309da130f906eb7
[INFO] [stdout]                                at /rustc/0e09125c6c3c2fd70d7de961bcf0e51575235fad/library/std/src/panicking.rs:516:19
[INFO] [stdout]   30:     0x561a1d397da1 - std::panic::catch_unwind::hc5c3a06fdaf0a92a
[INFO] [stdout]                                at /rustc/0e09125c6c3c2fd70d7de961bcf0e51575235fad/library/std/src/panic.rs:142:14
[INFO] [stdout]   31:     0x561a1d397da1 - test::run_test_in_process::h7e7b7c71c3324e0f
[INFO] [stdout]                                at /rustc/0e09125c6c3c2fd70d7de961bcf0e51575235fad/library/test/src/lib.rs:650:27
[INFO] [stdout]   32:     0x561a1d397da1 - test::run_test::{{closure}}::h1f509f28f5cf20b1
[INFO] [stdout]                                at /rustc/0e09125c6c3c2fd70d7de961bcf0e51575235fad/library/test/src/lib.rs:573:43
[INFO] [stdout]   33:     0x561a1d35f0d6 - test::run_test::{{closure}}::h1754218abf443f6d
[INFO] [stdout]                                at /rustc/0e09125c6c3c2fd70d7de961bcf0e51575235fad/library/test/src/lib.rs:601:41
[INFO] [stdout]   34:     0x561a1d35f0d6 - std::sys_common::backtrace::__rust_begin_short_backtrace::h2ee174b9d5954948
[INFO] [stdout]                                at /rustc/0e09125c6c3c2fd70d7de961bcf0e51575235fad/library/std/src/sys_common/backtrace.rs:155:18
[INFO] [stdout]   35:     0x561a1d364137 - std::thread::Builder::spawn_unchecked_::{{closure}}::{{closure}}::hf60bee9c1a17ef09
[INFO] [stdout]                                at /rustc/0e09125c6c3c2fd70d7de961bcf0e51575235fad/library/std/src/thread/mod.rs:529:17
[INFO] [stdout]   36:     0x561a1d364137 - <core::panic::unwind_safe::AssertUnwindSafe<F> as core::ops::function::FnOnce<()>>::call_once::h33d0dddec5216160
[INFO] [stdout]                                at /rustc/0e09125c6c3c2fd70d7de961bcf0e51575235fad/library/core/src/panic/unwind_safe.rs:272:9
[INFO] [stdout]   37:     0x561a1d364137 - std::panicking::try::do_call::h144b3048b546f835
[INFO] [stdout]                                at /rustc/0e09125c6c3c2fd70d7de961bcf0e51575235fad/library/std/src/panicking.rs:552:40
[INFO] [stdout]   38:     0x561a1d364137 - std::panicking::try::h978244d04646189f
[INFO] [stdout]                                at /rustc/0e09125c6c3c2fd70d7de961bcf0e51575235fad/library/std/src/panicking.rs:516:19
[INFO] [stdout]   39:     0x561a1d364137 - std::panic::catch_unwind::hdf436369d188fe86
[INFO] [stdout]                                at /rustc/0e09125c6c3c2fd70d7de961bcf0e51575235fad/library/std/src/panic.rs:142:14
[INFO] [stdout]   40:     0x561a1d364137 - std::thread::Builder::spawn_unchecked_::{{closure}}::h87329cbdd33c79ec
[INFO] [stdout]                                at /rustc/0e09125c6c3c2fd70d7de961bcf0e51575235fad/library/std/src/thread/mod.rs:528:30
[INFO] [stdout]   41:     0x561a1d364137 - core::ops::function::FnOnce::call_once{{vtable.shim}}::h401abbe67897d450
[INFO] [stdout]                                at /rustc/0e09125c6c3c2fd70d7de961bcf0e51575235fad/library/core/src/ops/function.rs:250:5
[INFO] [stdout]   42:     0x561a1d3c8985 - <alloc::boxed::Box<F,A> as core::ops::function::FnOnce<Args>>::call_once::h5d7c8f150ab9c84c
[INFO] [stdout]                                at /rustc/0e09125c6c3c2fd70d7de961bcf0e51575235fad/library/alloc/src/boxed.rs:2015:9
[INFO] [stdout]   43:     0x561a1d3c8985 - <alloc::boxed::Box<F,A> as core::ops::function::FnOnce<Args>>::call_once::h570d5b005c242c15
[INFO] [stdout]                                at /rustc/0e09125c6c3c2fd70d7de961bcf0e51575235fad/library/alloc/src/boxed.rs:2015:9
[INFO] [stdout]   44:     0x561a1d3c8985 - std::sys::unix::thread::Thread::new::thread_start::h36b0a20c0b2361ad
[INFO] [stdout]                                at /rustc/0e09125c6c3c2fd70d7de961bcf0e51575235fad/library/std/src/sys/unix/thread.rs:108:17
[INFO] [stdout]   45:     0x7f16351b8ac3 - <unknown>
[INFO] [stdout]   46:     0x7f1635249bf4 - __clone
[INFO] [stdout]   47:                0x0 - <unknown>
[INFO] [stdout] 
[INFO] [stdout] 
[INFO] [stdout] failures:
[INFO] [stdout]     day19::tests::part1
[INFO] [stdout]     day20::tests::sanity2
[INFO] [stdout]     day7::tests::sanity
[INFO] [stdout] 
[INFO] [stdout] test result: FAILED. 13 passed; 3 failed; 0 ignored; 0 measured; 0 filtered out; finished in 0.26s
[INFO] [stdout] 
[INFO] [stderr] error: test failed, to rerun pass `--bin aoc-2023`
[INFO] running `Command { std: "docker" "inspect" "e9aa3d3e2f5ab1989ce2303bb357a52a75d97d5fd4b4fffeee5a49c337ca4091", kill_on_drop: false }`
[INFO] running `Command { std: "docker" "rm" "-f" "e9aa3d3e2f5ab1989ce2303bb357a52a75d97d5fd4b4fffeee5a49c337ca4091", kill_on_drop: false }`
[INFO] [stdout] e9aa3d3e2f5ab1989ce2303bb357a52a75d97d5fd4b4fffeee5a49c337ca4091
