[INFO] cloning repository https://github.com/th-ch/adventofcode-2023
[INFO] running `Command { std: "git" "-c" "credential.helper=" "-c" "credential.helper=/workspace/cargo-home/bin/git-credential-null" "clone" "--bare" "https://github.com/th-ch/adventofcode-2023" "/workspace/cache/git-repos/https%3A%2F%2Fgithub.com%2Fth-ch%2Fadventofcode-2023", kill_on_drop: false }`
[INFO] [stderr] Cloning into bare repository '/workspace/cache/git-repos/https%3A%2F%2Fgithub.com%2Fth-ch%2Fadventofcode-2023'...
[INFO] running `Command { std: "git" "rev-parse" "HEAD", kill_on_drop: false }`
[INFO] [stdout] 726a5bf26edeef7bd0941730c4fdedc470b394e8
[INFO] testing th-ch/adventofcode-2023 against 1.75.0 for beta-1.76-1
[INFO] running `Command { std: "git" "clone" "/workspace/cache/git-repos/https%3A%2F%2Fgithub.com%2Fth-ch%2Fadventofcode-2023" "/workspace/builds/worker-1-tc1/source", kill_on_drop: false }`
[INFO] [stderr] Cloning into '/workspace/builds/worker-1-tc1/source'...
[INFO] [stderr] done.
[INFO] validating manifest of git repo https://github.com/th-ch/adventofcode-2023 on toolchain 1.75.0
[INFO] running `Command { std: CARGO_HOME="/workspace/cargo-home" RUSTUP_HOME="/workspace/rustup-home" "/workspace/cargo-home/bin/cargo" "+1.75.0" "metadata" "--manifest-path" "Cargo.toml" "--no-deps", kill_on_drop: false }`
[INFO] removed /workspace/builds/worker-1-tc1/source/rust-toolchain
[INFO] started tweaking git repo https://github.com/th-ch/adventofcode-2023
[INFO] finished tweaking git repo https://github.com/th-ch/adventofcode-2023
[INFO] tweaked toml for git repo https://github.com/th-ch/adventofcode-2023 written to /workspace/builds/worker-1-tc1/source/Cargo.toml
[INFO] crate git repo https://github.com/th-ch/adventofcode-2023 already has a lockfile, it will not be regenerated
[INFO] running `Command { std: CARGO_HOME="/workspace/cargo-home" RUSTUP_HOME="/workspace/rustup-home" "/workspace/cargo-home/bin/cargo" "+1.75.0" "fetch" "--manifest-path" "Cargo.toml", kill_on_drop: false }`
[INFO] running `Command { std: "docker" "create" "-v" "/var/lib/crater-agent-workspace/builds/worker-1-tc1/target:/opt/rustwide/target:rw,Z" "-v" "/var/lib/crater-agent-workspace/builds/worker-1-tc1/source:/opt/rustwide/workdir:ro,Z" "-v" "/var/lib/crater-agent-workspace/cargo-home:/opt/rustwide/cargo-home:ro,Z" "-v" "/var/lib/crater-agent-workspace/rustup-home:/opt/rustwide/rustup-home:ro,Z" "-e" "SOURCE_DIR=/opt/rustwide/workdir" "-e" "CARGO_TARGET_DIR=/opt/rustwide/target" "-e" "CARGO_HOME=/opt/rustwide/cargo-home" "-e" "RUSTUP_HOME=/opt/rustwide/rustup-home" "-w" "/opt/rustwide/workdir" "-m" "1610612736" "--user" "0:0" "--network" "none" "ghcr.io/rust-lang/crates-build-env/linux@sha256:2788e3201cd34a07e3172128adcd8b3090168a8e3bcc40d7c032b9dda1df7d1c" "/opt/rustwide/cargo-home/bin/cargo" "+1.75.0" "metadata" "--no-deps" "--format-version=1", kill_on_drop: false }`
[INFO] [stdout] 6200b128087188cfde21cddccb2d56f500e6090cf544fe54ac6a9f255e76249c
[INFO] running `Command { std: "docker" "start" "-a" "6200b128087188cfde21cddccb2d56f500e6090cf544fe54ac6a9f255e76249c", kill_on_drop: false }`
[INFO] running `Command { std: "docker" "inspect" "6200b128087188cfde21cddccb2d56f500e6090cf544fe54ac6a9f255e76249c", kill_on_drop: false }`
[INFO] running `Command { std: "docker" "rm" "-f" "6200b128087188cfde21cddccb2d56f500e6090cf544fe54ac6a9f255e76249c", kill_on_drop: false }`
[INFO] [stdout] 6200b128087188cfde21cddccb2d56f500e6090cf544fe54ac6a9f255e76249c
[INFO] running `Command { std: "docker" "create" "-v" "/var/lib/crater-agent-workspace/builds/worker-1-tc1/target:/opt/rustwide/target:rw,Z" "-v" "/var/lib/crater-agent-workspace/builds/worker-1-tc1/source:/opt/rustwide/workdir:ro,Z" "-v" "/var/lib/crater-agent-workspace/cargo-home:/opt/rustwide/cargo-home:ro,Z" "-v" "/var/lib/crater-agent-workspace/rustup-home:/opt/rustwide/rustup-home:ro,Z" "-e" "SOURCE_DIR=/opt/rustwide/workdir" "-e" "CARGO_TARGET_DIR=/opt/rustwide/target" "-e" "CARGO_INCREMENTAL=0" "-e" "RUST_BACKTRACE=full" "-e" "RUSTFLAGS=--cap-lints=warn" "-e" "RUSTDOCFLAGS=--cap-lints=warn" "-e" "CARGO_HOME=/opt/rustwide/cargo-home" "-e" "RUSTUP_HOME=/opt/rustwide/rustup-home" "-w" "/opt/rustwide/workdir" "-m" "1610612736" "--user" "0:0" "--network" "none" "ghcr.io/rust-lang/crates-build-env/linux@sha256:2788e3201cd34a07e3172128adcd8b3090168a8e3bcc40d7c032b9dda1df7d1c" "/opt/rustwide/cargo-home/bin/cargo" "+1.75.0" "build" "--frozen" "--message-format=json", kill_on_drop: false }`
[INFO] [stdout] f6f48d598f1e0189addb1c4cfe3ee0866d7a5ab6e1f1644ad5a762ce5c27a1f5
[INFO] running `Command { std: "docker" "start" "-a" "f6f48d598f1e0189addb1c4cfe3ee0866d7a5ab6e1f1644ad5a762ce5c27a1f5", kill_on_drop: false }`
[INFO] [stderr]    Compiling autocfg v1.1.0
[INFO] [stderr]    Compiling num-traits v0.2.17
[INFO] [stderr]    Compiling num-integer v0.1.45
[INFO] [stderr]    Compiling num-bigint v0.4.4
[INFO] [stderr]    Compiling num-rational v0.4.1
[INFO] [stderr]    Compiling num-iter v0.1.43
[INFO] [stderr]    Compiling num-complex v0.4.4
[INFO] [stderr]    Compiling num v0.4.1
[INFO] [stderr]    Compiling adventofcode-2023 v0.1.0 (/opt/rustwide/workdir)
[INFO] [stdout] warning: unused import: `std::cmp::Ordering`
[INFO] [stdout]  --> day-04/part-1/paullgdc.rs:1:5
[INFO] [stdout]   |
[INFO] [stdout] 1 | use std::cmp::Ordering;
[INFO] [stdout]   |     ^^^^^^^^^^^^^^^^^^
[INFO] [stdout]   |
[INFO] [stdout]   = note: `#[warn(unused_imports)]` on by default
[INFO] [stdout] 
[INFO] [stdout] 
[INFO] [stdout] warning: 1 warning emitted
[INFO] [stdout] 
[INFO] [stdout] 
[INFO] [stdout] warning: unused import: `num::integer::Roots`
[INFO] [stdout]  --> day-06/part-1/youyoun.rs:4:5
[INFO] [stdout]   |
[INFO] [stdout] 4 | use num::integer::Roots;
[INFO] [stdout]   |     ^^^^^^^^^^^^^^^^^^^
[INFO] [stdout]   |
[INFO] [stdout]   = note: `#[warn(unused_imports)]` on by default
[INFO] [stdout] 
[INFO] [stdout] 
[INFO] [stdout] warning: 1 warning emitted
[INFO] [stdout] 
[INFO] [stdout] 
[INFO] [stdout] warning: value assigned to `last` is never read
[INFO] [stdout]   --> day-01/part-2/giltho.rs:31:17
[INFO] [stdout]    |
[INFO] [stdout] 31 |         let mut last = -1;
[INFO] [stdout]    |                 ^^^^
[INFO] [stdout]    |
[INFO] [stdout]    = help: maybe it is overwritten before being read?
[INFO] [stdout]    = note: `#[warn(unused_assignments)]` on by default
[INFO] [stdout] 
[INFO] [stdout] 
[INFO] [stdout] warning: 1 warning emitted
[INFO] [stdout] 
[INFO] [stdout] 
[INFO] [stderr]     Finished dev [unoptimized + debuginfo] target(s) in 5.86s
[INFO] running `Command { std: "docker" "inspect" "f6f48d598f1e0189addb1c4cfe3ee0866d7a5ab6e1f1644ad5a762ce5c27a1f5", kill_on_drop: false }`
[INFO] running `Command { std: "docker" "rm" "-f" "f6f48d598f1e0189addb1c4cfe3ee0866d7a5ab6e1f1644ad5a762ce5c27a1f5", kill_on_drop: false }`
[INFO] [stdout] f6f48d598f1e0189addb1c4cfe3ee0866d7a5ab6e1f1644ad5a762ce5c27a1f5
[INFO] running `Command { std: "docker" "create" "-v" "/var/lib/crater-agent-workspace/builds/worker-1-tc1/target:/opt/rustwide/target:rw,Z" "-v" "/var/lib/crater-agent-workspace/builds/worker-1-tc1/source:/opt/rustwide/workdir:ro,Z" "-v" "/var/lib/crater-agent-workspace/cargo-home:/opt/rustwide/cargo-home:ro,Z" "-v" "/var/lib/crater-agent-workspace/rustup-home:/opt/rustwide/rustup-home:ro,Z" "-e" "SOURCE_DIR=/opt/rustwide/workdir" "-e" "CARGO_TARGET_DIR=/opt/rustwide/target" "-e" "CARGO_INCREMENTAL=0" "-e" "RUST_BACKTRACE=full" "-e" "RUSTFLAGS=--cap-lints=warn" "-e" "RUSTDOCFLAGS=--cap-lints=warn" "-e" "CARGO_HOME=/opt/rustwide/cargo-home" "-e" "RUSTUP_HOME=/opt/rustwide/rustup-home" "-w" "/opt/rustwide/workdir" "-m" "1610612736" "--user" "0:0" "--network" "none" "ghcr.io/rust-lang/crates-build-env/linux@sha256:2788e3201cd34a07e3172128adcd8b3090168a8e3bcc40d7c032b9dda1df7d1c" "/opt/rustwide/cargo-home/bin/cargo" "+1.75.0" "test" "--frozen" "--no-run" "--message-format=json", kill_on_drop: false }`
[INFO] [stdout] 1969dfa9299a504bd265e5fe9fd64c7ba72639819a064cf67609866a3dc5848f
[INFO] running `Command { std: "docker" "start" "-a" "1969dfa9299a504bd265e5fe9fd64c7ba72639819a064cf67609866a3dc5848f", kill_on_drop: false }`
[INFO] [stderr]    Compiling adventofcode-2023 v0.1.0 (/opt/rustwide/workdir)
[INFO] [stdout] warning: unused import: `num::integer::Roots`
[INFO] [stdout]  --> day-06/part-1/youyoun.rs:4:5
[INFO] [stdout]   |
[INFO] [stdout] 4 | use num::integer::Roots;
[INFO] [stdout]   |     ^^^^^^^^^^^^^^^^^^^
[INFO] [stdout]   |
[INFO] [stdout]   = note: `#[warn(unused_imports)]` on by default
[INFO] [stdout] 
[INFO] [stdout] 
[INFO] [stdout] warning: value assigned to `last` is never read
[INFO] [stdout]   --> day-01/part-2/giltho.rs:31:17
[INFO] [stdout]    |
[INFO] [stdout] 31 |         let mut last = -1;
[INFO] [stdout]    |                 ^^^^
[INFO] [stdout]    |
[INFO] [stdout]    = help: maybe it is overwritten before being read?
[INFO] [stdout]    = note: `#[warn(unused_assignments)]` on by default
[INFO] [stdout] 
[INFO] [stdout] 
[INFO] [stdout] warning: 1 warning emitted
[INFO] [stdout] 
[INFO] [stdout] 
[INFO] [stdout] warning: 1 warning emitted
[INFO] [stdout] 
[INFO] [stdout] 
[INFO] [stdout] warning: unused import: `std::cmp::Ordering`
[INFO] [stdout]  --> day-04/part-1/paullgdc.rs:1:5
[INFO] [stdout]   |
[INFO] [stdout] 1 | use std::cmp::Ordering;
[INFO] [stdout]   |     ^^^^^^^^^^^^^^^^^^
[INFO] [stdout]   |
[INFO] [stdout]   = note: `#[warn(unused_imports)]` on by default
[INFO] [stdout] 
[INFO] [stdout] 
[INFO] [stdout] warning: 1 warning emitted
[INFO] [stdout] 
[INFO] [stdout] 
[INFO] [stderr]     Finished test [unoptimized + debuginfo] target(s) in 4.18s
[INFO] running `Command { std: "docker" "inspect" "1969dfa9299a504bd265e5fe9fd64c7ba72639819a064cf67609866a3dc5848f", kill_on_drop: false }`
[INFO] running `Command { std: "docker" "rm" "-f" "1969dfa9299a504bd265e5fe9fd64c7ba72639819a064cf67609866a3dc5848f", kill_on_drop: false }`
[INFO] [stdout] 1969dfa9299a504bd265e5fe9fd64c7ba72639819a064cf67609866a3dc5848f
[INFO] running `Command { std: "docker" "create" "-v" "/var/lib/crater-agent-workspace/builds/worker-1-tc1/target:/opt/rustwide/target:rw,Z" "-v" "/var/lib/crater-agent-workspace/builds/worker-1-tc1/source:/opt/rustwide/workdir:ro,Z" "-v" "/var/lib/crater-agent-workspace/cargo-home:/opt/rustwide/cargo-home:ro,Z" "-v" "/var/lib/crater-agent-workspace/rustup-home:/opt/rustwide/rustup-home:ro,Z" "-e" "SOURCE_DIR=/opt/rustwide/workdir" "-e" "CARGO_TARGET_DIR=/opt/rustwide/target" "-e" "CARGO_INCREMENTAL=0" "-e" "RUST_BACKTRACE=full" "-e" "RUSTFLAGS=--cap-lints=warn" "-e" "RUSTDOCFLAGS=--cap-lints=warn" "-e" "CARGO_HOME=/opt/rustwide/cargo-home" "-e" "RUSTUP_HOME=/opt/rustwide/rustup-home" "-w" "/opt/rustwide/workdir" "-m" "1610612736" "--user" "0:0" "--network" "none" "ghcr.io/rust-lang/crates-build-env/linux@sha256:2788e3201cd34a07e3172128adcd8b3090168a8e3bcc40d7c032b9dda1df7d1c" "/opt/rustwide/cargo-home/bin/cargo" "+1.75.0" "test" "--frozen", kill_on_drop: false }`
[INFO] [stdout] f11a76b171f07ba3c495920cd1b9d0033a3fd186e5d785851d67a61ccef7347d
[INFO] running `Command { std: "docker" "start" "-a" "f11a76b171f07ba3c495920cd1b9d0033a3fd186e5d785851d67a61ccef7347d", kill_on_drop: false }`
[INFO] [stderr] warning: value assigned to `last` is never read
[INFO] [stderr]   --> day-01/part-2/giltho.rs:31:17
[INFO] [stderr]    |
[INFO] [stderr] 31 |         let mut last = -1;
[INFO] [stderr]    |                 ^^^^
[INFO] [stderr]    |
[INFO] [stderr]    = help: maybe it is overwritten before being read?
[INFO] [stderr]    = note: `#[warn(unused_assignments)]` on by default
[INFO] [stderr] 
[INFO] [stderr] warning: `adventofcode-2023` (bin "day-01-part-2-giltho" test) generated 1 warning
[INFO] [stderr] warning: unused import: `std::cmp::Ordering`
[INFO] [stderr]  --> day-04/part-1/paullgdc.rs:1:5
[INFO] [stderr]   |
[INFO] [stderr] 1 | use std::cmp::Ordering;
[INFO] [stderr]   |     ^^^^^^^^^^^^^^^^^^
[INFO] [stderr]   |
[INFO] [stderr]   = note: `#[warn(unused_imports)]` on by default
[INFO] [stderr] 
[INFO] [stderr] warning: unused import: `num::integer::Roots`
[INFO] [stderr]  --> day-06/part-1/youyoun.rs:4:5
[INFO] [stderr]   |
[INFO] [stderr] 4 | use num::integer::Roots;
[INFO] [stderr]   |     ^^^^^^^^^^^^^^^^^^^
[INFO] [stderr]   |
[INFO] [stderr]   = note: `#[warn(unused_imports)]` on by default
[INFO] [stderr] 
[INFO] [stderr] warning: `adventofcode-2023` (bin "day-04-part-1-paullgdc" test) generated 1 warning (run `cargo fix --bin "day-04-part-1-paullgdc" --tests` to apply 1 suggestion)
[INFO] [stderr] warning: `adventofcode-2023` (bin "day-06-part-1-youyoun" test) generated 1 warning
[INFO] [stderr]     Finished test [unoptimized + debuginfo] target(s) in 0.02s
[INFO] [stderr]      Running unittests lib/rust/lib.rs (/opt/rustwide/target/debug/deps/aoc-b11e636b057d519a)
[INFO] [stdout] 
[INFO] [stdout] running 9 tests
[INFO] [stdout] test enizor::utils::tests::run_test ... ok
[INFO] [stdout] test enizor::bitset::tests::run_test ... ok
[INFO] [stdout] test paullgdc::aho_corasik::test_aho_corasick ... ok
[INFO] [stdout] test paullgdc::bitset::tests::test_bitset ... ok
[INFO] [stdout] test paullgdc::bitset::tests::test_extend_1 ... ok
[INFO] [stdout] test paullgdc::bitset::tests::test_extend_2 ... ok
[INFO] [stdout] test paullgdc::bitset::tests::test_extend_3 ... ok
[INFO] [stdout] test enizor::day12::tests::simple_test ... ok
[INFO] [stdout] test enizor::day12::tests::copy_test ... ok
[INFO] [stdout] 
[INFO] [stdout] test result: ok. 9 passed; 0 failed; 0 ignored; 0 measured; 0 filtered out; finished in 0.00s
[INFO] [stdout] 
[INFO] [stderr]      Running unittests day-01/part-1/enizor.rs (/opt/rustwide/target/debug/deps/day_01_part_1_enizor-c786863631e605af)
[INFO] [stdout] 
[INFO] [stdout] running 1 test
[INFO] [stdout] test tests::run_test ... ok
[INFO] [stdout] 
[INFO] [stdout] test result: ok. 1 passed; 0 failed; 0 ignored; 0 measured; 0 filtered out; finished in 0.00s
[INFO] [stdout] 
[INFO] [stderr]      Running unittests day-01/part-1/giltho.rs (/opt/rustwide/target/debug/deps/day_01_part_1_giltho-2201c47ec56abb10)
[INFO] [stdout] 
[INFO] [stdout] running 1 test
[INFO] [stdout] test tests::run_test ... ok
[INFO] [stdout] 
[INFO] [stdout] test result: ok. 1 passed; 0 failed; 0 ignored; 0 measured; 0 filtered out; finished in 0.00s
[INFO] [stdout] 
[INFO] [stderr]      Running unittests day-01/part-1/paullgdc.rs (/opt/rustwide/target/debug/deps/day_01_part_1_paullgdc-6c5c36c78fd93cfb)
[INFO] [stdout] 
[INFO] [stdout] running 1 test
[INFO] [stdout] test tests::run_test ... ok
[INFO] [stdout] 
[INFO] [stdout] test result: ok. 1 passed; 0 failed; 0 ignored; 0 measured; 0 filtered out; finished in 0.00s
[INFO] [stdout] 
[INFO] [stderr]      Running unittests day-01/part-1/thomren.rs (/opt/rustwide/target/debug/deps/day_01_part_1_thomren-968e2bab3abaa67b)
[INFO] [stdout] 
[INFO] [stdout] running 1 test
[INFO] [stdout] test tests::run_test ... ok
[INFO] [stdout] 
[INFO] [stdout] test result: ok. 1 passed; 0 failed; 0 ignored; 0 measured; 0 filtered out; finished in 0.00s
[INFO] [stdout] 
[INFO] [stderr]      Running unittests day-01/part-1/youyoun.rs (/opt/rustwide/target/debug/deps/day_01_part_1_youyoun-caeecf467804e375)
[INFO] [stdout] 
[INFO] [stdout] running 1 test
[INFO] [stdout] test tests::run_test ... ok
[INFO] [stdout] 
[INFO] [stdout] test result: ok. 1 passed; 0 failed; 0 ignored; 0 measured; 0 filtered out; finished in 0.00s
[INFO] [stdout] 
[INFO] [stderr]      Running unittests day-01/part-2/enizor.rs (/opt/rustwide/target/debug/deps/day_01_part_2_enizor-3a6d80d25d6a04fd)
[INFO] [stdout] 
[INFO] [stdout] running 1 test
[INFO] [stdout] test tests::run_test ... ok
[INFO] [stdout] 
[INFO] [stdout] test result: ok. 1 passed; 0 failed; 0 ignored; 0 measured; 0 filtered out; finished in 0.00s
[INFO] [stdout] 
[INFO] [stderr]      Running unittests day-01/part-2/giltho.rs (/opt/rustwide/target/debug/deps/day_01_part_2_giltho-8336c5a439823937)
[INFO] [stdout] 
[INFO] [stdout] running 1 test
[INFO] [stdout] test tests::run_test ... ok
[INFO] [stdout] 
[INFO] [stdout] test result: ok. 1 passed; 0 failed; 0 ignored; 0 measured; 0 filtered out; finished in 0.00s
[INFO] [stdout] 
[INFO] [stderr]      Running unittests day-01/part-2/paullgdc.rs (/opt/rustwide/target/debug/deps/day_01_part_2_paullgdc-62d79d1d913a3e94)
[INFO] [stdout] 
[INFO] [stdout] running 1 test
[INFO] [stdout] test tests::run_test ... ok
[INFO] [stdout] 
[INFO] [stdout] test result: ok. 1 passed; 0 failed; 0 ignored; 0 measured; 0 filtered out; finished in 0.00s
[INFO] [stdout] 
[INFO] [stderr]      Running unittests day-01/part-2/thomren.rs (/opt/rustwide/target/debug/deps/day_01_part_2_thomren-528169b8ccafb078)
[INFO] [stdout] 
[INFO] [stdout] running 1 test
[INFO] [stdout] test tests::run_test ... ok
[INFO] [stdout] 
[INFO] [stdout] test result: ok. 1 passed; 0 failed; 0 ignored; 0 measured; 0 filtered out; finished in 0.00s
[INFO] [stdout] 
[INFO] [stderr]      Running unittests day-01/part-2/youyoun.rs (/opt/rustwide/target/debug/deps/day_01_part_2_youyoun-d398e5a007891466)
[INFO] [stdout] 
[INFO] [stdout] running 1 test
[INFO] [stdout] test tests::run_test ... ok
[INFO] [stdout] 
[INFO] [stdout] test result: ok. 1 passed; 0 failed; 0 ignored; 0 measured; 0 filtered out; finished in 0.00s
[INFO] [stdout] 
[INFO] [stderr]      Running unittests day-02/part-1/enizor.rs (/opt/rustwide/target/debug/deps/day_02_part_1_enizor-d6cc02ab8ef06e85)
[INFO] [stdout] 
[INFO] [stdout] running 1 test
[INFO] [stdout] test tests::run_test ... ok
[INFO] [stdout] 
[INFO] [stdout] test result: ok. 1 passed; 0 failed; 0 ignored; 0 measured; 0 filtered out; finished in 0.00s
[INFO] [stdout] 
[INFO] [stderr]      Running unittests day-02/part-1/giltho.rs (/opt/rustwide/target/debug/deps/day_02_part_1_giltho-3f1ce76a5fb88c19)
[INFO] [stdout] 
[INFO] [stdout] running 1 test
[INFO] [stdout] test tests::run_test ... ok
[INFO] [stdout] 
[INFO] [stdout] test result: ok. 1 passed; 0 failed; 0 ignored; 0 measured; 0 filtered out; finished in 0.00s
[INFO] [stdout] 
[INFO] [stderr]      Running unittests day-02/part-1/paullgdc.rs (/opt/rustwide/target/debug/deps/day_02_part_1_paullgdc-80348c65669db335)
[INFO] [stdout] 
[INFO] [stdout] running 1 test
[INFO] [stdout] test tests::run_test ... ok
[INFO] [stdout] 
[INFO] [stdout] test result: ok. 1 passed; 0 failed; 0 ignored; 0 measured; 0 filtered out; finished in 0.00s
[INFO] [stdout] 
[INFO] [stderr]      Running unittests day-02/part-1/youyoun.rs (/opt/rustwide/target/debug/deps/day_02_part_1_youyoun-10b285aec564d8f5)
[INFO] [stdout] 
[INFO] [stdout] running 1 test
[INFO] [stdout] test tests::run_test ... ok
[INFO] [stdout] 
[INFO] [stdout] test result: ok. 1 passed; 0 failed; 0 ignored; 0 measured; 0 filtered out; finished in 0.00s
[INFO] [stdout] 
[INFO] [stderr]      Running unittests day-02/part-2/enizor.rs (/opt/rustwide/target/debug/deps/day_02_part_2_enizor-7bbaa23baf429d6b)
[INFO] [stdout] 
[INFO] [stdout] running 1 test
[INFO] [stdout] test tests::run_test ... ok
[INFO] [stdout] 
[INFO] [stdout] test result: ok. 1 passed; 0 failed; 0 ignored; 0 measured; 0 filtered out; finished in 0.00s
[INFO] [stdout] 
[INFO] [stderr]      Running unittests day-02/part-2/giltho.rs (/opt/rustwide/target/debug/deps/day_02_part_2_giltho-86f5f8d714575405)
[INFO] [stdout] 
[INFO] [stdout] running 1 test
[INFO] [stdout] test tests::run_test ... ok
[INFO] [stdout] 
[INFO] [stdout] test result: ok. 1 passed; 0 failed; 0 ignored; 0 measured; 0 filtered out; finished in 0.00s
[INFO] [stdout] 
[INFO] [stderr]      Running unittests day-02/part-2/paullgdc.rs (/opt/rustwide/target/debug/deps/day_02_part_2_paullgdc-772ac7e80149cba4)
[INFO] [stdout] 
[INFO] [stdout] running 1 test
[INFO] [stdout] test tests::run_test ... ok
[INFO] [stdout] 
[INFO] [stdout] test result: ok. 1 passed; 0 failed; 0 ignored; 0 measured; 0 filtered out; finished in 0.00s
[INFO] [stdout] 
[INFO] [stderr]      Running unittests day-02/part-2/youyoun.rs (/opt/rustwide/target/debug/deps/day_02_part_2_youyoun-8ab50e5d77a1539a)
[INFO] [stdout] 
[INFO] [stdout] running 1 test
[INFO] [stdout] test tests::run_test ... ok
[INFO] [stdout] 
[INFO] [stdout] test result: ok. 1 passed; 0 failed; 0 ignored; 0 measured; 0 filtered out; finished in 0.00s
[INFO] [stdout] 
[INFO] [stderr]      Running unittests day-03/part-1/enizor.rs (/opt/rustwide/target/debug/deps/day_03_part_1_enizor-eb8891e9faddf83a)
[INFO] [stdout] 
[INFO] [stdout] running 3 tests
[INFO] [stdout] test tests::overlap ... ok
[INFO] [stdout] test tests::same_line ... ok
[INFO] [stdout] test tests::run_test ... ok
[INFO] [stdout] 
[INFO] [stdout] test result: ok. 3 passed; 0 failed; 0 ignored; 0 measured; 0 filtered out; finished in 0.00s
[INFO] [stdout] 
[INFO] [stderr]      Running unittests day-03/part-1/giltho.rs (/opt/rustwide/target/debug/deps/day_03_part_1_giltho-c49658270ccb96cf)
[INFO] [stdout] 
[INFO] [stdout] running 1 test
[INFO] [stdout] test tests::run_test ... ok
[INFO] [stdout] 
[INFO] [stdout] test result: ok. 1 passed; 0 failed; 0 ignored; 0 measured; 0 filtered out; finished in 0.00s
[INFO] [stdout] 
[INFO] [stderr]      Running unittests day-03/part-1/paullgdc.rs (/opt/rustwide/target/debug/deps/day_03_part_1_paullgdc-4a50bb54d7c6e305)
[INFO] [stdout] 
[INFO] [stdout] running 1 test
[INFO] [stdout] test tests::run_test ... ok
[INFO] [stdout] 
[INFO] [stdout] test result: ok. 1 passed; 0 failed; 0 ignored; 0 measured; 0 filtered out; finished in 0.00s
[INFO] [stdout] 
[INFO] [stderr]      Running unittests day-03/part-1/youyoun.rs (/opt/rustwide/target/debug/deps/day_03_part_1_youyoun-ced3276589e87278)
[INFO] [stdout] 
[INFO] [stdout] running 2 tests
[INFO] [stdout] test tests::in_border ... ok
[INFO] [stdout] test tests::run_test ... ok
[INFO] [stdout] 
[INFO] [stdout] test result: ok. 2 passed; 0 failed; 0 ignored; 0 measured; 0 filtered out; finished in 0.00s
[INFO] [stdout] 
[INFO] [stderr]      Running unittests day-03/part-2/enizor.rs (/opt/rustwide/target/debug/deps/day_03_part_2_enizor-9d1ce8b3173e8268)
[INFO] [stdout] 
[INFO] [stdout] running 3 tests
[INFO] [stdout] test tests::overlap ... ok
[INFO] [stdout] test tests::same_line ... ok
[INFO] [stdout] test tests::run_test ... ok
[INFO] [stdout] 
[INFO] [stdout] test result: ok. 3 passed; 0 failed; 0 ignored; 0 measured; 0 filtered out; finished in 0.00s
[INFO] [stdout] 
[INFO] [stderr]      Running unittests day-03/part-2/giltho.rs (/opt/rustwide/target/debug/deps/day_03_part_2_giltho-9859567beca9948c)
[INFO] [stdout] 
[INFO] [stdout] running 1 test
[INFO] [stdout] test tests::run_test ... ok
[INFO] [stdout] 
[INFO] [stdout] test result: ok. 1 passed; 0 failed; 0 ignored; 0 measured; 0 filtered out; finished in 0.00s
[INFO] [stdout] 
[INFO] [stderr]      Running unittests day-03/part-2/paullgdc.rs (/opt/rustwide/target/debug/deps/day_03_part_2_paullgdc-34c27efde4d4dfb3)
[INFO] [stdout] 
[INFO] [stdout] running 1 test
[INFO] [stdout] test tests::run_test ... ok
[INFO] [stdout] 
[INFO] [stdout] test result: ok. 1 passed; 0 failed; 0 ignored; 0 measured; 0 filtered out; finished in 0.00s
[INFO] [stdout] 
[INFO] [stderr]      Running unittests day-03/part-2/youyoun.rs (/opt/rustwide/target/debug/deps/day_03_part_2_youyoun-9aae57702b8694d9)
[INFO] [stdout] 
[INFO] [stdout] running 4 tests
[INFO] [stdout] test tests::overlap ... ok
[INFO] [stdout] test tests::overlap2 ... ok
[INFO] [stdout] test tests::run_test ... ok
[INFO] [stdout] test tests::same_line ... ok
[INFO] [stdout] 
[INFO] [stdout] test result: ok. 4 passed; 0 failed; 0 ignored; 0 measured; 0 filtered out; finished in 0.00s
[INFO] [stdout] 
[INFO] [stderr]      Running unittests day-04/part-1/enizor.rs (/opt/rustwide/target/debug/deps/day_04_part_1_enizor-6b088ed6d969e300)
[INFO] [stdout] 
[INFO] [stdout] running 1 test
[INFO] [stdout] test tests::run_test ... ok
[INFO] [stdout] 
[INFO] [stdout] test result: ok. 1 passed; 0 failed; 0 ignored; 0 measured; 0 filtered out; finished in 0.00s
[INFO] [stdout] 
[INFO] [stderr]      Running unittests day-04/part-1/giltho.rs (/opt/rustwide/target/debug/deps/day_04_part_1_giltho-1b4e10c30eb5ce50)
[INFO] [stdout] 
[INFO] [stdout] running 1 test
[INFO] [stdout] test tests::run_test ... ok
[INFO] [stdout] 
[INFO] [stdout] test result: ok. 1 passed; 0 failed; 0 ignored; 0 measured; 0 filtered out; finished in 0.00s
[INFO] [stdout] 
[INFO] [stderr]      Running unittests day-04/part-1/paullgdc.rs (/opt/rustwide/target/debug/deps/day_04_part_1_paullgdc-d348e4ccd856fd2a)
[INFO] [stdout] 
[INFO] [stdout] running 1 test
[INFO] [stdout] test tests::run_test ... ok
[INFO] [stdout] 
[INFO] [stdout] test result: ok. 1 passed; 0 failed; 0 ignored; 0 measured; 0 filtered out; finished in 0.00s
[INFO] [stdout] 
[INFO] [stderr]      Running unittests day-04/part-1/thomren.rs (/opt/rustwide/target/debug/deps/day_04_part_1_thomren-d8ce6e19348ba263)
[INFO] [stdout] 
[INFO] [stdout] running 1 test
[INFO] [stdout] test tests::run_test ... ok
[INFO] [stdout] 
[INFO] [stdout] test result: ok. 1 passed; 0 failed; 0 ignored; 0 measured; 0 filtered out; finished in 0.00s
[INFO] [stdout] 
[INFO] [stderr]      Running unittests day-04/part-1/youyoun.rs (/opt/rustwide/target/debug/deps/day_04_part_1_youyoun-1eba91990703d14b)
[INFO] [stdout] 
[INFO] [stdout] running 1 test
[INFO] [stdout] test tests::run_test ... ok
[INFO] [stdout] 
[INFO] [stdout] test result: ok. 1 passed; 0 failed; 0 ignored; 0 measured; 0 filtered out; finished in 0.00s
[INFO] [stdout] 
[INFO] [stderr]      Running unittests day-04/part-2/enizor.rs (/opt/rustwide/target/debug/deps/day_04_part_2_enizor-43006f4e9b66a780)
[INFO] [stdout] 
[INFO] [stdout] running 1 test
[INFO] [stdout] test tests::run_test ... ok
[INFO] [stdout] 
[INFO] [stdout] test result: ok. 1 passed; 0 failed; 0 ignored; 0 measured; 0 filtered out; finished in 0.00s
[INFO] [stdout] 
[INFO] [stderr]      Running unittests day-04/part-2/giltho.rs (/opt/rustwide/target/debug/deps/day_04_part_2_giltho-0c7dfda7ef7015c8)
[INFO] [stdout] 
[INFO] [stdout] running 1 test
[INFO] [stdout] test tests::run_test ... ok
[INFO] [stdout] 
[INFO] [stdout] test result: ok. 1 passed; 0 failed; 0 ignored; 0 measured; 0 filtered out; finished in 0.00s
[INFO] [stdout] 
[INFO] [stderr]      Running unittests day-04/part-2/paullgdc.rs (/opt/rustwide/target/debug/deps/day_04_part_2_paullgdc-a4938e305a5c417f)
[INFO] [stdout] 
[INFO] [stdout] running 1 test
[INFO] [stdout] test tests::run_test ... ok
[INFO] [stdout] 
[INFO] [stdout] test result: ok. 1 passed; 0 failed; 0 ignored; 0 measured; 0 filtered out; finished in 0.00s
[INFO] [stdout] 
[INFO] [stderr]      Running unittests day-04/part-2/thomren.rs (/opt/rustwide/target/debug/deps/day_04_part_2_thomren-2c8e0975bca80282)
[INFO] [stdout] 
[INFO] [stdout] running 1 test
[INFO] [stdout] test tests::run_test ... ok
[INFO] [stdout] 
[INFO] [stdout] test result: ok. 1 passed; 0 failed; 0 ignored; 0 measured; 0 filtered out; finished in 0.00s
[INFO] [stdout] 
[INFO] [stderr]      Running unittests day-04/part-2/youyoun.rs (/opt/rustwide/target/debug/deps/day_04_part_2_youyoun-551a2481fe880b67)
[INFO] [stdout] 
[INFO] [stdout] running 1 test
[INFO] [stdout] test tests::run_test ... ok
[INFO] [stdout] 
[INFO] [stdout] test result: ok. 1 passed; 0 failed; 0 ignored; 0 measured; 0 filtered out; finished in 0.00s
[INFO] [stdout] 
[INFO] [stderr]      Running unittests day-05/part-1/enizor.rs (/opt/rustwide/target/debug/deps/day_05_part_1_enizor-3207e5b67751071b)
[INFO] [stdout] 
[INFO] [stdout] running 1 test
[INFO] [stdout] test tests::run_test ... ok
[INFO] [stdout] 
[INFO] [stdout] test result: ok. 1 passed; 0 failed; 0 ignored; 0 measured; 0 filtered out; finished in 0.00s
[INFO] [stdout] 
[INFO] [stderr]      Running unittests day-05/part-1/giltho.rs (/opt/rustwide/target/debug/deps/day_05_part_1_giltho-d4533525f75b8c62)
[INFO] [stdout] 
[INFO] [stdout] running 1 test
[INFO] [stdout] test tests::run_test ... ok
[INFO] [stdout] 
[INFO] [stdout] test result: ok. 1 passed; 0 failed; 0 ignored; 0 measured; 0 filtered out; finished in 0.00s
[INFO] [stdout] 
[INFO] [stderr]      Running unittests day-05/part-1/paullgdc.rs (/opt/rustwide/target/debug/deps/day_05_part_1_paullgdc-954352a4761f18f3)
[INFO] [stdout] 
[INFO] [stdout] running 1 test
[INFO] [stdout] test tests::run_test ... ok
[INFO] [stdout] 
[INFO] [stdout] test result: ok. 1 passed; 0 failed; 0 ignored; 0 measured; 0 filtered out; finished in 0.00s
[INFO] [stdout] 
[INFO] [stderr]      Running unittests day-05/part-1/youyoun.rs (/opt/rustwide/target/debug/deps/day_05_part_1_youyoun-597a851e736b9a3b)
[INFO] [stdout] 
[INFO] [stdout] running 1 test
[INFO] [stdout] test tests::run_test ... ok
[INFO] [stdout] 
[INFO] [stdout] test result: ok. 1 passed; 0 failed; 0 ignored; 0 measured; 0 filtered out; finished in 0.00s
[INFO] [stdout] 
[INFO] [stderr]      Running unittests day-05/part-2/enizor.rs (/opt/rustwide/target/debug/deps/day_05_part_2_enizor-ad53c7cc9169b77d)
[INFO] [stdout] 
[INFO] [stdout] running 1 test
[INFO] [stdout] test tests::run_test ... ok
[INFO] [stdout] 
[INFO] [stdout] test result: ok. 1 passed; 0 failed; 0 ignored; 0 measured; 0 filtered out; finished in 0.00s
[INFO] [stdout] 
[INFO] [stderr]      Running unittests day-05/part-2/giltho.rs (/opt/rustwide/target/debug/deps/day_05_part_2_giltho-3fa286e3d5c7fe16)
[INFO] [stdout] 
[INFO] [stdout] running 1 test
[INFO] [stdout] test tests::run_test ... ok
[INFO] [stdout] 
[INFO] [stdout] test result: ok. 1 passed; 0 failed; 0 ignored; 0 measured; 0 filtered out; finished in 0.00s
[INFO] [stdout] 
[INFO] [stderr]      Running unittests day-05/part-2/paullgdc.rs (/opt/rustwide/target/debug/deps/day_05_part_2_paullgdc-0e43b0c2b177986e)
[INFO] [stdout] 
[INFO] [stdout] running 1 test
[INFO] [stdout] test tests::run_test ... ok
[INFO] [stdout] 
[INFO] [stdout] test result: ok. 1 passed; 0 failed; 0 ignored; 0 measured; 0 filtered out; finished in 0.00s
[INFO] [stdout] 
[INFO] [stderr]      Running unittests day-05/part-2/youyoun.rs (/opt/rustwide/target/debug/deps/day_05_part_2_youyoun-139dcd86904d996b)
[INFO] [stdout] 
[INFO] [stdout] running 1 test
[INFO] [stdout] test tests::run_test ... ok
[INFO] [stdout] 
[INFO] [stdout] test result: ok. 1 passed; 0 failed; 0 ignored; 0 measured; 0 filtered out; finished in 0.00s
[INFO] [stdout] 
[INFO] [stderr]      Running unittests day-06/part-1/enizor.rs (/opt/rustwide/target/debug/deps/day_06_part_1_enizor-9c6cf650ed8bb5bb)
[INFO] [stdout] 
[INFO] [stdout] running 1 test
[INFO] [stdout] test tests::run_test ... ok
[INFO] [stdout] 
[INFO] [stdout] test result: ok. 1 passed; 0 failed; 0 ignored; 0 measured; 0 filtered out; finished in 0.00s
[INFO] [stdout] 
[INFO] [stderr]      Running unittests day-06/part-1/giltho.rs (/opt/rustwide/target/debug/deps/day_06_part_1_giltho-384e1efc1186dfa0)
[INFO] [stdout] 
[INFO] [stdout] running 1 test
[INFO] [stdout] test tests::run_test ... ok
[INFO] [stdout] 
[INFO] [stdout] test result: ok. 1 passed; 0 failed; 0 ignored; 0 measured; 0 filtered out; finished in 0.00s
[INFO] [stdout] 
[INFO] [stderr]      Running unittests day-06/part-1/paullgdc.rs (/opt/rustwide/target/debug/deps/day_06_part_1_paullgdc-e151813ba4d0fb5a)
[INFO] [stdout] 
[INFO] [stdout] running 1 test
[INFO] [stdout] test tests::run_test ... ok
[INFO] [stdout] 
[INFO] [stdout] test result: ok. 1 passed; 0 failed; 0 ignored; 0 measured; 0 filtered out; finished in 0.00s
[INFO] [stdout] 
[INFO] [stderr]      Running unittests day-06/part-1/youyoun.rs (/opt/rustwide/target/debug/deps/day_06_part_1_youyoun-2e29de6c74a4bc99)
[INFO] [stdout] 
[INFO] [stdout] running 1 test
[INFO] [stdout] test tests::run_test ... ok
[INFO] [stdout] 
[INFO] [stdout] test result: ok. 1 passed; 0 failed; 0 ignored; 0 measured; 0 filtered out; finished in 0.00s
[INFO] [stdout] 
[INFO] [stderr]      Running unittests day-06/part-2/enizor.rs (/opt/rustwide/target/debug/deps/day_06_part_2_enizor-72186b5d7097e16c)
[INFO] [stdout] 
[INFO] [stdout] running 1 test
[INFO] [stdout] test tests::run_test ... ok
[INFO] [stdout] 
[INFO] [stdout] test result: ok. 1 passed; 0 failed; 0 ignored; 0 measured; 0 filtered out; finished in 0.00s
[INFO] [stdout] 
[INFO] [stderr]      Running unittests day-06/part-2/giltho.rs (/opt/rustwide/target/debug/deps/day_06_part_2_giltho-d104c7b74449ed49)
[INFO] [stdout] 
[INFO] [stdout] running 1 test
[INFO] [stdout] test tests::run_test ... ok
[INFO] [stdout] 
[INFO] [stdout] test result: ok. 1 passed; 0 failed; 0 ignored; 0 measured; 0 filtered out; finished in 0.00s
[INFO] [stdout] 
[INFO] [stderr]      Running unittests day-06/part-2/paullgdc.rs (/opt/rustwide/target/debug/deps/day_06_part_2_paullgdc-8d6dd7b8b81b6234)
[INFO] [stdout] 
[INFO] [stdout] running 1 test
[INFO] [stdout] test tests::run_test ... ok
[INFO] [stdout] 
[INFO] [stdout] test result: ok. 1 passed; 0 failed; 0 ignored; 0 measured; 0 filtered out; finished in 0.00s
[INFO] [stdout] 
[INFO] [stderr]      Running unittests day-06/part-2/youyoun.rs (/opt/rustwide/target/debug/deps/day_06_part_2_youyoun-db763939b63018b1)
[INFO] [stdout] 
[INFO] [stdout] running 1 test
[INFO] [stdout] test tests::run_test ... ok
[INFO] [stdout] 
[INFO] [stdout] test result: ok. 1 passed; 0 failed; 0 ignored; 0 measured; 0 filtered out; finished in 0.00s
[INFO] [stdout] 
[INFO] [stderr]      Running unittests day-07/part-1/enizor.rs (/opt/rustwide/target/debug/deps/day_07_part_1_enizor-4b21fa0042454028)
[INFO] [stdout] 
[INFO] [stdout] running 2 tests
[INFO] [stdout] test tests::run_test ... ok
[INFO] [stdout] test tests::test_value ... ok
[INFO] [stdout] 
[INFO] [stdout] test result: ok. 2 passed; 0 failed; 0 ignored; 0 measured; 0 filtered out; finished in 0.00s
[INFO] [stdout] 
[INFO] [stderr]      Running unittests day-07/part-1/giltho.rs (/opt/rustwide/target/debug/deps/day_07_part_1_giltho-185ab28e34178955)
[INFO] [stdout] 
[INFO] [stdout] running 1 test
[INFO] [stdout] test tests::run_test ... ok
[INFO] [stdout] 
[INFO] [stdout] test result: ok. 1 passed; 0 failed; 0 ignored; 0 measured; 0 filtered out; finished in 0.00s
[INFO] [stdout] 
[INFO] [stderr]      Running unittests day-07/part-1/paullgdc.rs (/opt/rustwide/target/debug/deps/day_07_part_1_paullgdc-8541589211fb68e2)
[INFO] [stdout] 
[INFO] [stdout] running 1 test
[INFO] [stdout] test tests::run_test ... ok
[INFO] [stdout] 
[INFO] [stdout] test result: ok. 1 passed; 0 failed; 0 ignored; 0 measured; 0 filtered out; finished in 0.00s
[INFO] [stdout] 
[INFO] [stderr]      Running unittests day-07/part-1/thomren.rs (/opt/rustwide/target/debug/deps/day_07_part_1_thomren-76ca8833708c7be1)
[INFO] [stdout] 
[INFO] [stdout] running 1 test
[INFO] [stdout] test tests::run_test ... ok
[INFO] [stdout] 
[INFO] [stdout] test result: ok. 1 passed; 0 failed; 0 ignored; 0 measured; 0 filtered out; finished in 0.00s
[INFO] [stdout] 
[INFO] [stderr]      Running unittests day-07/part-1/youyoun.rs (/opt/rustwide/target/debug/deps/day_07_part_1_youyoun-95708a6c1a054ccf)
[INFO] [stdout] 
[INFO] [stdout] running 3 tests
[INFO] [stdout] test tests::run_test ... ok
[INFO] [stdout] test tests::run_test_equal_till_the_end ... ok
[INFO] [stdout] test tests::run_test_rankings ... ok
[INFO] [stdout] 
[INFO] [stdout] test result: ok. 3 passed; 0 failed; 0 ignored; 0 measured; 0 filtered out; finished in 0.00s
[INFO] [stdout] 
[INFO] [stderr]      Running unittests day-07/part-2/enizor.rs (/opt/rustwide/target/debug/deps/day_07_part_2_enizor-aa9b3660af7bda09)
[INFO] [stdout] 
[INFO] [stdout] running 2 tests
[INFO] [stdout] test tests::test_value ... ok
[INFO] [stdout] test tests::run_test ... ok
[INFO] [stdout] 
[INFO] [stdout] test result: ok. 2 passed; 0 failed; 0 ignored; 0 measured; 0 filtered out; finished in 0.00s
[INFO] [stdout] 
[INFO] [stderr]      Running unittests day-07/part-2/giltho.rs (/opt/rustwide/target/debug/deps/day_07_part_2_giltho-37339b257da2d853)
[INFO] [stdout] 
[INFO] [stdout] running 1 test
[INFO] [stdout] test tests::run_test ... ok
[INFO] [stdout] 
[INFO] [stdout] test result: ok. 1 passed; 0 failed; 0 ignored; 0 measured; 0 filtered out; finished in 0.00s
[INFO] [stdout] 
[INFO] [stderr]      Running unittests day-07/part-2/paullgdc.rs (/opt/rustwide/target/debug/deps/day_07_part_2_paullgdc-a1bb3a74c194999f)
[INFO] [stdout] 
[INFO] [stdout] running 2 tests
[INFO] [stdout] test tests::run_test ... ok
[INFO] [stdout] test tests::run_custom_test ... FAILED
[INFO] [stdout] 
[INFO] [stdout] failures:
[INFO] [stdout] 
[INFO] [stdout] ---- tests::run_custom_test stdout ----
[INFO] [stdout] thread 'tests::run_custom_test' panicked at day-07/part-2/paullgdc.rs:131:9:
[INFO] [stdout] assertion `left == right` failed
[INFO] [stdout]   left: 14
[INFO] [stdout]  right: 5
[INFO] [stdout] stack backtrace:
[INFO] [stdout]    0:     0x5575f30246bc - std::backtrace_rs::backtrace::libunwind::trace::ha637c64ce894333a
[INFO] [stdout]                                at /rustc/82e1608dfa6e0b5569232559e3d385fea5a93112/library/std/src/../../backtrace/src/backtrace/libunwind.rs:104:5
[INFO] [stdout]    1:     0x5575f30246bc - std::backtrace_rs::backtrace::trace_unsynchronized::h47f62dea28e0c88d
[INFO] [stdout]                                at /rustc/82e1608dfa6e0b5569232559e3d385fea5a93112/library/std/src/../../backtrace/src/backtrace/mod.rs:66:5
[INFO] [stdout]    2:     0x5575f30246bc - std::sys_common::backtrace::_print_fmt::h9eef0abe20ede486
[INFO] [stdout]                                at /rustc/82e1608dfa6e0b5569232559e3d385fea5a93112/library/std/src/sys_common/backtrace.rs:67:5
[INFO] [stdout]    3:     0x5575f30246bc - <std::sys_common::backtrace::_print::DisplayBacktrace as core::fmt::Display>::fmt::hed7f999df88cc644
[INFO] [stdout]                                at /rustc/82e1608dfa6e0b5569232559e3d385fea5a93112/library/std/src/sys_common/backtrace.rs:44:22
[INFO] [stdout]    4:     0x5575f304e200 - core::fmt::rt::Argument::fmt::h1539a9308b8d058d
[INFO] [stdout]                                at /rustc/82e1608dfa6e0b5569232559e3d385fea5a93112/library/core/src/fmt/rt.rs:142:9
[INFO] [stdout]    5:     0x5575f304e200 - core::fmt::write::h3a39390d8560d9c9
[INFO] [stdout]                                at /rustc/82e1608dfa6e0b5569232559e3d385fea5a93112/library/core/src/fmt/mod.rs:1120:17
[INFO] [stdout]    6:     0x5575f302206f - std::io::Write::write_fmt::h040b369f3a0f9cbc
[INFO] [stdout]                                at /rustc/82e1608dfa6e0b5569232559e3d385fea5a93112/library/std/src/io/mod.rs:1762:15
[INFO] [stdout]    7:     0x5575f30244a4 - std::sys_common::backtrace::_print::h894006fb5c6f3d45
[INFO] [stdout]                                at /rustc/82e1608dfa6e0b5569232559e3d385fea5a93112/library/std/src/sys_common/backtrace.rs:47:5
[INFO] [stdout]    8:     0x5575f30244a4 - std::sys_common::backtrace::print::h23a2d212c6fff936
[INFO] [stdout]                                at /rustc/82e1608dfa6e0b5569232559e3d385fea5a93112/library/std/src/sys_common/backtrace.rs:34:9
[INFO] [stdout]    9:     0x5575f3026167 - std::panicking::default_hook::{{closure}}::h8a1d2ee00185001a
[INFO] [stdout]   10:     0x5575f3025e53 - std::panicking::default_hook::h6038f2eba384e475
[INFO] [stdout]                                at /rustc/82e1608dfa6e0b5569232559e3d385fea5a93112/library/std/src/panicking.rs:289:9
[INFO] [stdout]   11:     0x5575f2ff4507 - <alloc::boxed::Box<F,A> as core::ops::function::Fn<Args>>::call::h0ad024c9bdc6d768
[INFO] [stdout]                                at /rustc/82e1608dfa6e0b5569232559e3d385fea5a93112/library/alloc/src/boxed.rs:2021:9
[INFO] [stdout]   12:     0x5575f2ff4507 - test::test_main::{{closure}}::h7500b54257359db6
[INFO] [stdout]                                at /rustc/82e1608dfa6e0b5569232559e3d385fea5a93112/library/test/src/lib.rs:138:21
[INFO] [stdout]   13:     0x5575f3026778 - <alloc::boxed::Box<F,A> as core::ops::function::Fn<Args>>::call::h1f8f335eaa9cfaee
[INFO] [stdout]                                at /rustc/82e1608dfa6e0b5569232559e3d385fea5a93112/library/alloc/src/boxed.rs:2021:9
[INFO] [stdout]   14:     0x5575f3026778 - std::panicking::rust_panic_with_hook::h2b5517d590cab22e
[INFO] [stdout]                                at /rustc/82e1608dfa6e0b5569232559e3d385fea5a93112/library/std/src/panicking.rs:783:13
[INFO] [stdout]   15:     0x5575f30264ce - std::panicking::begin_panic_handler::{{closure}}::h233112c06e0ef43e
[INFO] [stdout]                                at /rustc/82e1608dfa6e0b5569232559e3d385fea5a93112/library/std/src/panicking.rs:657:13
[INFO] [stdout]   16:     0x5575f3024b86 - std::sys_common::backtrace::__rust_end_short_backtrace::h6e893f24d7ebbff8
[INFO] [stdout]                                at /rustc/82e1608dfa6e0b5569232559e3d385fea5a93112/library/std/src/sys_common/backtrace.rs:170:18
[INFO] [stdout]   17:     0x5575f3026232 - rust_begin_unwind
[INFO] [stdout]                                at /rustc/82e1608dfa6e0b5569232559e3d385fea5a93112/library/std/src/panicking.rs:645:5
[INFO] [stdout]   18:     0x5575f2fb8cf5 - core::panicking::panic_fmt::hbf0e066aabfa482c
[INFO] [stdout]                                at /rustc/82e1608dfa6e0b5569232559e3d385fea5a93112/library/core/src/panicking.rs:72:14
[INFO] [stdout]   19:     0x5575f2fb901b - core::panicking::assert_failed_inner::h0bba8b7c26ee4492
[INFO] [stdout]   20:     0x5575f2fbd45e - core::panicking::assert_failed::h56eead0a0b8168d5
[INFO] [stdout]                                at /rustc/82e1608dfa6e0b5569232559e3d385fea5a93112/library/core/src/panicking.rs:279:5
[INFO] [stdout]   21:     0x5575f2fbdd1d - day_07_part_2_paullgdc::tests::run_custom_test::hbfa9ebf93d31df6b
[INFO] [stdout]                                at /opt/rustwide/workdir/day-07/part-2/paullgdc.rs:131:9
[INFO] [stdout]   22:     0x5575f2fbdbd7 - day_07_part_2_paullgdc::tests::run_custom_test::{{closure}}::ha927e700fbde2319
[INFO] [stdout]                                at /opt/rustwide/workdir/day-07/part-2/paullgdc.rs:123:25
[INFO] [stdout]   23:     0x5575f2fba366 - core::ops::function::FnOnce::call_once::hda75f1a0746bca2f
[INFO] [stdout]                                at /rustc/82e1608dfa6e0b5569232559e3d385fea5a93112/library/core/src/ops/function.rs:250:5
[INFO] [stdout]   24:     0x5575f2ff9b5f - core::ops::function::FnOnce::call_once::h2b5d431d5046312d
[INFO] [stdout]                                at /rustc/82e1608dfa6e0b5569232559e3d385fea5a93112/library/core/src/ops/function.rs:250:5
[INFO] [stdout]   25:     0x5575f2ff9b5f - test::__rust_begin_short_backtrace::h7714669af176e207
[INFO] [stdout]                                at /rustc/82e1608dfa6e0b5569232559e3d385fea5a93112/library/test/src/lib.rs:628:18
[INFO] [stdout]   26:     0x5575f2ff8b75 - test::run_test_in_process::{{closure}}::h85218797dcbcec12
[INFO] [stdout]                                at /rustc/82e1608dfa6e0b5569232559e3d385fea5a93112/library/test/src/lib.rs:651:60
[INFO] [stdout]   27:     0x5575f2ff8b75 - <core::panic::unwind_safe::AssertUnwindSafe<F> as core::ops::function::FnOnce<()>>::call_once::h76c106ea31c14d7b
[INFO] [stdout]                                at /rustc/82e1608dfa6e0b5569232559e3d385fea5a93112/library/core/src/panic/unwind_safe.rs:272:9
[INFO] [stdout]   28:     0x5575f2ff8b75 - std::panicking::try::do_call::h3bd5d0f6620ee946
[INFO] [stdout]                                at /rustc/82e1608dfa6e0b5569232559e3d385fea5a93112/library/std/src/panicking.rs:552:40
[INFO] [stdout]   29:     0x5575f2ff8b75 - std::panicking::try::h232e535e4744fe31
[INFO] [stdout]                                at /rustc/82e1608dfa6e0b5569232559e3d385fea5a93112/library/std/src/panicking.rs:516:19
[INFO] [stdout]   30:     0x5575f2ff8b75 - std::panic::catch_unwind::h3ce3bd6ca8dbac68
[INFO] [stdout]                                at /rustc/82e1608dfa6e0b5569232559e3d385fea5a93112/library/std/src/panic.rs:142:14
[INFO] [stdout]   31:     0x5575f2ff8b75 - test::run_test_in_process::hc97b257c9621286a
[INFO] [stdout]                                at /rustc/82e1608dfa6e0b5569232559e3d385fea5a93112/library/test/src/lib.rs:651:27
[INFO] [stdout]   32:     0x5575f2ff8b75 - test::run_test::{{closure}}::h2aa798823a438d38
[INFO] [stdout]                                at /rustc/82e1608dfa6e0b5569232559e3d385fea5a93112/library/test/src/lib.rs:574:43
[INFO] [stdout]   33:     0x5575f2fc0e36 - test::run_test::{{closure}}::h87d231c78fb59832
[INFO] [stdout]                                at /rustc/82e1608dfa6e0b5569232559e3d385fea5a93112/library/test/src/lib.rs:602:41
[INFO] [stdout]   34:     0x5575f2fc0e36 - std::sys_common::backtrace::__rust_begin_short_backtrace::he6df152596625789
[INFO] [stdout]                                at /rustc/82e1608dfa6e0b5569232559e3d385fea5a93112/library/std/src/sys_common/backtrace.rs:154:18
[INFO] [stdout]   35:     0x5575f2fc5ee7 - std::thread::Builder::spawn_unchecked_::{{closure}}::{{closure}}::ha94be15d1e0acf36
[INFO] [stdout]                                at /rustc/82e1608dfa6e0b5569232559e3d385fea5a93112/library/std/src/thread/mod.rs:529:17
[INFO] [stdout]   36:     0x5575f2fc5ee7 - <core::panic::unwind_safe::AssertUnwindSafe<F> as core::ops::function::FnOnce<()>>::call_once::h9dc6bd6372f16606
[INFO] [stdout]                                at /rustc/82e1608dfa6e0b5569232559e3d385fea5a93112/library/core/src/panic/unwind_safe.rs:272:9
[INFO] [stdout]   37:     0x5575f2fc5ee7 - std::panicking::try::do_call::h9057517f80303cd4
[INFO] [stdout]                                at /rustc/82e1608dfa6e0b5569232559e3d385fea5a93112/library/std/src/panicking.rs:552:40
[INFO] [stdout]   38:     0x5575f2fc5ee7 - std::panicking::try::he3a30b11ee45340c
[INFO] [stdout]                                at /rustc/82e1608dfa6e0b5569232559e3d385fea5a93112/library/std/src/panicking.rs:516:19
[INFO] [stdout]   39:     0x5575f2fc5ee7 - std::panic::catch_unwind::h410458cfd3528b8b
[INFO] [stdout]                                at /rustc/82e1608dfa6e0b5569232559e3d385fea5a93112/library/std/src/panic.rs:142:14
[INFO] [stdout]   40:     0x5575f2fc5ee7 - std::thread::Builder::spawn_unchecked_::{{closure}}::h72ac3bdb567b737b
[INFO] [stdout]                                at /rustc/82e1608dfa6e0b5569232559e3d385fea5a93112/library/std/src/thread/mod.rs:528:30
[INFO] [stdout]   41:     0x5575f2fc5ee7 - core::ops::function::FnOnce::call_once{{vtable.shim}}::h38f34da3654a8344
[INFO] [stdout]                                at /rustc/82e1608dfa6e0b5569232559e3d385fea5a93112/library/core/src/ops/function.rs:250:5
[INFO] [stdout]   42:     0x5575f302b205 - <alloc::boxed::Box<F,A> as core::ops::function::FnOnce<Args>>::call_once::hc7eafaff61e32df9
[INFO] [stdout]                                at /rustc/82e1608dfa6e0b5569232559e3d385fea5a93112/library/alloc/src/boxed.rs:2007:9
[INFO] [stdout]   43:     0x5575f302b205 - <alloc::boxed::Box<F,A> as core::ops::function::FnOnce<Args>>::call_once::h6ba4a5de48dd2304
[INFO] [stdout]                                at /rustc/82e1608dfa6e0b5569232559e3d385fea5a93112/library/alloc/src/boxed.rs:2007:9
[INFO] [stdout]   44:     0x5575f302b205 - std::sys::unix::thread::Thread::new::thread_start::he469335aef763e45
[INFO] [stdout]                                at /rustc/82e1608dfa6e0b5569232559e3d385fea5a93112/library/std/src/sys/unix/thread.rs:108:17
[INFO] [stdout]   45:     0x7f4e3c11dac3 - <unknown>
[INFO] [stdout]   46:     0x7f4e3c1aebf4 - __clone
[INFO] [stdout]   47:                0x0 - <unknown>
[INFO] [stdout] 
[INFO] [stdout] 
[INFO] [stdout] failures:
[INFO] [stdout]     tests::run_custom_test
[INFO] [stdout] 
[INFO] [stdout] test result: FAILED. 1 passed; 1 failed; 0 ignored; 0 measured; 0 filtered out; finished in 0.01s
[INFO] [stdout] 
[INFO] [stderr] error: test failed, to rerun pass `--bin day-07-part-2-paullgdc`
[INFO] running `Command { std: "docker" "inspect" "f11a76b171f07ba3c495920cd1b9d0033a3fd186e5d785851d67a61ccef7347d", kill_on_drop: false }`
[INFO] running `Command { std: "docker" "rm" "-f" "f11a76b171f07ba3c495920cd1b9d0033a3fd186e5d785851d67a61ccef7347d", kill_on_drop: false }`
[INFO] [stdout] f11a76b171f07ba3c495920cd1b9d0033a3fd186e5d785851d67a61ccef7347d
