[INFO] cloning repository https://github.com/tetsugakusha256/Gameboyish
[INFO] running `Command { std: "git" "-c" "credential.helper=" "-c" "credential.helper=/workspace/cargo-home/bin/git-credential-null" "clone" "--bare" "https://github.com/tetsugakusha256/Gameboyish" "/workspace/cache/git-repos/https%3A%2F%2Fgithub.com%2Ftetsugakusha256%2FGameboyish", kill_on_drop: false }`
[INFO] [stderr] Cloning into bare repository '/workspace/cache/git-repos/https%3A%2F%2Fgithub.com%2Ftetsugakusha256%2FGameboyish'...
[INFO] running `Command { std: "git" "rev-parse" "HEAD", kill_on_drop: false }`
[INFO] [stdout] a550501fb8d07d770dfcffd617e06debe429cd1c
[INFO] testing tetsugakusha256/Gameboyish against 1.75.0 for beta-1.76-1
[INFO] running `Command { std: "git" "clone" "/workspace/cache/git-repos/https%3A%2F%2Fgithub.com%2Ftetsugakusha256%2FGameboyish" "/workspace/builds/worker-6-tc1/source", kill_on_drop: false }`
[INFO] [stderr] Cloning into '/workspace/builds/worker-6-tc1/source'...
[INFO] [stderr] done.
[INFO] validating manifest of git repo https://github.com/tetsugakusha256/Gameboyish on toolchain 1.75.0
[INFO] running `Command { std: CARGO_HOME="/workspace/cargo-home" RUSTUP_HOME="/workspace/rustup-home" "/workspace/cargo-home/bin/cargo" "+1.75.0" "metadata" "--manifest-path" "Cargo.toml" "--no-deps", kill_on_drop: false }`
[INFO] started tweaking git repo https://github.com/tetsugakusha256/Gameboyish
[INFO] finished tweaking git repo https://github.com/tetsugakusha256/Gameboyish
[INFO] tweaked toml for git repo https://github.com/tetsugakusha256/Gameboyish written to /workspace/builds/worker-6-tc1/source/Cargo.toml
[INFO] crate git repo https://github.com/tetsugakusha256/Gameboyish already has a lockfile, it will not be regenerated
[INFO] running `Command { std: CARGO_HOME="/workspace/cargo-home" RUSTUP_HOME="/workspace/rustup-home" "/workspace/cargo-home/bin/cargo" "+1.75.0" "fetch" "--manifest-path" "Cargo.toml", kill_on_drop: false }`
[INFO] running `Command { std: "docker" "create" "-v" "/var/lib/crater-agent-workspace/builds/worker-6-tc1/target:/opt/rustwide/target:rw,Z" "-v" "/var/lib/crater-agent-workspace/builds/worker-6-tc1/source:/opt/rustwide/workdir:ro,Z" "-v" "/var/lib/crater-agent-workspace/cargo-home:/opt/rustwide/cargo-home:ro,Z" "-v" "/var/lib/crater-agent-workspace/rustup-home:/opt/rustwide/rustup-home:ro,Z" "-e" "SOURCE_DIR=/opt/rustwide/workdir" "-e" "CARGO_TARGET_DIR=/opt/rustwide/target" "-e" "CARGO_HOME=/opt/rustwide/cargo-home" "-e" "RUSTUP_HOME=/opt/rustwide/rustup-home" "-w" "/opt/rustwide/workdir" "-m" "1610612736" "--user" "0:0" "--network" "none" "ghcr.io/rust-lang/crates-build-env/linux@sha256:2788e3201cd34a07e3172128adcd8b3090168a8e3bcc40d7c032b9dda1df7d1c" "/opt/rustwide/cargo-home/bin/cargo" "+1.75.0" "metadata" "--no-deps" "--format-version=1", kill_on_drop: false }`
[INFO] [stdout] 51e4356160622f1b9f336ed66f3e83d2789343224c70c0bc16cc2fc19bfe4a6b
[INFO] running `Command { std: "docker" "start" "-a" "51e4356160622f1b9f336ed66f3e83d2789343224c70c0bc16cc2fc19bfe4a6b", kill_on_drop: false }`
[INFO] running `Command { std: "docker" "inspect" "51e4356160622f1b9f336ed66f3e83d2789343224c70c0bc16cc2fc19bfe4a6b", kill_on_drop: false }`
[INFO] running `Command { std: "docker" "rm" "-f" "51e4356160622f1b9f336ed66f3e83d2789343224c70c0bc16cc2fc19bfe4a6b", kill_on_drop: false }`
[INFO] [stdout] 51e4356160622f1b9f336ed66f3e83d2789343224c70c0bc16cc2fc19bfe4a6b
[INFO] running `Command { std: "docker" "create" "-v" "/var/lib/crater-agent-workspace/builds/worker-6-tc1/target:/opt/rustwide/target:rw,Z" "-v" "/var/lib/crater-agent-workspace/builds/worker-6-tc1/source:/opt/rustwide/workdir:ro,Z" "-v" "/var/lib/crater-agent-workspace/cargo-home:/opt/rustwide/cargo-home:ro,Z" "-v" "/var/lib/crater-agent-workspace/rustup-home:/opt/rustwide/rustup-home:ro,Z" "-e" "SOURCE_DIR=/opt/rustwide/workdir" "-e" "CARGO_TARGET_DIR=/opt/rustwide/target" "-e" "CARGO_INCREMENTAL=0" "-e" "RUST_BACKTRACE=full" "-e" "RUSTFLAGS=--cap-lints=warn" "-e" "RUSTDOCFLAGS=--cap-lints=warn" "-e" "CARGO_HOME=/opt/rustwide/cargo-home" "-e" "RUSTUP_HOME=/opt/rustwide/rustup-home" "-w" "/opt/rustwide/workdir" "-m" "1610612736" "--user" "0:0" "--network" "none" "ghcr.io/rust-lang/crates-build-env/linux@sha256:2788e3201cd34a07e3172128adcd8b3090168a8e3bcc40d7c032b9dda1df7d1c" "/opt/rustwide/cargo-home/bin/cargo" "+1.75.0" "build" "--frozen" "--message-format=json", kill_on_drop: false }`
[INFO] [stdout] 9616f5f99664d0e4a600f4bf984f8b474983074cab75026289faa30cea4f8b85
[INFO] running `Command { std: "docker" "start" "-a" "9616f5f99664d0e4a600f4bf984f8b474983074cab75026289faa30cea4f8b85", kill_on_drop: false }`
[INFO] [stderr]    Compiling pkg-config v0.3.27
[INFO] [stderr]    Compiling libc v0.2.150
[INFO] [stderr]    Compiling cfg-if v1.0.0
[INFO] [stderr]    Compiling proc-macro2 v1.0.69
[INFO] [stderr]    Compiling unicode-ident v1.0.12
[INFO] [stderr]    Compiling autocfg v1.1.0
[INFO] [stderr]    Compiling bitflags v1.3.2
[INFO] [stderr]    Compiling libloading v0.8.1
[INFO] [stderr]    Compiling semver v1.0.20
[INFO] [stderr]    Compiling xml-rs v0.8.19
[INFO] [stderr]    Compiling dlib v0.5.2
[INFO] [stderr]    Compiling once_cell v1.18.0
[INFO] [stderr]    Compiling memoffset v0.6.5
[INFO] [stderr]    Compiling lazy_static v1.4.0
[INFO] [stderr]    Compiling libm v0.2.8
[INFO] [stderr]    Compiling wayland-sys v0.29.5
[INFO] [stderr]    Compiling quote v1.0.33
[INFO] [stderr]    Compiling rustc_version v0.4.0
[INFO] [stderr]    Compiling wayland-scanner v0.29.5
[INFO] [stderr]    Compiling cc v1.0.83
[INFO] [stderr]    Compiling syn v2.0.39
[INFO] [stderr]    Compiling yeslogic-fontconfig-sys v3.2.0
[INFO] [stderr]    Compiling pathfinder_simd v0.5.2
[INFO] [stderr]    Compiling nix v0.24.3
[INFO] [stderr]    Compiling cmake v0.1.50
[INFO] [stderr]    Compiling num-traits v0.2.17
[INFO] [stderr]    Compiling simd-adler32 v0.3.7
[INFO] [stderr]    Compiling crc32fast v1.3.2
[INFO] [stderr]    Compiling smallvec v1.11.2
[INFO] [stderr]    Compiling minimal-lexical v0.2.1
[INFO] [stderr]    Compiling memchr v2.6.4
[INFO] [stderr]    Compiling wayland-client v0.29.5
[INFO] [stderr]    Compiling scoped-tls v1.0.1
[INFO] [stderr]    Compiling downcast-rs v1.2.0
[INFO] [stderr]    Compiling adler v1.0.2
[INFO] [stderr]    Compiling freetype-sys v0.13.1
[INFO] [stderr]    Compiling radium v0.7.0
[INFO] [stderr]    Compiling rustix v0.38.21
[INFO] [stderr]    Compiling miniz_oxide v0.7.1
[INFO] [stderr]    Compiling nom v7.1.3
[INFO] [stderr]    Compiling wayland-commons v0.29.5
[INFO] [stderr]    Compiling wayland-protocols v0.29.5
[INFO] [stderr]    Compiling dirs-sys-next v0.1.2
[INFO] [stderr]    Compiling x11-dl v2.21.0
[INFO] [stderr]    Compiling thiserror v1.0.50
[INFO] [stderr]    Compiling linux-raw-sys v0.4.11
[INFO] [stderr]    Compiling same-file v1.0.6
[INFO] [stderr]    Compiling log v0.4.20
[INFO] [stderr]    Compiling font-kit v0.11.0
[INFO] [stderr]    Compiling const-cstr v0.3.0
[INFO] [stderr]    Compiling tap v1.0.1
[INFO] [stderr]    Compiling serde v1.0.192
[INFO] [stderr]    Compiling bitflags v2.4.1
[INFO] [stderr]    Compiling wyz v0.5.1
[INFO] [stderr]    Compiling xcursor v0.3.4
[INFO] [stderr]    Compiling pathfinder_geometry v0.5.1
[INFO] [stderr]    Compiling thiserror-impl v1.0.50
[INFO] [stderr]    Compiling serde_derive v1.0.192
[INFO] [stderr]    Compiling walkdir v2.4.0
[INFO] [stderr]    Compiling dirs-next v2.0.0
[INFO] [stderr]    Compiling euclid v0.22.9
[INFO] [stderr]    Compiling flate2 v1.0.28
[INFO] [stderr]    Compiling freetype v0.7.0
[INFO] [stderr]    Compiling minifb v0.25.0
[INFO] [stderr]    Compiling fdeflate v0.3.1
[INFO] [stderr]    Compiling float-ord v0.2.0
[INFO] [stderr]    Compiling serde_json v1.0.108
[INFO] [stderr]    Compiling fastrand v2.0.1
[INFO] [stderr]    Compiling cty v0.2.2
[INFO] [stderr]    Compiling funty v2.0.0
[INFO] [stderr]    Compiling arrayvec v0.7.4
[INFO] [stderr]    Compiling byteorder v1.5.0
[INFO] [stderr]    Compiling tempfile v3.8.1
[INFO] [stderr]    Compiling lyon_geom v1.0.4
[INFO] [stderr]    Compiling raw-window-handle v0.4.3
[INFO] [stderr]    Compiling bitvec v1.0.1
[INFO] [stderr]    Compiling png v0.17.10
[INFO] [stderr]    Compiling wayland-cursor v0.29.5
[INFO] [stderr]    Compiling memmap2 v0.7.1
[INFO] [stderr]    Compiling nix v0.23.2
[INFO] [stderr]    Compiling xkeysym v0.2.0
[INFO] [stderr]    Compiling itoa v1.0.9
[INFO] [stderr]    Compiling ryu v1.0.15
[INFO] [stderr]    Compiling as-raw-xcb-connection v1.0.0
[INFO] [stderr]    Compiling typed-arena v2.0.2
[INFO] [stderr]    Compiling sw-composite v0.7.16
[INFO] [stderr]    Compiling raqote v0.8.3
[INFO] [stderr]    Compiling xkbcommon v0.6.0
[INFO] [stderr]    Compiling evdev v0.12.1
[INFO] [stderr]    Compiling game_boyish v0.1.0 (/opt/rustwide/workdir)
[INFO] [stdout] warning: unused import: `CARTRIDGE_TYPE`
[INFO] [stdout]  --> src/cartridge.rs:3:58
[INFO] [stdout]   |
[INFO] [stdout] 3 |     util::cartridge_util::{load, CartridgeData, MBCType, CARTRIDGE_TYPE},
[INFO] [stdout]   |                                                          ^^^^^^^^^^^^^^
[INFO] [stdout]   |
[INFO] [stdout]   = note: `#[warn(unused_imports)]` on by default
[INFO] [stdout] 
[INFO] [stdout] 
[INFO] [stdout] warning: unused import: `NibblesU8`
[INFO] [stdout]  --> src/timer_reg.rs:3:40
[INFO] [stdout]   |
[INFO] [stdout] 3 |     util::u8_traits::{Bit, NibblesU16, NibblesU8},
[INFO] [stdout]   |                                        ^^^^^^^^^
[INFO] [stdout] 
[INFO] [stdout] 
[INFO] [stdout] warning: unused import: `error::Error`
[INFO] [stdout]  --> src/util/extract_opcode.rs:2:33
[INFO] [stdout]   |
[INFO] [stdout] 2 | use std::{collections::HashMap, error::Error, fs::File, io::Read};
[INFO] [stdout]   |                                 ^^^^^^^^^^^^
[INFO] [stdout] 
[INFO] [stdout] 
[INFO] [stdout] warning: unused import: `u16::MAX as MAXu16`
[INFO] [stdout]  --> src/util/u8_traits.rs:1:11
[INFO] [stdout]   |
[INFO] [stdout] 1 | use std::{u16::MAX as MAXu16, u8::MAX};
[INFO] [stdout]   |           ^^^^^^^^^^^^^^^^^^
[INFO] [stdout] 
[INFO] [stdout] 
[INFO] [stdout] warning: unused import: `bus::OAMSprite`
[INFO] [stdout]  --> src/util/tiles_util.rs:2:5
[INFO] [stdout]   |
[INFO] [stdout] 2 |     bus::OAMSprite,
[INFO] [stdout]   |     ^^^^^^^^^^^^^^
[INFO] [stdout] 
[INFO] [stdout] 
[INFO] [stdout] warning: unused import: `MouseMode`
[INFO] [stdout]  --> src/windows/game_window.rs:3:14
[INFO] [stdout]   |
[INFO] [stdout] 3 | use minifb::{MouseMode, Window, WindowOptions};
[INFO] [stdout]   |              ^^^^^^^^^
[INFO] [stdout] 
[INFO] [stdout] 
[INFO] [stdout] warning: unused imports: `DrawOptions`, `DrawTarget`, `PathBuilder`, `SolidSource`, `Source`
[INFO] [stdout]  --> src/windows/game_window.rs:4:14
[INFO] [stdout]   |
[INFO] [stdout] 4 | use raqote::{DrawOptions, DrawTarget, PathBuilder, SolidSource, Source};
[INFO] [stdout]   |              ^^^^^^^^^^^  ^^^^^^^^^^  ^^^^^^^^^^^  ^^^^^^^^^^^  ^^^^^^
[INFO] [stdout] 
[INFO] [stdout] 
[INFO] [stdout] warning: unused variable: `scx`
[INFO] [stdout]    --> src/ppu.rs:142:18
[INFO] [stdout]     |
[INFO] [stdout] 142 |             let (scx, scy) = self.vram.get_background();
[INFO] [stdout]     |                  ^^^ help: if this is intentional, prefix it with an underscore: `_scx`
[INFO] [stdout]     |
[INFO] [stdout]     = note: `#[warn(unused_variables)]` on by default
[INFO] [stdout] 
[INFO] [stdout] 
[INFO] [stdout] warning: unused variable: `mnem`
[INFO] [stdout]   --> src/util/extract_opcode.rs:78:9
[INFO] [stdout]    |
[INFO] [stdout] 78 |     for mnem in hash {
[INFO] [stdout]    |         ^^^^ help: if this is intentional, prefix it with an underscore: `_mnem`
[INFO] [stdout] 
[INFO] [stdout] 
[INFO] [stdout] warning: unused variable: `half_carry`
[INFO] [stdout]   --> src/util/math_util.rs:30:18
[INFO] [stdout]    |
[INFO] [stdout] 30 |     let (result, half_carry) = a.overflowing_sub(b);
[INFO] [stdout]    |                  ^^^^^^^^^^ help: if this is intentional, prefix it with an underscore: `_half_carry`
[INFO] [stdout] 
[INFO] [stdout] 
[INFO] [stdout] warning: unused variable: `half_carry`
[INFO] [stdout]   --> src/util/math_util.rs:35:18
[INFO] [stdout]    |
[INFO] [stdout] 35 |     let (result, half_carry) = a.overflowing_add(b);
[INFO] [stdout]    |                  ^^^^^^^^^^ help: if this is intentional, prefix it with an underscore: `_half_carry`
[INFO] [stdout] 
[INFO] [stdout] 
[INFO] [stdout] warning: unused variable: `n`
[INFO] [stdout]   --> src/util/math_util.rs:78:18
[INFO] [stdout]    |
[INFO] [stdout] 78 |     let (res, z, n, h, _) = addition(a, 1);
[INFO] [stdout]    |                  ^ help: if this is intentional, prefix it with an underscore: `_n`
[INFO] [stdout] 
[INFO] [stdout] 
[INFO] [stdout] warning: unused variable: `n`
[INFO] [stdout]   --> src/util/math_util.rs:83:18
[INFO] [stdout]    |
[INFO] [stdout] 83 |     let (res, z, n, h, _) = subtraction(a, 1);
[INFO] [stdout]    |                  ^ help: if this is intentional, prefix it with an underscore: `_n`
[INFO] [stdout] 
[INFO] [stdout] 
[INFO] [stdout] warning: unused variable: `low`
[INFO] [stdout]    --> src/util/math_util.rs:115:9
[INFO] [stdout]     |
[INFO] [stdout] 115 |     let low = a.low_4nibble();
[INFO] [stdout]     |         ^^^ help: if this is intentional, prefix it with an underscore: `_low`
[INFO] [stdout] 
[INFO] [stdout] 
[INFO] [stdout] warning: unused variable: `high`
[INFO] [stdout]    --> src/util/math_util.rs:116:9
[INFO] [stdout]     |
[INFO] [stdout] 116 |     let high = a.high_nibble();
[INFO] [stdout]     |         ^^^^ help: if this is intentional, prefix it with an underscore: `_high`
[INFO] [stdout] 
[INFO] [stdout] 
[INFO] [stdout] warning: variable `c1` is assigned to, but never used
[INFO] [stdout]    --> src/util/math_util.rs:117:13
[INFO] [stdout]     |
[INFO] [stdout] 117 |     let mut c1 = false;
[INFO] [stdout]     |             ^^
[INFO] [stdout]     |
[INFO] [stdout]     = note: consider using `_c1` instead
[INFO] [stdout] 
[INFO] [stdout] 
[INFO] [stdout] warning: variable `c2` is assigned to, but never used
[INFO] [stdout]    --> src/util/math_util.rs:118:13
[INFO] [stdout]     |
[INFO] [stdout] 118 |     let mut c2 = false;
[INFO] [stdout]     |             ^^
[INFO] [stdout]     |
[INFO] [stdout]     = note: consider using `_c2` instead
[INFO] [stdout] 
[INFO] [stdout] 
[INFO] [stdout] warning: value assigned to `c2` is never read
[INFO] [stdout]    --> src/util/math_util.rs:124:34
[INFO] [stdout]     |
[INFO] [stdout] 124 |                 (new_a, _, _, _, c2) = subtraction(new_a, 0x60);
[INFO] [stdout]     |                                  ^^
[INFO] [stdout]     |
[INFO] [stdout]     = help: maybe it is overwritten before being read?
[INFO] [stdout]     = note: `#[warn(unused_assignments)]` on by default
[INFO] [stdout] 
[INFO] [stdout] 
[INFO] [stdout] warning: value assigned to `c1` is never read
[INFO] [stdout]    --> src/util/math_util.rs:127:34
[INFO] [stdout]     |
[INFO] [stdout] 127 |                 (new_a, _, _, _, c1) = subtraction(new_a, 0x06);
[INFO] [stdout]     |                                  ^^
[INFO] [stdout]     |
[INFO] [stdout]     = help: maybe it is overwritten before being read?
[INFO] [stdout] 
[INFO] [stdout] 
[INFO] [stdout] warning: value assigned to `c2` is never read
[INFO] [stdout]    --> src/util/math_util.rs:133:34
[INFO] [stdout]     |
[INFO] [stdout] 133 |                 (new_a, _, _, _, c2) = addition(new_a, 0x60);
[INFO] [stdout]     |                                  ^^
[INFO] [stdout]     |
[INFO] [stdout]     = help: maybe it is overwritten before being read?
[INFO] [stdout] 
[INFO] [stdout] 
[INFO] [stdout] warning: value assigned to `c1` is never read
[INFO] [stdout]    --> src/util/math_util.rs:136:34
[INFO] [stdout]     |
[INFO] [stdout] 136 |                 (new_a, _, _, _, c1) = addition(new_a, 0x06);
[INFO] [stdout]     |                                  ^^
[INFO] [stdout]     |
[INFO] [stdout]     = help: maybe it is overwritten before being read?
[INFO] [stdout] 
[INFO] [stdout] 
[INFO] [stdout] warning: unused variable: `size`
[INFO] [stdout]   --> src/windows/game_window.rs:52:17
[INFO] [stdout]    |
[INFO] [stdout] 52 |             let size = window.get_size();
[INFO] [stdout]    |                 ^^^^ help: if this is intentional, prefix it with an underscore: `_size`
[INFO] [stdout] 
[INFO] [stdout] 
[INFO] [stdout] warning: struct `Cartridge` is never constructed
[INFO] [stdout]  --> src/cartridge.rs:7:8
[INFO] [stdout]   |
[INFO] [stdout] 7 | struct Cartridge {
[INFO] [stdout]   |        ^^^^^^^^^
[INFO] [stdout]   |
[INFO] [stdout]   = note: `#[warn(dead_code)]` on by default
[INFO] [stdout] 
[INFO] [stdout] 
[INFO] [stdout] warning: associated function `new` is never used
[INFO] [stdout]   --> src/cartridge.rs:13:8
[INFO] [stdout]    |
[INFO] [stdout] 12 | impl Cartridge {
[INFO] [stdout]    | -------------- associated function in this implementation
[INFO] [stdout] 13 |     fn new(bus: Rc<RefCell<Bus>>, file_path: &str) -> Cartridge {
[INFO] [stdout]    |        ^^^
[INFO] [stdout] 
[INFO] [stdout] 
[INFO] [stdout] warning: method `stop` is never used
[INFO] [stdout]   --> src/emulator.rs:92:8
[INFO] [stdout]    |
[INFO] [stdout] 31 | impl Emulator {
[INFO] [stdout]    | ------------- method in this implementation
[INFO] [stdout] ...
[INFO] [stdout] 92 |     fn stop(&mut self) {
[INFO] [stdout]    |        ^^^^
[INFO] [stdout] 
[INFO] [stdout] 
[INFO] [stdout] warning: function `tick` is never used
[INFO] [stdout]   --> src/io_handler.rs:37:4
[INFO] [stdout]    |
[INFO] [stdout] 37 | fn tick() {
[INFO] [stdout]    |    ^^^^
[INFO] [stdout] 
[INFO] [stdout] 
[INFO] [stdout] warning: constant `MODE_2_DOTS` is never used
[INFO] [stdout]   --> src/ppu.rs:24:7
[INFO] [stdout]    |
[INFO] [stdout] 24 | const MODE_2_DOTS: usize = 80usize;
[INFO] [stdout]    |       ^^^^^^^^^^^
[INFO] [stdout]    |
[INFO] [stdout] note: the lint level is defined here
[INFO] [stdout]   --> src/ppu.rs:23:8
[INFO] [stdout]    |
[INFO] [stdout] 23 | #[warn(dead_code)]
[INFO] [stdout]    |        ^^^^^^^^^
[INFO] [stdout] 
[INFO] [stdout] 
[INFO] [stdout] warning: constant `MODE_3_DOTS_MIN` is never used
[INFO] [stdout]   --> src/ppu.rs:25:7
[INFO] [stdout]    |
[INFO] [stdout] 25 | const MODE_3_DOTS_MIN: usize = 172usize;
[INFO] [stdout]    |       ^^^^^^^^^^^^^^^
[INFO] [stdout] 
[INFO] [stdout] 
[INFO] [stdout] warning: constant `MODE_0_DOTS_MIN` is never used
[INFO] [stdout]   --> src/ppu.rs:27:7
[INFO] [stdout]    |
[INFO] [stdout] 27 | const MODE_0_DOTS_MIN: usize = 87usize;
[INFO] [stdout]    |       ^^^^^^^^^^^^^^^
[INFO] [stdout] 
[INFO] [stdout] 
[INFO] [stdout] warning: constant `MODE_0_DOTS_MAX` is never used
[INFO] [stdout]   --> src/ppu.rs:28:7
[INFO] [stdout]    |
[INFO] [stdout] 28 | const MODE_0_DOTS_MAX: usize = 204usize;
[INFO] [stdout]    |       ^^^^^^^^^^^^^^^
[INFO] [stdout] 
[INFO] [stdout] 
[INFO] [stdout] warning: associated function `draw` is never used
[INFO] [stdout]    --> src/ppu.rs:288:8
[INFO] [stdout]     |
[INFO] [stdout] 50  | impl PPU {
[INFO] [stdout]     | -------- associated function in this implementation
[INFO] [stdout] ...
[INFO] [stdout] 288 |     fn draw() {}
[INFO] [stdout]     |        ^^^^
[INFO] [stdout] 
[INFO] [stdout] 
[INFO] [stdout] warning: field `frequency` is never read
[INFO] [stdout]  --> src/quartz.rs:7:5
[INFO] [stdout]   |
[INFO] [stdout] 6 | pub struct Quartz {
[INFO] [stdout]   |            ------ field in this struct
[INFO] [stdout] 7 |     frequency: u32,
[INFO] [stdout]   |     ^^^^^^^^^
[INFO] [stdout] 
[INFO] [stdout] 
[INFO] [stdout] warning: struct `Register` is never constructed
[INFO] [stdout]  --> src/register.rs:5:8
[INFO] [stdout]   |
[INFO] [stdout] 5 | struct Register(u16);
[INFO] [stdout]   |        ^^^^^^^^
[INFO] [stdout] 
[INFO] [stdout] 
[INFO] [stdout] warning: constant `TILE_BYTE_SIZE` is never used
[INFO] [stdout]  --> src/util/tiles_util.rs:8:7
[INFO] [stdout]   |
[INFO] [stdout] 8 | const TILE_BYTE_SIZE: usize = 16usize;
[INFO] [stdout]   |       ^^^^^^^^^^^^^^
[INFO] [stdout] 
[INFO] [stdout] 
[INFO] [stdout] warning: function `print_screen_vec` is never used
[INFO] [stdout]    --> src/util/tiles_util.rs:136:4
[INFO] [stdout]     |
[INFO] [stdout] 136 | fn print_screen_vec(tile_vec: &ScreenVector) {
[INFO] [stdout]     |    ^^^^^^^^^^^^^^^^
[INFO] [stdout] 
[INFO] [stdout] 
[INFO] [stdout] warning: function `print_tile_vec` is never used
[INFO] [stdout]    --> src/util/tiles_util.rs:146:4
[INFO] [stdout]     |
[INFO] [stdout] 146 | fn print_tile_vec(tile_vec: TileVector) {
[INFO] [stdout]     |    ^^^^^^^^^^^^^^
[INFO] [stdout] 
[INFO] [stdout] 
[INFO] [stdout] warning: function `random_buffer` is never used
[INFO] [stdout]   --> src/windows/game_window.rs:66:4
[INFO] [stdout]    |
[INFO] [stdout] 66 | fn random_buffer(width: usize, height: usize) -> Vec<u32> {
[INFO] [stdout]    |    ^^^^^^^^^^^^^
[INFO] [stdout] 
[INFO] [stdout] 
[INFO] [stdout] warning: structure field `Z` should have a snake case name
[INFO] [stdout]   --> src/util/extract_opcode.rs:14:9
[INFO] [stdout]    |
[INFO] [stdout] 14 |     pub Z: String,
[INFO] [stdout]    |         ^ help: convert the identifier to snake case (notice the capitalization): `z`
[INFO] [stdout]    |
[INFO] [stdout]    = note: `#[warn(non_snake_case)]` on by default
[INFO] [stdout] 
[INFO] [stdout] 
[INFO] [stdout] warning: structure field `N` should have a snake case name
[INFO] [stdout]   --> src/util/extract_opcode.rs:15:9
[INFO] [stdout]    |
[INFO] [stdout] 15 |     pub N: String,
[INFO] [stdout]    |         ^ help: convert the identifier to snake case: `n`
[INFO] [stdout] 
[INFO] [stdout] 
[INFO] [stdout] warning: structure field `H` should have a snake case name
[INFO] [stdout]   --> src/util/extract_opcode.rs:16:9
[INFO] [stdout]    |
[INFO] [stdout] 16 |     pub H: String,
[INFO] [stdout]    |         ^ help: convert the identifier to snake case: `h`
[INFO] [stdout] 
[INFO] [stdout] 
[INFO] [stdout] warning: structure field `C` should have a snake case name
[INFO] [stdout]   --> src/util/extract_opcode.rs:17:9
[INFO] [stdout]    |
[INFO] [stdout] 17 |     pub C: String,
[INFO] [stdout]    |         ^ help: convert the identifier to snake case (notice the capitalization): `c`
[INFO] [stdout] 
[INFO] [stdout] 
[INFO] [stdout] warning: 41 warnings emitted
[INFO] [stdout] 
[INFO] [stdout] 
[INFO] [stdout] warning: unused variable: `link_game`
[INFO] [stdout]   --> src/bin/main.rs:26:9
[INFO] [stdout]    |
[INFO] [stdout] 26 |     let link_game = load("roms/Legend of Zelda, The - Link's Awakening (U) (V1.2) [!].gb")
[INFO] [stdout]    |         ^^^^^^^^^ help: if this is intentional, prefix it with an underscore: `_link_game`
[INFO] [stdout]    |
[INFO] [stdout]    = note: `#[warn(unused_variables)]` on by default
[INFO] [stdout] 
[INFO] [stdout] 
[INFO] [stdout] warning: unused variable: `emu`
[INFO] [stdout]   --> src/bin/main.rs:53:13
[INFO] [stdout]    |
[INFO] [stdout] 53 |     let mut emu = Emulator {
[INFO] [stdout]    |             ^^^ help: if this is intentional, prefix it with an underscore: `_emu`
[INFO] [stdout] 
[INFO] [stdout] 
[INFO] [stdout] warning: unused variable: `opcodes_pre`
[INFO] [stdout]   --> src/bin/main.rs:68:9
[INFO] [stdout]    |
[INFO] [stdout] 68 |     let opcodes_pre = load_json("opcodes_pre.json");
[INFO] [stdout]    |         ^^^^^^^^^^^ help: if this is intentional, prefix it with an underscore: `_opcodes_pre`
[INFO] [stdout] 
[INFO] [stdout] 
[INFO] [stdout] warning: unused variable: `opcodes_nopre`
[INFO] [stdout]   --> src/bin/main.rs:69:9
[INFO] [stdout]    |
[INFO] [stdout] 69 |     let opcodes_nopre = load_json("opcodes_nopre.json");
[INFO] [stdout]    |         ^^^^^^^^^^^^^ help: if this is intentional, prefix it with an underscore: `_opcodes_nopre`
[INFO] [stdout] 
[INFO] [stdout] 
[INFO] [stdout] warning: variable does not need to be mutable
[INFO] [stdout]   --> src/bin/main.rs:40:9
[INFO] [stdout]    |
[INFO] [stdout] 40 |     let mut doc_emu = Emulator {
[INFO] [stdout]    |         ----^^^^^^^
[INFO] [stdout]    |         |
[INFO] [stdout]    |         help: remove this `mut`
[INFO] [stdout]    |
[INFO] [stdout]    = note: `#[warn(unused_mut)]` on by default
[INFO] [stdout] 
[INFO] [stdout] 
[INFO] [stdout] warning: variable does not need to be mutable
[INFO] [stdout]   --> src/bin/main.rs:53:9
[INFO] [stdout]    |
[INFO] [stdout] 53 |     let mut emu = Emulator {
[INFO] [stdout]    |         ----^^^
[INFO] [stdout]    |         |
[INFO] [stdout]    |         help: remove this `mut`
[INFO] [stdout] 
[INFO] [stdout] 
[INFO] [stdout] warning: 6 warnings emitted
[INFO] [stdout] 
[INFO] [stdout] 
[INFO] [stderr]     Finished dev [unoptimized + debuginfo] target(s) in 1m 12s
[INFO] running `Command { std: "docker" "inspect" "9616f5f99664d0e4a600f4bf984f8b474983074cab75026289faa30cea4f8b85", kill_on_drop: false }`
[INFO] running `Command { std: "docker" "rm" "-f" "9616f5f99664d0e4a600f4bf984f8b474983074cab75026289faa30cea4f8b85", kill_on_drop: false }`
[INFO] [stdout] 9616f5f99664d0e4a600f4bf984f8b474983074cab75026289faa30cea4f8b85
[INFO] running `Command { std: "docker" "create" "-v" "/var/lib/crater-agent-workspace/builds/worker-6-tc1/target:/opt/rustwide/target:rw,Z" "-v" "/var/lib/crater-agent-workspace/builds/worker-6-tc1/source:/opt/rustwide/workdir:ro,Z" "-v" "/var/lib/crater-agent-workspace/cargo-home:/opt/rustwide/cargo-home:ro,Z" "-v" "/var/lib/crater-agent-workspace/rustup-home:/opt/rustwide/rustup-home:ro,Z" "-e" "SOURCE_DIR=/opt/rustwide/workdir" "-e" "CARGO_TARGET_DIR=/opt/rustwide/target" "-e" "CARGO_INCREMENTAL=0" "-e" "RUST_BACKTRACE=full" "-e" "RUSTFLAGS=--cap-lints=warn" "-e" "RUSTDOCFLAGS=--cap-lints=warn" "-e" "CARGO_HOME=/opt/rustwide/cargo-home" "-e" "RUSTUP_HOME=/opt/rustwide/rustup-home" "-w" "/opt/rustwide/workdir" "-m" "1610612736" "--user" "0:0" "--network" "none" "ghcr.io/rust-lang/crates-build-env/linux@sha256:2788e3201cd34a07e3172128adcd8b3090168a8e3bcc40d7c032b9dda1df7d1c" "/opt/rustwide/cargo-home/bin/cargo" "+1.75.0" "test" "--frozen" "--no-run" "--message-format=json", kill_on_drop: false }`
[INFO] [stdout] 53f3b0f6b9f2736d2d00793cb95c01a2980443e7d31de990a77f8dbe1602f6fe
[INFO] running `Command { std: "docker" "start" "-a" "53f3b0f6b9f2736d2d00793cb95c01a2980443e7d31de990a77f8dbe1602f6fe", kill_on_drop: false }`
[INFO] [stdout] warning: unused import: `CARTRIDGE_TYPE`
[INFO] [stdout]  --> src/cartridge.rs:3:58
[INFO] [stdout]   |
[INFO] [stdout] 3 |     util::cartridge_util::{load, CartridgeData, MBCType, CARTRIDGE_TYPE},
[INFO] [stdout]   |                                                          ^^^^^^^^^^^^^^
[INFO] [stdout]   |
[INFO] [stdout]   = note: `#[warn(unused_imports)]` on by default
[INFO] [stdout] 
[INFO] [stdout] 
[INFO] [stdout] warning: unused import: `NibblesU8`
[INFO] [stdout]  --> src/timer_reg.rs:3:40
[INFO] [stdout]   |
[INFO] [stdout] 3 |     util::u8_traits::{Bit, NibblesU16, NibblesU8},
[INFO] [stdout]   |                                        ^^^^^^^^^
[INFO] [stdout] 
[INFO] [stdout] 
[INFO] [stdout] warning: unused import: `error::Error`
[INFO] [stdout]  --> src/util/extract_opcode.rs:2:33
[INFO] [stdout]   |
[INFO] [stdout] 2 | use std::{collections::HashMap, error::Error, fs::File, io::Read};
[INFO] [stdout]   |                                 ^^^^^^^^^^^^
[INFO] [stdout] 
[INFO] [stdout] 
[INFO] [stdout] warning: unused import: `u16::MAX as MAXu16`
[INFO] [stdout]  --> src/util/u8_traits.rs:1:11
[INFO] [stdout]   |
[INFO] [stdout] 1 | use std::{u16::MAX as MAXu16, u8::MAX};
[INFO] [stdout]   |           ^^^^^^^^^^^^^^^^^^
[INFO] [stdout] 
[INFO] [stdout] 
[INFO] [stdout] warning: unused import: `bus::OAMSprite`
[INFO] [stdout]  --> src/util/tiles_util.rs:2:5
[INFO] [stdout]   |
[INFO] [stdout] 2 |     bus::OAMSprite,
[INFO] [stdout]   |     ^^^^^^^^^^^^^^
[INFO] [stdout] 
[INFO] [stdout] 
[INFO] [stdout] warning: unused import: `MouseMode`
[INFO] [stdout]  --> src/windows/game_window.rs:3:14
[INFO] [stdout]   |
[INFO] [stdout] 3 | use minifb::{MouseMode, Window, WindowOptions};
[INFO] [stdout]   |              ^^^^^^^^^
[INFO] [stdout] 
[INFO] [stdout] 
[INFO] [stdout] warning: unused imports: `DrawOptions`, `DrawTarget`, `PathBuilder`, `SolidSource`, `Source`
[INFO] [stdout]  --> src/windows/game_window.rs:4:14
[INFO] [stdout]   |
[INFO] [stdout] 4 | use raqote::{DrawOptions, DrawTarget, PathBuilder, SolidSource, Source};
[INFO] [stdout]   |              ^^^^^^^^^^^  ^^^^^^^^^^  ^^^^^^^^^^^  ^^^^^^^^^^^  ^^^^^^
[INFO] [stdout] 
[INFO] [stdout] 
[INFO] [stderr]    Compiling game_boyish v0.1.0 (/opt/rustwide/workdir)
[INFO] [stdout] warning: unused variable: `scx`
[INFO] [stdout]    --> src/ppu.rs:142:18
[INFO] [stdout]     |
[INFO] [stdout] 142 |             let (scx, scy) = self.vram.get_background();
[INFO] [stdout]     |                  ^^^ help: if this is intentional, prefix it with an underscore: `_scx`
[INFO] [stdout]     |
[INFO] [stdout]     = note: `#[warn(unused_variables)]` on by default
[INFO] [stdout] 
[INFO] [stdout] 
[INFO] [stdout] warning: unused variable: `mnem`
[INFO] [stdout]   --> src/util/extract_opcode.rs:78:9
[INFO] [stdout]    |
[INFO] [stdout] 78 |     for mnem in hash {
[INFO] [stdout]    |         ^^^^ help: if this is intentional, prefix it with an underscore: `_mnem`
[INFO] [stdout] 
[INFO] [stdout] 
[INFO] [stdout] warning: unused variable: `half_carry`
[INFO] [stdout]   --> src/util/math_util.rs:30:18
[INFO] [stdout]    |
[INFO] [stdout] 30 |     let (result, half_carry) = a.overflowing_sub(b);
[INFO] [stdout]    |                  ^^^^^^^^^^ help: if this is intentional, prefix it with an underscore: `_half_carry`
[INFO] [stdout] 
[INFO] [stdout] 
[INFO] [stdout] warning: unused variable: `half_carry`
[INFO] [stdout]   --> src/util/math_util.rs:35:18
[INFO] [stdout]    |
[INFO] [stdout] 35 |     let (result, half_carry) = a.overflowing_add(b);
[INFO] [stdout]    |                  ^^^^^^^^^^ help: if this is intentional, prefix it with an underscore: `_half_carry`
[INFO] [stdout] 
[INFO] [stdout] 
[INFO] [stdout] warning: unused variable: `n`
[INFO] [stdout]   --> src/util/math_util.rs:78:18
[INFO] [stdout]    |
[INFO] [stdout] 78 |     let (res, z, n, h, _) = addition(a, 1);
[INFO] [stdout]    |                  ^ help: if this is intentional, prefix it with an underscore: `_n`
[INFO] [stdout] 
[INFO] [stdout] 
[INFO] [stdout] warning: unused variable: `n`
[INFO] [stdout]   --> src/util/math_util.rs:83:18
[INFO] [stdout]    |
[INFO] [stdout] 83 |     let (res, z, n, h, _) = subtraction(a, 1);
[INFO] [stdout]    |                  ^ help: if this is intentional, prefix it with an underscore: `_n`
[INFO] [stdout] 
[INFO] [stdout] 
[INFO] [stdout] warning: unused variable: `low`
[INFO] [stdout]    --> src/util/math_util.rs:115:9
[INFO] [stdout]     |
[INFO] [stdout] 115 |     let low = a.low_4nibble();
[INFO] [stdout]     |         ^^^ help: if this is intentional, prefix it with an underscore: `_low`
[INFO] [stdout] 
[INFO] [stdout] 
[INFO] [stdout] warning: unused variable: `high`
[INFO] [stdout]    --> src/util/math_util.rs:116:9
[INFO] [stdout]     |
[INFO] [stdout] 116 |     let high = a.high_nibble();
[INFO] [stdout]     |         ^^^^ help: if this is intentional, prefix it with an underscore: `_high`
[INFO] [stdout] 
[INFO] [stdout] 
[INFO] [stdout] warning: variable `c1` is assigned to, but never used
[INFO] [stdout]    --> src/util/math_util.rs:117:13
[INFO] [stdout]     |
[INFO] [stdout] 117 |     let mut c1 = false;
[INFO] [stdout]     |             ^^
[INFO] [stdout]     |
[INFO] [stdout]     = note: consider using `_c1` instead
[INFO] [stdout] 
[INFO] [stdout] 
[INFO] [stdout] warning: variable `c2` is assigned to, but never used
[INFO] [stdout]    --> src/util/math_util.rs:118:13
[INFO] [stdout]     |
[INFO] [stdout] 118 |     let mut c2 = false;
[INFO] [stdout]     |             ^^
[INFO] [stdout]     |
[INFO] [stdout]     = note: consider using `_c2` instead
[INFO] [stdout] 
[INFO] [stdout] 
[INFO] [stdout] warning: value assigned to `c2` is never read
[INFO] [stdout]    --> src/util/math_util.rs:124:34
[INFO] [stdout]     |
[INFO] [stdout] 124 |                 (new_a, _, _, _, c2) = subtraction(new_a, 0x60);
[INFO] [stdout]     |                                  ^^
[INFO] [stdout]     |
[INFO] [stdout]     = help: maybe it is overwritten before being read?
[INFO] [stdout]     = note: `#[warn(unused_assignments)]` on by default
[INFO] [stdout] 
[INFO] [stdout] 
[INFO] [stdout] warning: value assigned to `c1` is never read
[INFO] [stdout]    --> src/util/math_util.rs:127:34
[INFO] [stdout]     |
[INFO] [stdout] 127 |                 (new_a, _, _, _, c1) = subtraction(new_a, 0x06);
[INFO] [stdout]     |                                  ^^
[INFO] [stdout]     |
[INFO] [stdout]     = help: maybe it is overwritten before being read?
[INFO] [stdout] 
[INFO] [stdout] 
[INFO] [stdout] warning: value assigned to `c2` is never read
[INFO] [stdout]    --> src/util/math_util.rs:133:34
[INFO] [stdout]     |
[INFO] [stdout] 133 |                 (new_a, _, _, _, c2) = addition(new_a, 0x60);
[INFO] [stdout]     |                                  ^^
[INFO] [stdout]     |
[INFO] [stdout]     = help: maybe it is overwritten before being read?
[INFO] [stdout] 
[INFO] [stdout] 
[INFO] [stdout] warning: value assigned to `c1` is never read
[INFO] [stdout]    --> src/util/math_util.rs:136:34
[INFO] [stdout]     |
[INFO] [stdout] 136 |                 (new_a, _, _, _, c1) = addition(new_a, 0x06);
[INFO] [stdout]     |                                  ^^
[INFO] [stdout]     |
[INFO] [stdout]     = help: maybe it is overwritten before being read?
[INFO] [stdout] 
[INFO] [stdout] 
[INFO] [stdout] warning: unused variable: `size`
[INFO] [stdout]   --> src/windows/game_window.rs:52:17
[INFO] [stdout]    |
[INFO] [stdout] 52 |             let size = window.get_size();
[INFO] [stdout]    |                 ^^^^ help: if this is intentional, prefix it with an underscore: `_size`
[INFO] [stdout] 
[INFO] [stdout] 
[INFO] [stdout] warning: struct `Cartridge` is never constructed
[INFO] [stdout]  --> src/cartridge.rs:7:8
[INFO] [stdout]   |
[INFO] [stdout] 7 | struct Cartridge {
[INFO] [stdout]   |        ^^^^^^^^^
[INFO] [stdout]   |
[INFO] [stdout]   = note: `#[warn(dead_code)]` on by default
[INFO] [stdout] 
[INFO] [stdout] 
[INFO] [stdout] warning: associated function `new` is never used
[INFO] [stdout]   --> src/cartridge.rs:13:8
[INFO] [stdout]    |
[INFO] [stdout] 12 | impl Cartridge {
[INFO] [stdout]    | -------------- associated function in this implementation
[INFO] [stdout] 13 |     fn new(bus: Rc<RefCell<Bus>>, file_path: &str) -> Cartridge {
[INFO] [stdout]    |        ^^^
[INFO] [stdout] 
[INFO] [stdout] 
[INFO] [stdout] warning: method `stop` is never used
[INFO] [stdout]   --> src/emulator.rs:92:8
[INFO] [stdout]    |
[INFO] [stdout] 31 | impl Emulator {
[INFO] [stdout]    | ------------- method in this implementation
[INFO] [stdout] ...
[INFO] [stdout] 92 |     fn stop(&mut self) {
[INFO] [stdout]    |        ^^^^
[INFO] [stdout] 
[INFO] [stdout] 
[INFO] [stdout] warning: function `tick` is never used
[INFO] [stdout]   --> src/io_handler.rs:37:4
[INFO] [stdout]    |
[INFO] [stdout] 37 | fn tick() {
[INFO] [stdout]    |    ^^^^
[INFO] [stdout] 
[INFO] [stdout] 
[INFO] [stdout] warning: constant `MODE_2_DOTS` is never used
[INFO] [stdout]   --> src/ppu.rs:24:7
[INFO] [stdout]    |
[INFO] [stdout] 24 | const MODE_2_DOTS: usize = 80usize;
[INFO] [stdout]    |       ^^^^^^^^^^^
[INFO] [stdout]    |
[INFO] [stdout] note: the lint level is defined here
[INFO] [stdout]   --> src/ppu.rs:23:8
[INFO] [stdout]    |
[INFO] [stdout] 23 | #[warn(dead_code)]
[INFO] [stdout]    |        ^^^^^^^^^
[INFO] [stdout] 
[INFO] [stdout] 
[INFO] [stdout] warning: constant `MODE_3_DOTS_MIN` is never used
[INFO] [stdout]   --> src/ppu.rs:25:7
[INFO] [stdout]    |
[INFO] [stdout] 25 | const MODE_3_DOTS_MIN: usize = 172usize;
[INFO] [stdout]    |       ^^^^^^^^^^^^^^^
[INFO] [stdout] 
[INFO] [stdout] 
[INFO] [stdout] warning: constant `MODE_0_DOTS_MIN` is never used
[INFO] [stdout]   --> src/ppu.rs:27:7
[INFO] [stdout]    |
[INFO] [stdout] 27 | const MODE_0_DOTS_MIN: usize = 87usize;
[INFO] [stdout]    |       ^^^^^^^^^^^^^^^
[INFO] [stdout] 
[INFO] [stdout] 
[INFO] [stdout] warning: constant `MODE_0_DOTS_MAX` is never used
[INFO] [stdout]   --> src/ppu.rs:28:7
[INFO] [stdout]    |
[INFO] [stdout] 28 | const MODE_0_DOTS_MAX: usize = 204usize;
[INFO] [stdout]    |       ^^^^^^^^^^^^^^^
[INFO] [stdout] 
[INFO] [stdout] 
[INFO] [stdout] warning: associated function `draw` is never used
[INFO] [stdout]    --> src/ppu.rs:288:8
[INFO] [stdout]     |
[INFO] [stdout] 50  | impl PPU {
[INFO] [stdout]     | -------- associated function in this implementation
[INFO] [stdout] ...
[INFO] [stdout] 288 |     fn draw() {}
[INFO] [stdout]     |        ^^^^
[INFO] [stdout] 
[INFO] [stdout] 
[INFO] [stdout] warning: field `frequency` is never read
[INFO] [stdout]  --> src/quartz.rs:7:5
[INFO] [stdout]   |
[INFO] [stdout] 6 | pub struct Quartz {
[INFO] [stdout]   |            ------ field in this struct
[INFO] [stdout] 7 |     frequency: u32,
[INFO] [stdout]   |     ^^^^^^^^^
[INFO] [stdout] 
[INFO] [stdout] 
[INFO] [stdout] warning: struct `Register` is never constructed
[INFO] [stdout]  --> src/register.rs:5:8
[INFO] [stdout]   |
[INFO] [stdout] 5 | struct Register(u16);
[INFO] [stdout]   |        ^^^^^^^^
[INFO] [stdout] 
[INFO] [stdout] 
[INFO] [stdout] warning: constant `TILE_BYTE_SIZE` is never used
[INFO] [stdout]  --> src/util/tiles_util.rs:8:7
[INFO] [stdout]   |
[INFO] [stdout] 8 | const TILE_BYTE_SIZE: usize = 16usize;
[INFO] [stdout]   |       ^^^^^^^^^^^^^^
[INFO] [stdout] 
[INFO] [stdout] 
[INFO] [stdout] warning: function `print_screen_vec` is never used
[INFO] [stdout]    --> src/util/tiles_util.rs:136:4
[INFO] [stdout]     |
[INFO] [stdout] 136 | fn print_screen_vec(tile_vec: &ScreenVector) {
[INFO] [stdout]     |    ^^^^^^^^^^^^^^^^
[INFO] [stdout] 
[INFO] [stdout] 
[INFO] [stdout] warning: function `print_tile_vec` is never used
[INFO] [stdout]    --> src/util/tiles_util.rs:146:4
[INFO] [stdout]     |
[INFO] [stdout] 146 | fn print_tile_vec(tile_vec: TileVector) {
[INFO] [stdout]     |    ^^^^^^^^^^^^^^
[INFO] [stdout] 
[INFO] [stdout] 
[INFO] [stdout] warning: function `random_buffer` is never used
[INFO] [stdout]   --> src/windows/game_window.rs:66:4
[INFO] [stdout]    |
[INFO] [stdout] 66 | fn random_buffer(width: usize, height: usize) -> Vec<u32> {
[INFO] [stdout]    |    ^^^^^^^^^^^^^
[INFO] [stdout] 
[INFO] [stdout] 
[INFO] [stdout] warning: structure field `Z` should have a snake case name
[INFO] [stdout]   --> src/util/extract_opcode.rs:14:9
[INFO] [stdout]    |
[INFO] [stdout] 14 |     pub Z: String,
[INFO] [stdout]    |         ^ help: convert the identifier to snake case (notice the capitalization): `z`
[INFO] [stdout]    |
[INFO] [stdout]    = note: `#[warn(non_snake_case)]` on by default
[INFO] [stdout] 
[INFO] [stdout] 
[INFO] [stdout] warning: structure field `N` should have a snake case name
[INFO] [stdout]   --> src/util/extract_opcode.rs:15:9
[INFO] [stdout]    |
[INFO] [stdout] 15 |     pub N: String,
[INFO] [stdout]    |         ^ help: convert the identifier to snake case: `n`
[INFO] [stdout] 
[INFO] [stdout] 
[INFO] [stdout] warning: structure field `H` should have a snake case name
[INFO] [stdout]   --> src/util/extract_opcode.rs:16:9
[INFO] [stdout]    |
[INFO] [stdout] 16 |     pub H: String,
[INFO] [stdout]    |         ^ help: convert the identifier to snake case: `h`
[INFO] [stdout] 
[INFO] [stdout] 
[INFO] [stdout] warning: structure field `C` should have a snake case name
[INFO] [stdout]   --> src/util/extract_opcode.rs:17:9
[INFO] [stdout]    |
[INFO] [stdout] 17 |     pub C: String,
[INFO] [stdout]    |         ^ help: convert the identifier to snake case (notice the capitalization): `c`
[INFO] [stdout] 
[INFO] [stdout] 
[INFO] [stdout] warning: 41 warnings emitted
[INFO] [stdout] 
[INFO] [stdout] 
[INFO] [stdout] warning: unused variable: `link_game`
[INFO] [stdout]   --> src/bin/main.rs:26:9
[INFO] [stdout]    |
[INFO] [stdout] 26 |     let link_game = load("roms/Legend of Zelda, The - Link's Awakening (U) (V1.2) [!].gb")
[INFO] [stdout]    |         ^^^^^^^^^ help: if this is intentional, prefix it with an underscore: `_link_game`
[INFO] [stdout]    |
[INFO] [stdout]    = note: `#[warn(unused_variables)]` on by default
[INFO] [stdout] 
[INFO] [stdout] 
[INFO] [stdout] warning: unused variable: `emu`
[INFO] [stdout]   --> src/bin/main.rs:53:13
[INFO] [stdout]    |
[INFO] [stdout] 53 |     let mut emu = Emulator {
[INFO] [stdout]    |             ^^^ help: if this is intentional, prefix it with an underscore: `_emu`
[INFO] [stdout] 
[INFO] [stdout] 
[INFO] [stdout] warning: unused variable: `opcodes_pre`
[INFO] [stdout]   --> src/bin/main.rs:68:9
[INFO] [stdout]    |
[INFO] [stdout] 68 |     let opcodes_pre = load_json("opcodes_pre.json");
[INFO] [stdout]    |         ^^^^^^^^^^^ help: if this is intentional, prefix it with an underscore: `_opcodes_pre`
[INFO] [stdout] 
[INFO] [stdout] 
[INFO] [stdout] warning: unused variable: `opcodes_nopre`
[INFO] [stdout]   --> src/bin/main.rs:69:9
[INFO] [stdout]    |
[INFO] [stdout] 69 |     let opcodes_nopre = load_json("opcodes_nopre.json");
[INFO] [stdout]    |         ^^^^^^^^^^^^^ help: if this is intentional, prefix it with an underscore: `_opcodes_nopre`
[INFO] [stdout] 
[INFO] [stdout] 
[INFO] [stdout] warning: variable does not need to be mutable
[INFO] [stdout]   --> src/bin/main.rs:40:9
[INFO] [stdout]    |
[INFO] [stdout] 40 |     let mut doc_emu = Emulator {
[INFO] [stdout]    |         ----^^^^^^^
[INFO] [stdout]    |         |
[INFO] [stdout]    |         help: remove this `mut`
[INFO] [stdout]    |
[INFO] [stdout]    = note: `#[warn(unused_mut)]` on by default
[INFO] [stdout] 
[INFO] [stdout] 
[INFO] [stdout] warning: variable does not need to be mutable
[INFO] [stdout]   --> src/bin/main.rs:53:9
[INFO] [stdout]    |
[INFO] [stdout] 53 |     let mut emu = Emulator {
[INFO] [stdout]    |         ----^^^
[INFO] [stdout]    |         |
[INFO] [stdout]    |         help: remove this `mut`
[INFO] [stdout] 
[INFO] [stdout] 
[INFO] [stdout] warning: unused import: `CARTRIDGE_TYPE`
[INFO] [stdout]  --> src/cartridge.rs:3:58
[INFO] [stdout]   |
[INFO] [stdout] 3 |     util::cartridge_util::{load, CartridgeData, MBCType, CARTRIDGE_TYPE},
[INFO] [stdout]   |                                                          ^^^^^^^^^^^^^^
[INFO] [stdout]   |
[INFO] [stdout]   = note: `#[warn(unused_imports)]` on by default
[INFO] [stdout] 
[INFO] [stdout] 
[INFO] [stdout] warning: unused import: `register::Registers`
[INFO] [stdout]    --> src/emulator.rs:113:9
[INFO] [stdout]     |
[INFO] [stdout] 113 |         register::Registers,
[INFO] [stdout]     |         ^^^^^^^^^^^^^^^^^^^
[INFO] [stdout] 
[INFO] [stdout] 
[INFO] [stdout] warning: unused import: `NibblesU8`
[INFO] [stdout]  --> src/timer_reg.rs:3:40
[INFO] [stdout]   |
[INFO] [stdout] 3 |     util::u8_traits::{Bit, NibblesU16, NibblesU8},
[INFO] [stdout]   |                                        ^^^^^^^^^
[INFO] [stdout] 
[INFO] [stdout] 
[INFO] [stdout] warning: unused import: `error::Error`
[INFO] [stdout]  --> src/util/extract_opcode.rs:2:33
[INFO] [stdout]   |
[INFO] [stdout] 2 | use std::{collections::HashMap, error::Error, fs::File, io::Read};
[INFO] [stdout]   |                                 ^^^^^^^^^^^^
[INFO] [stdout] 
[INFO] [stdout] 
[INFO] [stdout] warning: unused import: `u16::MAX as MAXu16`
[INFO] [stdout]  --> src/util/u8_traits.rs:1:11
[INFO] [stdout]   |
[INFO] [stdout] 1 | use std::{u16::MAX as MAXu16, u8::MAX};
[INFO] [stdout]   |           ^^^^^^^^^^^^^^^^^^
[INFO] [stdout] 
[INFO] [stdout] 
[INFO] [stdout] warning: unused import: `bus::OAMSprite`
[INFO] [stdout]  --> src/util/tiles_util.rs:2:5
[INFO] [stdout]   |
[INFO] [stdout] 2 |     bus::OAMSprite,
[INFO] [stdout]   |     ^^^^^^^^^^^^^^
[INFO] [stdout] 
[INFO] [stdout] 
[INFO] [stdout] warning: unused import: `MouseMode`
[INFO] [stdout]  --> src/windows/game_window.rs:3:14
[INFO] [stdout]   |
[INFO] [stdout] 3 | use minifb::{MouseMode, Window, WindowOptions};
[INFO] [stdout]   |              ^^^^^^^^^
[INFO] [stdout] 
[INFO] [stdout] 
[INFO] [stdout] warning: unused imports: `DrawOptions`, `DrawTarget`, `PathBuilder`, `SolidSource`, `Source`
[INFO] [stdout]  --> src/windows/game_window.rs:4:14
[INFO] [stdout]   |
[INFO] [stdout] 4 | use raqote::{DrawOptions, DrawTarget, PathBuilder, SolidSource, Source};
[INFO] [stdout]   |              ^^^^^^^^^^^  ^^^^^^^^^^  ^^^^^^^^^^^  ^^^^^^^^^^^  ^^^^^^
[INFO] [stdout] 
[INFO] [stdout] 
[INFO] [stdout] warning: 6 warnings emitted
[INFO] [stdout] 
[INFO] [stdout] 
[INFO] [stdout] warning: unused variable: `scx`
[INFO] [stdout]    --> src/ppu.rs:142:18
[INFO] [stdout]     |
[INFO] [stdout] 142 |             let (scx, scy) = self.vram.get_background();
[INFO] [stdout]     |                  ^^^ help: if this is intentional, prefix it with an underscore: `_scx`
[INFO] [stdout]     |
[INFO] [stdout]     = note: `#[warn(unused_variables)]` on by default
[INFO] [stdout] 
[INFO] [stdout] 
[INFO] [stdout] warning: unused variable: `mnem`
[INFO] [stdout]   --> src/util/extract_opcode.rs:78:9
[INFO] [stdout]    |
[INFO] [stdout] 78 |     for mnem in hash {
[INFO] [stdout]    |         ^^^^ help: if this is intentional, prefix it with an underscore: `_mnem`
[INFO] [stdout] 
[INFO] [stdout] 
[INFO] [stdout] warning: unused variable: `half_carry`
[INFO] [stdout]   --> src/util/math_util.rs:30:18
[INFO] [stdout]    |
[INFO] [stdout] 30 |     let (result, half_carry) = a.overflowing_sub(b);
[INFO] [stdout]    |                  ^^^^^^^^^^ help: if this is intentional, prefix it with an underscore: `_half_carry`
[INFO] [stdout] 
[INFO] [stdout] 
[INFO] [stdout] warning: unused variable: `half_carry`
[INFO] [stdout]   --> src/util/math_util.rs:35:18
[INFO] [stdout]    |
[INFO] [stdout] 35 |     let (result, half_carry) = a.overflowing_add(b);
[INFO] [stdout]    |                  ^^^^^^^^^^ help: if this is intentional, prefix it with an underscore: `_half_carry`
[INFO] [stdout] 
[INFO] [stdout] 
[INFO] [stdout] warning: unused variable: `n`
[INFO] [stdout]   --> src/util/math_util.rs:78:18
[INFO] [stdout]    |
[INFO] [stdout] 78 |     let (res, z, n, h, _) = addition(a, 1);
[INFO] [stdout]    |                  ^ help: if this is intentional, prefix it with an underscore: `_n`
[INFO] [stdout] 
[INFO] [stdout] 
[INFO] [stdout] warning: unused variable: `n`
[INFO] [stdout]   --> src/util/math_util.rs:83:18
[INFO] [stdout]    |
[INFO] [stdout] 83 |     let (res, z, n, h, _) = subtraction(a, 1);
[INFO] [stdout]    |                  ^ help: if this is intentional, prefix it with an underscore: `_n`
[INFO] [stdout] 
[INFO] [stdout] 
[INFO] [stdout] warning: unused variable: `low`
[INFO] [stdout]    --> src/util/math_util.rs:115:9
[INFO] [stdout]     |
[INFO] [stdout] 115 |     let low = a.low_4nibble();
[INFO] [stdout]     |         ^^^ help: if this is intentional, prefix it with an underscore: `_low`
[INFO] [stdout] 
[INFO] [stdout] 
[INFO] [stdout] warning: unused variable: `high`
[INFO] [stdout]    --> src/util/math_util.rs:116:9
[INFO] [stdout]     |
[INFO] [stdout] 116 |     let high = a.high_nibble();
[INFO] [stdout]     |         ^^^^ help: if this is intentional, prefix it with an underscore: `_high`
[INFO] [stdout] 
[INFO] [stdout] 
[INFO] [stdout] warning: variable `c1` is assigned to, but never used
[INFO] [stdout]    --> src/util/math_util.rs:117:13
[INFO] [stdout]     |
[INFO] [stdout] 117 |     let mut c1 = false;
[INFO] [stdout]     |             ^^
[INFO] [stdout]     |
[INFO] [stdout]     = note: consider using `_c1` instead
[INFO] [stdout] 
[INFO] [stdout] 
[INFO] [stdout] warning: variable `c2` is assigned to, but never used
[INFO] [stdout]    --> src/util/math_util.rs:118:13
[INFO] [stdout]     |
[INFO] [stdout] 118 |     let mut c2 = false;
[INFO] [stdout]     |             ^^
[INFO] [stdout]     |
[INFO] [stdout]     = note: consider using `_c2` instead
[INFO] [stdout] 
[INFO] [stdout] 
[INFO] [stdout] warning: value assigned to `c2` is never read
[INFO] [stdout]    --> src/util/math_util.rs:124:34
[INFO] [stdout]     |
[INFO] [stdout] 124 |                 (new_a, _, _, _, c2) = subtraction(new_a, 0x60);
[INFO] [stdout]     |                                  ^^
[INFO] [stdout]     |
[INFO] [stdout]     = help: maybe it is overwritten before being read?
[INFO] [stdout]     = note: `#[warn(unused_assignments)]` on by default
[INFO] [stdout] 
[INFO] [stdout] 
[INFO] [stdout] warning: value assigned to `c1` is never read
[INFO] [stdout]    --> src/util/math_util.rs:127:34
[INFO] [stdout]     |
[INFO] [stdout] 127 |                 (new_a, _, _, _, c1) = subtraction(new_a, 0x06);
[INFO] [stdout]     |                                  ^^
[INFO] [stdout]     |
[INFO] [stdout]     = help: maybe it is overwritten before being read?
[INFO] [stdout] 
[INFO] [stdout] 
[INFO] [stdout] warning: value assigned to `c2` is never read
[INFO] [stdout]    --> src/util/math_util.rs:133:34
[INFO] [stdout]     |
[INFO] [stdout] 133 |                 (new_a, _, _, _, c2) = addition(new_a, 0x60);
[INFO] [stdout]     |                                  ^^
[INFO] [stdout]     |
[INFO] [stdout]     = help: maybe it is overwritten before being read?
[INFO] [stdout] 
[INFO] [stdout] 
[INFO] [stdout] warning: value assigned to `c1` is never read
[INFO] [stdout]    --> src/util/math_util.rs:136:34
[INFO] [stdout]     |
[INFO] [stdout] 136 |                 (new_a, _, _, _, c1) = addition(new_a, 0x06);
[INFO] [stdout]     |                                  ^^
[INFO] [stdout]     |
[INFO] [stdout]     = help: maybe it is overwritten before being read?
[INFO] [stdout] 
[INFO] [stdout] 
[INFO] [stdout] warning: unused variable: `tile_vec`
[INFO] [stdout]    --> src/util/tiles_util.rs:210:13
[INFO] [stdout]     |
[INFO] [stdout] 210 |         let tile_vec = vram_to_tile_vec(vram, tile_per_line);
[INFO] [stdout]     |             ^^^^^^^^ help: if this is intentional, prefix it with an underscore: `_tile_vec`
[INFO] [stdout] 
[INFO] [stdout] 
[INFO] [stdout] warning: unused variable: `test`
[INFO] [stdout]    --> src/util/cartridge_util.rs:177:13
[INFO] [stdout]     |
[INFO] [stdout] 177 |         let test = load("../roms/Tetris (JUE) (V1.1) [!].gb");
[INFO] [stdout]     |             ^^^^ help: if this is intentional, prefix it with an underscore: `_test`
[INFO] [stdout] 
[INFO] [stdout] 
[INFO] [stdout] warning: unused variable: `test`
[INFO] [stdout]    --> src/util/cartridge_util.rs:178:13
[INFO] [stdout]     |
[INFO] [stdout] 178 |         let test = load("/home/anon/Documents/Code/GameBoyish/roms/cpu_instrs/06-ld r,r.gb");
[INFO] [stdout]     |             ^^^^ help: if this is intentional, prefix it with an underscore: `_test`
[INFO] [stdout] 
[INFO] [stdout] 
[INFO] [stdout] warning: unused variable: `size`
[INFO] [stdout]   --> src/windows/game_window.rs:52:17
[INFO] [stdout]    |
[INFO] [stdout] 52 |             let size = window.get_size();
[INFO] [stdout]    |                 ^^^^ help: if this is intentional, prefix it with an underscore: `_size`
[INFO] [stdout] 
[INFO] [stdout] 
[INFO] [stdout] warning: struct `Cartridge` is never constructed
[INFO] [stdout]  --> src/cartridge.rs:7:8
[INFO] [stdout]   |
[INFO] [stdout] 7 | struct Cartridge {
[INFO] [stdout]   |        ^^^^^^^^^
[INFO] [stdout]   |
[INFO] [stdout]   = note: `#[warn(dead_code)]` on by default
[INFO] [stdout] 
[INFO] [stdout] 
[INFO] [stdout] warning: associated function `new` is never used
[INFO] [stdout]   --> src/cartridge.rs:13:8
[INFO] [stdout]    |
[INFO] [stdout] 12 | impl Cartridge {
[INFO] [stdout]    | -------------- associated function in this implementation
[INFO] [stdout] 13 |     fn new(bus: Rc<RefCell<Bus>>, file_path: &str) -> Cartridge {
[INFO] [stdout]    |        ^^^
[INFO] [stdout] 
[INFO] [stdout] 
[INFO] [stdout] warning: method `stop` is never used
[INFO] [stdout]   --> src/emulator.rs:92:8
[INFO] [stdout]    |
[INFO] [stdout] 31 | impl Emulator {
[INFO] [stdout]    | ------------- method in this implementation
[INFO] [stdout] ...
[INFO] [stdout] 92 |     fn stop(&mut self) {
[INFO] [stdout]    |        ^^^^
[INFO] [stdout] 
[INFO] [stdout] 
[INFO] [stdout] warning: function `tick` is never used
[INFO] [stdout]   --> src/io_handler.rs:37:4
[INFO] [stdout]    |
[INFO] [stdout] 37 | fn tick() {
[INFO] [stdout]    |    ^^^^
[INFO] [stdout] 
[INFO] [stdout] 
[INFO] [stdout] warning: constant `MODE_2_DOTS` is never used
[INFO] [stdout]   --> src/ppu.rs:24:7
[INFO] [stdout]    |
[INFO] [stdout] 24 | const MODE_2_DOTS: usize = 80usize;
[INFO] [stdout]    |       ^^^^^^^^^^^
[INFO] [stdout]    |
[INFO] [stdout] note: the lint level is defined here
[INFO] [stdout]   --> src/ppu.rs:23:8
[INFO] [stdout]    |
[INFO] [stdout] 23 | #[warn(dead_code)]
[INFO] [stdout]    |        ^^^^^^^^^
[INFO] [stdout] 
[INFO] [stdout] 
[INFO] [stdout] warning: constant `MODE_3_DOTS_MIN` is never used
[INFO] [stdout]   --> src/ppu.rs:25:7
[INFO] [stdout]    |
[INFO] [stdout] 25 | const MODE_3_DOTS_MIN: usize = 172usize;
[INFO] [stdout]    |       ^^^^^^^^^^^^^^^
[INFO] [stdout] 
[INFO] [stdout] 
[INFO] [stdout] warning: constant `MODE_0_DOTS_MIN` is never used
[INFO] [stdout]   --> src/ppu.rs:27:7
[INFO] [stdout]    |
[INFO] [stdout] 27 | const MODE_0_DOTS_MIN: usize = 87usize;
[INFO] [stdout]    |       ^^^^^^^^^^^^^^^
[INFO] [stdout] 
[INFO] [stdout] 
[INFO] [stdout] warning: constant `MODE_0_DOTS_MAX` is never used
[INFO] [stdout]   --> src/ppu.rs:28:7
[INFO] [stdout]    |
[INFO] [stdout] 28 | const MODE_0_DOTS_MAX: usize = 204usize;
[INFO] [stdout]    |       ^^^^^^^^^^^^^^^
[INFO] [stdout] 
[INFO] [stdout] 
[INFO] [stdout] warning: associated function `draw` is never used
[INFO] [stdout]    --> src/ppu.rs:288:8
[INFO] [stdout]     |
[INFO] [stdout] 50  | impl PPU {
[INFO] [stdout]     | -------- associated function in this implementation
[INFO] [stdout] ...
[INFO] [stdout] 288 |     fn draw() {}
[INFO] [stdout]     |        ^^^^
[INFO] [stdout] 
[INFO] [stdout] 
[INFO] [stdout] warning: field `frequency` is never read
[INFO] [stdout]  --> src/quartz.rs:7:5
[INFO] [stdout]   |
[INFO] [stdout] 6 | pub struct Quartz {
[INFO] [stdout]   |            ------ field in this struct
[INFO] [stdout] 7 |     frequency: u32,
[INFO] [stdout]   |     ^^^^^^^^^
[INFO] [stdout] 
[INFO] [stdout] 
[INFO] [stdout] warning: struct `Register` is never constructed
[INFO] [stdout]  --> src/register.rs:5:8
[INFO] [stdout]   |
[INFO] [stdout] 5 | struct Register(u16);
[INFO] [stdout]   |        ^^^^^^^^
[INFO] [stdout] 
[INFO] [stdout] 
[INFO] [stdout] warning: constant `TILE_BYTE_SIZE` is never used
[INFO] [stdout]  --> src/util/tiles_util.rs:8:7
[INFO] [stdout]   |
[INFO] [stdout] 8 | const TILE_BYTE_SIZE: usize = 16usize;
[INFO] [stdout]   |       ^^^^^^^^^^^^^^
[INFO] [stdout] 
[INFO] [stdout] 
[INFO] [stdout] warning: function `print_screen_vec` is never used
[INFO] [stdout]    --> src/util/tiles_util.rs:136:4
[INFO] [stdout]     |
[INFO] [stdout] 136 | fn print_screen_vec(tile_vec: &ScreenVector) {
[INFO] [stdout]     |    ^^^^^^^^^^^^^^^^
[INFO] [stdout] 
[INFO] [stdout] 
[INFO] [stdout] warning: function `print_tile_vec` is never used
[INFO] [stdout]    --> src/util/tiles_util.rs:146:4
[INFO] [stdout]     |
[INFO] [stdout] 146 | fn print_tile_vec(tile_vec: TileVector) {
[INFO] [stdout]     |    ^^^^^^^^^^^^^^
[INFO] [stdout] 
[INFO] [stdout] 
[INFO] [stdout] warning: function `random_buffer` is never used
[INFO] [stdout]   --> src/windows/game_window.rs:66:4
[INFO] [stdout]    |
[INFO] [stdout] 66 | fn random_buffer(width: usize, height: usize) -> Vec<u32> {
[INFO] [stdout]    |    ^^^^^^^^^^^^^
[INFO] [stdout] 
[INFO] [stdout] 
[INFO] [stdout] warning: structure field `Z` should have a snake case name
[INFO] [stdout]   --> src/util/extract_opcode.rs:14:9
[INFO] [stdout]    |
[INFO] [stdout] 14 |     pub Z: String,
[INFO] [stdout]    |         ^ help: convert the identifier to snake case (notice the capitalization): `z`
[INFO] [stdout]    |
[INFO] [stdout]    = note: `#[warn(non_snake_case)]` on by default
[INFO] [stdout] 
[INFO] [stdout] 
[INFO] [stdout] warning: structure field `N` should have a snake case name
[INFO] [stdout]   --> src/util/extract_opcode.rs:15:9
[INFO] [stdout]    |
[INFO] [stdout] 15 |     pub N: String,
[INFO] [stdout]    |         ^ help: convert the identifier to snake case: `n`
[INFO] [stdout] 
[INFO] [stdout] 
[INFO] [stdout] warning: structure field `H` should have a snake case name
[INFO] [stdout]   --> src/util/extract_opcode.rs:16:9
[INFO] [stdout]    |
[INFO] [stdout] 16 |     pub H: String,
[INFO] [stdout]    |         ^ help: convert the identifier to snake case: `h`
[INFO] [stdout] 
[INFO] [stdout] 
[INFO] [stdout] warning: structure field `C` should have a snake case name
[INFO] [stdout]   --> src/util/extract_opcode.rs:17:9
[INFO] [stdout]    |
[INFO] [stdout] 17 |     pub C: String,
[INFO] [stdout]    |         ^ help: convert the identifier to snake case (notice the capitalization): `c`
[INFO] [stdout] 
[INFO] [stdout] 
[INFO] [stdout] warning: 45 warnings emitted
[INFO] [stdout] 
[INFO] [stdout] 
[INFO] [stderr]     Finished test [unoptimized + debuginfo] target(s) in 2.16s
[INFO] running `Command { std: "docker" "inspect" "53f3b0f6b9f2736d2d00793cb95c01a2980443e7d31de990a77f8dbe1602f6fe", kill_on_drop: false }`
[INFO] running `Command { std: "docker" "rm" "-f" "53f3b0f6b9f2736d2d00793cb95c01a2980443e7d31de990a77f8dbe1602f6fe", kill_on_drop: false }`
[INFO] [stdout] 53f3b0f6b9f2736d2d00793cb95c01a2980443e7d31de990a77f8dbe1602f6fe
[INFO] running `Command { std: "docker" "create" "-v" "/var/lib/crater-agent-workspace/builds/worker-6-tc1/target:/opt/rustwide/target:rw,Z" "-v" "/var/lib/crater-agent-workspace/builds/worker-6-tc1/source:/opt/rustwide/workdir:ro,Z" "-v" "/var/lib/crater-agent-workspace/cargo-home:/opt/rustwide/cargo-home:ro,Z" "-v" "/var/lib/crater-agent-workspace/rustup-home:/opt/rustwide/rustup-home:ro,Z" "-e" "SOURCE_DIR=/opt/rustwide/workdir" "-e" "CARGO_TARGET_DIR=/opt/rustwide/target" "-e" "CARGO_INCREMENTAL=0" "-e" "RUST_BACKTRACE=full" "-e" "RUSTFLAGS=--cap-lints=warn" "-e" "RUSTDOCFLAGS=--cap-lints=warn" "-e" "CARGO_HOME=/opt/rustwide/cargo-home" "-e" "RUSTUP_HOME=/opt/rustwide/rustup-home" "-w" "/opt/rustwide/workdir" "-m" "1610612736" "--user" "0:0" "--network" "none" "ghcr.io/rust-lang/crates-build-env/linux@sha256:2788e3201cd34a07e3172128adcd8b3090168a8e3bcc40d7c032b9dda1df7d1c" "/opt/rustwide/cargo-home/bin/cargo" "+1.75.0" "test" "--frozen", kill_on_drop: false }`
[INFO] [stdout] 391d57838dcd3f2ca0d7bb55a298f0a94f5dadfa1b8802fba507e5e9072c0986
[INFO] running `Command { std: "docker" "start" "-a" "391d57838dcd3f2ca0d7bb55a298f0a94f5dadfa1b8802fba507e5e9072c0986", kill_on_drop: false }`
[INFO] [stderr] warning: unused import: `CARTRIDGE_TYPE`
[INFO] [stderr]  --> src/cartridge.rs:3:58
[INFO] [stderr]   |
[INFO] [stderr] 3 |     util::cartridge_util::{load, CartridgeData, MBCType, CARTRIDGE_TYPE},
[INFO] [stderr]   |                                                          ^^^^^^^^^^^^^^
[INFO] [stderr]   |
[INFO] [stderr]   = note: `#[warn(unused_imports)]` on by default
[INFO] [stderr] 
[INFO] [stderr] warning: unused import: `NibblesU8`
[INFO] [stderr]  --> src/timer_reg.rs:3:40
[INFO] [stderr]   |
[INFO] [stderr] 3 |     util::u8_traits::{Bit, NibblesU16, NibblesU8},
[INFO] [stderr]   |                                        ^^^^^^^^^
[INFO] [stderr] 
[INFO] [stderr] warning: unused import: `error::Error`
[INFO] [stderr]  --> src/util/extract_opcode.rs:2:33
[INFO] [stderr]   |
[INFO] [stderr] 2 | use std::{collections::HashMap, error::Error, fs::File, io::Read};
[INFO] [stderr]   |                                 ^^^^^^^^^^^^
[INFO] [stderr] 
[INFO] [stderr] warning: unused import: `u16::MAX as MAXu16`
[INFO] [stderr]  --> src/util/u8_traits.rs:1:11
[INFO] [stderr]   |
[INFO] [stderr] 1 | use std::{u16::MAX as MAXu16, u8::MAX};
[INFO] [stderr]   |           ^^^^^^^^^^^^^^^^^^
[INFO] [stderr] 
[INFO] [stderr] warning: unused import: `bus::OAMSprite`
[INFO] [stderr]  --> src/util/tiles_util.rs:2:5
[INFO] [stderr]   |
[INFO] [stderr] 2 |     bus::OAMSprite,
[INFO] [stderr]   |     ^^^^^^^^^^^^^^
[INFO] [stderr] 
[INFO] [stderr] warning: unused import: `MouseMode`
[INFO] [stderr]  --> src/windows/game_window.rs:3:14
[INFO] [stderr]   |
[INFO] [stderr] 3 | use minifb::{MouseMode, Window, WindowOptions};
[INFO] [stderr]   |              ^^^^^^^^^
[INFO] [stderr] 
[INFO] [stderr] warning: unused imports: `DrawOptions`, `DrawTarget`, `PathBuilder`, `SolidSource`, `Source`
[INFO] [stderr]  --> src/windows/game_window.rs:4:14
[INFO] [stderr]   |
[INFO] [stderr] 4 | use raqote::{DrawOptions, DrawTarget, PathBuilder, SolidSource, Source};
[INFO] [stderr]   |              ^^^^^^^^^^^  ^^^^^^^^^^  ^^^^^^^^^^^  ^^^^^^^^^^^  ^^^^^^
[INFO] [stderr] 
[INFO] [stderr] warning: unused variable: `scx`
[INFO] [stderr]    --> src/ppu.rs:142:18
[INFO] [stderr]     |
[INFO] [stderr] 142 |             let (scx, scy) = self.vram.get_background();
[INFO] [stderr]     |                  ^^^ help: if this is intentional, prefix it with an underscore: `_scx`
[INFO] [stderr]     |
[INFO] [stderr]     = note: `#[warn(unused_variables)]` on by default
[INFO] [stderr] 
[INFO] [stderr] warning: unused variable: `mnem`
[INFO] [stderr]   --> src/util/extract_opcode.rs:78:9
[INFO] [stderr]    |
[INFO] [stderr] 78 |     for mnem in hash {
[INFO] [stderr]    |         ^^^^ help: if this is intentional, prefix it with an underscore: `_mnem`
[INFO] [stderr] 
[INFO] [stderr] warning: unused variable: `half_carry`
[INFO] [stderr]   --> src/util/math_util.rs:30:18
[INFO] [stderr]    |
[INFO] [stderr] 30 |     let (result, half_carry) = a.overflowing_sub(b);
[INFO] [stderr]    |                  ^^^^^^^^^^ help: if this is intentional, prefix it with an underscore: `_half_carry`
[INFO] [stderr] 
[INFO] [stderr] warning: unused variable: `half_carry`
[INFO] [stderr]   --> src/util/math_util.rs:35:18
[INFO] [stderr]    |
[INFO] [stderr] 35 |     let (result, half_carry) = a.overflowing_add(b);
[INFO] [stderr]    |                  ^^^^^^^^^^ help: if this is intentional, prefix it with an underscore: `_half_carry`
[INFO] [stderr] 
[INFO] [stderr] warning: unused variable: `n`
[INFO] [stderr]   --> src/util/math_util.rs:78:18
[INFO] [stderr]    |
[INFO] [stderr] 78 |     let (res, z, n, h, _) = addition(a, 1);
[INFO] [stderr]    |                  ^ help: if this is intentional, prefix it with an underscore: `_n`
[INFO] [stderr] 
[INFO] [stderr] warning: unused variable: `n`
[INFO] [stderr]   --> src/util/math_util.rs:83:18
[INFO] [stderr]    |
[INFO] [stderr] 83 |     let (res, z, n, h, _) = subtraction(a, 1);
[INFO] [stderr]    |                  ^ help: if this is intentional, prefix it with an underscore: `_n`
[INFO] [stderr] 
[INFO] [stderr] warning: unused variable: `low`
[INFO] [stderr]    --> src/util/math_util.rs:115:9
[INFO] [stderr]     |
[INFO] [stderr] 115 |     let low = a.low_4nibble();
[INFO] [stderr]     |         ^^^ help: if this is intentional, prefix it with an underscore: `_low`
[INFO] [stderr] 
[INFO] [stderr] warning: unused variable: `high`
[INFO] [stderr]    --> src/util/math_util.rs:116:9
[INFO] [stderr]     |
[INFO] [stderr] 116 |     let high = a.high_nibble();
[INFO] [stderr]     |         ^^^^ help: if this is intentional, prefix it with an underscore: `_high`
[INFO] [stderr] 
[INFO] [stderr] warning: variable `c1` is assigned to, but never used
[INFO] [stderr]    --> src/util/math_util.rs:117:13
[INFO] [stderr]     |
[INFO] [stderr] 117 |     let mut c1 = false;
[INFO] [stderr]     |             ^^
[INFO] [stderr]     |
[INFO] [stderr]     = note: consider using `_c1` instead
[INFO] [stderr] 
[INFO] [stderr] warning: variable `c2` is assigned to, but never used
[INFO] [stderr]    --> src/util/math_util.rs:118:13
[INFO] [stderr]     |
[INFO] [stderr] 118 |     let mut c2 = false;
[INFO] [stderr]     |             ^^
[INFO] [stderr]     |
[INFO] [stderr]     = note: consider using `_c2` instead
[INFO] [stderr] 
[INFO] [stderr] warning: value assigned to `c2` is never read
[INFO] [stderr]    --> src/util/math_util.rs:124:34
[INFO] [stderr]     |
[INFO] [stderr] 124 |                 (new_a, _, _, _, c2) = subtraction(new_a, 0x60);
[INFO] [stderr]     |                                  ^^
[INFO] [stderr]     |
[INFO] [stderr]     = help: maybe it is overwritten before being read?
[INFO] [stderr]     = note: `#[warn(unused_assignments)]` on by default
[INFO] [stderr] 
[INFO] [stderr] warning: value assigned to `c1` is never read
[INFO] [stderr]    --> src/util/math_util.rs:127:34
[INFO] [stderr]     |
[INFO] [stderr] 127 |                 (new_a, _, _, _, c1) = subtraction(new_a, 0x06);
[INFO] [stderr]     |                                  ^^
[INFO] [stderr]     |
[INFO] [stderr]     = help: maybe it is overwritten before being read?
[INFO] [stderr] 
[INFO] [stderr] warning: value assigned to `c2` is never read
[INFO] [stderr]    --> src/util/math_util.rs:133:34
[INFO] [stderr]     |
[INFO] [stderr] 133 |                 (new_a, _, _, _, c2) = addition(new_a, 0x60);
[INFO] [stderr]     |                                  ^^
[INFO] [stderr]     |
[INFO] [stderr]     = help: maybe it is overwritten before being read?
[INFO] [stderr] 
[INFO] [stderr] warning: value assigned to `c1` is never read
[INFO] [stderr]    --> src/util/math_util.rs:136:34
[INFO] [stderr]     |
[INFO] [stderr] 136 |                 (new_a, _, _, _, c1) = addition(new_a, 0x06);
[INFO] [stderr]     |                                  ^^
[INFO] [stderr]     |
[INFO] [stderr]     = help: maybe it is overwritten before being read?
[INFO] [stderr] 
[INFO] [stderr] warning: unused variable: `size`
[INFO] [stderr]   --> src/windows/game_window.rs:52:17
[INFO] [stderr]    |
[INFO] [stderr] 52 |             let size = window.get_size();
[INFO] [stderr]    |                 ^^^^ help: if this is intentional, prefix it with an underscore: `_size`
[INFO] [stderr] 
[INFO] [stderr] warning: struct `Cartridge` is never constructed
[INFO] [stderr]  --> src/cartridge.rs:7:8
[INFO] [stderr]   |
[INFO] [stderr] 7 | struct Cartridge {
[INFO] [stderr]   |        ^^^^^^^^^
[INFO] [stderr]   |
[INFO] [stderr]   = note: `#[warn(dead_code)]` on by default
[INFO] [stderr] 
[INFO] [stderr] warning: associated function `new` is never used
[INFO] [stderr]   --> src/cartridge.rs:13:8
[INFO] [stderr]    |
[INFO] [stderr] 12 | impl Cartridge {
[INFO] [stderr]    | -------------- associated function in this implementation
[INFO] [stderr] 13 |     fn new(bus: Rc<RefCell<Bus>>, file_path: &str) -> Cartridge {
[INFO] [stderr]    |        ^^^
[INFO] [stderr] 
[INFO] [stderr] warning: method `stop` is never used
[INFO] [stderr]   --> src/emulator.rs:92:8
[INFO] [stderr]    |
[INFO] [stderr] 31 | impl Emulator {
[INFO] [stderr]    | ------------- method in this implementation
[INFO] [stderr] ...
[INFO] [stderr] 92 |     fn stop(&mut self) {
[INFO] [stderr]    |        ^^^^
[INFO] [stderr] 
[INFO] [stderr] warning: function `tick` is never used
[INFO] [stderr]   --> src/io_handler.rs:37:4
[INFO] [stderr]    |
[INFO] [stderr] 37 | fn tick() {
[INFO] [stderr]    |    ^^^^
[INFO] [stderr] 
[INFO] [stderr] warning: constant `MODE_2_DOTS` is never used
[INFO] [stderr]   --> src/ppu.rs:24:7
[INFO] [stderr]    |
[INFO] [stderr] 24 | const MODE_2_DOTS: usize = 80usize;
[INFO] [stderr]    |       ^^^^^^^^^^^
[INFO] [stderr]    |
[INFO] [stderr] note: the lint level is defined here
[INFO] [stderr]   --> src/ppu.rs:23:8
[INFO] [stderr]    |
[INFO] [stderr] 23 | #[warn(dead_code)]
[INFO] [stderr]    |        ^^^^^^^^^
[INFO] [stderr] 
[INFO] [stderr] warning: constant `MODE_3_DOTS_MIN` is never used
[INFO] [stderr]   --> src/ppu.rs:25:7
[INFO] [stderr]    |
[INFO] [stderr] 25 | const MODE_3_DOTS_MIN: usize = 172usize;
[INFO] [stderr]    |       ^^^^^^^^^^^^^^^
[INFO] [stderr] 
[INFO] [stderr] warning: constant `MODE_0_DOTS_MIN` is never used
[INFO] [stderr]   --> src/ppu.rs:27:7
[INFO] [stderr]    |
[INFO] [stderr] 27 | const MODE_0_DOTS_MIN: usize = 87usize;
[INFO] [stderr]    |       ^^^^^^^^^^^^^^^
[INFO] [stderr] 
[INFO] [stderr] warning: constant `MODE_0_DOTS_MAX` is never used
[INFO] [stderr]   --> src/ppu.rs:28:7
[INFO] [stderr]    |
[INFO] [stderr] 28 | const MODE_0_DOTS_MAX: usize = 204usize;
[INFO] [stderr]    |       ^^^^^^^^^^^^^^^
[INFO] [stderr] 
[INFO] [stderr] warning: associated function `draw` is never used
[INFO] [stderr]    --> src/ppu.rs:288:8
[INFO] [stderr]     |
[INFO] [stderr] 50  | impl PPU {
[INFO] [stderr]     | -------- associated function in this implementation
[INFO] [stderr] ...
[INFO] [stderr] 288 |     fn draw() {}
[INFO] [stderr]     |        ^^^^
[INFO] [stderr] 
[INFO] [stderr] warning: field `frequency` is never read
[INFO] [stderr]  --> src/quartz.rs:7:5
[INFO] [stderr]   |
[INFO] [stderr] 6 | pub struct Quartz {
[INFO] [stderr]   |            ------ field in this struct
[INFO] [stderr] 7 |     frequency: u32,
[INFO] [stderr]   |     ^^^^^^^^^
[INFO] [stderr] 
[INFO] [stderr] warning: struct `Register` is never constructed
[INFO] [stderr]  --> src/register.rs:5:8
[INFO] [stderr]   |
[INFO] [stderr] 5 | struct Register(u16);
[INFO] [stderr]   |        ^^^^^^^^
[INFO] [stderr] 
[INFO] [stderr] warning: constant `TILE_BYTE_SIZE` is never used
[INFO] [stderr]  --> src/util/tiles_util.rs:8:7
[INFO] [stderr]   |
[INFO] [stderr] 8 | const TILE_BYTE_SIZE: usize = 16usize;
[INFO] [stderr]   |       ^^^^^^^^^^^^^^
[INFO] [stderr] 
[INFO] [stderr] warning: function `print_screen_vec` is never used
[INFO] [stderr]    --> src/util/tiles_util.rs:136:4
[INFO] [stderr]     |
[INFO] [stderr] 136 | fn print_screen_vec(tile_vec: &ScreenVector) {
[INFO] [stderr]     |    ^^^^^^^^^^^^^^^^
[INFO] [stderr] 
[INFO] [stderr] warning: function `print_tile_vec` is never used
[INFO] [stderr]    --> src/util/tiles_util.rs:146:4
[INFO] [stderr]     |
[INFO] [stderr] 146 | fn print_tile_vec(tile_vec: TileVector) {
[INFO] [stderr]     |    ^^^^^^^^^^^^^^
[INFO] [stderr] 
[INFO] [stderr] warning: function `random_buffer` is never used
[INFO] [stderr]   --> src/windows/game_window.rs:66:4
[INFO] [stderr]    |
[INFO] [stderr] 66 | fn random_buffer(width: usize, height: usize) -> Vec<u32> {
[INFO] [stderr]    |    ^^^^^^^^^^^^^
[INFO] [stderr] 
[INFO] [stderr] warning: structure field `Z` should have a snake case name
[INFO] [stderr]   --> src/util/extract_opcode.rs:14:9
[INFO] [stderr]    |
[INFO] [stderr] 14 |     pub Z: String,
[INFO] [stderr]    |         ^ help: convert the identifier to snake case (notice the capitalization): `z`
[INFO] [stderr]    |
[INFO] [stderr]    = note: `#[warn(non_snake_case)]` on by default
[INFO] [stderr] 
[INFO] [stderr] warning: structure field `N` should have a snake case name
[INFO] [stderr]   --> src/util/extract_opcode.rs:15:9
[INFO] [stderr]    |
[INFO] [stderr] 15 |     pub N: String,
[INFO] [stderr]    |         ^ help: convert the identifier to snake case: `n`
[INFO] [stderr] 
[INFO] [stderr] warning: structure field `H` should have a snake case name
[INFO] [stderr]   --> src/util/extract_opcode.rs:16:9
[INFO] [stderr]    |
[INFO] [stderr] 16 |     pub H: String,
[INFO] [stderr]    |         ^ help: convert the identifier to snake case: `h`
[INFO] [stderr] 
[INFO] [stderr] warning: structure field `C` should have a snake case name
[INFO] [stderr]   --> src/util/extract_opcode.rs:17:9
[INFO] [stderr]    |
[INFO] [stderr] 17 |     pub C: String,
[INFO] [stderr]    |         ^ help: convert the identifier to snake case (notice the capitalization): `c`
[INFO] [stderr] 
[INFO] [stderr] warning: unused import: `register::Registers`
[INFO] [stderr]    --> src/emulator.rs:113:9
[INFO] [stderr]     |
[INFO] [stderr] 113 |         register::Registers,
[INFO] [stderr]     |         ^^^^^^^^^^^^^^^^^^^
[INFO] [stderr] 
[INFO] [stderr] warning: unused variable: `tile_vec`
[INFO] [stderr]    --> src/util/tiles_util.rs:210:13
[INFO] [stderr]     |
[INFO] [stderr] 210 |         let tile_vec = vram_to_tile_vec(vram, tile_per_line);
[INFO] [stderr]     |             ^^^^^^^^ help: if this is intentional, prefix it with an underscore: `_tile_vec`
[INFO] [stderr] 
[INFO] [stderr] warning: unused variable: `test`
[INFO] [stderr]    --> src/util/cartridge_util.rs:177:13
[INFO] [stderr]     |
[INFO] [stderr] 177 |         let test = load("../roms/Tetris (JUE) (V1.1) [!].gb");
[INFO] [stderr]     |             ^^^^ help: if this is intentional, prefix it with an underscore: `_test`
[INFO] [stderr] 
[INFO] [stderr] warning: unused variable: `test`
[INFO] [stderr]    --> src/util/cartridge_util.rs:178:13
[INFO] [stderr]     |
[INFO] [stderr] 178 |         let test = load("/home/anon/Documents/Code/GameBoyish/roms/cpu_instrs/06-ld r,r.gb");
[INFO] [stderr]     |             ^^^^ help: if this is intentional, prefix it with an underscore: `_test`
[INFO] [stderr] 
[INFO] [stderr] warning: `game_boyish` (lib) generated 41 warnings (run `cargo fix --lib -p game_boyish` to apply 16 suggestions)
[INFO] [stderr] warning: `game_boyish` (lib test) generated 45 warnings (41 duplicates) (run `cargo fix --lib -p game_boyish --tests` to apply 4 suggestions)
[INFO] [stderr] warning: unused variable: `link_game`
[INFO] [stderr]   --> src/bin/main.rs:26:9
[INFO] [stderr]    |
[INFO] [stderr] 26 |     let link_game = load("roms/Legend of Zelda, The - Link's Awakening (U) (V1.2) [!].gb")
[INFO] [stderr]    |         ^^^^^^^^^ help: if this is intentional, prefix it with an underscore: `_link_game`
[INFO] [stderr]    |
[INFO] [stderr]    = note: `#[warn(unused_variables)]` on by default
[INFO] [stderr] 
[INFO] [stderr] warning: unused variable: `emu`
[INFO] [stderr]   --> src/bin/main.rs:53:13
[INFO] [stderr]    |
[INFO] [stderr] 53 |     let mut emu = Emulator {
[INFO] [stderr]    |             ^^^ help: if this is intentional, prefix it with an underscore: `_emu`
[INFO] [stderr] 
[INFO] [stderr] warning: unused variable: `opcodes_pre`
[INFO] [stderr]   --> src/bin/main.rs:68:9
[INFO] [stderr]    |
[INFO] [stderr] 68 |     let opcodes_pre = load_json("opcodes_pre.json");
[INFO] [stderr]    |         ^^^^^^^^^^^ help: if this is intentional, prefix it with an underscore: `_opcodes_pre`
[INFO] [stderr] 
[INFO] [stderr] warning: unused variable: `opcodes_nopre`
[INFO] [stderr]   --> src/bin/main.rs:69:9
[INFO] [stderr]    |
[INFO] [stderr] 69 |     let opcodes_nopre = load_json("opcodes_nopre.json");
[INFO] [stderr]    |         ^^^^^^^^^^^^^ help: if this is intentional, prefix it with an underscore: `_opcodes_nopre`
[INFO] [stderr] 
[INFO] [stderr] warning: variable does not need to be mutable
[INFO] [stderr]   --> src/bin/main.rs:40:9
[INFO] [stderr]    |
[INFO] [stderr] 40 |     let mut doc_emu = Emulator {
[INFO] [stderr]    |         ----^^^^^^^
[INFO] [stderr]    |         |
[INFO] [stderr]    |         help: remove this `mut`
[INFO] [stderr]    |
[INFO] [stderr]    = note: `#[warn(unused_mut)]` on by default
[INFO] [stderr] 
[INFO] [stderr] warning: variable does not need to be mutable
[INFO] [stderr]   --> src/bin/main.rs:53:9
[INFO] [stderr]    |
[INFO] [stderr] 53 |     let mut emu = Emulator {
[INFO] [stderr]    |         ----^^^
[INFO] [stderr]    |         |
[INFO] [stderr]    |         help: remove this `mut`
[INFO] [stderr] 
[INFO] [stderr] warning: `game_boyish` (bin "main" test) generated 6 warnings (run `cargo fix --bin "main" --tests` to apply 6 suggestions)
[INFO] [stderr]     Finished test [unoptimized + debuginfo] target(s) in 0.09s
[INFO] [stderr]      Running unittests src/lib.rs (/opt/rustwide/target/debug/deps/game_boyish-17fa37505db03353)
[INFO] [stdout] 
[INFO] [stdout] running 31 tests
[INFO] [stdout] test bus::tests::get_a16_address_test ... ok
[INFO] [stdout] test bus::tests::test_read ... ok
[INFO] [stdout] test bus::tests::read_slice ... ok
[INFO] [stdout] test bus::tests::test_write ... ok
[INFO] [stdout] test bus::tests::reset_flag_test ... ok
[INFO] [stdout] test bus::tests::write_slice ... ok
[INFO] [stdout] test ppu::tests::insert_obj_vec_into_line_pixels_test ... ok
[INFO] [stdout] test cpu::tests::load_opcode_from_file ... ok
[INFO] [stdout] test register::tests::flag_test ... ok
[INFO] [stdout] test register::tests::get_bit_test ... ok
[INFO] [stdout] test register::tests::high_low_test ... ok
[INFO] [stdout] test register::tests::set_bit_test ... ok
[INFO] [stdout] test register::tests::set_low_high_test ... ok
[INFO] [stdout] test util::cartridge_util::tests::load_tetris ... ok
[INFO] [stdout] test util::display_impl::tests::u8_array_to_string_test ... ok
[INFO] [stdout] test util::math_util::tests::addition_test ... ok
[INFO] [stdout] test util::math_util::tests::bit_set_get_test ... ok
[INFO] [stdout] test util::math_util::tests::signed_addition_test ... ok
[INFO] [stdout] test util::opcode_dict_util::tests::opcode_mnemonics_from_string ... ok
[INFO] [stdout] test util::opcode_dict_util::tests::prefix_opcode_mnemonics_from_string ... ok
[INFO] [stdout] test util::tiles_util::tests::tile_fuse_byte_test ... ok
[INFO] [stdout] test util::tiles_util::tests::tile_fuse_byte_test2 ... ok
[INFO] [stdout] test util::tiles_util::tests::vram_to_vec_test ... ok
[INFO] [stdout] test util::u8_traits::tests::get_set_bit_test ... ok
[INFO] [stdout] test cpu::tests::bus_access ... ok
[INFO] [stdout] test bus::tests::read_slice_panic - should panic ... ok
[INFO] [stdout] test bus::tests::cpu_lock_test ... FAILED
[INFO] [stdout] test bus::tests::load_boot_loader ... FAILED
[INFO] [stdout] test bus::tests::write_slice_panic - should panic ... ok
[INFO] [stdout] test quartz::tests::delta_step_test ... FAILED
[INFO] [stdout] test emulator::tests::multiple_bus_access ... FAILED
[INFO] [stdout] 
[INFO] [stdout] failures:
[INFO] [stdout] 
[INFO] [stdout] ---- bus::tests::cpu_lock_test stdout ----
[INFO] [stdout] thread 'bus::tests::cpu_lock_test' panicked at src/bus.rs:567:9:
[INFO] [stdout] assertion `left == right` failed
[INFO] [stdout]   left: 0
[INFO] [stdout]  right: 144
[INFO] [stdout] stack backtrace:
[INFO] [stdout]    0:     0x5580a7191c9c - std::backtrace_rs::backtrace::libunwind::trace::ha637c64ce894333a
[INFO] [stdout]                                at /rustc/82e1608dfa6e0b5569232559e3d385fea5a93112/library/std/src/../../backtrace/src/backtrace/libunwind.rs:104:5
[INFO] [stdout]    1:     0x5580a7191c9c - std::backtrace_rs::backtrace::trace_unsynchronized::h47f62dea28e0c88d
[INFO] [stdout]                                at /rustc/82e1608dfa6e0b5569232559e3d385fea5a93112/library/std/src/../../backtrace/src/backtrace/mod.rs:66:5
[INFO] [stdout]    2:     0x5580a7191c9c - std::sys_common::backtrace::_print_fmt::h9eef0abe20ede486
[INFO] [stdout]                                at /rustc/82e1608dfa6e0b5569232559e3d385fea5a93112/library/std/src/sys_common/backtrace.rs:67:5
[INFO] [stdout]    3:     0x5580a7191c9c - <std::sys_common::backtrace::_print::DisplayBacktrace as core::fmt::Display>::fmt::hed7f999df88cc644
[INFO] [stdout]                                at /rustc/82e1608dfa6e0b5569232559e3d385fea5a93112/library/std/src/sys_common/backtrace.rs:44:22
[INFO] [stdout]    4:     0x5580a71bb8c0 - core::fmt::rt::Argument::fmt::h1539a9308b8d058d
[INFO] [stdout]                                at /rustc/82e1608dfa6e0b5569232559e3d385fea5a93112/library/core/src/fmt/rt.rs:142:9
[INFO] [stdout]    5:     0x5580a71bb8c0 - core::fmt::write::h3a39390d8560d9c9
[INFO] [stdout]                                at /rustc/82e1608dfa6e0b5569232559e3d385fea5a93112/library/core/src/fmt/mod.rs:1120:17
[INFO] [stdout]    6:     0x5580a718f64f - std::io::Write::write_fmt::h040b369f3a0f9cbc
[INFO] [stdout]                                at /rustc/82e1608dfa6e0b5569232559e3d385fea5a93112/library/std/src/io/mod.rs:1762:15
[INFO] [stdout]    7:     0x5580a7191a84 - std::sys_common::backtrace::_print::h894006fb5c6f3d45
[INFO] [stdout]                                at /rustc/82e1608dfa6e0b5569232559e3d385fea5a93112/library/std/src/sys_common/backtrace.rs:47:5
[INFO] [stdout]    8:     0x5580a7191a84 - std::sys_common::backtrace::print::h23a2d212c6fff936
[INFO] [stdout]                                at /rustc/82e1608dfa6e0b5569232559e3d385fea5a93112/library/std/src/sys_common/backtrace.rs:34:9
[INFO] [stdout]    9:     0x5580a7193747 - std::panicking::default_hook::{{closure}}::h8a1d2ee00185001a
[INFO] [stdout]   10:     0x5580a7193433 - std::panicking::default_hook::h6038f2eba384e475
[INFO] [stdout]                                at /rustc/82e1608dfa6e0b5569232559e3d385fea5a93112/library/std/src/panicking.rs:289:9
[INFO] [stdout]   11:     0x5580a7115b37 - <alloc::boxed::Box<F,A> as core::ops::function::Fn<Args>>::call::h0ad024c9bdc6d768
[INFO] [stdout]                                at /rustc/82e1608dfa6e0b5569232559e3d385fea5a93112/library/alloc/src/boxed.rs:2021:9
[INFO] [stdout]   12:     0x5580a7115b37 - test::test_main::{{closure}}::h7500b54257359db6
[INFO] [stdout]                                at /rustc/82e1608dfa6e0b5569232559e3d385fea5a93112/library/test/src/lib.rs:138:21
[INFO] [stdout]   13:     0x5580a7193d58 - <alloc::boxed::Box<F,A> as core::ops::function::Fn<Args>>::call::h1f8f335eaa9cfaee
[INFO] [stdout]                                at /rustc/82e1608dfa6e0b5569232559e3d385fea5a93112/library/alloc/src/boxed.rs:2021:9
[INFO] [stdout]   14:     0x5580a7193d58 - std::panicking::rust_panic_with_hook::h2b5517d590cab22e
[INFO] [stdout]                                at /rustc/82e1608dfa6e0b5569232559e3d385fea5a93112/library/std/src/panicking.rs:783:13
[INFO] [stdout]   15:     0x5580a7193aae - std::panicking::begin_panic_handler::{{closure}}::h233112c06e0ef43e
[INFO] [stdout]                                at /rustc/82e1608dfa6e0b5569232559e3d385fea5a93112/library/std/src/panicking.rs:657:13
[INFO] [stdout]   16:     0x5580a7192166 - std::sys_common::backtrace::__rust_end_short_backtrace::h6e893f24d7ebbff8
[INFO] [stdout]                                at /rustc/82e1608dfa6e0b5569232559e3d385fea5a93112/library/std/src/sys_common/backtrace.rs:170:18
[INFO] [stdout]   17:     0x5580a7193812 - rust_begin_unwind
[INFO] [stdout]                                at /rustc/82e1608dfa6e0b5569232559e3d385fea5a93112/library/std/src/panicking.rs:645:5
[INFO] [stdout]   18:     0x5580a70a3d55 - core::panicking::panic_fmt::hbf0e066aabfa482c
[INFO] [stdout]                                at /rustc/82e1608dfa6e0b5569232559e3d385fea5a93112/library/core/src/panicking.rs:72:14
[INFO] [stdout]   19:     0x5580a70a416b - core::panicking::assert_failed_inner::h0bba8b7c26ee4492
[INFO] [stdout]   20:     0x5580a71681de - core::panicking::assert_failed::h54a6819ecc5fff9d
[INFO] [stdout]                                at /rustc/82e1608dfa6e0b5569232559e3d385fea5a93112/library/core/src/panicking.rs:279:5
[INFO] [stdout]   21:     0x5580a70bef33 - game_boyish::bus::tests::cpu_lock_test::h76ba5e5df9899340
[INFO] [stdout]                                at /opt/rustwide/workdir/src/bus.rs:567:9
[INFO] [stdout]   22:     0x5580a70bec07 - game_boyish::bus::tests::cpu_lock_test::{{closure}}::he8269de51bd88041
[INFO] [stdout]                                at /opt/rustwide/workdir/src/bus.rs:560:23
[INFO] [stdout]   23:     0x5580a70abae6 - core::ops::function::FnOnce::call_once::hcbcadd03c3df66be
[INFO] [stdout]                                at /rustc/82e1608dfa6e0b5569232559e3d385fea5a93112/library/core/src/ops/function.rs:250:5
[INFO] [stdout]   24:     0x5580a711b18f - core::ops::function::FnOnce::call_once::h2b5d431d5046312d
[INFO] [stdout]                                at /rustc/82e1608dfa6e0b5569232559e3d385fea5a93112/library/core/src/ops/function.rs:250:5
[INFO] [stdout]   25:     0x5580a711b18f - test::__rust_begin_short_backtrace::h7714669af176e207
[INFO] [stdout]                                at /rustc/82e1608dfa6e0b5569232559e3d385fea5a93112/library/test/src/lib.rs:628:18
[INFO] [stdout]   26:     0x5580a711a1a5 - test::run_test_in_process::{{closure}}::h85218797dcbcec12
[INFO] [stdout]                                at /rustc/82e1608dfa6e0b5569232559e3d385fea5a93112/library/test/src/lib.rs:651:60
[INFO] [stdout]   27:     0x5580a711a1a5 - <core::panic::unwind_safe::AssertUnwindSafe<F> as core::ops::function::FnOnce<()>>::call_once::h76c106ea31c14d7b
[INFO] [stdout]                                at /rustc/82e1608dfa6e0b5569232559e3d385fea5a93112/library/core/src/panic/unwind_safe.rs:272:9
[INFO] [stdout]   28:     0x5580a711a1a5 - std::panicking::try::do_call::h3bd5d0f6620ee946
[INFO] [stdout]                                at /rustc/82e1608dfa6e0b5569232559e3d385fea5a93112/library/std/src/panicking.rs:552:40
[INFO] [stdout]   29:     0x5580a711a1a5 - std::panicking::try::h232e535e4744fe31
[INFO] [stdout]                                at /rustc/82e1608dfa6e0b5569232559e3d385fea5a93112/library/std/src/panicking.rs:516:19
[INFO] [stdout]   30:     0x5580a711a1a5 - std::panic::catch_unwind::h3ce3bd6ca8dbac68
[INFO] [stdout]                                at /rustc/82e1608dfa6e0b5569232559e3d385fea5a93112/library/std/src/panic.rs:142:14
[INFO] [stdout]   31:     0x5580a711a1a5 - test::run_test_in_process::hc97b257c9621286a
[INFO] [stdout]                                at /rustc/82e1608dfa6e0b5569232559e3d385fea5a93112/library/test/src/lib.rs:651:27
[INFO] [stdout]   32:     0x5580a711a1a5 - test::run_test::{{closure}}::h2aa798823a438d38
[INFO] [stdout]                                at /rustc/82e1608dfa6e0b5569232559e3d385fea5a93112/library/test/src/lib.rs:574:43
[INFO] [stdout]   33:     0x5580a70e2466 - test::run_test::{{closure}}::h87d231c78fb59832
[INFO] [stdout]                                at /rustc/82e1608dfa6e0b5569232559e3d385fea5a93112/library/test/src/lib.rs:602:41
[INFO] [stdout]   34:     0x5580a70e2466 - std::sys_common::backtrace::__rust_begin_short_backtrace::he6df152596625789
[INFO] [stdout]                                at /rustc/82e1608dfa6e0b5569232559e3d385fea5a93112/library/std/src/sys_common/backtrace.rs:154:18
[INFO] [stdout]   35:     0x5580a70e7517 - std::thread::Builder::spawn_unchecked_::{{closure}}::{{closure}}::ha94be15d1e0acf36
[INFO] [stdout]                                at /rustc/82e1608dfa6e0b5569232559e3d385fea5a93112/library/std/src/thread/mod.rs:529:17
[INFO] [stdout]   36:     0x5580a70e7517 - <core::panic::unwind_safe::AssertUnwindSafe<F> as core::ops::function::FnOnce<()>>::call_once::h9dc6bd6372f16606
[INFO] [stdout]                                at /rustc/82e1608dfa6e0b5569232559e3d385fea5a93112/library/core/src/panic/unwind_safe.rs:272:9
[INFO] [stdout]   37:     0x5580a70e7517 - std::panicking::try::do_call::h9057517f80303cd4
[INFO] [stdout]                                at /rustc/82e1608dfa6e0b5569232559e3d385fea5a93112/library/std/src/panicking.rs:552:40
[INFO] [stdout]   38:     0x5580a70e7517 - std::panicking::try::he3a30b11ee45340c
[INFO] [stdout]                                at /rustc/82e1608dfa6e0b5569232559e3d385fea5a93112/library/std/src/panicking.rs:516:19
[INFO] [stdout]   39:     0x5580a70e7517 - std::panic::catch_unwind::h410458cfd3528b8b
[INFO] [stdout]                                at /rustc/82e1608dfa6e0b5569232559e3d385fea5a93112/library/std/src/panic.rs:142:14
[INFO] [stdout]   40:     0x5580a70e7517 - std::thread::Builder::spawn_unchecked_::{{closure}}::h72ac3bdb567b737b
[INFO] [stdout]                                at /rustc/82e1608dfa6e0b5569232559e3d385fea5a93112/library/std/src/thread/mod.rs:528:30
[INFO] [stdout]   41:     0x5580a70e7517 - core::ops::function::FnOnce::call_once{{vtable.shim}}::h38f34da3654a8344
[INFO] [stdout]                                at /rustc/82e1608dfa6e0b5569232559e3d385fea5a93112/library/core/src/ops/function.rs:250:5
[INFO] [stdout]   42:     0x5580a71987e5 - <alloc::boxed::Box<F,A> as core::ops::function::FnOnce<Args>>::call_once::hc7eafaff61e32df9
[INFO] [stdout]                                at /rustc/82e1608dfa6e0b5569232559e3d385fea5a93112/library/alloc/src/boxed.rs:2007:9
[INFO] [stdout]   43:     0x5580a71987e5 - <alloc::boxed::Box<F,A> as core::ops::function::FnOnce<Args>>::call_once::h6ba4a5de48dd2304
[INFO] [stdout]                                at /rustc/82e1608dfa6e0b5569232559e3d385fea5a93112/library/alloc/src/boxed.rs:2007:9
[INFO] [stdout]   44:     0x5580a71987e5 - std::sys::unix::thread::Thread::new::thread_start::he469335aef763e45
[INFO] [stdout]                                at /rustc/82e1608dfa6e0b5569232559e3d385fea5a93112/library/std/src/sys/unix/thread.rs:108:17
[INFO] [stdout]   45:     0x7f586743cac3 - <unknown>
[INFO] [stdout]   46:     0x7f58674cdbf4 - __clone
[INFO] [stdout]   47:                0x0 - <unknown>
[INFO] [stdout] 
[INFO] [stdout] ---- bus::tests::load_boot_loader stdout ----
[INFO] [stdout] thread 'bus::tests::load_boot_loader' panicked at src/bus.rs:541:9:
[INFO] [stdout] assertion `left == right` failed
[INFO] [stdout]   left: [0, 0, 0, 0, 0]
[INFO] [stdout]  right: [49, 254, 255, 175, 33]
[INFO] [stdout] stack backtrace:
[INFO] [stdout]    0:     0x5580a7191c9c - std::backtrace_rs::backtrace::libunwind::trace::ha637c64ce894333a
[INFO] [stdout]                                at /rustc/82e1608dfa6e0b5569232559e3d385fea5a93112/library/std/src/../../backtrace/src/backtrace/libunwind.rs:104:5
[INFO] [stdout]    1:     0x5580a7191c9c - std::backtrace_rs::backtrace::trace_unsynchronized::h47f62dea28e0c88d
[INFO] [stdout]                                at /rustc/82e1608dfa6e0b5569232559e3d385fea5a93112/library/std/src/../../backtrace/src/backtrace/mod.rs:66:5
[INFO] [stdout]    2:     0x5580a7191c9c - std::sys_common::backtrace::_print_fmt::h9eef0abe20ede486
[INFO] [stdout]                                at /rustc/82e1608dfa6e0b5569232559e3d385fea5a93112/library/std/src/sys_common/backtrace.rs:67:5
[INFO] [stdout]    3:     0x5580a7191c9c - <std::sys_common::backtrace::_print::DisplayBacktrace as core::fmt::Display>::fmt::hed7f999df88cc644
[INFO] [stdout]                                at /rustc/82e1608dfa6e0b5569232559e3d385fea5a93112/library/std/src/sys_common/backtrace.rs:44:22
[INFO] [stdout]    4:     0x5580a71bb8c0 - core::fmt::rt::Argument::fmt::h1539a9308b8d058d
[INFO] [stdout]                                at /rustc/82e1608dfa6e0b5569232559e3d385fea5a93112/library/core/src/fmt/rt.rs:142:9
[INFO] [stdout]    5:     0x5580a71bb8c0 - core::fmt::write::h3a39390d8560d9c9
[INFO] [stdout]                                at /rustc/82e1608dfa6e0b5569232559e3d385fea5a93112/library/core/src/fmt/mod.rs:1120:17
[INFO] [stdout]    6:     0x5580a718f64f - std::io::Write::write_fmt::h040b369f3a0f9cbc
[INFO] [stdout]                                at /rustc/82e1608dfa6e0b5569232559e3d385fea5a93112/library/std/src/io/mod.rs:1762:15
[INFO] [stdout]    7:     0x5580a7191a84 - std::sys_common::backtrace::_print::h894006fb5c6f3d45
[INFO] [stdout]                                at /rustc/82e1608dfa6e0b5569232559e3d385fea5a93112/library/std/src/sys_common/backtrace.rs:47:5
[INFO] [stdout]    8:     0x5580a7191a84 - std::sys_common::backtrace::print::h23a2d212c6fff936
[INFO] [stdout]                                at /rustc/82e1608dfa6e0b5569232559e3d385fea5a93112/library/std/src/sys_common/backtrace.rs:34:9
[INFO] [stdout]    9:     0x5580a7193747 - std::panicking::default_hook::{{closure}}::h8a1d2ee00185001a
[INFO] [stdout]   10:     0x5580a7193433 - std::panicking::default_hook::h6038f2eba384e475
[INFO] [stdout]                                at /rustc/82e1608dfa6e0b5569232559e3d385fea5a93112/library/std/src/panicking.rs:289:9
[INFO] [stdout]   11:     0x5580a7115b37 - <alloc::boxed::Box<F,A> as core::ops::function::Fn<Args>>::call::h0ad024c9bdc6d768
[INFO] [stdout]                                at /rustc/82e1608dfa6e0b5569232559e3d385fea5a93112/library/alloc/src/boxed.rs:2021:9
[INFO] [stdout]   12:     0x5580a7115b37 - test::test_main::{{closure}}::h7500b54257359db6
[INFO] [stdout]                                at /rustc/82e1608dfa6e0b5569232559e3d385fea5a93112/library/test/src/lib.rs:138:21
[INFO] [stdout]   13:     0x5580a7193d58 - <alloc::boxed::Box<F,A> as core::ops::function::Fn<Args>>::call::h1f8f335eaa9cfaee
[INFO] [stdout]                                at /rustc/82e1608dfa6e0b5569232559e3d385fea5a93112/library/alloc/src/boxed.rs:2021:9
[INFO] [stdout]   14:     0x5580a7193d58 - std::panicking::rust_panic_with_hook::h2b5517d590cab22e
[INFO] [stdout]                                at /rustc/82e1608dfa6e0b5569232559e3d385fea5a93112/library/std/src/panicking.rs:783:13
[INFO] [stdout]   15:     0x5580a7193aae - std::panicking::begin_panic_handler::{{closure}}::h233112c06e0ef43e
[INFO] [stdout]                                at /rustc/82e1608dfa6e0b5569232559e3d385fea5a93112/library/std/src/panicking.rs:657:13
[INFO] [stdout]   16:     0x5580a7192166 - std::sys_common::backtrace::__rust_end_short_backtrace::h6e893f24d7ebbff8
[INFO] [stdout]                                at /rustc/82e1608dfa6e0b5569232559e3d385fea5a93112/library/std/src/sys_common/backtrace.rs:170:18
[INFO] [stdout]   17:     0x5580a7193812 - rust_begin_unwind
[INFO] [stdout]                                at /rustc/82e1608dfa6e0b5569232559e3d385fea5a93112/library/std/src/panicking.rs:645:5
[INFO] [stdout]   18:     0x5580a70a3d55 - core::panicking::panic_fmt::hbf0e066aabfa482c
[INFO] [stdout]                                at /rustc/82e1608dfa6e0b5569232559e3d385fea5a93112/library/core/src/panicking.rs:72:14
[INFO] [stdout]   19:     0x5580a70a416b - core::panicking::assert_failed_inner::h0bba8b7c26ee4492
[INFO] [stdout]   20:     0x5580a70ae1a2 - core::panicking::assert_failed::hff936fd2eed79adb
[INFO] [stdout]                                at /rustc/82e1608dfa6e0b5569232559e3d385fea5a93112/library/core/src/panicking.rs:279:5
[INFO] [stdout]   21:     0x5580a70bea08 - game_boyish::bus::tests::load_boot_loader::hef2bdfc2d0d01765
[INFO] [stdout]                                at /opt/rustwide/workdir/src/bus.rs:541:9
[INFO] [stdout]   22:     0x5580a70be8e7 - game_boyish::bus::tests::load_boot_loader::{{closure}}::h7de72a66680d9384
[INFO] [stdout]                                at /opt/rustwide/workdir/src/bus.rs:538:26
[INFO] [stdout]   23:     0x5580a70abc66 - core::ops::function::FnOnce::call_once::hf06b5e8231b53a9c
[INFO] [stdout]                                at /rustc/82e1608dfa6e0b5569232559e3d385fea5a93112/library/core/src/ops/function.rs:250:5
[INFO] [stdout]   24:     0x5580a711b18f - core::ops::function::FnOnce::call_once::h2b5d431d5046312d
[INFO] [stdout]                                at /rustc/82e1608dfa6e0b5569232559e3d385fea5a93112/library/core/src/ops/function.rs:250:5
[INFO] [stdout]   25:     0x5580a711b18f - test::__rust_begin_short_backtrace::h7714669af176e207
[INFO] [stdout]                                at /rustc/82e1608dfa6e0b5569232559e3d385fea5a93112/library/test/src/lib.rs:628:18
[INFO] [stdout]   26:     0x5580a711a1a5 - test::run_test_in_process::{{closure}}::h85218797dcbcec12
[INFO] [stdout]                                at /rustc/82e1608dfa6e0b5569232559e3d385fea5a93112/library/test/src/lib.rs:651:60
[INFO] [stdout]   27:     0x5580a711a1a5 - <core::panic::unwind_safe::AssertUnwindSafe<F> as core::ops::function::FnOnce<()>>::call_once::h76c106ea31c14d7b
[INFO] [stdout]                                at /rustc/82e1608dfa6e0b5569232559e3d385fea5a93112/library/core/src/panic/unwind_safe.rs:272:9
[INFO] [stdout]   28:     0x5580a711a1a5 - std::panicking::try::do_call::h3bd5d0f6620ee946
[INFO] [stdout]                                at /rustc/82e1608dfa6e0b5569232559e3d385fea5a93112/library/std/src/panicking.rs:552:40
[INFO] [stdout]   29:     0x5580a711a1a5 - std::panicking::try::h232e535e4744fe31
[INFO] [stdout]                                at /rustc/82e1608dfa6e0b5569232559e3d385fea5a93112/library/std/src/panicking.rs:516:19
[INFO] [stdout]   30:     0x5580a711a1a5 - std::panic::catch_unwind::h3ce3bd6ca8dbac68
[INFO] [stdout]                                at /rustc/82e1608dfa6e0b5569232559e3d385fea5a93112/library/std/src/panic.rs:142:14
[INFO] [stdout]   31:     0x5580a711a1a5 - test::run_test_in_process::hc97b257c9621286a
[INFO] [stdout]                                at /rustc/82e1608dfa6e0b5569232559e3d385fea5a93112/library/test/src/lib.rs:651:27
[INFO] [stdout]   32:     0x5580a711a1a5 - test::run_test::{{closure}}::h2aa798823a438d38
[INFO] [stdout]                                at /rustc/82e1608dfa6e0b5569232559e3d385fea5a93112/library/test/src/lib.rs:574:43
[INFO] [stdout]   33:     0x5580a70e2466 - test::run_test::{{closure}}::h87d231c78fb59832
[INFO] [stdout]                                at /rustc/82e1608dfa6e0b5569232559e3d385fea5a93112/library/test/src/lib.rs:602:41
[INFO] [stdout]   34:     0x5580a70e2466 - std::sys_common::backtrace::__rust_begin_short_backtrace::he6df152596625789
[INFO] [stdout]                                at /rustc/82e1608dfa6e0b5569232559e3d385fea5a93112/library/std/src/sys_common/backtrace.rs:154:18
[INFO] [stdout]   35:     0x5580a70e7517 - std::thread::Builder::spawn_unchecked_::{{closure}}::{{closure}}::ha94be15d1e0acf36
[INFO] [stdout]                                at /rustc/82e1608dfa6e0b5569232559e3d385fea5a93112/library/std/src/thread/mod.rs:529:17
[INFO] [stdout]   36:     0x5580a70e7517 - <core::panic::unwind_safe::AssertUnwindSafe<F> as core::ops::function::FnOnce<()>>::call_once::h9dc6bd6372f16606
[INFO] [stdout]                                at /rustc/82e1608dfa6e0b5569232559e3d385fea5a93112/library/core/src/panic/unwind_safe.rs:272:9
[INFO] [stdout]   37:     0x5580a70e7517 - std::panicking::try::do_call::h9057517f80303cd4
[INFO] [stdout]                                at /rustc/82e1608dfa6e0b5569232559e3d385fea5a93112/library/std/src/panicking.rs:552:40
[INFO] [stdout]   38:     0x5580a70e7517 - std::panicking::try::he3a30b11ee45340c
[INFO] [stdout]                                at /rustc/82e1608dfa6e0b5569232559e3d385fea5a93112/library/std/src/panicking.rs:516:19
[INFO] [stdout]   39:     0x5580a70e7517 - std::panic::catch_unwind::h410458cfd3528b8b
[INFO] [stdout]                                at /rustc/82e1608dfa6e0b5569232559e3d385fea5a93112/library/std/src/panic.rs:142:14
[INFO] [stdout]   40:     0x5580a70e7517 - std::thread::Builder::spawn_unchecked_::{{closure}}::h72ac3bdb567b737b
[INFO] [stdout]                                at /rustc/82e1608dfa6e0b5569232559e3d385fea5a93112/library/std/src/thread/mod.rs:528:30
[INFO] [stdout]   41:     0x5580a70e7517 - core::ops::function::FnOnce::call_once{{vtable.shim}}::h38f34da3654a8344
[INFO] [stdout]                                at /rustc/82e1608dfa6e0b5569232559e3d385fea5a93112/library/core/src/ops/function.rs:250:5
[INFO] [stdout]   42:     0x5580a71987e5 - <alloc::boxed::Box<F,A> as core::ops::function::FnOnce<Args>>::call_once::hc7eafaff61e32df9
[INFO] [stdout]                                at /rustc/82e1608dfa6e0b5569232559e3d385fea5a93112/library/alloc/src/boxed.rs:2007:9
[INFO] [stdout]   43:     0x5580a71987e5 - <alloc::boxed::Box<F,A> as core::ops::function::FnOnce<Args>>::call_once::h6ba4a5de48dd2304
[INFO] [stdout]                                at /rustc/82e1608dfa6e0b5569232559e3d385fea5a93112/library/alloc/src/boxed.rs:2007:9
[INFO] [stdout]   44:     0x5580a71987e5 - std::sys::unix::thread::Thread::new::thread_start::he469335aef763e45
[INFO] [stdout]                                at /rustc/82e1608dfa6e0b5569232559e3d385fea5a93112/library/std/src/sys/unix/thread.rs:108:17
[INFO] [stdout]   45:     0x7f586743cac3 - <unknown>
[INFO] [stdout]   46:     0x7f58674cdbf4 - __clone
[INFO] [stdout]   47:                0x0 - <unknown>
[INFO] [stdout] 
[INFO] [stdout] ---- quartz::tests::delta_step_test stdout ----
[INFO] [stdout] tMIEME: 1
[INFO] [stdout] thread 'quartz::tests::delta_step_test' panicked at src/quartz.rs:52:9:
[INFO] [stdout] assertion `left == right` failed
[INFO] [stdout]   left: 238
[INFO] [stdout]  right: 1
[INFO] [stdout] stack backtrace:
[INFO] [stdout]    0:     0x5580a7191c9c - std::backtrace_rs::backtrace::libunwind::trace::ha637c64ce894333a
[INFO] [stdout]                                at /rustc/82e1608dfa6e0b5569232559e3d385fea5a93112/library/std/src/../../backtrace/src/backtrace/libunwind.rs:104:5
[INFO] [stdout]    1:     0x5580a7191c9c - std::backtrace_rs::backtrace::trace_unsynchronized::h47f62dea28e0c88d
[INFO] [stdout]                                at /rustc/82e1608dfa6e0b5569232559e3d385fea5a93112/library/std/src/../../backtrace/src/backtrace/mod.rs:66:5
[INFO] [stdout]    2:     0x5580a7191c9c - std::sys_common::backtrace::_print_fmt::h9eef0abe20ede486
[INFO] [stdout]                                at /rustc/82e1608dfa6e0b5569232559e3d385fea5a93112/library/std/src/sys_common/backtrace.rs:67:5
[INFO] [stdout]    3:     0x5580a7191c9c - <std::sys_common::backtrace::_print::DisplayBacktrace as core::fmt::Display>::fmt::hed7f999df88cc644
[INFO] [stdout]                                at /rustc/82e1608dfa6e0b5569232559e3d385fea5a93112/library/std/src/sys_common/backtrace.rs:44:22
[INFO] [stdout]    4:     0x5580a71bb8c0 - core::fmt::rt::Argument::fmt::h1539a9308b8d058d
[INFO] [stdout]                                at /rustc/82e1608dfa6e0b5569232559e3d385fea5a93112/library/core/src/fmt/rt.rs:142:9
[INFO] [stdout]    5:     0x5580a71bb8c0 - core::fmt::write::h3a39390d8560d9c9
[INFO] [stdout]                                at /rustc/82e1608dfa6e0b5569232559e3d385fea5a93112/library/core/src/fmt/mod.rs:1120:17
[INFO] [stdout]    6:     0x5580a718f64f - std::io::Write::write_fmt::h040b369f3a0f9cbc
[INFO] [stdout]                                at /rustc/82e1608dfa6e0b5569232559e3d385fea5a93112/library/std/src/io/mod.rs:1762:15
[INFO] [stdout]    7:     0x5580a7191a84 - std::sys_common::backtrace::_print::h894006fb5c6f3d45
[INFO] [stdout]                                at /rustc/82e1608dfa6e0b5569232559e3d385fea5a93112/library/std/src/sys_common/backtrace.rs:47:5
[INFO] [stdout]    8:     0x5580a7191a84 - std::sys_common::backtrace::print::h23a2d212c6fff936
[INFO] [stdout]                                at /rustc/82e1608dfa6e0b5569232559e3d385fea5a93112/library/std/src/sys_common/backtrace.rs:34:9
[INFO] [stdout]    9:     0x5580a7193747 - std::panicking::default_hook::{{closure}}::h8a1d2ee00185001a
[INFO] [stdout]   10:     0x5580a7193433 - std::panicking::default_hook::h6038f2eba384e475
[INFO] [stdout]                                at /rustc/82e1608dfa6e0b5569232559e3d385fea5a93112/library/std/src/panicking.rs:289:9
[INFO] [stdout]   11:     0x5580a7115b37 - <alloc::boxed::Box<F,A> as core::ops::function::Fn<Args>>::call::h0ad024c9bdc6d768
[INFO] [stdout]                                at /rustc/82e1608dfa6e0b5569232559e3d385fea5a93112/library/alloc/src/boxed.rs:2021:9
[INFO] [stdout]   12:     0x5580a7115b37 - test::test_main::{{closure}}::h7500b54257359db6
[INFO] [stdout]                                at /rustc/82e1608dfa6e0b5569232559e3d385fea5a93112/library/test/src/lib.rs:138:21
[INFO] [stdout]   13:     0x5580a7193d58 - <alloc::boxed::Box<F,A> as core::ops::function::Fn<Args>>::call::h1f8f335eaa9cfaee
[INFO] [stdout]                                at /rustc/82e1608dfa6e0b5569232559e3d385fea5a93112/library/alloc/src/boxed.rs:2021:9
[INFO] [stdout]   14:     0x5580a7193d58 - std::panicking::rust_panic_with_hook::h2b5517d590cab22e
[INFO] [stdout]                                at /rustc/82e1608dfa6e0b5569232559e3d385fea5a93112/library/std/src/panicking.rs:783:13
[INFO] [stdout]   15:     0x5580a7193aae - std::panicking::begin_panic_handler::{{closure}}::h233112c06e0ef43e
[INFO] [stdout]                                at /rustc/82e1608dfa6e0b5569232559e3d385fea5a93112/library/std/src/panicking.rs:657:13
[INFO] [stdout]   16:     0x5580a7192166 - std::sys_common::backtrace::__rust_end_short_backtrace::h6e893f24d7ebbff8
[INFO] [stdout]                                at /rustc/82e1608dfa6e0b5569232559e3d385fea5a93112/library/std/src/sys_common/backtrace.rs:170:18
[INFO] [stdout]   17:     0x5580a7193812 - rust_begin_unwind
[INFO] [stdout]                                at /rustc/82e1608dfa6e0b5569232559e3d385fea5a93112/library/std/src/panicking.rs:645:5
[INFO] [stdout]   18:     0x5580a70a3d55 - core::panicking::panic_fmt::hbf0e066aabfa482c
[INFO] [stdout]                                at /rustc/82e1608dfa6e0b5569232559e3d385fea5a93112/library/core/src/panicking.rs:72:14
[INFO] [stdout]   19:     0x5580a70a416b - core::panicking::assert_failed_inner::h0bba8b7c26ee4492
[INFO] [stdout]   20:     0x5580a70ae0de - core::panicking::assert_failed::h90fe10f0907a2daa
[INFO] [stdout]                                at /rustc/82e1608dfa6e0b5569232559e3d385fea5a93112/library/core/src/panicking.rs:279:5
[INFO] [stdout]   21:     0x5580a70b0980 - game_boyish::quartz::tests::delta_step_test::hc69175ba88d29e2f
[INFO] [stdout]                                at /opt/rustwide/workdir/src/quartz.rs:52:9
[INFO] [stdout]   22:     0x5580a70b0837 - game_boyish::quartz::tests::delta_step_test::{{closure}}::ha56b4f7bc8195b56
[INFO] [stdout]                                at /opt/rustwide/workdir/src/quartz.rs:49:25
[INFO] [stdout]   23:     0x5580a70ab796 - core::ops::function::FnOnce::call_once::h79fdb2188a1e12f2
[INFO] [stdout]                                at /rustc/82e1608dfa6e0b5569232559e3d385fea5a93112/library/core/src/ops/function.rs:250:5
[INFO] [stdout]   24:     0x5580a711b18f - core::ops::function::FnOnce::call_once::h2b5d431d5046312d
[INFO] [stdout]                                at /rustc/82e1608dfa6e0b5569232559e3d385fea5a93112/library/core/src/ops/function.rs:250:5
[INFO] [stdout]   25:     0x5580a711b18f - test::__rust_begin_short_backtrace::h7714669af176e207
[INFO] [stdout]                                at /rustc/82e1608dfa6e0b5569232559e3d385fea5a93112/library/test/src/lib.rs:628:18
[INFO] [stdout]   26:     0x5580a711a1a5 - test::run_test_in_process::{{closure}}::h85218797dcbcec12
[INFO] [stdout]                                at /rustc/82e1608dfa6e0b5569232559e3d385fea5a93112/library/test/src/lib.rs:651:60
[INFO] [stdout]   27:     0x5580a711a1a5 - <core::panic::unwind_safe::AssertUnwindSafe<F> as core::ops::function::FnOnce<()>>::call_once::h76c106ea31c14d7b
[INFO] [stdout]                                at /rustc/82e1608dfa6e0b5569232559e3d385fea5a93112/library/core/src/panic/unwind_safe.rs:272:9
[INFO] [stdout]   28:     0x5580a711a1a5 - std::panicking::try::do_call::h3bd5d0f6620ee946
[INFO] [stdout]                                at /rustc/82e1608dfa6e0b5569232559e3d385fea5a93112/library/std/src/panicking.rs:552:40
[INFO] [stdout]   29:     0x5580a711a1a5 - std::panicking::try::h232e535e4744fe31
[INFO] [stdout]                                at /rustc/82e1608dfa6e0b5569232559e3d385fea5a93112/library/std/src/panicking.rs:516:19
[INFO] [stdout]   30:     0x5580a711a1a5 - std::panic::catch_unwind::h3ce3bd6ca8dbac68
[INFO] [stdout]                                at /rustc/82e1608dfa6e0b5569232559e3d385fea5a93112/library/std/src/panic.rs:142:14
[INFO] [stdout]   31:     0x5580a711a1a5 - test::run_test_in_process::hc97b257c9621286a
[INFO] [stdout]                                at /rustc/82e1608dfa6e0b5569232559e3d385fea5a93112/library/test/src/lib.rs:651:27
[INFO] [stdout]   32:     0x5580a711a1a5 - test::run_test::{{closure}}::h2aa798823a438d38
[INFO] [stdout]                                at /rustc/82e1608dfa6e0b5569232559e3d385fea5a93112/library/test/src/lib.rs:574:43
[INFO] [stdout]   33:     0x5580a70e2466 - test::run_test::{{closure}}::h87d231c78fb59832
[INFO] [stdout]                                at /rustc/82e1608dfa6e0b5569232559e3d385fea5a93112/library/test/src/lib.rs:602:41
[INFO] [stdout]   34:     0x5580a70e2466 - std::sys_common::backtrace::__rust_begin_short_backtrace::he6df152596625789
[INFO] [stdout]                                at /rustc/82e1608dfa6e0b5569232559e3d385fea5a93112/library/std/src/sys_common/backtrace.rs:154:18
[INFO] [stdout]   35:     0x5580a70e7517 - std::thread::Builder::spawn_unchecked_::{{closure}}::{{closure}}::ha94be15d1e0acf36
[INFO] [stdout]                                at /rustc/82e1608dfa6e0b5569232559e3d385fea5a93112/library/std/src/thread/mod.rs:529:17
[INFO] [stdout]   36:     0x5580a70e7517 - <core::panic::unwind_safe::AssertUnwindSafe<F> as core::ops::function::FnOnce<()>>::call_once::h9dc6bd6372f16606
[INFO] [stdout]                                at /rustc/82e1608dfa6e0b5569232559e3d385fea5a93112/library/core/src/panic/unwind_safe.rs:272:9
[INFO] [stdout]   37:     0x5580a70e7517 - std::panicking::try::do_call::h9057517f80303cd4
[INFO] [stdout]                                at /rustc/82e1608dfa6e0b5569232559e3d385fea5a93112/library/std/src/panicking.rs:552:40
[INFO] [stdout]   38:     0x5580a70e7517 - std::panicking::try::he3a30b11ee45340c
[INFO] [stdout]                                at /rustc/82e1608dfa6e0b5569232559e3d385fea5a93112/library/std/src/panicking.rs:516:19
[INFO] [stdout]   39:     0x5580a70e7517 - std::panic::catch_unwind::h410458cfd3528b8b
[INFO] [stdout]                                at /rustc/82e1608dfa6e0b5569232559e3d385fea5a93112/library/std/src/panic.rs:142:14
[INFO] [stdout]   40:     0x5580a70e7517 - std::thread::Builder::spawn_unchecked_::{{closure}}::h72ac3bdb567b737b
[INFO] [stdout]                                at /rustc/82e1608dfa6e0b5569232559e3d385fea5a93112/library/std/src/thread/mod.rs:528:30
[INFO] [stdout]   41:     0x5580a70e7517 - core::ops::function::FnOnce::call_once{{vtable.shim}}::h38f34da3654a8344
[INFO] [stdout]                                at /rustc/82e1608dfa6e0b5569232559e3d385fea5a93112/library/core/src/ops/function.rs:250:5
[INFO] [stdout]   42:     0x5580a71987e5 - <alloc::boxed::Box<F,A> as core::ops::function::FnOnce<Args>>::call_once::hc7eafaff61e32df9
[INFO] [stdout]                                at /rustc/82e1608dfa6e0b5569232559e3d385fea5a93112/library/alloc/src/boxed.rs:2007:9
[INFO] [stdout]   43:     0x5580a71987e5 - <alloc::boxed::Box<F,A> as core::ops::function::FnOnce<Args>>::call_once::h6ba4a5de48dd2304
[INFO] [stdout]                                at /rustc/82e1608dfa6e0b5569232559e3d385fea5a93112/library/alloc/src/boxed.rs:2007:9
[INFO] [stdout]   44:     0x5580a71987e5 - std::sys::unix::thread::Thread::new::thread_start::he469335aef763e45
[INFO] [stdout]                                at /rustc/82e1608dfa6e0b5569232559e3d385fea5a93112/library/std/src/sys/unix/thread.rs:108:17
[INFO] [stdout]   45:     0x7f586743cac3 - <unknown>
[INFO] [stdout]   46:     0x7f58674cdbf4 - __clone
[INFO] [stdout]   47:                0x0 - <unknown>
[INFO] [stdout] 
[INFO] [stdout] ---- emulator::tests::multiple_bus_access stdout ----
[INFO] [stdout] thread 'emulator::tests::multiple_bus_access' panicked at src/io_handler.rs:14:41:
[INFO] [stdout] Failed to create device: Os { code: 2, kind: NotFound, message: "No such file or directory" }
[INFO] [stdout] stack backtrace:
[INFO] [stdout]    0:     0x5580a7191c9c - std::backtrace_rs::backtrace::libunwind::trace::ha637c64ce894333a
[INFO] [stdout]                                at /rustc/82e1608dfa6e0b5569232559e3d385fea5a93112/library/std/src/../../backtrace/src/backtrace/libunwind.rs:104:5
[INFO] [stdout]    1:     0x5580a7191c9c - std::backtrace_rs::backtrace::trace_unsynchronized::h47f62dea28e0c88d
[INFO] [stdout]                                at /rustc/82e1608dfa6e0b5569232559e3d385fea5a93112/library/std/src/../../backtrace/src/backtrace/mod.rs:66:5
[INFO] [stdout]    2:     0x5580a7191c9c - std::sys_common::backtrace::_print_fmt::h9eef0abe20ede486
[INFO] [stdout]                                at /rustc/82e1608dfa6e0b5569232559e3d385fea5a93112/library/std/src/sys_common/backtrace.rs:67:5
[INFO] [stdout]    3:     0x5580a7191c9c - <std::sys_common::backtrace::_print::DisplayBacktrace as core::fmt::Display>::fmt::hed7f999df88cc644
[INFO] [stdout]                                at /rustc/82e1608dfa6e0b5569232559e3d385fea5a93112/library/std/src/sys_common/backtrace.rs:44:22
[INFO] [stdout]    4:     0x5580a71bb8c0 - core::fmt::rt::Argument::fmt::h1539a9308b8d058d
[INFO] [stdout]                                at /rustc/82e1608dfa6e0b5569232559e3d385fea5a93112/library/core/src/fmt/rt.rs:142:9
[INFO] [stdout]    5:     0x5580a71bb8c0 - core::fmt::write::h3a39390d8560d9c9
[INFO] [stdout]                                at /rustc/82e1608dfa6e0b5569232559e3d385fea5a93112/library/core/src/fmt/mod.rs:1120:17
[INFO] [stdout]    6:     0x5580a718f64f - std::io::Write::write_fmt::h040b369f3a0f9cbc
[INFO] [stdout]                                at /rustc/82e1608dfa6e0b5569232559e3d385fea5a93112/library/std/src/io/mod.rs:1762:15
[INFO] [stdout]    7:     0x5580a7191a84 - std::sys_common::backtrace::_print::h894006fb5c6f3d45
[INFO] [stdout]                                at /rustc/82e1608dfa6e0b5569232559e3d385fea5a93112/library/std/src/sys_common/backtrace.rs:47:5
[INFO] [stdout]    8:     0x5580a7191a84 - std::sys_common::backtrace::print::h23a2d212c6fff936
[INFO] [stdout]                                at /rustc/82e1608dfa6e0b5569232559e3d385fea5a93112/library/std/src/sys_common/backtrace.rs:34:9
[INFO] [stdout]    9:     0x5580a7193747 - std::panicking::default_hook::{{closure}}::h8a1d2ee00185001a
[INFO] [stdout]   10:     0x5580a7193433 - std::panicking::default_hook::h6038f2eba384e475
[INFO] [stdout]                                at /rustc/82e1608dfa6e0b5569232559e3d385fea5a93112/library/std/src/panicking.rs:289:9
[INFO] [stdout]   11:     0x5580a7115b37 - <alloc::boxed::Box<F,A> as core::ops::function::Fn<Args>>::call::h0ad024c9bdc6d768
[INFO] [stdout]                                at /rustc/82e1608dfa6e0b5569232559e3d385fea5a93112/library/alloc/src/boxed.rs:2021:9
[INFO] [stdout]   12:     0x5580a7115b37 - test::test_main::{{closure}}::h7500b54257359db6
[INFO] [stdout]                                at /rustc/82e1608dfa6e0b5569232559e3d385fea5a93112/library/test/src/lib.rs:138:21
[INFO] [stdout]   13:     0x5580a7193d58 - <alloc::boxed::Box<F,A> as core::ops::function::Fn<Args>>::call::h1f8f335eaa9cfaee
[INFO] [stdout]                                at /rustc/82e1608dfa6e0b5569232559e3d385fea5a93112/library/alloc/src/boxed.rs:2021:9
[INFO] [stdout]   14:     0x5580a7193d58 - std::panicking::rust_panic_with_hook::h2b5517d590cab22e
[INFO] [stdout]                                at /rustc/82e1608dfa6e0b5569232559e3d385fea5a93112/library/std/src/panicking.rs:783:13
[INFO] [stdout]   15:     0x5580a7193aae - std::panicking::begin_panic_handler::{{closure}}::h233112c06e0ef43e
[INFO] [stdout]                                at /rustc/82e1608dfa6e0b5569232559e3d385fea5a93112/library/std/src/panicking.rs:657:13
[INFO] [stdout]   16:     0x5580a7192166 - std::sys_common::backtrace::__rust_end_short_backtrace::h6e893f24d7ebbff8
[INFO] [stdout]                                at /rustc/82e1608dfa6e0b5569232559e3d385fea5a93112/library/std/src/sys_common/backtrace.rs:170:18
[INFO] [stdout]   17:     0x5580a7193812 - rust_begin_unwind
[INFO] [stdout]                                at /rustc/82e1608dfa6e0b5569232559e3d385fea5a93112/library/std/src/panicking.rs:645:5
[INFO] [stdout]   18:     0x5580a70a3d55 - core::panicking::panic_fmt::hbf0e066aabfa482c
[INFO] [stdout]                                at /rustc/82e1608dfa6e0b5569232559e3d385fea5a93112/library/core/src/panicking.rs:72:14
[INFO] [stdout]   19:     0x5580a70a42e3 - core::result::unwrap_failed::hddb4fea594200c52
[INFO] [stdout]                                at /rustc/82e1608dfa6e0b5569232559e3d385fea5a93112/library/core/src/result.rs:1653:5
[INFO] [stdout]   20:     0x5580a70bbc41 - core::result::Result<T,E>::expect::ha08bd7af10e53aa9
[INFO] [stdout]                                at /rustc/82e1608dfa6e0b5569232559e3d385fea5a93112/library/core/src/result.rs:1034:23
[INFO] [stdout]   21:     0x5580a70b5dd0 - game_boyish::io_handler::IOHandler::new::h56b252b4bef10bfb
[INFO] [stdout]                                at /opt/rustwide/workdir/src/io_handler.rs:14:22
[INFO] [stdout]   22:     0x5580a70b7316 - game_boyish::emulator::tests::multiple_bus_access::h0d8d7dbf2aa6e672
[INFO] [stdout]                                at /opt/rustwide/workdir/src/emulator.rs:125:25
[INFO] [stdout]   23:     0x5580a70b7197 - game_boyish::emulator::tests::multiple_bus_access::{{closure}}::hd2a1fa52f938b376
[INFO] [stdout]                                at /opt/rustwide/workdir/src/emulator.rs:120:29
[INFO] [stdout]   24:     0x5580a70ab696 - core::ops::function::FnOnce::call_once::h66e07b42d011b922
[INFO] [stdout]                                at /rustc/82e1608dfa6e0b5569232559e3d385fea5a93112/library/core/src/ops/function.rs:250:5
[INFO] [stdout]   25:     0x5580a711b18f - core::ops::function::FnOnce::call_once::h2b5d431d5046312d
[INFO] [stdout]                                at /rustc/82e1608dfa6e0b5569232559e3d385fea5a93112/library/core/src/ops/function.rs:250:5
[INFO] [stdout]   26:     0x5580a711b18f - test::__rust_begin_short_backtrace::h7714669af176e207
[INFO] [stdout]                                at /rustc/82e1608dfa6e0b5569232559e3d385fea5a93112/library/test/src/lib.rs:628:18
[INFO] [stdout]   27:     0x5580a711a1a5 - test::run_test_in_process::{{closure}}::h85218797dcbcec12
[INFO] [stdout]                                at /rustc/82e1608dfa6e0b5569232559e3d385fea5a93112/library/test/src/lib.rs:651:60
[INFO] [stdout]   28:     0x5580a711a1a5 - <core::panic::unwind_safe::AssertUnwindSafe<F> as core::ops::function::FnOnce<()>>::call_once::h76c106ea31c14d7b
[INFO] [stdout]                                at /rustc/82e1608dfa6e0b5569232559e3d385fea5a93112/library/core/src/panic/unwind_safe.rs:272:9
[INFO] [stdout]   29:     0x5580a711a1a5 - std::panicking::try::do_call::h3bd5d0f6620ee946
[INFO] [stdout]                                at /rustc/82e1608dfa6e0b5569232559e3d385fea5a93112/library/std/src/panicking.rs:552:40
[INFO] [stdout]   30:     0x5580a711a1a5 - std::panicking::try::h232e535e4744fe31
[INFO] [stdout]                                at /rustc/82e1608dfa6e0b5569232559e3d385fea5a93112/library/std/src/panicking.rs:516:19
[INFO] [stdout]   31:     0x5580a711a1a5 - std::panic::catch_unwind::h3ce3bd6ca8dbac68
[INFO] [stdout]                                at /rustc/82e1608dfa6e0b5569232559e3d385fea5a93112/library/std/src/panic.rs:142:14
[INFO] [stdout]   32:     0x5580a711a1a5 - test::run_test_in_process::hc97b257c9621286a
[INFO] [stdout]                                at /rustc/82e1608dfa6e0b5569232559e3d385fea5a93112/library/test/src/lib.rs:651:27
[INFO] [stdout]   33:     0x5580a711a1a5 - test::run_test::{{closure}}::h2aa798823a438d38
[INFO] [stdout]                                at /rustc/82e1608dfa6e0b5569232559e3d385fea5a93112/library/test/src/lib.rs:574:43
[INFO] [stdout]   34:     0x5580a70e2466 - test::run_test::{{closure}}::h87d231c78fb59832
[INFO] [stdout]                                at /rustc/82e1608dfa6e0b5569232559e3d385fea5a93112/library/test/src/lib.rs:602:41
[INFO] [stdout]   35:     0x5580a70e2466 - std::sys_common::backtrace::__rust_begin_short_backtrace::he6df152596625789
[INFO] [stdout]                                at /rustc/82e1608dfa6e0b5569232559e3d385fea5a93112/library/std/src/sys_common/backtrace.rs:154:18
[INFO] [stdout]   36:     0x5580a70e7517 - std::thread::Builder::spawn_unchecked_::{{closure}}::{{closure}}::ha94be15d1e0acf36
[INFO] [stdout]                                at /rustc/82e1608dfa6e0b5569232559e3d385fea5a93112/library/std/src/thread/mod.rs:529:17
[INFO] [stdout]   37:     0x5580a70e7517 - <core::panic::unwind_safe::AssertUnwindSafe<F> as core::ops::function::FnOnce<()>>::call_once::h9dc6bd6372f16606
[INFO] [stdout]                                at /rustc/82e1608dfa6e0b5569232559e3d385fea5a93112/library/core/src/panic/unwind_safe.rs:272:9
[INFO] [stdout]   38:     0x5580a70e7517 - std::panicking::try::do_call::h9057517f80303cd4
[INFO] [stdout]                                at /rustc/82e1608dfa6e0b5569232559e3d385fea5a93112/library/std/src/panicking.rs:552:40
[INFO] [stdout]   39:     0x5580a70e7517 - std::panicking::try::he3a30b11ee45340c
[INFO] [stdout]                                at /rustc/82e1608dfa6e0b5569232559e3d385fea5a93112/library/std/src/panicking.rs:516:19
[INFO] [stdout]   40:     0x5580a70e7517 - std::panic::catch_unwind::h410458cfd3528b8b
[INFO] [stdout]                                at /rustc/82e1608dfa6e0b5569232559e3d385fea5a93112/library/std/src/panic.rs:142:14
[INFO] [stdout]   41:     0x5580a70e7517 - std::thread::Builder::spawn_unchecked_::{{closure}}::h72ac3bdb567b737b
[INFO] [stdout]                                at /rustc/82e1608dfa6e0b5569232559e3d385fea5a93112/library/std/src/thread/mod.rs:528:30
[INFO] [stdout]   42:     0x5580a70e7517 - core::ops::function::FnOnce::call_once{{vtable.shim}}::h38f34da3654a8344
[INFO] [stdout]                                at /rustc/82e1608dfa6e0b5569232559e3d385fea5a93112/library/core/src/ops/function.rs:250:5
[INFO] [stdout]   43:     0x5580a71987e5 - <alloc::boxed::Box<F,A> as core::ops::function::FnOnce<Args>>::call_once::hc7eafaff61e32df9
[INFO] [stdout]                                at /rustc/82e1608dfa6e0b5569232559e3d385fea5a93112/library/alloc/src/boxed.rs:2007:9
[INFO] [stdout]   44:     0x5580a71987e5 - <alloc::boxed::Box<F,A> as core::ops::function::FnOnce<Args>>::call_once::h6ba4a5de48dd2304
[INFO] [stdout]                                at /rustc/82e1608dfa6e0b5569232559e3d385fea5a93112/library/alloc/src/boxed.rs:2007:9
[INFO] [stdout]   45:     0x5580a71987e5 - std::sys::unix::thread::Thread::new::thread_start::he469335aef763e45
[INFO] [stdout]                                at /rustc/82e1608dfa6e0b5569232559e3d385fea5a93112/library/std/src/sys/unix/thread.rs:108:17
[INFO] [stdout]   46:     0x7f586743cac3 - <unknown>
[INFO] [stdout]   47:     0x7f58674cdbf4 - __clone
[INFO] [stdout]   48:                0x0 - <unknown>
[INFO] [stdout] 
[INFO] [stdout] 
[INFO] [stdout] failures:
[INFO] [stdout]     bus::tests::cpu_lock_test
[INFO] [stdout]     bus::tests::load_boot_loader
[INFO] [stdout]     emulator::tests::multiple_bus_access
[INFO] [stdout]     quartz::tests::delta_step_test
[INFO] [stdout] 
[INFO] [stdout] test result: FAILED. 27 passed; 4 failed; 0 ignored; 0 measured; 0 filtered out; finished in 0.06s
[INFO] [stdout] 
[INFO] [stderr] error: test failed, to rerun pass `--lib`
[INFO] running `Command { std: "docker" "inspect" "391d57838dcd3f2ca0d7bb55a298f0a94f5dadfa1b8802fba507e5e9072c0986", kill_on_drop: false }`
[INFO] running `Command { std: "docker" "rm" "-f" "391d57838dcd3f2ca0d7bb55a298f0a94f5dadfa1b8802fba507e5e9072c0986", kill_on_drop: false }`
[INFO] [stdout] 391d57838dcd3f2ca0d7bb55a298f0a94f5dadfa1b8802fba507e5e9072c0986
[INFO] testing tetsugakusha256/Gameboyish against beta-2023-12-22 for beta-1.76-1
[INFO] running `Command { std: "git" "clone" "/workspace/cache/git-repos/https%3A%2F%2Fgithub.com%2Ftetsugakusha256%2FGameboyish" "/workspace/builds/worker-6-tc2/source", kill_on_drop: false }`
[INFO] [stderr] Cloning into '/workspace/builds/worker-6-tc2/source'...
[INFO] [stderr] done.
[INFO] validating manifest of git repo https://github.com/tetsugakusha256/Gameboyish on toolchain beta-2023-12-22
[INFO] running `Command { std: CARGO_HOME="/workspace/cargo-home" RUSTUP_HOME="/workspace/rustup-home" "/workspace/cargo-home/bin/cargo" "+beta-2023-12-22" "metadata" "--manifest-path" "Cargo.toml" "--no-deps", kill_on_drop: false }`
[INFO] started tweaking git repo https://github.com/tetsugakusha256/Gameboyish
[INFO] finished tweaking git repo https://github.com/tetsugakusha256/Gameboyish
[INFO] tweaked toml for git repo https://github.com/tetsugakusha256/Gameboyish written to /workspace/builds/worker-6-tc2/source/Cargo.toml
[INFO] crate git repo https://github.com/tetsugakusha256/Gameboyish already has a lockfile, it will not be regenerated
[INFO] running `Command { std: CARGO_HOME="/workspace/cargo-home" RUSTUP_HOME="/workspace/rustup-home" "/workspace/cargo-home/bin/cargo" "+beta-2023-12-22" "fetch" "--manifest-path" "Cargo.toml", kill_on_drop: false }`
[INFO] running `Command { std: "docker" "create" "-v" "/var/lib/crater-agent-workspace/builds/worker-6-tc2/target:/opt/rustwide/target:rw,Z" "-v" "/var/lib/crater-agent-workspace/builds/worker-6-tc2/source:/opt/rustwide/workdir:ro,Z" "-v" "/var/lib/crater-agent-workspace/cargo-home:/opt/rustwide/cargo-home:ro,Z" "-v" "/var/lib/crater-agent-workspace/rustup-home:/opt/rustwide/rustup-home:ro,Z" "-e" "SOURCE_DIR=/opt/rustwide/workdir" "-e" "CARGO_TARGET_DIR=/opt/rustwide/target" "-e" "CARGO_HOME=/opt/rustwide/cargo-home" "-e" "RUSTUP_HOME=/opt/rustwide/rustup-home" "-w" "/opt/rustwide/workdir" "-m" "1610612736" "--user" "0:0" "--network" "none" "ghcr.io/rust-lang/crates-build-env/linux@sha256:2788e3201cd34a07e3172128adcd8b3090168a8e3bcc40d7c032b9dda1df7d1c" "/opt/rustwide/cargo-home/bin/cargo" "+beta-2023-12-22" "metadata" "--no-deps" "--format-version=1", kill_on_drop: false }`
[INFO] [stdout] 47d3750a16ebb41ae25f77bb85555e67d48a65d2bfd68bea8603220585469139
[INFO] running `Command { std: "docker" "start" "-a" "47d3750a16ebb41ae25f77bb85555e67d48a65d2bfd68bea8603220585469139", kill_on_drop: false }`
[INFO] running `Command { std: "docker" "inspect" "47d3750a16ebb41ae25f77bb85555e67d48a65d2bfd68bea8603220585469139", kill_on_drop: false }`
[INFO] running `Command { std: "docker" "rm" "-f" "47d3750a16ebb41ae25f77bb85555e67d48a65d2bfd68bea8603220585469139", kill_on_drop: false }`
[INFO] [stdout] 47d3750a16ebb41ae25f77bb85555e67d48a65d2bfd68bea8603220585469139
[INFO] running `Command { std: "docker" "create" "-v" "/var/lib/crater-agent-workspace/builds/worker-6-tc2/target:/opt/rustwide/target:rw,Z" "-v" "/var/lib/crater-agent-workspace/builds/worker-6-tc2/source:/opt/rustwide/workdir:ro,Z" "-v" "/var/lib/crater-agent-workspace/cargo-home:/opt/rustwide/cargo-home:ro,Z" "-v" "/var/lib/crater-agent-workspace/rustup-home:/opt/rustwide/rustup-home:ro,Z" "-e" "SOURCE_DIR=/opt/rustwide/workdir" "-e" "CARGO_TARGET_DIR=/opt/rustwide/target" "-e" "CARGO_INCREMENTAL=0" "-e" "RUST_BACKTRACE=full" "-e" "RUSTFLAGS=--cap-lints=warn" "-e" "RUSTDOCFLAGS=--cap-lints=warn" "-e" "CARGO_HOME=/opt/rustwide/cargo-home" "-e" "RUSTUP_HOME=/opt/rustwide/rustup-home" "-w" "/opt/rustwide/workdir" "-m" "1610612736" "--user" "0:0" "--network" "none" "ghcr.io/rust-lang/crates-build-env/linux@sha256:2788e3201cd34a07e3172128adcd8b3090168a8e3bcc40d7c032b9dda1df7d1c" "/opt/rustwide/cargo-home/bin/cargo" "+beta-2023-12-22" "build" "--frozen" "--message-format=json", kill_on_drop: false }`
[INFO] [stdout] cb4c59b404634c2a2e2624b7001e521b37f3b51e330a73c31ce1ac386ceeec22
[INFO] running `Command { std: "docker" "start" "-a" "cb4c59b404634c2a2e2624b7001e521b37f3b51e330a73c31ce1ac386ceeec22", kill_on_drop: false }`
[INFO] [stderr]    Compiling pkg-config v0.3.27
[INFO] [stderr]    Compiling cfg-if v1.0.0
[INFO] [stderr]    Compiling proc-macro2 v1.0.69
[INFO] [stderr]    Compiling libc v0.2.150
[INFO] [stderr]    Compiling unicode-ident v1.0.12
[INFO] [stderr]    Compiling autocfg v1.1.0
[INFO] [stderr]    Compiling bitflags v1.3.2
[INFO] [stderr]    Compiling libloading v0.8.1
[INFO] [stderr]    Compiling xml-rs v0.8.19
[INFO] [stderr]    Compiling once_cell v1.18.0
[INFO] [stderr]    Compiling dlib v0.5.2
[INFO] [stderr]    Compiling semver v1.0.20
[INFO] [stderr]    Compiling lazy_static v1.4.0
[INFO] [stderr]    Compiling libm v0.2.8
[INFO] [stderr]    Compiling memoffset v0.6.5
[INFO] [stderr]    Compiling num-traits v0.2.17
[INFO] [stderr]    Compiling quote v1.0.33
[INFO] [stderr]    Compiling wayland-sys v0.29.5
[INFO] [stderr]    Compiling rustc_version v0.4.0
[INFO] [stderr]    Compiling yeslogic-fontconfig-sys v3.2.0
[INFO] [stderr]    Compiling simd-adler32 v0.3.7
[INFO] [stderr]    Compiling wayland-scanner v0.29.5
[INFO] [stderr]    Compiling cc v1.0.83
[INFO] [stderr]    Compiling syn v2.0.39
[INFO] [stderr]    Compiling crc32fast v1.3.2
[INFO] [stderr]    Compiling smallvec v1.11.2
[INFO] [stderr]    Compiling pathfinder_simd v0.5.2
[INFO] [stderr]    Compiling radium v0.7.0
[INFO] [stderr]    Compiling minimal-lexical v0.2.1
[INFO] [stderr]    Compiling cmake v0.1.50
[INFO] [stderr]    Compiling nix v0.24.3
[INFO] [stderr]    Compiling scoped-tls v1.0.1
[INFO] [stderr]    Compiling downcast-rs v1.2.0
[INFO] [stderr]    Compiling memchr v2.6.4
[INFO] [stderr]    Compiling rustix v0.38.21
[INFO] [stderr]    Compiling adler v1.0.2
[INFO] [stderr]    Compiling wayland-client v0.29.5
[INFO] [stderr]    Compiling wayland-protocols v0.29.5
[INFO] [stderr]    Compiling freetype-sys v0.13.1
[INFO] [stderr]    Compiling nom v7.1.3
[INFO] [stderr]    Compiling miniz_oxide v0.7.1
[INFO] [stderr]    Compiling dirs-sys-next v0.1.2
[INFO] [stderr]    Compiling wayland-commons v0.29.5
[INFO] [stderr]    Compiling x11-dl v2.21.0
[INFO] [stderr]    Compiling bitflags v2.4.1
[INFO] [stderr]    Compiling log v0.4.20
[INFO] [stderr]    Compiling same-file v1.0.6
[INFO] [stderr]    Compiling serde v1.0.192
[INFO] [stderr]    Compiling thiserror v1.0.50
[INFO] [stderr]    Compiling font-kit v0.11.0
[INFO] [stderr]    Compiling const-cstr v0.3.0
[INFO] [stderr]    Compiling tap v1.0.1
[INFO] [stderr]    Compiling linux-raw-sys v0.4.11
[INFO] [stderr]    Compiling wyz v0.5.1
[INFO] [stderr]    Compiling pathfinder_geometry v0.5.1
[INFO] [stderr]    Compiling walkdir v2.4.0
[INFO] [stderr]    Compiling serde_derive v1.0.192
[INFO] [stderr]    Compiling xcursor v0.3.4
[INFO] [stderr]    Compiling thiserror-impl v1.0.50
[INFO] [stderr]    Compiling flate2 v1.0.28
[INFO] [stderr]    Compiling euclid v0.22.9
[INFO] [stderr]    Compiling dirs-next v2.0.0
[INFO] [stderr]    Compiling freetype v0.7.0
[INFO] [stderr]    Compiling minifb v0.25.0
[INFO] [stderr]    Compiling fdeflate v0.3.1
[INFO] [stderr]    Compiling funty v2.0.0
[INFO] [stderr]    Compiling byteorder v1.5.0
[INFO] [stderr]    Compiling fastrand v2.0.1
[INFO] [stderr]    Compiling serde_json v1.0.108
[INFO] [stderr]    Compiling float-ord v0.2.0
[INFO] [stderr]    Compiling arrayvec v0.7.4
[INFO] [stderr]    Compiling cty v0.2.2
[INFO] [stderr]    Compiling raw-window-handle v0.4.3
[INFO] [stderr]    Compiling bitvec v1.0.1
[INFO] [stderr]    Compiling tempfile v3.8.1
[INFO] [stderr]    Compiling lyon_geom v1.0.4
[INFO] [stderr]    Compiling wayland-cursor v0.29.5
[INFO] [stderr]    Compiling png v0.17.10
[INFO] [stderr]    Compiling nix v0.23.2
[INFO] [stderr]    Compiling memmap2 v0.7.1
[INFO] [stderr]    Compiling typed-arena v2.0.2
[INFO] [stderr]    Compiling as-raw-xcb-connection v1.0.0
[INFO] [stderr]    Compiling sw-composite v0.7.16
[INFO] [stderr]    Compiling itoa v1.0.9
[INFO] [stderr]    Compiling ryu v1.0.15
[INFO] [stderr]    Compiling xkeysym v0.2.0
[INFO] [stderr]    Compiling raqote v0.8.3
[INFO] [stderr]    Compiling xkbcommon v0.6.0
[INFO] [stderr]    Compiling evdev v0.12.1
[INFO] [stderr]    Compiling game_boyish v0.1.0 (/opt/rustwide/workdir)
[INFO] [stdout] warning: unused import: `CARTRIDGE_TYPE`
[INFO] [stdout]  --> src/cartridge.rs:3:58
[INFO] [stdout]   |
[INFO] [stdout] 3 |     util::cartridge_util::{load, CartridgeData, MBCType, CARTRIDGE_TYPE},
[INFO] [stdout]   |                                                          ^^^^^^^^^^^^^^
[INFO] [stdout]   |
[INFO] [stdout]   = note: `#[warn(unused_imports)]` on by default
[INFO] [stdout] 
[INFO] [stdout] 
[INFO] [stdout] warning: unused import: `NibblesU8`
[INFO] [stdout]  --> src/timer_reg.rs:3:40
[INFO] [stdout]   |
[INFO] [stdout] 3 |     util::u8_traits::{Bit, NibblesU16, NibblesU8},
[INFO] [stdout]   |                                        ^^^^^^^^^
[INFO] [stdout] 
[INFO] [stdout] 
[INFO] [stdout] warning: unused import: `error::Error`
[INFO] [stdout]  --> src/util/extract_opcode.rs:2:33
[INFO] [stdout]   |
[INFO] [stdout] 2 | use std::{collections::HashMap, error::Error, fs::File, io::Read};
[INFO] [stdout]   |                                 ^^^^^^^^^^^^
[INFO] [stdout] 
[INFO] [stdout] 
[INFO] [stdout] warning: unused import: `u16::MAX as MAXu16`
[INFO] [stdout]  --> src/util/u8_traits.rs:1:11
[INFO] [stdout]   |
[INFO] [stdout] 1 | use std::{u16::MAX as MAXu16, u8::MAX};
[INFO] [stdout]   |           ^^^^^^^^^^^^^^^^^^
[INFO] [stdout] 
[INFO] [stdout] 
[INFO] [stdout] warning: unused import: `bus::OAMSprite`
[INFO] [stdout]  --> src/util/tiles_util.rs:2:5
[INFO] [stdout]   |
[INFO] [stdout] 2 |     bus::OAMSprite,
[INFO] [stdout]   |     ^^^^^^^^^^^^^^
[INFO] [stdout] 
[INFO] [stdout] 
[INFO] [stdout] warning: unused import: `MouseMode`
[INFO] [stdout]  --> src/windows/game_window.rs:3:14
[INFO] [stdout]   |
[INFO] [stdout] 3 | use minifb::{MouseMode, Window, WindowOptions};
[INFO] [stdout]   |              ^^^^^^^^^
[INFO] [stdout] 
[INFO] [stdout] 
[INFO] [stdout] warning: unused imports: `DrawOptions`, `DrawTarget`, `PathBuilder`, `SolidSource`, `Source`
[INFO] [stdout]  --> src/windows/game_window.rs:4:14
[INFO] [stdout]   |
[INFO] [stdout] 4 | use raqote::{DrawOptions, DrawTarget, PathBuilder, SolidSource, Source};
[INFO] [stdout]   |              ^^^^^^^^^^^  ^^^^^^^^^^  ^^^^^^^^^^^  ^^^^^^^^^^^  ^^^^^^
[INFO] [stdout] 
[INFO] [stdout] 
[INFO] [stdout] warning: unused variable: `scx`
[INFO] [stdout]    --> src/ppu.rs:142:18
[INFO] [stdout]     |
[INFO] [stdout] 142 |             let (scx, scy) = self.vram.get_background();
[INFO] [stdout]     |                  ^^^ help: if this is intentional, prefix it with an underscore: `_scx`
[INFO] [stdout]     |
[INFO] [stdout]     = note: `#[warn(unused_variables)]` on by default
[INFO] [stdout] 
[INFO] [stdout] 
[INFO] [stdout] warning: unused variable: `mnem`
[INFO] [stdout]   --> src/util/extract_opcode.rs:78:9
[INFO] [stdout]    |
[INFO] [stdout] 78 |     for mnem in hash {
[INFO] [stdout]    |         ^^^^ help: if this is intentional, prefix it with an underscore: `_mnem`
[INFO] [stdout] 
[INFO] [stdout] 
[INFO] [stdout] warning: unused variable: `half_carry`
[INFO] [stdout]   --> src/util/math_util.rs:30:18
[INFO] [stdout]    |
[INFO] [stdout] 30 |     let (result, half_carry) = a.overflowing_sub(b);
[INFO] [stdout]    |                  ^^^^^^^^^^ help: if this is intentional, prefix it with an underscore: `_half_carry`
[INFO] [stdout] 
[INFO] [stdout] 
[INFO] [stdout] warning: unused variable: `half_carry`
[INFO] [stdout]   --> src/util/math_util.rs:35:18
[INFO] [stdout]    |
[INFO] [stdout] 35 |     let (result, half_carry) = a.overflowing_add(b);
[INFO] [stdout]    |                  ^^^^^^^^^^ help: if this is intentional, prefix it with an underscore: `_half_carry`
[INFO] [stdout] 
[INFO] [stdout] 
[INFO] [stdout] warning: unused variable: `n`
[INFO] [stdout]   --> src/util/math_util.rs:78:18
[INFO] [stdout]    |
[INFO] [stdout] 78 |     let (res, z, n, h, _) = addition(a, 1);
[INFO] [stdout]    |                  ^ help: if this is intentional, prefix it with an underscore: `_n`
[INFO] [stdout] 
[INFO] [stdout] 
[INFO] [stdout] warning: unused variable: `n`
[INFO] [stdout]   --> src/util/math_util.rs:83:18
[INFO] [stdout]    |
[INFO] [stdout] 83 |     let (res, z, n, h, _) = subtraction(a, 1);
[INFO] [stdout]    |                  ^ help: if this is intentional, prefix it with an underscore: `_n`
[INFO] [stdout] 
[INFO] [stdout] 
[INFO] [stdout] warning: unused variable: `low`
[INFO] [stdout]    --> src/util/math_util.rs:115:9
[INFO] [stdout]     |
[INFO] [stdout] 115 |     let low = a.low_4nibble();
[INFO] [stdout]     |         ^^^ help: if this is intentional, prefix it with an underscore: `_low`
[INFO] [stdout] 
[INFO] [stdout] 
[INFO] [stdout] warning: unused variable: `high`
[INFO] [stdout]    --> src/util/math_util.rs:116:9
[INFO] [stdout]     |
[INFO] [stdout] 116 |     let high = a.high_nibble();
[INFO] [stdout]     |         ^^^^ help: if this is intentional, prefix it with an underscore: `_high`
[INFO] [stdout] 
[INFO] [stdout] 
[INFO] [stdout] warning: variable `c1` is assigned to, but never used
[INFO] [stdout]    --> src/util/math_util.rs:117:13
[INFO] [stdout]     |
[INFO] [stdout] 117 |     let mut c1 = false;
[INFO] [stdout]     |             ^^
[INFO] [stdout]     |
[INFO] [stdout]     = note: consider using `_c1` instead
[INFO] [stdout] 
[INFO] [stdout] 
[INFO] [stdout] warning: variable `c2` is assigned to, but never used
[INFO] [stdout]    --> src/util/math_util.rs:118:13
[INFO] [stdout]     |
[INFO] [stdout] 118 |     let mut c2 = false;
[INFO] [stdout]     |             ^^
[INFO] [stdout]     |
[INFO] [stdout]     = note: consider using `_c2` instead
[INFO] [stdout] 
[INFO] [stdout] 
[INFO] [stdout] warning: value assigned to `c2` is never read
[INFO] [stdout]    --> src/util/math_util.rs:124:34
[INFO] [stdout]     |
[INFO] [stdout] 124 |                 (new_a, _, _, _, c2) = subtraction(new_a, 0x60);
[INFO] [stdout]     |                                  ^^
[INFO] [stdout]     |
[INFO] [stdout]     = help: maybe it is overwritten before being read?
[INFO] [stdout]     = note: `#[warn(unused_assignments)]` on by default
[INFO] [stdout] 
[INFO] [stdout] 
[INFO] [stdout] warning: value assigned to `c1` is never read
[INFO] [stdout]    --> src/util/math_util.rs:127:34
[INFO] [stdout]     |
[INFO] [stdout] 127 |                 (new_a, _, _, _, c1) = subtraction(new_a, 0x06);
[INFO] [stdout]     |                                  ^^
[INFO] [stdout]     |
[INFO] [stdout]     = help: maybe it is overwritten before being read?
[INFO] [stdout] 
[INFO] [stdout] 
[INFO] [stdout] warning: value assigned to `c2` is never read
[INFO] [stdout]    --> src/util/math_util.rs:133:34
[INFO] [stdout]     |
[INFO] [stdout] 133 |                 (new_a, _, _, _, c2) = addition(new_a, 0x60);
[INFO] [stdout]     |                                  ^^
[INFO] [stdout]     |
[INFO] [stdout]     = help: maybe it is overwritten before being read?
[INFO] [stdout] 
[INFO] [stdout] 
[INFO] [stdout] warning: value assigned to `c1` is never read
[INFO] [stdout]    --> src/util/math_util.rs:136:34
[INFO] [stdout]     |
[INFO] [stdout] 136 |                 (new_a, _, _, _, c1) = addition(new_a, 0x06);
[INFO] [stdout]     |                                  ^^
[INFO] [stdout]     |
[INFO] [stdout]     = help: maybe it is overwritten before being read?
[INFO] [stdout] 
[INFO] [stdout] 
[INFO] [stdout] warning: unused variable: `size`
[INFO] [stdout]   --> src/windows/game_window.rs:52:17
[INFO] [stdout]    |
[INFO] [stdout] 52 |             let size = window.get_size();
[INFO] [stdout]    |                 ^^^^ help: if this is intentional, prefix it with an underscore: `_size`
[INFO] [stdout] 
[INFO] [stdout] 
[INFO] [stdout] warning: struct `Cartridge` is never constructed
[INFO] [stdout]  --> src/cartridge.rs:7:8
[INFO] [stdout]   |
[INFO] [stdout] 7 | struct Cartridge {
[INFO] [stdout]   |        ^^^^^^^^^
[INFO] [stdout]   |
[INFO] [stdout]   = note: `#[warn(dead_code)]` on by default
[INFO] [stdout] 
[INFO] [stdout] 
[INFO] [stdout] warning: associated function `new` is never used
[INFO] [stdout]   --> src/cartridge.rs:13:8
[INFO] [stdout]    |
[INFO] [stdout] 12 | impl Cartridge {
[INFO] [stdout]    | -------------- associated function in this implementation
[INFO] [stdout] 13 |     fn new(bus: Rc<RefCell<Bus>>, file_path: &str) -> Cartridge {
[INFO] [stdout]    |        ^^^
[INFO] [stdout] 
[INFO] [stdout] 
[INFO] [stdout] warning: method `stop` is never used
[INFO] [stdout]   --> src/emulator.rs:92:8
[INFO] [stdout]    |
[INFO] [stdout] 31 | impl Emulator {
[INFO] [stdout]    | ------------- method in this implementation
[INFO] [stdout] ...
[INFO] [stdout] 92 |     fn stop(&mut self) {
[INFO] [stdout]    |        ^^^^
[INFO] [stdout] 
[INFO] [stdout] 
[INFO] [stdout] warning: function `tick` is never used
[INFO] [stdout]   --> src/io_handler.rs:37:4
[INFO] [stdout]    |
[INFO] [stdout] 37 | fn tick() {
[INFO] [stdout]    |    ^^^^
[INFO] [stdout] 
[INFO] [stdout] 
[INFO] [stdout] warning: constant `MODE_2_DOTS` is never used
[INFO] [stdout]   --> src/ppu.rs:24:7
[INFO] [stdout]    |
[INFO] [stdout] 24 | const MODE_2_DOTS: usize = 80usize;
[INFO] [stdout]    |       ^^^^^^^^^^^
[INFO] [stdout]    |
[INFO] [stdout] note: the lint level is defined here
[INFO] [stdout]   --> src/ppu.rs:23:8
[INFO] [stdout]    |
[INFO] [stdout] 23 | #[warn(dead_code)]
[INFO] [stdout]    |        ^^^^^^^^^
[INFO] [stdout] 
[INFO] [stdout] 
[INFO] [stdout] warning: constant `MODE_3_DOTS_MIN` is never used
[INFO] [stdout]   --> src/ppu.rs:25:7
[INFO] [stdout]    |
[INFO] [stdout] 25 | const MODE_3_DOTS_MIN: usize = 172usize;
[INFO] [stdout]    |       ^^^^^^^^^^^^^^^
[INFO] [stdout] 
[INFO] [stdout] 
[INFO] [stdout] warning: constant `MODE_0_DOTS_MIN` is never used
[INFO] [stdout]   --> src/ppu.rs:27:7
[INFO] [stdout]    |
[INFO] [stdout] 27 | const MODE_0_DOTS_MIN: usize = 87usize;
[INFO] [stdout]    |       ^^^^^^^^^^^^^^^
[INFO] [stdout] 
[INFO] [stdout] 
[INFO] [stdout] warning: constant `MODE_0_DOTS_MAX` is never used
[INFO] [stdout]   --> src/ppu.rs:28:7
[INFO] [stdout]    |
[INFO] [stdout] 28 | const MODE_0_DOTS_MAX: usize = 204usize;
[INFO] [stdout]    |       ^^^^^^^^^^^^^^^
[INFO] [stdout] 
[INFO] [stdout] 
[INFO] [stdout] warning: associated function `draw` is never used
[INFO] [stdout]    --> src/ppu.rs:288:8
[INFO] [stdout]     |
[INFO] [stdout] 50  | impl PPU {
[INFO] [stdout]     | -------- associated function in this implementation
[INFO] [stdout] ...
[INFO] [stdout] 288 |     fn draw() {}
[INFO] [stdout]     |        ^^^^
[INFO] [stdout] 
[INFO] [stdout] 
[INFO] [stdout] warning: field `frequency` is never read
[INFO] [stdout]  --> src/quartz.rs:7:5
[INFO] [stdout]   |
[INFO] [stdout] 6 | pub struct Quartz {
[INFO] [stdout]   |            ------ field in this struct
[INFO] [stdout] 7 |     frequency: u32,
[INFO] [stdout]   |     ^^^^^^^^^
[INFO] [stdout] 
[INFO] [stdout] 
[INFO] [stdout] warning: struct `Register` is never constructed
[INFO] [stdout]  --> src/register.rs:5:8
[INFO] [stdout]   |
[INFO] [stdout] 5 | struct Register(u16);
[INFO] [stdout]   |        ^^^^^^^^
[INFO] [stdout] 
[INFO] [stdout] 
[INFO] [stdout] warning: constant `TILE_BYTE_SIZE` is never used
[INFO] [stdout]  --> src/util/tiles_util.rs:8:7
[INFO] [stdout]   |
[INFO] [stdout] 8 | const TILE_BYTE_SIZE: usize = 16usize;
[INFO] [stdout]   |       ^^^^^^^^^^^^^^
[INFO] [stdout] 
[INFO] [stdout] 
[INFO] [stdout] warning: function `print_screen_vec` is never used
[INFO] [stdout]    --> src/util/tiles_util.rs:136:4
[INFO] [stdout]     |
[INFO] [stdout] 136 | fn print_screen_vec(tile_vec: &ScreenVector) {
[INFO] [stdout]     |    ^^^^^^^^^^^^^^^^
[INFO] [stdout] 
[INFO] [stdout] 
[INFO] [stdout] warning: function `print_tile_vec` is never used
[INFO] [stdout]    --> src/util/tiles_util.rs:146:4
[INFO] [stdout]     |
[INFO] [stdout] 146 | fn print_tile_vec(tile_vec: TileVector) {
[INFO] [stdout]     |    ^^^^^^^^^^^^^^
[INFO] [stdout] 
[INFO] [stdout] 
[INFO] [stdout] warning: function `random_buffer` is never used
[INFO] [stdout]   --> src/windows/game_window.rs:66:4
[INFO] [stdout]    |
[INFO] [stdout] 66 | fn random_buffer(width: usize, height: usize) -> Vec<u32> {
[INFO] [stdout]    |    ^^^^^^^^^^^^^
[INFO] [stdout] 
[INFO] [stdout] 
[INFO] [stdout] warning: structure field `Z` should have a snake case name
[INFO] [stdout]   --> src/util/extract_opcode.rs:14:9
[INFO] [stdout]    |
[INFO] [stdout] 14 |     pub Z: String,
[INFO] [stdout]    |         ^ help: convert the identifier to snake case (notice the capitalization): `z`
[INFO] [stdout]    |
[INFO] [stdout]    = note: `#[warn(non_snake_case)]` on by default
[INFO] [stdout] 
[INFO] [stdout] 
[INFO] [stdout] warning: structure field `N` should have a snake case name
[INFO] [stdout]   --> src/util/extract_opcode.rs:15:9
[INFO] [stdout]    |
[INFO] [stdout] 15 |     pub N: String,
[INFO] [stdout]    |         ^ help: convert the identifier to snake case: `n`
[INFO] [stdout] 
[INFO] [stdout] 
[INFO] [stdout] warning: structure field `H` should have a snake case name
[INFO] [stdout]   --> src/util/extract_opcode.rs:16:9
[INFO] [stdout]    |
[INFO] [stdout] 16 |     pub H: String,
[INFO] [stdout]    |         ^ help: convert the identifier to snake case: `h`
[INFO] [stdout] 
[INFO] [stdout] 
[INFO] [stdout] warning: structure field `C` should have a snake case name
[INFO] [stdout]   --> src/util/extract_opcode.rs:17:9
[INFO] [stdout]    |
[INFO] [stdout] 17 |     pub C: String,
[INFO] [stdout]    |         ^ help: convert the identifier to snake case (notice the capitalization): `c`
[INFO] [stdout] 
[INFO] [stdout] 
[INFO] [stdout] warning: 41 warnings emitted
[INFO] [stdout] 
[INFO] [stdout] 
[INFO] [stdout] warning: unused variable: `link_game`
[INFO] [stdout]   --> src/bin/main.rs:26:9
[INFO] [stdout]    |
[INFO] [stdout] 26 |     let link_game = load("roms/Legend of Zelda, The - Link's Awakening (U) (V1.2) [!].gb")
[INFO] [stdout]    |         ^^^^^^^^^ help: if this is intentional, prefix it with an underscore: `_link_game`
[INFO] [stdout]    |
[INFO] [stdout]    = note: `#[warn(unused_variables)]` on by default
[INFO] [stdout] 
[INFO] [stdout] 
[INFO] [stdout] warning: unused variable: `emu`
[INFO] [stdout]   --> src/bin/main.rs:53:13
[INFO] [stdout]    |
[INFO] [stdout] 53 |     let mut emu = Emulator {
[INFO] [stdout]    |             ^^^ help: if this is intentional, prefix it with an underscore: `_emu`
[INFO] [stdout] 
[INFO] [stdout] 
[INFO] [stdout] warning: unused variable: `opcodes_pre`
[INFO] [stdout]   --> src/bin/main.rs:68:9
[INFO] [stdout]    |
[INFO] [stdout] 68 |     let opcodes_pre = load_json("opcodes_pre.json");
[INFO] [stdout]    |         ^^^^^^^^^^^ help: if this is intentional, prefix it with an underscore: `_opcodes_pre`
[INFO] [stdout] 
[INFO] [stdout] 
[INFO] [stdout] warning: unused variable: `opcodes_nopre`
[INFO] [stdout]   --> src/bin/main.rs:69:9
[INFO] [stdout]    |
[INFO] [stdout] 69 |     let opcodes_nopre = load_json("opcodes_nopre.json");
[INFO] [stdout]    |         ^^^^^^^^^^^^^ help: if this is intentional, prefix it with an underscore: `_opcodes_nopre`
[INFO] [stdout] 
[INFO] [stdout] 
[INFO] [stdout] warning: variable does not need to be mutable
[INFO] [stdout]   --> src/bin/main.rs:40:9
[INFO] [stdout]    |
[INFO] [stdout] 40 |     let mut doc_emu = Emulator {
[INFO] [stdout]    |         ----^^^^^^^
[INFO] [stdout]    |         |
[INFO] [stdout]    |         help: remove this `mut`
[INFO] [stdout]    |
[INFO] [stdout]    = note: `#[warn(unused_mut)]` on by default
[INFO] [stdout] 
[INFO] [stdout] 
[INFO] [stdout] warning: variable does not need to be mutable
[INFO] [stdout]   --> src/bin/main.rs:53:9
[INFO] [stdout]    |
[INFO] [stdout] 53 |     let mut emu = Emulator {
[INFO] [stdout]    |         ----^^^
[INFO] [stdout]    |         |
[INFO] [stdout]    |         help: remove this `mut`
[INFO] [stdout] 
[INFO] [stdout] 
[INFO] [stdout] warning: 6 warnings emitted
[INFO] [stdout] 
[INFO] [stdout] 
[INFO] [stderr]     Finished dev [unoptimized + debuginfo] target(s) in 1m 12s
[INFO] running `Command { std: "docker" "inspect" "cb4c59b404634c2a2e2624b7001e521b37f3b51e330a73c31ce1ac386ceeec22", kill_on_drop: false }`
[INFO] running `Command { std: "docker" "rm" "-f" "cb4c59b404634c2a2e2624b7001e521b37f3b51e330a73c31ce1ac386ceeec22", kill_on_drop: false }`
[INFO] [stdout] cb4c59b404634c2a2e2624b7001e521b37f3b51e330a73c31ce1ac386ceeec22
[INFO] running `Command { std: "docker" "create" "-v" "/var/lib/crater-agent-workspace/builds/worker-6-tc2/target:/opt/rustwide/target:rw,Z" "-v" "/var/lib/crater-agent-workspace/builds/worker-6-tc2/source:/opt/rustwide/workdir:ro,Z" "-v" "/var/lib/crater-agent-workspace/cargo-home:/opt/rustwide/cargo-home:ro,Z" "-v" "/var/lib/crater-agent-workspace/rustup-home:/opt/rustwide/rustup-home:ro,Z" "-e" "SOURCE_DIR=/opt/rustwide/workdir" "-e" "CARGO_TARGET_DIR=/opt/rustwide/target" "-e" "CARGO_INCREMENTAL=0" "-e" "RUST_BACKTRACE=full" "-e" "RUSTFLAGS=--cap-lints=warn" "-e" "RUSTDOCFLAGS=--cap-lints=warn" "-e" "CARGO_HOME=/opt/rustwide/cargo-home" "-e" "RUSTUP_HOME=/opt/rustwide/rustup-home" "-w" "/opt/rustwide/workdir" "-m" "1610612736" "--user" "0:0" "--network" "none" "ghcr.io/rust-lang/crates-build-env/linux@sha256:2788e3201cd34a07e3172128adcd8b3090168a8e3bcc40d7c032b9dda1df7d1c" "/opt/rustwide/cargo-home/bin/cargo" "+beta-2023-12-22" "test" "--frozen" "--no-run" "--message-format=json", kill_on_drop: false }`
[INFO] [stdout] d8bf707012d15cda9fe0532e44a5e87e29aea474c8f142498c16a16236bc9dc7
[INFO] running `Command { std: "docker" "start" "-a" "d8bf707012d15cda9fe0532e44a5e87e29aea474c8f142498c16a16236bc9dc7", kill_on_drop: false }`
[INFO] [stdout] warning: unused import: `CARTRIDGE_TYPE`
[INFO] [stdout]  --> src/cartridge.rs:3:58
[INFO] [stdout]   |
[INFO] [stdout] 3 |     util::cartridge_util::{load, CartridgeData, MBCType, CARTRIDGE_TYPE},
[INFO] [stdout]   |                                                          ^^^^^^^^^^^^^^
[INFO] [stdout]   |
[INFO] [stdout]   = note: `#[warn(unused_imports)]` on by default
[INFO] [stdout] 
[INFO] [stdout] 
[INFO] [stdout] warning: unused import: `NibblesU8`
[INFO] [stdout]  --> src/timer_reg.rs:3:40
[INFO] [stdout]   |
[INFO] [stdout] 3 |     util::u8_traits::{Bit, NibblesU16, NibblesU8},
[INFO] [stdout]   |                                        ^^^^^^^^^
[INFO] [stdout] 
[INFO] [stdout] 
[INFO] [stdout] warning: unused import: `error::Error`
[INFO] [stdout]  --> src/util/extract_opcode.rs:2:33
[INFO] [stdout]   |
[INFO] [stdout] 2 | use std::{collections::HashMap, error::Error, fs::File, io::Read};
[INFO] [stdout]   |                                 ^^^^^^^^^^^^
[INFO] [stdout] 
[INFO] [stdout] 
[INFO] [stdout] warning: unused import: `u16::MAX as MAXu16`
[INFO] [stdout]  --> src/util/u8_traits.rs:1:11
[INFO] [stdout]   |
[INFO] [stdout] 1 | use std::{u16::MAX as MAXu16, u8::MAX};
[INFO] [stdout]   |           ^^^^^^^^^^^^^^^^^^
[INFO] [stdout] 
[INFO] [stdout] 
[INFO] [stdout] warning: unused import: `bus::OAMSprite`
[INFO] [stdout]  --> src/util/tiles_util.rs:2:5
[INFO] [stdout]   |
[INFO] [stdout] 2 |     bus::OAMSprite,
[INFO] [stdout]   |     ^^^^^^^^^^^^^^
[INFO] [stdout] 
[INFO] [stdout] 
[INFO] [stdout] warning: unused import: `MouseMode`
[INFO] [stdout]  --> src/windows/game_window.rs:3:14
[INFO] [stdout]   |
[INFO] [stdout] 3 | use minifb::{MouseMode, Window, WindowOptions};
[INFO] [stdout]   |              ^^^^^^^^^
[INFO] [stdout] 
[INFO] [stdout] 
[INFO] [stdout] warning: unused imports: `DrawOptions`, `DrawTarget`, `PathBuilder`, `SolidSource`, `Source`
[INFO] [stdout]  --> src/windows/game_window.rs:4:14
[INFO] [stdout]   |
[INFO] [stdout] 4 | use raqote::{DrawOptions, DrawTarget, PathBuilder, SolidSource, Source};
[INFO] [stdout]   |              ^^^^^^^^^^^  ^^^^^^^^^^  ^^^^^^^^^^^  ^^^^^^^^^^^  ^^^^^^
[INFO] [stdout] 
[INFO] [stdout] 
[INFO] [stdout] warning: unused variable: `scx`
[INFO] [stdout]    --> src/ppu.rs:142:18
[INFO] [stdout]     |
[INFO] [stdout] 142 |             let (scx, scy) = self.vram.get_background();
[INFO] [stdout]     |                  ^^^ help: if this is intentional, prefix it with an underscore: `_scx`
[INFO] [stdout]     |
[INFO] [stdout]     = note: `#[warn(unused_variables)]` on by default
[INFO] [stdout] 
[INFO] [stdout] 
[INFO] [stdout] warning: unused variable: `mnem`
[INFO] [stdout]   --> src/util/extract_opcode.rs:78:9
[INFO] [stdout]    |
[INFO] [stdout] 78 |     for mnem in hash {
[INFO] [stdout]    |         ^^^^ help: if this is intentional, prefix it with an underscore: `_mnem`
[INFO] [stdout] 
[INFO] [stdout] 
[INFO] [stdout] warning: unused variable: `half_carry`
[INFO] [stdout]   --> src/util/math_util.rs:30:18
[INFO] [stdout]    |
[INFO] [stdout] 30 |     let (result, half_carry) = a.overflowing_sub(b);
[INFO] [stdout]    |                  ^^^^^^^^^^ help: if this is intentional, prefix it with an underscore: `_half_carry`
[INFO] [stdout] 
[INFO] [stdout] 
[INFO] [stdout] warning: unused variable: `half_carry`
[INFO] [stdout]   --> src/util/math_util.rs:35:18
[INFO] [stdout]    |
[INFO] [stdout] 35 |     let (result, half_carry) = a.overflowing_add(b);
[INFO] [stdout]    |                  ^^^^^^^^^^ help: if this is intentional, prefix it with an underscore: `_half_carry`
[INFO] [stdout] 
[INFO] [stdout] 
[INFO] [stdout] warning: unused variable: `n`
[INFO] [stdout]   --> src/util/math_util.rs:78:18
[INFO] [stdout]    |
[INFO] [stdout] 78 |     let (res, z, n, h, _) = addition(a, 1);
[INFO] [stdout]    |                  ^ help: if this is intentional, prefix it with an underscore: `_n`
[INFO] [stdout] 
[INFO] [stdout] 
[INFO] [stdout] warning: unused variable: `n`
[INFO] [stdout]   --> src/util/math_util.rs:83:18
[INFO] [stdout]    |
[INFO] [stdout] 83 |     let (res, z, n, h, _) = subtraction(a, 1);
[INFO] [stdout]    |                  ^ help: if this is intentional, prefix it with an underscore: `_n`
[INFO] [stdout] 
[INFO] [stdout] 
[INFO] [stdout] warning: unused variable: `low`
[INFO] [stdout]    --> src/util/math_util.rs:115:9
[INFO] [stdout]     |
[INFO] [stdout] 115 |     let low = a.low_4nibble();
[INFO] [stdout]     |         ^^^ help: if this is intentional, prefix it with an underscore: `_low`
[INFO] [stdout] 
[INFO] [stdout] 
[INFO] [stdout] warning: unused variable: `high`
[INFO] [stdout]    --> src/util/math_util.rs:116:9
[INFO] [stdout]     |
[INFO] [stdout] 116 |     let high = a.high_nibble();
[INFO] [stdout]     |         ^^^^ help: if this is intentional, prefix it with an underscore: `_high`
[INFO] [stdout] 
[INFO] [stdout] 
[INFO] [stdout] warning: variable `c1` is assigned to, but never used
[INFO] [stdout]    --> src/util/math_util.rs:117:13
[INFO] [stdout]     |
[INFO] [stdout] 117 |     let mut c1 = false;
[INFO] [stdout]     |             ^^
[INFO] [stdout]     |
[INFO] [stdout]     = note: consider using `_c1` instead
[INFO] [stdout] 
[INFO] [stdout] 
[INFO] [stdout] warning: variable `c2` is assigned to, but never used
[INFO] [stdout]    --> src/util/math_util.rs:118:13
[INFO] [stdout]     |
[INFO] [stdout] 118 |     let mut c2 = false;
[INFO] [stdout]     |             ^^
[INFO] [stdout]     |
[INFO] [stdout]     = note: consider using `_c2` instead
[INFO] [stdout] 
[INFO] [stdout] 
[INFO] [stdout] warning: value assigned to `c2` is never read
[INFO] [stdout]    --> src/util/math_util.rs:124:34
[INFO] [stdout]     |
[INFO] [stdout] 124 |                 (new_a, _, _, _, c2) = subtraction(new_a, 0x60);
[INFO] [stdout]     |                                  ^^
[INFO] [stdout]     |
[INFO] [stdout]     = help: maybe it is overwritten before being read?
[INFO] [stdout]     = note: `#[warn(unused_assignments)]` on by default
[INFO] [stdout] 
[INFO] [stdout] 
[INFO] [stdout] warning: value assigned to `c1` is never read
[INFO] [stdout]    --> src/util/math_util.rs:127:34
[INFO] [stdout]     |
[INFO] [stdout] 127 |                 (new_a, _, _, _, c1) = subtraction(new_a, 0x06);
[INFO] [stdout]     |                                  ^^
[INFO] [stdout]     |
[INFO] [stdout]     = help: maybe it is overwritten before being read?
[INFO] [stdout] 
[INFO] [stdout] 
[INFO] [stdout] warning: value assigned to `c2` is never read
[INFO] [stdout]    --> src/util/math_util.rs:133:34
[INFO] [stdout]     |
[INFO] [stdout] 133 |                 (new_a, _, _, _, c2) = addition(new_a, 0x60);
[INFO] [stdout]     |                                  ^^
[INFO] [stdout]     |
[INFO] [stdout]     = help: maybe it is overwritten before being read?
[INFO] [stdout] 
[INFO] [stdout] 
[INFO] [stdout] warning: value assigned to `c1` is never read
[INFO] [stdout]    --> src/util/math_util.rs:136:34
[INFO] [stdout]     |
[INFO] [stdout] 136 |                 (new_a, _, _, _, c1) = addition(new_a, 0x06);
[INFO] [stdout]     |                                  ^^
[INFO] [stdout]     |
[INFO] [stdout]     = help: maybe it is overwritten before being read?
[INFO] [stdout] 
[INFO] [stdout] 
[INFO] [stdout] warning: unused variable: `size`
[INFO] [stdout]   --> src/windows/game_window.rs:52:17
[INFO] [stdout]    |
[INFO] [stdout] 52 |             let size = window.get_size();
[INFO] [stdout]    |                 ^^^^ help: if this is intentional, prefix it with an underscore: `_size`
[INFO] [stdout] 
[INFO] [stdout] 
[INFO] [stdout] warning: struct `Cartridge` is never constructed
[INFO] [stdout]  --> src/cartridge.rs:7:8
[INFO] [stdout]   |
[INFO] [stdout] 7 | struct Cartridge {
[INFO] [stdout]   |        ^^^^^^^^^
[INFO] [stdout]   |
[INFO] [stdout]   = note: `#[warn(dead_code)]` on by default
[INFO] [stdout] 
[INFO] [stdout] 
[INFO] [stdout] warning: associated function `new` is never used
[INFO] [stdout]   --> src/cartridge.rs:13:8
[INFO] [stdout]    |
[INFO] [stdout] 12 | impl Cartridge {
[INFO] [stdout]    | -------------- associated function in this implementation
[INFO] [stdout] 13 |     fn new(bus: Rc<RefCell<Bus>>, file_path: &str) -> Cartridge {
[INFO] [stdout]    |        ^^^
[INFO] [stdout] 
[INFO] [stdout] 
[INFO] [stdout] warning: method `stop` is never used
[INFO] [stdout]   --> src/emulator.rs:92:8
[INFO] [stdout]    |
[INFO] [stdout] 31 | impl Emulator {
[INFO] [stdout]    | ------------- method in this implementation
[INFO] [stdout] ...
[INFO] [stdout] 92 |     fn stop(&mut self) {
[INFO] [stdout]    |        ^^^^
[INFO] [stdout] 
[INFO] [stdout] 
[INFO] [stdout] warning: function `tick` is never used
[INFO] [stdout]   --> src/io_handler.rs:37:4
[INFO] [stdout]    |
[INFO] [stdout] 37 | fn tick() {
[INFO] [stdout]    |    ^^^^
[INFO] [stdout] 
[INFO] [stdout] 
[INFO] [stdout] warning: constant `MODE_2_DOTS` is never used
[INFO] [stdout]   --> src/ppu.rs:24:7
[INFO] [stdout]    |
[INFO] [stdout] 24 | const MODE_2_DOTS: usize = 80usize;
[INFO] [stdout]    |       ^^^^^^^^^^^
[INFO] [stdout]    |
[INFO] [stdout] note: the lint level is defined here
[INFO] [stdout]   --> src/ppu.rs:23:8
[INFO] [stdout]    |
[INFO] [stdout] 23 | #[warn(dead_code)]
[INFO] [stdout]    |        ^^^^^^^^^
[INFO] [stdout] 
[INFO] [stdout] 
[INFO] [stdout] warning: constant `MODE_3_DOTS_MIN` is never used
[INFO] [stdout]   --> src/ppu.rs:25:7
[INFO] [stdout]    |
[INFO] [stdout] 25 | const MODE_3_DOTS_MIN: usize = 172usize;
[INFO] [stdout]    |       ^^^^^^^^^^^^^^^
[INFO] [stdout] 
[INFO] [stdout] 
[INFO] [stdout] warning: constant `MODE_0_DOTS_MIN` is never used
[INFO] [stdout]   --> src/ppu.rs:27:7
[INFO] [stdout]    |
[INFO] [stdout] 27 | const MODE_0_DOTS_MIN: usize = 87usize;
[INFO] [stdout]    |       ^^^^^^^^^^^^^^^
[INFO] [stdout] 
[INFO] [stdout] 
[INFO] [stdout] warning: constant `MODE_0_DOTS_MAX` is never used
[INFO] [stdout]   --> src/ppu.rs:28:7
[INFO] [stdout]    |
[INFO] [stdout] 28 | const MODE_0_DOTS_MAX: usize = 204usize;
[INFO] [stdout]    |       ^^^^^^^^^^^^^^^
[INFO] [stdout] 
[INFO] [stdout] 
[INFO] [stdout] warning: associated function `draw` is never used
[INFO] [stdout]    --> src/ppu.rs:288:8
[INFO] [stdout]     |
[INFO] [stdout] 50  | impl PPU {
[INFO] [stdout]     | -------- associated function in this implementation
[INFO] [stdout] ...
[INFO] [stdout] 288 |     fn draw() {}
[INFO] [stdout]     |        ^^^^
[INFO] [stdout] 
[INFO] [stdout] 
[INFO] [stdout] warning: field `frequency` is never read
[INFO] [stdout]  --> src/quartz.rs:7:5
[INFO] [stdout]   |
[INFO] [stdout] 6 | pub struct Quartz {
[INFO] [stdout]   |            ------ field in this struct
[INFO] [stdout] 7 |     frequency: u32,
[INFO] [stdout]   |     ^^^^^^^^^
[INFO] [stdout] 
[INFO] [stdout] 
[INFO] [stdout] warning: struct `Register` is never constructed
[INFO] [stdout]  --> src/register.rs:5:8
[INFO] [stdout]   |
[INFO] [stdout] 5 | struct Register(u16);
[INFO] [stdout]   |        ^^^^^^^^
[INFO] [stdout] 
[INFO] [stdout] 
[INFO] [stdout] warning: constant `TILE_BYTE_SIZE` is never used
[INFO] [stdout]  --> src/util/tiles_util.rs:8:7
[INFO] [stdout]   |
[INFO] [stdout] 8 | const TILE_BYTE_SIZE: usize = 16usize;
[INFO] [stdout]   |       ^^^^^^^^^^^^^^
[INFO] [stdout] 
[INFO] [stdout] 
[INFO] [stdout] warning: function `print_screen_vec` is never used
[INFO] [stdout]    --> src/util/tiles_util.rs:136:4
[INFO] [stdout]     |
[INFO] [stdout] 136 | fn print_screen_vec(tile_vec: &ScreenVector) {
[INFO] [stdout]     |    ^^^^^^^^^^^^^^^^
[INFO] [stdout] 
[INFO] [stdout] 
[INFO] [stderr]    Compiling game_boyish v0.1.0 (/opt/rustwide/workdir)
[INFO] [stdout] warning: function `print_tile_vec` is never used
[INFO] [stdout]    --> src/util/tiles_util.rs:146:4
[INFO] [stdout]     |
[INFO] [stdout] 146 | fn print_tile_vec(tile_vec: TileVector) {
[INFO] [stdout]     |    ^^^^^^^^^^^^^^
[INFO] [stdout] 
[INFO] [stdout] 
[INFO] [stdout] warning: function `random_buffer` is never used
[INFO] [stdout]   --> src/windows/game_window.rs:66:4
[INFO] [stdout]    |
[INFO] [stdout] 66 | fn random_buffer(width: usize, height: usize) -> Vec<u32> {
[INFO] [stdout]    |    ^^^^^^^^^^^^^
[INFO] [stdout] 
[INFO] [stdout] 
[INFO] [stdout] warning: structure field `Z` should have a snake case name
[INFO] [stdout]   --> src/util/extract_opcode.rs:14:9
[INFO] [stdout]    |
[INFO] [stdout] 14 |     pub Z: String,
[INFO] [stdout]    |         ^ help: convert the identifier to snake case (notice the capitalization): `z`
[INFO] [stdout]    |
[INFO] [stdout]    = note: `#[warn(non_snake_case)]` on by default
[INFO] [stdout] 
[INFO] [stdout] 
[INFO] [stdout] warning: structure field `N` should have a snake case name
[INFO] [stdout]   --> src/util/extract_opcode.rs:15:9
[INFO] [stdout]    |
[INFO] [stdout] 15 |     pub N: String,
[INFO] [stdout]    |         ^ help: convert the identifier to snake case: `n`
[INFO] [stdout] 
[INFO] [stdout] 
[INFO] [stdout] warning: structure field `H` should have a snake case name
[INFO] [stdout]   --> src/util/extract_opcode.rs:16:9
[INFO] [stdout]    |
[INFO] [stdout] 16 |     pub H: String,
[INFO] [stdout]    |         ^ help: convert the identifier to snake case: `h`
[INFO] [stdout] 
[INFO] [stdout] 
[INFO] [stdout] warning: structure field `C` should have a snake case name
[INFO] [stdout]   --> src/util/extract_opcode.rs:17:9
[INFO] [stdout]    |
[INFO] [stdout] 17 |     pub C: String,
[INFO] [stdout]    |         ^ help: convert the identifier to snake case (notice the capitalization): `c`
[INFO] [stdout] 
[INFO] [stdout] 
[INFO] [stdout] warning: 41 warnings emitted
[INFO] [stdout] 
[INFO] [stdout] 
[INFO] [stdout] warning: unused variable: `link_game`
[INFO] [stdout]   --> src/bin/main.rs:26:9
[INFO] [stdout]    |
[INFO] [stdout] 26 |     let link_game = load("roms/Legend of Zelda, The - Link's Awakening (U) (V1.2) [!].gb")
[INFO] [stdout]    |         ^^^^^^^^^ help: if this is intentional, prefix it with an underscore: `_link_game`
[INFO] [stdout]    |
[INFO] [stdout]    = note: `#[warn(unused_variables)]` on by default
[INFO] [stdout] 
[INFO] [stdout] 
[INFO] [stdout] warning: unused variable: `emu`
[INFO] [stdout]   --> src/bin/main.rs:53:13
[INFO] [stdout]    |
[INFO] [stdout] 53 |     let mut emu = Emulator {
[INFO] [stdout]    |             ^^^ help: if this is intentional, prefix it with an underscore: `_emu`
[INFO] [stdout] 
[INFO] [stdout] 
[INFO] [stdout] warning: unused variable: `opcodes_pre`
[INFO] [stdout]   --> src/bin/main.rs:68:9
[INFO] [stdout]    |
[INFO] [stdout] 68 |     let opcodes_pre = load_json("opcodes_pre.json");
[INFO] [stdout]    |         ^^^^^^^^^^^ help: if this is intentional, prefix it with an underscore: `_opcodes_pre`
[INFO] [stdout] 
[INFO] [stdout] 
[INFO] [stdout] warning: unused variable: `opcodes_nopre`
[INFO] [stdout]   --> src/bin/main.rs:69:9
[INFO] [stdout]    |
[INFO] [stdout] 69 |     let opcodes_nopre = load_json("opcodes_nopre.json");
[INFO] [stdout]    |         ^^^^^^^^^^^^^ help: if this is intentional, prefix it with an underscore: `_opcodes_nopre`
[INFO] [stdout] 
[INFO] [stdout] 
[INFO] [stdout] warning: variable does not need to be mutable
[INFO] [stdout]   --> src/bin/main.rs:40:9
[INFO] [stdout]    |
[INFO] [stdout] 40 |     let mut doc_emu = Emulator {
[INFO] [stdout]    |         ----^^^^^^^
[INFO] [stdout]    |         |
[INFO] [stdout]    |         help: remove this `mut`
[INFO] [stdout]    |
[INFO] [stdout]    = note: `#[warn(unused_mut)]` on by default
[INFO] [stdout] 
[INFO] [stdout] 
[INFO] [stdout] warning: variable does not need to be mutable
[INFO] [stdout]   --> src/bin/main.rs:53:9
[INFO] [stdout]    |
[INFO] [stdout] 53 |     let mut emu = Emulator {
[INFO] [stdout]    |         ----^^^
[INFO] [stdout]    |         |
[INFO] [stdout]    |         help: remove this `mut`
[INFO] [stdout] 
[INFO] [stdout] 
[INFO] [stdout] warning: unused import: `CARTRIDGE_TYPE`
[INFO] [stdout]  --> src/cartridge.rs:3:58
[INFO] [stdout]   |
[INFO] [stdout] 3 |     util::cartridge_util::{load, CartridgeData, MBCType, CARTRIDGE_TYPE},
[INFO] [stdout]   |                                                          ^^^^^^^^^^^^^^
[INFO] [stdout]   |
[INFO] [stdout]   = note: `#[warn(unused_imports)]` on by default
[INFO] [stdout] 
[INFO] [stdout] 
[INFO] [stdout] warning: unused import: `register::Registers`
[INFO] [stdout]    --> src/emulator.rs:113:9
[INFO] [stdout]     |
[INFO] [stdout] 113 |         register::Registers,
[INFO] [stdout]     |         ^^^^^^^^^^^^^^^^^^^
[INFO] [stdout] 
[INFO] [stdout] 
[INFO] [stdout] warning: unused import: `NibblesU8`
[INFO] [stdout]  --> src/timer_reg.rs:3:40
[INFO] [stdout]   |
[INFO] [stdout] 3 |     util::u8_traits::{Bit, NibblesU16, NibblesU8},
[INFO] [stdout]   |                                        ^^^^^^^^^
[INFO] [stdout] 
[INFO] [stdout] 
[INFO] [stdout] warning: unused import: `error::Error`
[INFO] [stdout]  --> src/util/extract_opcode.rs:2:33
[INFO] [stdout]   |
[INFO] [stdout] 2 | use std::{collections::HashMap, error::Error, fs::File, io::Read};
[INFO] [stdout]   |                                 ^^^^^^^^^^^^
[INFO] [stdout] 
[INFO] [stdout] 
[INFO] [stdout] warning: unused import: `u16::MAX as MAXu16`
[INFO] [stdout]  --> src/util/u8_traits.rs:1:11
[INFO] [stdout]   |
[INFO] [stdout] 1 | use std::{u16::MAX as MAXu16, u8::MAX};
[INFO] [stdout]   |           ^^^^^^^^^^^^^^^^^^
[INFO] [stdout] 
[INFO] [stdout] 
[INFO] [stdout] warning: unused import: `bus::OAMSprite`
[INFO] [stdout]  --> src/util/tiles_util.rs:2:5
[INFO] [stdout]   |
[INFO] [stdout] 2 |     bus::OAMSprite,
[INFO] [stdout]   |     ^^^^^^^^^^^^^^
[INFO] [stdout] 
[INFO] [stdout] 
[INFO] [stdout] warning: unused import: `MouseMode`
[INFO] [stdout]  --> src/windows/game_window.rs:3:14
[INFO] [stdout]   |
[INFO] [stdout] 3 | use minifb::{MouseMode, Window, WindowOptions};
[INFO] [stdout]   |              ^^^^^^^^^
[INFO] [stdout] 
[INFO] [stdout] 
[INFO] [stdout] warning: unused imports: `DrawOptions`, `DrawTarget`, `PathBuilder`, `SolidSource`, `Source`
[INFO] [stdout]  --> src/windows/game_window.rs:4:14
[INFO] [stdout]   |
[INFO] [stdout] 4 | use raqote::{DrawOptions, DrawTarget, PathBuilder, SolidSource, Source};
[INFO] [stdout]   |              ^^^^^^^^^^^  ^^^^^^^^^^  ^^^^^^^^^^^  ^^^^^^^^^^^  ^^^^^^
[INFO] [stdout] 
[INFO] [stdout] 
[INFO] [stdout] warning: unused variable: `scx`
[INFO] [stdout]    --> src/ppu.rs:142:18
[INFO] [stdout]     |
[INFO] [stdout] 142 |             let (scx, scy) = self.vram.get_background();
[INFO] [stdout]     |                  ^^^ help: if this is intentional, prefix it with an underscore: `_scx`
[INFO] [stdout]     |
[INFO] [stdout]     = note: `#[warn(unused_variables)]` on by default
[INFO] [stdout] 
[INFO] [stdout] 
[INFO] [stdout] warning: 6 warnings emitted
[INFO] [stdout] 
[INFO] [stdout] 
[INFO] [stdout] warning: unused variable: `mnem`
[INFO] [stdout]   --> src/util/extract_opcode.rs:78:9
[INFO] [stdout]    |
[INFO] [stdout] 78 |     for mnem in hash {
[INFO] [stdout]    |         ^^^^ help: if this is intentional, prefix it with an underscore: `_mnem`
[INFO] [stdout] 
[INFO] [stdout] 
[INFO] [stdout] warning: unused variable: `half_carry`
[INFO] [stdout]   --> src/util/math_util.rs:30:18
[INFO] [stdout]    |
[INFO] [stdout] 30 |     let (result, half_carry) = a.overflowing_sub(b);
[INFO] [stdout]    |                  ^^^^^^^^^^ help: if this is intentional, prefix it with an underscore: `_half_carry`
[INFO] [stdout] 
[INFO] [stdout] 
[INFO] [stdout] warning: unused variable: `half_carry`
[INFO] [stdout]   --> src/util/math_util.rs:35:18
[INFO] [stdout]    |
[INFO] [stdout] 35 |     let (result, half_carry) = a.overflowing_add(b);
[INFO] [stdout]    |                  ^^^^^^^^^^ help: if this is intentional, prefix it with an underscore: `_half_carry`
[INFO] [stdout] 
[INFO] [stdout] 
[INFO] [stdout] warning: unused variable: `n`
[INFO] [stdout]   --> src/util/math_util.rs:78:18
[INFO] [stdout]    |
[INFO] [stdout] 78 |     let (res, z, n, h, _) = addition(a, 1);
[INFO] [stdout]    |                  ^ help: if this is intentional, prefix it with an underscore: `_n`
[INFO] [stdout] 
[INFO] [stdout] 
[INFO] [stdout] warning: unused variable: `n`
[INFO] [stdout]   --> src/util/math_util.rs:83:18
[INFO] [stdout]    |
[INFO] [stdout] 83 |     let (res, z, n, h, _) = subtraction(a, 1);
[INFO] [stdout]    |                  ^ help: if this is intentional, prefix it with an underscore: `_n`
[INFO] [stdout] 
[INFO] [stdout] 
[INFO] [stdout] warning: unused variable: `low`
[INFO] [stdout]    --> src/util/math_util.rs:115:9
[INFO] [stdout]     |
[INFO] [stdout] 115 |     let low = a.low_4nibble();
[INFO] [stdout]     |         ^^^ help: if this is intentional, prefix it with an underscore: `_low`
[INFO] [stdout] 
[INFO] [stdout] 
[INFO] [stdout] warning: unused variable: `high`
[INFO] [stdout]    --> src/util/math_util.rs:116:9
[INFO] [stdout]     |
[INFO] [stdout] 116 |     let high = a.high_nibble();
[INFO] [stdout]     |         ^^^^ help: if this is intentional, prefix it with an underscore: `_high`
[INFO] [stdout] 
[INFO] [stdout] 
[INFO] [stdout] warning: variable `c1` is assigned to, but never used
[INFO] [stdout]    --> src/util/math_util.rs:117:13
[INFO] [stdout]     |
[INFO] [stdout] 117 |     let mut c1 = false;
[INFO] [stdout]     |             ^^
[INFO] [stdout]     |
[INFO] [stdout]     = note: consider using `_c1` instead
[INFO] [stdout] 
[INFO] [stdout] 
[INFO] [stdout] warning: variable `c2` is assigned to, but never used
[INFO] [stdout]    --> src/util/math_util.rs:118:13
[INFO] [stdout]     |
[INFO] [stdout] 118 |     let mut c2 = false;
[INFO] [stdout]     |             ^^
[INFO] [stdout]     |
[INFO] [stdout]     = note: consider using `_c2` instead
[INFO] [stdout] 
[INFO] [stdout] 
[INFO] [stdout] warning: value assigned to `c2` is never read
[INFO] [stdout]    --> src/util/math_util.rs:124:34
[INFO] [stdout]     |
[INFO] [stdout] 124 |                 (new_a, _, _, _, c2) = subtraction(new_a, 0x60);
[INFO] [stdout]     |                                  ^^
[INFO] [stdout]     |
[INFO] [stdout]     = help: maybe it is overwritten before being read?
[INFO] [stdout]     = note: `#[warn(unused_assignments)]` on by default
[INFO] [stdout] 
[INFO] [stdout] 
[INFO] [stdout] warning: value assigned to `c1` is never read
[INFO] [stdout]    --> src/util/math_util.rs:127:34
[INFO] [stdout]     |
[INFO] [stdout] 127 |                 (new_a, _, _, _, c1) = subtraction(new_a, 0x06);
[INFO] [stdout]     |                                  ^^
[INFO] [stdout]     |
[INFO] [stdout]     = help: maybe it is overwritten before being read?
[INFO] [stdout] 
[INFO] [stdout] 
[INFO] [stdout] warning: value assigned to `c2` is never read
[INFO] [stdout]    --> src/util/math_util.rs:133:34
[INFO] [stdout]     |
[INFO] [stdout] 133 |                 (new_a, _, _, _, c2) = addition(new_a, 0x60);
[INFO] [stdout]     |                                  ^^
[INFO] [stdout]     |
[INFO] [stdout]     = help: maybe it is overwritten before being read?
[INFO] [stdout] 
[INFO] [stdout] 
[INFO] [stdout] warning: value assigned to `c1` is never read
[INFO] [stdout]    --> src/util/math_util.rs:136:34
[INFO] [stdout]     |
[INFO] [stdout] 136 |                 (new_a, _, _, _, c1) = addition(new_a, 0x06);
[INFO] [stdout]     |                                  ^^
[INFO] [stdout]     |
[INFO] [stdout]     = help: maybe it is overwritten before being read?
[INFO] [stdout] 
[INFO] [stdout] 
[INFO] [stdout] warning: unused variable: `tile_vec`
[INFO] [stdout]    --> src/util/tiles_util.rs:210:13
[INFO] [stdout]     |
[INFO] [stdout] 210 |         let tile_vec = vram_to_tile_vec(vram, tile_per_line);
[INFO] [stdout]     |             ^^^^^^^^ help: if this is intentional, prefix it with an underscore: `_tile_vec`
[INFO] [stdout] 
[INFO] [stdout] 
[INFO] [stdout] warning: unused variable: `test`
[INFO] [stdout]    --> src/util/cartridge_util.rs:177:13
[INFO] [stdout]     |
[INFO] [stdout] 177 |         let test = load("../roms/Tetris (JUE) (V1.1) [!].gb");
[INFO] [stdout]     |             ^^^^ help: if this is intentional, prefix it with an underscore: `_test`
[INFO] [stdout] 
[INFO] [stdout] 
[INFO] [stdout] warning: unused variable: `test`
[INFO] [stdout]    --> src/util/cartridge_util.rs:178:13
[INFO] [stdout]     |
[INFO] [stdout] 178 |         let test = load("/home/anon/Documents/Code/GameBoyish/roms/cpu_instrs/06-ld r,r.gb");
[INFO] [stdout]     |             ^^^^ help: if this is intentional, prefix it with an underscore: `_test`
[INFO] [stdout] 
[INFO] [stdout] 
[INFO] [stdout] warning: unused variable: `size`
[INFO] [stdout]   --> src/windows/game_window.rs:52:17
[INFO] [stdout]    |
[INFO] [stdout] 52 |             let size = window.get_size();
[INFO] [stdout]    |                 ^^^^ help: if this is intentional, prefix it with an underscore: `_size`
[INFO] [stdout] 
[INFO] [stdout] 
[INFO] [stdout] warning: struct `Cartridge` is never constructed
[INFO] [stdout]  --> src/cartridge.rs:7:8
[INFO] [stdout]   |
[INFO] [stdout] 7 | struct Cartridge {
[INFO] [stdout]   |        ^^^^^^^^^
[INFO] [stdout]   |
[INFO] [stdout]   = note: `#[warn(dead_code)]` on by default
[INFO] [stdout] 
[INFO] [stdout] 
[INFO] [stdout] warning: associated function `new` is never used
[INFO] [stdout]   --> src/cartridge.rs:13:8
[INFO] [stdout]    |
[INFO] [stdout] 12 | impl Cartridge {
[INFO] [stdout]    | -------------- associated function in this implementation
[INFO] [stdout] 13 |     fn new(bus: Rc<RefCell<Bus>>, file_path: &str) -> Cartridge {
[INFO] [stdout]    |        ^^^
[INFO] [stdout] 
[INFO] [stdout] 
[INFO] [stdout] warning: method `stop` is never used
[INFO] [stdout]   --> src/emulator.rs:92:8
[INFO] [stdout]    |
[INFO] [stdout] 31 | impl Emulator {
[INFO] [stdout]    | ------------- method in this implementation
[INFO] [stdout] ...
[INFO] [stdout] 92 |     fn stop(&mut self) {
[INFO] [stdout]    |        ^^^^
[INFO] [stdout] 
[INFO] [stdout] 
[INFO] [stdout] warning: function `tick` is never used
[INFO] [stdout]   --> src/io_handler.rs:37:4
[INFO] [stdout]    |
[INFO] [stdout] 37 | fn tick() {
[INFO] [stdout]    |    ^^^^
[INFO] [stdout] 
[INFO] [stdout] 
[INFO] [stdout] warning: constant `MODE_2_DOTS` is never used
[INFO] [stdout]   --> src/ppu.rs:24:7
[INFO] [stdout]    |
[INFO] [stdout] 24 | const MODE_2_DOTS: usize = 80usize;
[INFO] [stdout]    |       ^^^^^^^^^^^
[INFO] [stdout]    |
[INFO] [stdout] note: the lint level is defined here
[INFO] [stdout]   --> src/ppu.rs:23:8
[INFO] [stdout]    |
[INFO] [stdout] 23 | #[warn(dead_code)]
[INFO] [stdout]    |        ^^^^^^^^^
[INFO] [stdout] 
[INFO] [stdout] 
[INFO] [stdout] warning: constant `MODE_3_DOTS_MIN` is never used
[INFO] [stdout]   --> src/ppu.rs:25:7
[INFO] [stdout]    |
[INFO] [stdout] 25 | const MODE_3_DOTS_MIN: usize = 172usize;
[INFO] [stdout]    |       ^^^^^^^^^^^^^^^
[INFO] [stdout] 
[INFO] [stdout] 
[INFO] [stdout] warning: constant `MODE_0_DOTS_MIN` is never used
[INFO] [stdout]   --> src/ppu.rs:27:7
[INFO] [stdout]    |
[INFO] [stdout] 27 | const MODE_0_DOTS_MIN: usize = 87usize;
[INFO] [stdout]    |       ^^^^^^^^^^^^^^^
[INFO] [stdout] 
[INFO] [stdout] 
[INFO] [stdout] warning: constant `MODE_0_DOTS_MAX` is never used
[INFO] [stdout]   --> src/ppu.rs:28:7
[INFO] [stdout]    |
[INFO] [stdout] 28 | const MODE_0_DOTS_MAX: usize = 204usize;
[INFO] [stdout]    |       ^^^^^^^^^^^^^^^
[INFO] [stdout] 
[INFO] [stdout] 
[INFO] [stdout] warning: associated function `draw` is never used
[INFO] [stdout]    --> src/ppu.rs:288:8
[INFO] [stdout]     |
[INFO] [stdout] 50  | impl PPU {
[INFO] [stdout]     | -------- associated function in this implementation
[INFO] [stdout] ...
[INFO] [stdout] 288 |     fn draw() {}
[INFO] [stdout]     |        ^^^^
[INFO] [stdout] 
[INFO] [stdout] 
[INFO] [stdout] warning: field `frequency` is never read
[INFO] [stdout]  --> src/quartz.rs:7:5
[INFO] [stdout]   |
[INFO] [stdout] 6 | pub struct Quartz {
[INFO] [stdout]   |            ------ field in this struct
[INFO] [stdout] 7 |     frequency: u32,
[INFO] [stdout]   |     ^^^^^^^^^
[INFO] [stdout] 
[INFO] [stdout] 
[INFO] [stdout] warning: struct `Register` is never constructed
[INFO] [stdout]  --> src/register.rs:5:8
[INFO] [stdout]   |
[INFO] [stdout] 5 | struct Register(u16);
[INFO] [stdout]   |        ^^^^^^^^
[INFO] [stdout] 
[INFO] [stdout] 
[INFO] [stdout] warning: constant `TILE_BYTE_SIZE` is never used
[INFO] [stdout]  --> src/util/tiles_util.rs:8:7
[INFO] [stdout]   |
[INFO] [stdout] 8 | const TILE_BYTE_SIZE: usize = 16usize;
[INFO] [stdout]   |       ^^^^^^^^^^^^^^
[INFO] [stdout] 
[INFO] [stdout] 
[INFO] [stdout] warning: function `print_screen_vec` is never used
[INFO] [stdout]    --> src/util/tiles_util.rs:136:4
[INFO] [stdout]     |
[INFO] [stdout] 136 | fn print_screen_vec(tile_vec: &ScreenVector) {
[INFO] [stdout]     |    ^^^^^^^^^^^^^^^^
[INFO] [stdout] 
[INFO] [stdout] 
[INFO] [stdout] warning: function `print_tile_vec` is never used
[INFO] [stdout]    --> src/util/tiles_util.rs:146:4
[INFO] [stdout]     |
[INFO] [stdout] 146 | fn print_tile_vec(tile_vec: TileVector) {
[INFO] [stdout]     |    ^^^^^^^^^^^^^^
[INFO] [stdout] 
[INFO] [stdout] 
[INFO] [stdout] warning: function `random_buffer` is never used
[INFO] [stdout]   --> src/windows/game_window.rs:66:4
[INFO] [stdout]    |
[INFO] [stdout] 66 | fn random_buffer(width: usize, height: usize) -> Vec<u32> {
[INFO] [stdout]    |    ^^^^^^^^^^^^^
[INFO] [stdout] 
[INFO] [stdout] 
[INFO] [stdout] warning: structure field `Z` should have a snake case name
[INFO] [stdout]   --> src/util/extract_opcode.rs:14:9
[INFO] [stdout]    |
[INFO] [stdout] 14 |     pub Z: String,
[INFO] [stdout]    |         ^ help: convert the identifier to snake case (notice the capitalization): `z`
[INFO] [stdout]    |
[INFO] [stdout]    = note: `#[warn(non_snake_case)]` on by default
[INFO] [stdout] 
[INFO] [stdout] 
[INFO] [stdout] warning: structure field `N` should have a snake case name
[INFO] [stdout]   --> src/util/extract_opcode.rs:15:9
[INFO] [stdout]    |
[INFO] [stdout] 15 |     pub N: String,
[INFO] [stdout]    |         ^ help: convert the identifier to snake case: `n`
[INFO] [stdout] 
[INFO] [stdout] 
[INFO] [stdout] warning: structure field `H` should have a snake case name
[INFO] [stdout]   --> src/util/extract_opcode.rs:16:9
[INFO] [stdout]    |
[INFO] [stdout] 16 |     pub H: String,
[INFO] [stdout]    |         ^ help: convert the identifier to snake case: `h`
[INFO] [stdout] 
[INFO] [stdout] 
[INFO] [stdout] warning: structure field `C` should have a snake case name
[INFO] [stdout]   --> src/util/extract_opcode.rs:17:9
[INFO] [stdout]    |
[INFO] [stdout] 17 |     pub C: String,
[INFO] [stdout]    |         ^ help: convert the identifier to snake case (notice the capitalization): `c`
[INFO] [stdout] 
[INFO] [stdout] 
[INFO] [stdout] warning: 45 warnings emitted
[INFO] [stdout] 
[INFO] [stdout] 
[INFO] [stderr]     Finished test [unoptimized + debuginfo] target(s) in 2.55s
[INFO] running `Command { std: "docker" "inspect" "d8bf707012d15cda9fe0532e44a5e87e29aea474c8f142498c16a16236bc9dc7", kill_on_drop: false }`
[INFO] running `Command { std: "docker" "rm" "-f" "d8bf707012d15cda9fe0532e44a5e87e29aea474c8f142498c16a16236bc9dc7", kill_on_drop: false }`
[INFO] [stdout] d8bf707012d15cda9fe0532e44a5e87e29aea474c8f142498c16a16236bc9dc7
[INFO] running `Command { std: "docker" "create" "-v" "/var/lib/crater-agent-workspace/builds/worker-6-tc2/target:/opt/rustwide/target:rw,Z" "-v" "/var/lib/crater-agent-workspace/builds/worker-6-tc2/source:/opt/rustwide/workdir:ro,Z" "-v" "/var/lib/crater-agent-workspace/cargo-home:/opt/rustwide/cargo-home:ro,Z" "-v" "/var/lib/crater-agent-workspace/rustup-home:/opt/rustwide/rustup-home:ro,Z" "-e" "SOURCE_DIR=/opt/rustwide/workdir" "-e" "CARGO_TARGET_DIR=/opt/rustwide/target" "-e" "CARGO_INCREMENTAL=0" "-e" "RUST_BACKTRACE=full" "-e" "RUSTFLAGS=--cap-lints=warn" "-e" "RUSTDOCFLAGS=--cap-lints=warn" "-e" "CARGO_HOME=/opt/rustwide/cargo-home" "-e" "RUSTUP_HOME=/opt/rustwide/rustup-home" "-w" "/opt/rustwide/workdir" "-m" "1610612736" "--user" "0:0" "--network" "none" "ghcr.io/rust-lang/crates-build-env/linux@sha256:2788e3201cd34a07e3172128adcd8b3090168a8e3bcc40d7c032b9dda1df7d1c" "/opt/rustwide/cargo-home/bin/cargo" "+beta-2023-12-22" "test" "--frozen", kill_on_drop: false }`
[INFO] [stdout] 53b3938e02582cb0b573929aad7da4a3f871cbb79a967fcfc9dbdda4aede32c8
[INFO] running `Command { std: "docker" "start" "-a" "53b3938e02582cb0b573929aad7da4a3f871cbb79a967fcfc9dbdda4aede32c8", kill_on_drop: false }`
[INFO] [stderr] warning: unused import: `CARTRIDGE_TYPE`
[INFO] [stderr]  --> src/cartridge.rs:3:58
[INFO] [stderr]   |
[INFO] [stderr] 3 |     util::cartridge_util::{load, CartridgeData, MBCType, CARTRIDGE_TYPE},
[INFO] [stderr]   |                                                          ^^^^^^^^^^^^^^
[INFO] [stderr]   |
[INFO] [stderr]   = note: `#[warn(unused_imports)]` on by default
[INFO] [stderr] 
[INFO] [stderr] warning: unused import: `NibblesU8`
[INFO] [stderr]  --> src/timer_reg.rs:3:40
[INFO] [stderr]   |
[INFO] [stderr] 3 |     util::u8_traits::{Bit, NibblesU16, NibblesU8},
[INFO] [stderr]   |                                        ^^^^^^^^^
[INFO] [stderr] 
[INFO] [stderr] warning: unused import: `error::Error`
[INFO] [stderr]  --> src/util/extract_opcode.rs:2:33
[INFO] [stderr]   |
[INFO] [stderr] 2 | use std::{collections::HashMap, error::Error, fs::File, io::Read};
[INFO] [stderr]   |                                 ^^^^^^^^^^^^
[INFO] [stderr] 
[INFO] [stderr] warning: unused import: `u16::MAX as MAXu16`
[INFO] [stderr]  --> src/util/u8_traits.rs:1:11
[INFO] [stderr]   |
[INFO] [stderr] 1 | use std::{u16::MAX as MAXu16, u8::MAX};
[INFO] [stderr]   |           ^^^^^^^^^^^^^^^^^^
[INFO] [stderr] 
[INFO] [stderr] warning: unused import: `bus::OAMSprite`
[INFO] [stderr]  --> src/util/tiles_util.rs:2:5
[INFO] [stderr]   |
[INFO] [stderr] 2 |     bus::OAMSprite,
[INFO] [stderr]   |     ^^^^^^^^^^^^^^
[INFO] [stderr] 
[INFO] [stderr] warning: unused import: `MouseMode`
[INFO] [stderr]  --> src/windows/game_window.rs:3:14
[INFO] [stderr]   |
[INFO] [stderr] 3 | use minifb::{MouseMode, Window, WindowOptions};
[INFO] [stderr]   |              ^^^^^^^^^
[INFO] [stderr] 
[INFO] [stderr] warning: unused imports: `DrawOptions`, `DrawTarget`, `PathBuilder`, `SolidSource`, `Source`
[INFO] [stderr]  --> src/windows/game_window.rs:4:14
[INFO] [stderr]   |
[INFO] [stderr] 4 | use raqote::{DrawOptions, DrawTarget, PathBuilder, SolidSource, Source};
[INFO] [stderr]   |              ^^^^^^^^^^^  ^^^^^^^^^^  ^^^^^^^^^^^  ^^^^^^^^^^^  ^^^^^^
[INFO] [stderr] 
[INFO] [stderr] warning: unused variable: `scx`
[INFO] [stderr]    --> src/ppu.rs:142:18
[INFO] [stderr]     |
[INFO] [stderr] 142 |             let (scx, scy) = self.vram.get_background();
[INFO] [stderr]     |                  ^^^ help: if this is intentional, prefix it with an underscore: `_scx`
[INFO] [stderr]     |
[INFO] [stderr]     = note: `#[warn(unused_variables)]` on by default
[INFO] [stderr] 
[INFO] [stderr] warning: unused variable: `mnem`
[INFO] [stderr]   --> src/util/extract_opcode.rs:78:9
[INFO] [stderr]    |
[INFO] [stderr] 78 |     for mnem in hash {
[INFO] [stderr]    |         ^^^^ help: if this is intentional, prefix it with an underscore: `_mnem`
[INFO] [stderr] 
[INFO] [stderr] warning: unused variable: `half_carry`
[INFO] [stderr]   --> src/util/math_util.rs:30:18
[INFO] [stderr]    |
[INFO] [stderr] 30 |     let (result, half_carry) = a.overflowing_sub(b);
[INFO] [stderr]    |                  ^^^^^^^^^^ help: if this is intentional, prefix it with an underscore: `_half_carry`
[INFO] [stderr] 
[INFO] [stderr] warning: unused variable: `half_carry`
[INFO] [stderr]   --> src/util/math_util.rs:35:18
[INFO] [stderr]    |
[INFO] [stderr] 35 |     let (result, half_carry) = a.overflowing_add(b);
[INFO] [stderr]    |                  ^^^^^^^^^^ help: if this is intentional, prefix it with an underscore: `_half_carry`
[INFO] [stderr] 
[INFO] [stderr] warning: unused variable: `n`
[INFO] [stderr]   --> src/util/math_util.rs:78:18
[INFO] [stderr]    |
[INFO] [stderr] 78 |     let (res, z, n, h, _) = addition(a, 1);
[INFO] [stderr]    |                  ^ help: if this is intentional, prefix it with an underscore: `_n`
[INFO] [stderr] 
[INFO] [stderr] warning: unused variable: `n`
[INFO] [stderr]   --> src/util/math_util.rs:83:18
[INFO] [stderr]    |
[INFO] [stderr] 83 |     let (res, z, n, h, _) = subtraction(a, 1);
[INFO] [stderr]    |                  ^ help: if this is intentional, prefix it with an underscore: `_n`
[INFO] [stderr] 
[INFO] [stderr] warning: unused variable: `low`
[INFO] [stderr]    --> src/util/math_util.rs:115:9
[INFO] [stderr]     |
[INFO] [stderr] 115 |     let low = a.low_4nibble();
[INFO] [stderr]     |         ^^^ help: if this is intentional, prefix it with an underscore: `_low`
[INFO] [stderr] 
[INFO] [stderr] warning: unused variable: `high`
[INFO] [stderr]    --> src/util/math_util.rs:116:9
[INFO] [stderr]     |
[INFO] [stderr] 116 |     let high = a.high_nibble();
[INFO] [stderr]     |         ^^^^ help: if this is intentional, prefix it with an underscore: `_high`
[INFO] [stderr] 
[INFO] [stderr] warning: variable `c1` is assigned to, but never used
[INFO] [stderr]    --> src/util/math_util.rs:117:13
[INFO] [stderr]     |
[INFO] [stderr] 117 |     let mut c1 = false;
[INFO] [stderr]     |             ^^
[INFO] [stderr]     |
[INFO] [stderr]     = note: consider using `_c1` instead
[INFO] [stderr] 
[INFO] [stderr] warning: variable `c2` is assigned to, but never used
[INFO] [stderr]    --> src/util/math_util.rs:118:13
[INFO] [stderr]     |
[INFO] [stderr] 118 |     let mut c2 = false;
[INFO] [stderr]     |             ^^
[INFO] [stderr]     |
[INFO] [stderr]     = note: consider using `_c2` instead
[INFO] [stderr] 
[INFO] [stderr] warning: value assigned to `c2` is never read
[INFO] [stderr]    --> src/util/math_util.rs:124:34
[INFO] [stderr]     |
[INFO] [stderr] 124 |                 (new_a, _, _, _, c2) = subtraction(new_a, 0x60);
[INFO] [stderr]     |                                  ^^
[INFO] [stderr]     |
[INFO] [stderr]     = help: maybe it is overwritten before being read?
[INFO] [stderr]     = note: `#[warn(unused_assignments)]` on by default
[INFO] [stderr] 
[INFO] [stderr] warning: value assigned to `c1` is never read
[INFO] [stderr]    --> src/util/math_util.rs:127:34
[INFO] [stderr]     |
[INFO] [stderr] 127 |                 (new_a, _, _, _, c1) = subtraction(new_a, 0x06);
[INFO] [stderr]     |                                  ^^
[INFO] [stderr]     |
[INFO] [stderr]     = help: maybe it is overwritten before being read?
[INFO] [stderr] 
[INFO] [stderr] warning: value assigned to `c2` is never read
[INFO] [stderr]    --> src/util/math_util.rs:133:34
[INFO] [stderr]     |
[INFO] [stderr] 133 |                 (new_a, _, _, _, c2) = addition(new_a, 0x60);
[INFO] [stderr]     |                                  ^^
[INFO] [stderr]     |
[INFO] [stderr]     = help: maybe it is overwritten before being read?
[INFO] [stderr] 
[INFO] [stderr] warning: value assigned to `c1` is never read
[INFO] [stderr]    --> src/util/math_util.rs:136:34
[INFO] [stderr]     |
[INFO] [stderr] 136 |                 (new_a, _, _, _, c1) = addition(new_a, 0x06);
[INFO] [stderr]     |                                  ^^
[INFO] [stderr]     |
[INFO] [stderr]     = help: maybe it is overwritten before being read?
[INFO] [stderr] 
[INFO] [stderr] warning: unused variable: `size`
[INFO] [stderr]   --> src/windows/game_window.rs:52:17
[INFO] [stderr]    |
[INFO] [stderr] 52 |             let size = window.get_size();
[INFO] [stderr]    |                 ^^^^ help: if this is intentional, prefix it with an underscore: `_size`
[INFO] [stderr] 
[INFO] [stderr] warning: struct `Cartridge` is never constructed
[INFO] [stderr]  --> src/cartridge.rs:7:8
[INFO] [stderr]   |
[INFO] [stderr] 7 | struct Cartridge {
[INFO] [stderr]   |        ^^^^^^^^^
[INFO] [stderr]   |
[INFO] [stderr]   = note: `#[warn(dead_code)]` on by default
[INFO] [stderr] 
[INFO] [stderr] warning: associated function `new` is never used
[INFO] [stderr]   --> src/cartridge.rs:13:8
[INFO] [stderr]    |
[INFO] [stderr] 12 | impl Cartridge {
[INFO] [stderr]    | -------------- associated function in this implementation
[INFO] [stderr] 13 |     fn new(bus: Rc<RefCell<Bus>>, file_path: &str) -> Cartridge {
[INFO] [stderr]    |        ^^^
[INFO] [stderr] 
[INFO] [stderr] warning: method `stop` is never used
[INFO] [stderr]   --> src/emulator.rs:92:8
[INFO] [stderr]    |
[INFO] [stderr] 31 | impl Emulator {
[INFO] [stderr]    | ------------- method in this implementation
[INFO] [stderr] ...
[INFO] [stderr] 92 |     fn stop(&mut self) {
[INFO] [stderr]    |        ^^^^
[INFO] [stderr] 
[INFO] [stderr] warning: function `tick` is never used
[INFO] [stderr]   --> src/io_handler.rs:37:4
[INFO] [stderr]    |
[INFO] [stderr] 37 | fn tick() {
[INFO] [stderr]    |    ^^^^
[INFO] [stderr] 
[INFO] [stderr] warning: constant `MODE_2_DOTS` is never used
[INFO] [stderr]   --> src/ppu.rs:24:7
[INFO] [stderr]    |
[INFO] [stderr] 24 | const MODE_2_DOTS: usize = 80usize;
[INFO] [stderr]    |       ^^^^^^^^^^^
[INFO] [stderr]    |
[INFO] [stderr] note: the lint level is defined here
[INFO] [stderr]   --> src/ppu.rs:23:8
[INFO] [stderr]    |
[INFO] [stderr] 23 | #[warn(dead_code)]
[INFO] [stderr]    |        ^^^^^^^^^
[INFO] [stderr] 
[INFO] [stderr] warning: constant `MODE_3_DOTS_MIN` is never used
[INFO] [stderr]   --> src/ppu.rs:25:7
[INFO] [stderr]    |
[INFO] [stderr] 25 | const MODE_3_DOTS_MIN: usize = 172usize;
[INFO] [stderr]    |       ^^^^^^^^^^^^^^^
[INFO] [stderr] 
[INFO] [stderr] warning: constant `MODE_0_DOTS_MIN` is never used
[INFO] [stderr]   --> src/ppu.rs:27:7
[INFO] [stderr]    |
[INFO] [stderr] 27 | const MODE_0_DOTS_MIN: usize = 87usize;
[INFO] [stderr]    |       ^^^^^^^^^^^^^^^
[INFO] [stderr] 
[INFO] [stderr] warning: constant `MODE_0_DOTS_MAX` is never used
[INFO] [stderr]   --> src/ppu.rs:28:7
[INFO] [stderr]    |
[INFO] [stderr] 28 | const MODE_0_DOTS_MAX: usize = 204usize;
[INFO] [stderr]    |       ^^^^^^^^^^^^^^^
[INFO] [stderr] 
[INFO] [stderr] warning: associated function `draw` is never used
[INFO] [stderr]    --> src/ppu.rs:288:8
[INFO] [stderr]     |
[INFO] [stderr] 50  | impl PPU {
[INFO] [stderr]     | -------- associated function in this implementation
[INFO] [stderr] ...
[INFO] [stderr] 288 |     fn draw() {}
[INFO] [stderr]     |        ^^^^
[INFO] [stderr] 
[INFO] [stderr] warning: field `frequency` is never read
[INFO] [stderr]  --> src/quartz.rs:7:5
[INFO] [stderr]   |
[INFO] [stderr] 6 | pub struct Quartz {
[INFO] [stderr]   |            ------ field in this struct
[INFO] [stderr] 7 |     frequency: u32,
[INFO] [stderr]   |     ^^^^^^^^^
[INFO] [stderr] 
[INFO] [stderr] warning: struct `Register` is never constructed
[INFO] [stderr]  --> src/register.rs:5:8
[INFO] [stderr]   |
[INFO] [stderr] 5 | struct Register(u16);
[INFO] [stderr]   |        ^^^^^^^^
[INFO] [stderr] 
[INFO] [stderr] warning: constant `TILE_BYTE_SIZE` is never used
[INFO] [stderr]  --> src/util/tiles_util.rs:8:7
[INFO] [stderr]   |
[INFO] [stderr] 8 | const TILE_BYTE_SIZE: usize = 16usize;
[INFO] [stderr]   |       ^^^^^^^^^^^^^^
[INFO] [stderr] 
[INFO] [stderr] warning: function `print_screen_vec` is never used
[INFO] [stderr]    --> src/util/tiles_util.rs:136:4
[INFO] [stderr]     |
[INFO] [stderr] 136 | fn print_screen_vec(tile_vec: &ScreenVector) {
[INFO] [stderr]     |    ^^^^^^^^^^^^^^^^
[INFO] [stderr] 
[INFO] [stderr] warning: function `print_tile_vec` is never used
[INFO] [stderr]    --> src/util/tiles_util.rs:146:4
[INFO] [stderr]     |
[INFO] [stderr] 146 | fn print_tile_vec(tile_vec: TileVector) {
[INFO] [stderr]     |    ^^^^^^^^^^^^^^
[INFO] [stderr] 
[INFO] [stderr] warning: function `random_buffer` is never used
[INFO] [stderr]   --> src/windows/game_window.rs:66:4
[INFO] [stderr]    |
[INFO] [stderr] 66 | fn random_buffer(width: usize, height: usize) -> Vec<u32> {
[INFO] [stderr]    |    ^^^^^^^^^^^^^
[INFO] [stderr] 
[INFO] [stderr] warning: structure field `Z` should have a snake case name
[INFO] [stderr]   --> src/util/extract_opcode.rs:14:9
[INFO] [stderr]    |
[INFO] [stderr] 14 |     pub Z: String,
[INFO] [stderr]    |         ^ help: convert the identifier to snake case (notice the capitalization): `z`
[INFO] [stderr]    |
[INFO] [stderr]    = note: `#[warn(non_snake_case)]` on by default
[INFO] [stderr] 
[INFO] [stderr] warning: structure field `N` should have a snake case name
[INFO] [stderr]   --> src/util/extract_opcode.rs:15:9
[INFO] [stderr]    |
[INFO] [stderr] 15 |     pub N: String,
[INFO] [stderr]    |         ^ help: convert the identifier to snake case: `n`
[INFO] [stderr] 
[INFO] [stderr] warning: structure field `H` should have a snake case name
[INFO] [stderr]   --> src/util/extract_opcode.rs:16:9
[INFO] [stderr]    |
[INFO] [stderr] 16 |     pub H: String,
[INFO] [stderr]    |         ^ help: convert the identifier to snake case: `h`
[INFO] [stderr] 
[INFO] [stderr] warning: structure field `C` should have a snake case name
[INFO] [stderr]   --> src/util/extract_opcode.rs:17:9
[INFO] [stderr]    |
[INFO] [stderr] 17 |     pub C: String,
[INFO] [stderr]    |         ^ help: convert the identifier to snake case (notice the capitalization): `c`
[INFO] [stderr] 
[INFO] [stderr] warning: `game_boyish` (lib) generated 41 warnings (run `cargo fix --lib -p game_boyish` to apply 16 suggestions)
[INFO] [stderr] warning: unused variable: `link_game`
[INFO] [stderr]   --> src/bin/main.rs:26:9
[INFO] [stderr]    |
[INFO] [stderr] 26 |     let link_game = load("roms/Legend of Zelda, The - Link's Awakening (U) (V1.2) [!].gb")
[INFO] [stderr]    |         ^^^^^^^^^ help: if this is intentional, prefix it with an underscore: `_link_game`
[INFO] [stderr]    |
[INFO] [stderr]    = note: `#[warn(unused_variables)]` on by default
[INFO] [stderr] 
[INFO] [stderr] warning: unused variable: `emu`
[INFO] [stderr]   --> src/bin/main.rs:53:13
[INFO] [stderr]    |
[INFO] [stderr] 53 |     let mut emu = Emulator {
[INFO] [stderr]    |             ^^^ help: if this is intentional, prefix it with an underscore: `_emu`
[INFO] [stderr] 
[INFO] [stderr] warning: unused variable: `opcodes_pre`
[INFO] [stderr]   --> src/bin/main.rs:68:9
[INFO] [stderr]    |
[INFO] [stderr] 68 |     let opcodes_pre = load_json("opcodes_pre.json");
[INFO] [stderr]    |         ^^^^^^^^^^^ help: if this is intentional, prefix it with an underscore: `_opcodes_pre`
[INFO] [stderr] 
[INFO] [stderr] warning: unused variable: `opcodes_nopre`
[INFO] [stderr]   --> src/bin/main.rs:69:9
[INFO] [stderr]    |
[INFO] [stderr] 69 |     let opcodes_nopre = load_json("opcodes_nopre.json");
[INFO] [stderr]    |         ^^^^^^^^^^^^^ help: if this is intentional, prefix it with an underscore: `_opcodes_nopre`
[INFO] [stderr] 
[INFO] [stderr] warning: variable does not need to be mutable
[INFO] [stderr]   --> src/bin/main.rs:40:9
[INFO] [stderr]    |
[INFO] [stderr] 40 |     let mut doc_emu = Emulator {
[INFO] [stderr]    |         ----^^^^^^^
[INFO] [stderr]    |         |
[INFO] [stderr]    |         help: remove this `mut`
[INFO] [stderr]    |
[INFO] [stderr]    = note: `#[warn(unused_mut)]` on by default
[INFO] [stderr] 
[INFO] [stderr] warning: variable does not need to be mutable
[INFO] [stderr]   --> src/bin/main.rs:53:9
[INFO] [stderr]    |
[INFO] [stderr] 53 |     let mut emu = Emulator {
[INFO] [stderr]    |         ----^^^
[INFO] [stderr]    |         |
[INFO] [stderr]    |         help: remove this `mut`
[INFO] [stderr] 
[INFO] [stderr] warning: `game_boyish` (bin "main" test) generated 6 warnings (run `cargo fix --bin "main" --tests` to apply 6 suggestions)
[INFO] [stderr] warning: unused import: `register::Registers`
[INFO] [stderr]    --> src/emulator.rs:113:9
[INFO] [stderr]     |
[INFO] [stderr] 113 |         register::Registers,
[INFO] [stderr]     |         ^^^^^^^^^^^^^^^^^^^
[INFO] [stderr] 
[INFO] [stderr] warning: unused variable: `tile_vec`
[INFO] [stderr]    --> src/util/tiles_util.rs:210:13
[INFO] [stderr]     |
[INFO] [stderr] 210 |         let tile_vec = vram_to_tile_vec(vram, tile_per_line);
[INFO] [stderr]     |             ^^^^^^^^ help: if this is intentional, prefix it with an underscore: `_tile_vec`
[INFO] [stderr] 
[INFO] [stderr] warning: unused variable: `test`
[INFO] [stderr]    --> src/util/cartridge_util.rs:177:13
[INFO] [stderr]     |
[INFO] [stderr] 177 |         let test = load("../roms/Tetris (JUE) (V1.1) [!].gb");
[INFO] [stderr]     |             ^^^^ help: if this is intentional, prefix it with an underscore: `_test`
[INFO] [stderr] 
[INFO] [stderr] warning: unused variable: `test`
[INFO] [stderr]    --> src/util/cartridge_util.rs:178:13
[INFO] [stderr]     |
[INFO] [stderr] 178 |         let test = load("/home/anon/Documents/Code/GameBoyish/roms/cpu_instrs/06-ld r,r.gb");
[INFO] [stderr]     |             ^^^^ help: if this is intentional, prefix it with an underscore: `_test`
[INFO] [stderr] 
[INFO] [stderr] warning: `game_boyish` (lib test) generated 45 warnings (41 duplicates) (run `cargo fix --lib -p game_boyish --tests` to apply 4 suggestions)
[INFO] [stderr]     Finished test [unoptimized + debuginfo] target(s) in 0.13s
[INFO] [stderr]      Running unittests src/lib.rs (/opt/rustwide/target/debug/deps/game_boyish-1efaad6d0f184eae)
[INFO] [stdout] 
[INFO] [stdout] running 31 tests
[INFO] [stdout] test bus::tests::read_slice ... ok
[INFO] [stdout] test bus::tests::get_a16_address_test ... ok
[INFO] [stdout] test bus::tests::test_write ... ok
[INFO] [stdout] test bus::tests::reset_flag_test ... ok
[INFO] [stdout] test bus::tests::write_slice ... ok
[INFO] [stdout] test bus::tests::test_read ... ok
[INFO] [stdout] test ppu::tests::insert_obj_vec_into_line_pixels_test ... ok
[INFO] [stdout] test cpu::tests::bus_access ... ok
[INFO] [stdout] test cpu::tests::load_opcode_from_file ... ok
[INFO] [stdout] test register::tests::flag_test ... ok
[INFO] [stdout] test register::tests::get_bit_test ... ok
[INFO] [stdout] test register::tests::high_low_test ... ok
[INFO] [stdout] test register::tests::set_bit_test ... ok
[INFO] [stdout] test register::tests::set_low_high_test ... ok
[INFO] [stdout] test util::cartridge_util::tests::load_tetris ... ok
[INFO] [stdout] test util::display_impl::tests::u8_array_to_string_test ... ok
[INFO] [stdout] test util::math_util::tests::addition_test ... ok
[INFO] [stdout] test util::math_util::tests::bit_set_get_test ... ok
[INFO] [stdout] test util::math_util::tests::signed_addition_test ... ok
[INFO] [stdout] test util::opcode_dict_util::tests::opcode_mnemonics_from_string ... ok
[INFO] [stdout] test util::opcode_dict_util::tests::prefix_opcode_mnemonics_from_string ... ok
[INFO] [stdout] test util::tiles_util::tests::tile_fuse_byte_test2 ... ok
[INFO] [stdout] test bus::tests::load_boot_loader ... FAILED
[INFO] [stdout] test util::tiles_util::tests::vram_to_vec_test ... ok
[INFO] [stdout] test util::tiles_util::tests::tile_fuse_byte_test ... ok
[INFO] [stdout] test bus::tests::cpu_lock_test ... FAILED
[INFO] [stdout] test util::u8_traits::tests::get_set_bit_test ... ok
[INFO] [stdout] test bus::tests::read_slice_panic - should panic ... ok
[INFO] [stdout] test quartz::tests::delta_step_test ... FAILED
[INFO] [stdout] test bus::tests::write_slice_panic - should panic ... ok
[INFO] [stdout] test emulator::tests::multiple_bus_access ... FAILED
[INFO] [stdout] 
[INFO] [stdout] failures:
[INFO] [stdout] 
[INFO] [stdout] ---- bus::tests::load_boot_loader stdout ----
[INFO] [stdout] thread 'bus::tests::load_boot_loader' panicked at src/bus.rs:541:9:
[INFO] [stdout] assertion `left == right` failed
[INFO] [stdout]   left: [0, 0, 0, 0, 0]
[INFO] [stdout]  right: [49, 254, 255, 175, 33]
[INFO] [stdout] stack backtrace:
[INFO] [stdout]    0:     0x559d919b9726 - std::backtrace_rs::backtrace::libunwind::trace::h261606ad26a499c1
[INFO] [stdout]                                at /rustc/0e09125c6c3c2fd70d7de961bcf0e51575235fad/library/std/src/../../backtrace/src/backtrace/libunwind.rs:104:5
[INFO] [stdout]    1:     0x559d919b9726 - std::backtrace_rs::backtrace::trace_unsynchronized::hd183f0625477fb28
[INFO] [stdout]                                at /rustc/0e09125c6c3c2fd70d7de961bcf0e51575235fad/library/std/src/../../backtrace/src/backtrace/mod.rs:66:5
[INFO] [stdout]    2:     0x559d919b9726 - std::sys_common::backtrace::_print_fmt::hd7f8fef21b4eda67
[INFO] [stdout]                                at /rustc/0e09125c6c3c2fd70d7de961bcf0e51575235fad/library/std/src/sys_common/backtrace.rs:68:5
[INFO] [stdout]    3:     0x559d919b9726 - <std::sys_common::backtrace::_print::DisplayBacktrace as core::fmt::Display>::fmt::h623d9b51f2f453f1
[INFO] [stdout]                                at /rustc/0e09125c6c3c2fd70d7de961bcf0e51575235fad/library/std/src/sys_common/backtrace.rs:44:22
[INFO] [stdout]    4:     0x559d919e2650 - core::fmt::rt::Argument::fmt::h9f417ac76a86f368
[INFO] [stdout]                                at /rustc/0e09125c6c3c2fd70d7de961bcf0e51575235fad/library/core/src/fmt/rt.rs:142:9
[INFO] [stdout]    5:     0x559d919e2650 - core::fmt::write::hc9b6faf4ac2aeff7
[INFO] [stdout]                                at /rustc/0e09125c6c3c2fd70d7de961bcf0e51575235fad/library/core/src/fmt/mod.rs:1120:17
[INFO] [stdout]    6:     0x559d919b718f - std::io::Write::write_fmt::he04625a3a989fec3
[INFO] [stdout]                                at /rustc/0e09125c6c3c2fd70d7de961bcf0e51575235fad/library/std/src/io/mod.rs:1810:15
[INFO] [stdout]    7:     0x559d919b9504 - std::sys_common::backtrace::_print::hd5d66399c7df88a2
[INFO] [stdout]                                at /rustc/0e09125c6c3c2fd70d7de961bcf0e51575235fad/library/std/src/sys_common/backtrace.rs:47:5
[INFO] [stdout]    8:     0x559d919b9504 - std::sys_common::backtrace::print::he81ed2da642d37e5
[INFO] [stdout]                                at /rustc/0e09125c6c3c2fd70d7de961bcf0e51575235fad/library/std/src/sys_common/backtrace.rs:34:9
[INFO] [stdout]    9:     0x559d919bb277 - std::panicking::default_hook::{{closure}}::h85773f4fa117163d
[INFO] [stdout]   10:     0x559d919baf5d - std::panicking::default_hook::h6a1694a91d09b278
[INFO] [stdout]                                at /rustc/0e09125c6c3c2fd70d7de961bcf0e51575235fad/library/std/src/panicking.rs:289:9
[INFO] [stdout]   11:     0x559d91938e67 - <alloc::boxed::Box<F,A> as core::ops::function::Fn<Args>>::call::h616ac37fa3cd6c8f
[INFO] [stdout]                                at /rustc/0e09125c6c3c2fd70d7de961bcf0e51575235fad/library/alloc/src/boxed.rs:2029:9
[INFO] [stdout]   12:     0x559d91938e67 - test::test_main::{{closure}}::h00d84697cefdcbb6
[INFO] [stdout]                                at /rustc/0e09125c6c3c2fd70d7de961bcf0e51575235fad/library/test/src/lib.rs:138:21
[INFO] [stdout]   13:     0x559d919bb896 - <alloc::boxed::Box<F,A> as core::ops::function::Fn<Args>>::call::hcb3fe3b9bb537ba8
[INFO] [stdout]                                at /rustc/0e09125c6c3c2fd70d7de961bcf0e51575235fad/library/alloc/src/boxed.rs:2029:9
[INFO] [stdout]   14:     0x559d919bb896 - std::panicking::rust_panic_with_hook::h0a7ad96e90f7145b
[INFO] [stdout]                                at /rustc/0e09125c6c3c2fd70d7de961bcf0e51575235fad/library/std/src/panicking.rs:783:13
[INFO] [stdout]   15:     0x559d919bb5e2 - std::panicking::begin_panic_handler::{{closure}}::h7919090525c6485e
[INFO] [stdout]                                at /rustc/0e09125c6c3c2fd70d7de961bcf0e51575235fad/library/std/src/panicking.rs:657:13
[INFO] [stdout]   16:     0x559d919b9c26 - std::sys_common::backtrace::__rust_end_short_backtrace::hf3289479464f7dfe
[INFO] [stdout]                                at /rustc/0e09125c6c3c2fd70d7de961bcf0e51575235fad/library/std/src/sys_common/backtrace.rs:171:18
[INFO] [stdout]   17:     0x559d919bb340 - rust_begin_unwind
[INFO] [stdout]                                at /rustc/0e09125c6c3c2fd70d7de961bcf0e51575235fad/library/std/src/panicking.rs:645:5
[INFO] [stdout]   18:     0x559d918c5d35 - core::panicking::panic_fmt::hcc9f77c5c132af55
[INFO] [stdout]                                at /rustc/0e09125c6c3c2fd70d7de961bcf0e51575235fad/library/core/src/panicking.rs:72:14
[INFO] [stdout]   19:     0x559d918c616b - core::panicking::assert_failed_inner::h9f13e27dd63c3a08
[INFO] [stdout]                                at /rustc/0e09125c6c3c2fd70d7de961bcf0e51575235fad/library/core/src/panicking.rs:342:17
[INFO] [stdout]   20:     0x559d918cd622 - core::panicking::assert_failed::h846af5d6ae01649d
[INFO] [stdout]                                at /rustc/0e09125c6c3c2fd70d7de961bcf0e51575235fad/library/core/src/panicking.rs:297:5
[INFO] [stdout]   21:     0x559d918d9318 - game_boyish::bus::tests::load_boot_loader::h3499188abe06c8ae
[INFO] [stdout]                                at /opt/rustwide/workdir/src/bus.rs:541:9
[INFO] [stdout]   22:     0x559d918d91f7 - game_boyish::bus::tests::load_boot_loader::{{closure}}::h14d10333a709c27d
[INFO] [stdout]                                at /opt/rustwide/workdir/src/bus.rs:538:26
[INFO] [stdout]   23:     0x559d918dd796 - core::ops::function::FnOnce::call_once::h5dade31e33ee1108
[INFO] [stdout]                                at /rustc/0e09125c6c3c2fd70d7de961bcf0e51575235fad/library/core/src/ops/function.rs:250:5
[INFO] [stdout]   24:     0x559d9193e73f - core::ops::function::FnOnce::call_once::hd64d26f405258157
[INFO] [stdout]                                at /rustc/0e09125c6c3c2fd70d7de961bcf0e51575235fad/library/core/src/ops/function.rs:250:5
[INFO] [stdout]   25:     0x559d9193e73f - test::__rust_begin_short_backtrace::he21b0b7a6d731bf9
[INFO] [stdout]                                at /rustc/0e09125c6c3c2fd70d7de961bcf0e51575235fad/library/test/src/lib.rs:627:18
[INFO] [stdout]   26:     0x559d9193d4c1 - test::run_test_in_process::{{closure}}::hf5c73986d7bdfde2
[INFO] [stdout]                                at /rustc/0e09125c6c3c2fd70d7de961bcf0e51575235fad/library/test/src/lib.rs:650:60
[INFO] [stdout]   27:     0x559d9193d4c1 - <core::panic::unwind_safe::AssertUnwindSafe<F> as core::ops::function::FnOnce<()>>::call_once::h330011ad032aadc0
[INFO] [stdout]                                at /rustc/0e09125c6c3c2fd70d7de961bcf0e51575235fad/library/core/src/panic/unwind_safe.rs:272:9
[INFO] [stdout]   28:     0x559d9193d4c1 - std::panicking::try::do_call::he61b0a958b795a41
[INFO] [stdout]                                at /rustc/0e09125c6c3c2fd70d7de961bcf0e51575235fad/library/std/src/panicking.rs:552:40
[INFO] [stdout]   29:     0x559d9193d4c1 - std::panicking::try::h7309da130f906eb7
[INFO] [stdout]                                at /rustc/0e09125c6c3c2fd70d7de961bcf0e51575235fad/library/std/src/panicking.rs:516:19
[INFO] [stdout]   30:     0x559d9193d4c1 - std::panic::catch_unwind::hc5c3a06fdaf0a92a
[INFO] [stdout]                                at /rustc/0e09125c6c3c2fd70d7de961bcf0e51575235fad/library/std/src/panic.rs:142:14
[INFO] [stdout]   31:     0x559d9193d4c1 - test::run_test_in_process::h7e7b7c71c3324e0f
[INFO] [stdout]                                at /rustc/0e09125c6c3c2fd70d7de961bcf0e51575235fad/library/test/src/lib.rs:650:27
[INFO] [stdout]   32:     0x559d9193d4c1 - test::run_test::{{closure}}::h1f509f28f5cf20b1
[INFO] [stdout]                                at /rustc/0e09125c6c3c2fd70d7de961bcf0e51575235fad/library/test/src/lib.rs:573:43
[INFO] [stdout]   33:     0x559d919047f6 - test::run_test::{{closure}}::h1754218abf443f6d
[INFO] [stdout]                                at /rustc/0e09125c6c3c2fd70d7de961bcf0e51575235fad/library/test/src/lib.rs:601:41
[INFO] [stdout]   34:     0x559d919047f6 - std::sys_common::backtrace::__rust_begin_short_backtrace::h2ee174b9d5954948
[INFO] [stdout]                                at /rustc/0e09125c6c3c2fd70d7de961bcf0e51575235fad/library/std/src/sys_common/backtrace.rs:155:18
[INFO] [stdout]   35:     0x559d91909857 - std::thread::Builder::spawn_unchecked_::{{closure}}::{{closure}}::hf60bee9c1a17ef09
[INFO] [stdout]                                at /rustc/0e09125c6c3c2fd70d7de961bcf0e51575235fad/library/std/src/thread/mod.rs:529:17
[INFO] [stdout]   36:     0x559d91909857 - <core::panic::unwind_safe::AssertUnwindSafe<F> as core::ops::function::FnOnce<()>>::call_once::h33d0dddec5216160
[INFO] [stdout]                                at /rustc/0e09125c6c3c2fd70d7de961bcf0e51575235fad/library/core/src/panic/unwind_safe.rs:272:9
[INFO] [stdout]   37:     0x559d91909857 - std::panicking::try::do_call::h144b3048b546f835
[INFO] [stdout]                                at /rustc/0e09125c6c3c2fd70d7de961bcf0e51575235fad/library/std/src/panicking.rs:552:40
[INFO] [stdout]   38:     0x559d91909857 - std::panicking::try::h978244d04646189f
[INFO] [stdout]                                at /rustc/0e09125c6c3c2fd70d7de961bcf0e51575235fad/library/std/src/panicking.rs:516:19
[INFO] [stdout]   39:     0x559d91909857 - std::panic::catch_unwind::hdf436369d188fe86
[INFO] [stdout]                                at /rustc/0e09125c6c3c2fd70d7de961bcf0e51575235fad/library/std/src/panic.rs:142:14
[INFO] [stdout]   40:     0x559d91909857 - std::thread::Builder::spawn_unchecked_::{{closure}}::h87329cbdd33c79ec
[INFO] [stdout]                                at /rustc/0e09125c6c3c2fd70d7de961bcf0e51575235fad/library/std/src/thread/mod.rs:528:30
[INFO] [stdout]   41:     0x559d91909857 - core::ops::function::FnOnce::call_once{{vtable.shim}}::h401abbe67897d450
[INFO] [stdout]                                at /rustc/0e09125c6c3c2fd70d7de961bcf0e51575235fad/library/core/src/ops/function.rs:250:5
[INFO] [stdout]   42:     0x559d919c0345 - <alloc::boxed::Box<F,A> as core::ops::function::FnOnce<Args>>::call_once::h5d7c8f150ab9c84c
[INFO] [stdout]                                at /rustc/0e09125c6c3c2fd70d7de961bcf0e51575235fad/library/alloc/src/boxed.rs:2015:9
[INFO] [stdout]   43:     0x559d919c0345 - <alloc::boxed::Box<F,A> as core::ops::function::FnOnce<Args>>::call_once::h570d5b005c242c15
[INFO] [stdout]                                at /rustc/0e09125c6c3c2fd70d7de961bcf0e51575235fad/library/alloc/src/boxed.rs:2015:9
[INFO] [stdout]   44:     0x559d919c0345 - std::sys::unix::thread::Thread::new::thread_start::h36b0a20c0b2361ad
[INFO] [stdout]                                at /rustc/0e09125c6c3c2fd70d7de961bcf0e51575235fad/library/std/src/sys/unix/thread.rs:108:17
[INFO] [stdout]   45:     0x7f9d6f475ac3 - <unknown>
[INFO] [stdout]   46:     0x7f9d6f506bf4 - __clone
[INFO] [stdout]   47:                0x0 - <unknown>
[INFO] [stdout] 
[INFO] [stdout] ---- bus::tests::cpu_lock_test stdout ----
[INFO] [stdout] thread 'bus::tests::cpu_lock_test' panicked at src/bus.rs:567:9:
[INFO] [stdout] assertion `left == right` failed
[INFO] [stdout]   left: 0
[INFO] [stdout]  right: 144
[INFO] [stdout] stack backtrace:
[INFO] [stdout]    0:     0x559d919b9726 - std::backtrace_rs::backtrace::libunwind::trace::h261606ad26a499c1
[INFO] [stdout]                                at /rustc/0e09125c6c3c2fd70d7de961bcf0e51575235fad/library/std/src/../../backtrace/src/backtrace/libunwind.rs:104:5
[INFO] [stdout]    1:     0x559d919b9726 - std::backtrace_rs::backtrace::trace_unsynchronized::hd183f0625477fb28
[INFO] [stdout]                                at /rustc/0e09125c6c3c2fd70d7de961bcf0e51575235fad/library/std/src/../../backtrace/src/backtrace/mod.rs:66:5
[INFO] [stdout]    2:     0x559d919b9726 - std::sys_common::backtrace::_print_fmt::hd7f8fef21b4eda67
[INFO] [stdout]                                at /rustc/0e09125c6c3c2fd70d7de961bcf0e51575235fad/library/std/src/sys_common/backtrace.rs:68:5
[INFO] [stdout]    3:     0x559d919b9726 - <std::sys_common::backtrace::_print::DisplayBacktrace as core::fmt::Display>::fmt::h623d9b51f2f453f1
[INFO] [stdout]                                at /rustc/0e09125c6c3c2fd70d7de961bcf0e51575235fad/library/std/src/sys_common/backtrace.rs:44:22
[INFO] [stdout]    4:     0x559d919e2650 - core::fmt::rt::Argument::fmt::h9f417ac76a86f368
[INFO] [stdout]                                at /rustc/0e09125c6c3c2fd70d7de961bcf0e51575235fad/library/core/src/fmt/rt.rs:142:9
[INFO] [stdout]    5:     0x559d919e2650 - core::fmt::write::hc9b6faf4ac2aeff7
[INFO] [stdout]                                at /rustc/0e09125c6c3c2fd70d7de961bcf0e51575235fad/library/core/src/fmt/mod.rs:1120:17
[INFO] [stdout]    6:     0x559d919b718f - std::io::Write::write_fmt::he04625a3a989fec3
[INFO] [stdout]                                at /rustc/0e09125c6c3c2fd70d7de961bcf0e51575235fad/library/std/src/io/mod.rs:1810:15
[INFO] [stdout]    7:     0x559d919b9504 - std::sys_common::backtrace::_print::hd5d66399c7df88a2
[INFO] [stdout]                                at /rustc/0e09125c6c3c2fd70d7de961bcf0e51575235fad/library/std/src/sys_common/backtrace.rs:47:5
[INFO] [stdout]    8:     0x559d919b9504 - std::sys_common::backtrace::print::he81ed2da642d37e5
[INFO] [stdout]                                at /rustc/0e09125c6c3c2fd70d7de961bcf0e51575235fad/library/std/src/sys_common/backtrace.rs:34:9
[INFO] [stdout]    9:     0x559d919bb277 - std::panicking::default_hook::{{closure}}::h85773f4fa117163d
[INFO] [stdout]   10:     0x559d919baf5d - std::panicking::default_hook::h6a1694a91d09b278
[INFO] [stdout]                                at /rustc/0e09125c6c3c2fd70d7de961bcf0e51575235fad/library/std/src/panicking.rs:289:9
[INFO] [stdout]   11:     0x559d91938e67 - <alloc::boxed::Box<F,A> as core::ops::function::Fn<Args>>::call::h616ac37fa3cd6c8f
[INFO] [stdout]                                at /rustc/0e09125c6c3c2fd70d7de961bcf0e51575235fad/library/alloc/src/boxed.rs:2029:9
[INFO] [stdout]   12:     0x559d91938e67 - test::test_main::{{closure}}::h00d84697cefdcbb6
[INFO] [stdout]                                at /rustc/0e09125c6c3c2fd70d7de961bcf0e51575235fad/library/test/src/lib.rs:138:21
[INFO] [stdout]   13:     0x559d919bb896 - <alloc::boxed::Box<F,A> as core::ops::function::Fn<Args>>::call::hcb3fe3b9bb537ba8
[INFO] [stdout]                                at /rustc/0e09125c6c3c2fd70d7de961bcf0e51575235fad/library/alloc/src/boxed.rs:2029:9
[INFO] [stdout]   14:     0x559d919bb896 - std::panicking::rust_panic_with_hook::h0a7ad96e90f7145b
[INFO] [stdout]                                at /rustc/0e09125c6c3c2fd70d7de961bcf0e51575235fad/library/std/src/panicking.rs:783:13
[INFO] [stdout]   15:     0x559d919bb5e2 - std::panicking::begin_panic_handler::{{closure}}::h7919090525c6485e
[INFO] [stdout]                                at /rustc/0e09125c6c3c2fd70d7de961bcf0e51575235fad/library/std/src/panicking.rs:657:13
[INFO] [stdout]   16:     0x559d919b9c26 - std::sys_common::backtrace::__rust_end_short_backtrace::hf3289479464f7dfe
[INFO] [stdout]                                at /rustc/0e09125c6c3c2fd70d7de961bcf0e51575235fad/library/std/src/sys_common/backtrace.rs:171:18
[INFO] [stdout]   17:     0x559d919bb340 - rust_begin_unwind
[INFO] [stdout]                                at /rustc/0e09125c6c3c2fd70d7de961bcf0e51575235fad/library/std/src/panicking.rs:645:5
[INFO] [stdout]   18:     0x559d918c5d35 - core::panicking::panic_fmt::hcc9f77c5c132af55
[INFO] [stdout]                                at /rustc/0e09125c6c3c2fd70d7de961bcf0e51575235fad/library/core/src/panicking.rs:72:14
[INFO] [stdout]   19:     0x559d918c616b - core::panicking::assert_failed_inner::h9f13e27dd63c3a08
[INFO] [stdout]                                at /rustc/0e09125c6c3c2fd70d7de961bcf0e51575235fad/library/core/src/panicking.rs:342:17
[INFO] [stdout]   20:     0x559d9198e55e - core::panicking::assert_failed::h6964bbef71b00d28
[INFO] [stdout]                                at /rustc/0e09125c6c3c2fd70d7de961bcf0e51575235fad/library/core/src/panicking.rs:297:5
[INFO] [stdout]   21:     0x559d918d983d - game_boyish::bus::tests::cpu_lock_test::h19f75c3059a20ee7
[INFO] [stdout]                                at /opt/rustwide/workdir/src/bus.rs:567:9
[INFO] [stdout]   22:     0x559d918d9517 - game_boyish::bus::tests::cpu_lock_test::{{closure}}::hb3dc339d6f6b7a01
[INFO] [stdout]                                at /opt/rustwide/workdir/src/bus.rs:560:23
[INFO] [stdout]   23:     0x559d918dd3d6 - core::ops::function::FnOnce::call_once::h01d82a5142cdf7dc
[INFO] [stdout]                                at /rustc/0e09125c6c3c2fd70d7de961bcf0e51575235fad/library/core/src/ops/function.rs:250:5
[INFO] [stdout]   24:     0x559d9193e73f - core::ops::function::FnOnce::call_once::hd64d26f405258157
[INFO] [stdout]                                at /rustc/0e09125c6c3c2fd70d7de961bcf0e51575235fad/library/core/src/ops/function.rs:250:5
[INFO] [stdout]   25:     0x559d9193e73f - test::__rust_begin_short_backtrace::he21b0b7a6d731bf9
[INFO] [stdout]                                at /rustc/0e09125c6c3c2fd70d7de961bcf0e51575235fad/library/test/src/lib.rs:627:18
[INFO] [stdout]   26:     0x559d9193d4c1 - test::run_test_in_process::{{closure}}::hf5c73986d7bdfde2
[INFO] [stdout]                                at /rustc/0e09125c6c3c2fd70d7de961bcf0e51575235fad/library/test/src/lib.rs:650:60
[INFO] [stdout]   27:     0x559d9193d4c1 - <core::panic::unwind_safe::AssertUnwindSafe<F> as core::ops::function::FnOnce<()>>::call_once::h330011ad032aadc0
[INFO] [stdout]                                at /rustc/0e09125c6c3c2fd70d7de961bcf0e51575235fad/library/core/src/panic/unwind_safe.rs:272:9
[INFO] [stdout]   28:     0x559d9193d4c1 - std::panicking::try::do_call::he61b0a958b795a41
[INFO] [stdout]                                at /rustc/0e09125c6c3c2fd70d7de961bcf0e51575235fad/library/std/src/panicking.rs:552:40
[INFO] [stdout]   29:     0x559d9193d4c1 - std::panicking::try::h7309da130f906eb7
[INFO] [stdout]                                at /rustc/0e09125c6c3c2fd70d7de961bcf0e51575235fad/library/std/src/panicking.rs:516:19
[INFO] [stdout]   30:     0x559d9193d4c1 - std::panic::catch_unwind::hc5c3a06fdaf0a92a
[INFO] [stdout]                                at /rustc/0e09125c6c3c2fd70d7de961bcf0e51575235fad/library/std/src/panic.rs:142:14
[INFO] [stdout]   31:     0x559d9193d4c1 - test::run_test_in_process::h7e7b7c71c3324e0f
[INFO] [stdout]                                at /rustc/0e09125c6c3c2fd70d7de961bcf0e51575235fad/library/test/src/lib.rs:650:27
[INFO] [stdout]   32:     0x559d9193d4c1 - test::run_test::{{closure}}::h1f509f28f5cf20b1
[INFO] [stdout]                                at /rustc/0e09125c6c3c2fd70d7de961bcf0e51575235fad/library/test/src/lib.rs:573:43
[INFO] [stdout]   33:     0x559d919047f6 - test::run_test::{{closure}}::h1754218abf443f6d
[INFO] [stdout]                                at /rustc/0e09125c6c3c2fd70d7de961bcf0e51575235fad/library/test/src/lib.rs:601:41
[INFO] [stdout]   34:     0x559d919047f6 - std::sys_common::backtrace::__rust_begin_short_backtrace::h2ee174b9d5954948
[INFO] [stdout]                                at /rustc/0e09125c6c3c2fd70d7de961bcf0e51575235fad/library/std/src/sys_common/backtrace.rs:155:18
[INFO] [stdout]   35:     0x559d91909857 - std::thread::Builder::spawn_unchecked_::{{closure}}::{{closure}}::hf60bee9c1a17ef09
[INFO] [stdout]                                at /rustc/0e09125c6c3c2fd70d7de961bcf0e51575235fad/library/std/src/thread/mod.rs:529:17
[INFO] [stdout]   36:     0x559d91909857 - <core::panic::unwind_safe::AssertUnwindSafe<F> as core::ops::function::FnOnce<()>>::call_once::h33d0dddec5216160
[INFO] [stdout]                                at /rustc/0e09125c6c3c2fd70d7de961bcf0e51575235fad/library/core/src/panic/unwind_safe.rs:272:9
[INFO] [stdout]   37:     0x559d91909857 - std::panicking::try::do_call::h144b3048b546f835
[INFO] [stdout]                                at /rustc/0e09125c6c3c2fd70d7de961bcf0e51575235fad/library/std/src/panicking.rs:552:40
[INFO] [stdout]   38:     0x559d91909857 - std::panicking::try::h978244d04646189f
[INFO] [stdout]                                at /rustc/0e09125c6c3c2fd70d7de961bcf0e51575235fad/library/std/src/panicking.rs:516:19
[INFO] [stdout]   39:     0x559d91909857 - std::panic::catch_unwind::hdf436369d188fe86
[INFO] [stdout]                                at /rustc/0e09125c6c3c2fd70d7de961bcf0e51575235fad/library/std/src/panic.rs:142:14
[INFO] [stdout]   40:     0x559d91909857 - std::thread::Builder::spawn_unchecked_::{{closure}}::h87329cbdd33c79ec
[INFO] [stdout]                                at /rustc/0e09125c6c3c2fd70d7de961bcf0e51575235fad/library/std/src/thread/mod.rs:528:30
[INFO] [stdout]   41:     0x559d91909857 - core::ops::function::FnOnce::call_once{{vtable.shim}}::h401abbe67897d450
[INFO] [stdout]                                at /rustc/0e09125c6c3c2fd70d7de961bcf0e51575235fad/library/core/src/ops/function.rs:250:5
[INFO] [stdout]   42:     0x559d919c0345 - <alloc::boxed::Box<F,A> as core::ops::function::FnOnce<Args>>::call_once::h5d7c8f150ab9c84c
[INFO] [stdout]                                at /rustc/0e09125c6c3c2fd70d7de961bcf0e51575235fad/library/alloc/src/boxed.rs:2015:9
[INFO] [stdout]   43:     0x559d919c0345 - <alloc::boxed::Box<F,A> as core::ops::function::FnOnce<Args>>::call_once::h570d5b005c242c15
[INFO] [stdout]                                at /rustc/0e09125c6c3c2fd70d7de961bcf0e51575235fad/library/alloc/src/boxed.rs:2015:9
[INFO] [stdout]   44:     0x559d919c0345 - std::sys::unix::thread::Thread::new::thread_start::h36b0a20c0b2361ad
[INFO] [stdout]                                at /rustc/0e09125c6c3c2fd70d7de961bcf0e51575235fad/library/std/src/sys/unix/thread.rs:108:17
[INFO] [stdout]   45:     0x7f9d6f475ac3 - <unknown>
[INFO] [stdout]   46:     0x7f9d6f506bf4 - __clone
[INFO] [stdout]   47:                0x0 - <unknown>
[INFO] [stdout] 
[INFO] [stdout] ---- quartz::tests::delta_step_test stdout ----
[INFO] [stdout] tMIEME: 1
[INFO] [stdout] thread 'quartz::tests::delta_step_test' panicked at src/quartz.rs:52:9:
[INFO] [stdout] assertion `left == right` failed
[INFO] [stdout]   left: 238
[INFO] [stdout]  right: 1
[INFO] [stdout] stack backtrace:
[INFO] [stdout]    0:     0x559d919b9726 - std::backtrace_rs::backtrace::libunwind::trace::h261606ad26a499c1
[INFO] [stdout]                                at /rustc/0e09125c6c3c2fd70d7de961bcf0e51575235fad/library/std/src/../../backtrace/src/backtrace/libunwind.rs:104:5
[INFO] [stdout]    1:     0x559d919b9726 - std::backtrace_rs::backtrace::trace_unsynchronized::hd183f0625477fb28
[INFO] [stdout]                                at /rustc/0e09125c6c3c2fd70d7de961bcf0e51575235fad/library/std/src/../../backtrace/src/backtrace/mod.rs:66:5
[INFO] [stdout]    2:     0x559d919b9726 - std::sys_common::backtrace::_print_fmt::hd7f8fef21b4eda67
[INFO] [stdout]                                at /rustc/0e09125c6c3c2fd70d7de961bcf0e51575235fad/library/std/src/sys_common/backtrace.rs:68:5
[INFO] [stdout]    3:     0x559d919b9726 - <std::sys_common::backtrace::_print::DisplayBacktrace as core::fmt::Display>::fmt::h623d9b51f2f453f1
[INFO] [stdout]                                at /rustc/0e09125c6c3c2fd70d7de961bcf0e51575235fad/library/std/src/sys_common/backtrace.rs:44:22
[INFO] [stdout]    4:     0x559d919e2650 - core::fmt::rt::Argument::fmt::h9f417ac76a86f368
[INFO] [stdout]                                at /rustc/0e09125c6c3c2fd70d7de961bcf0e51575235fad/library/core/src/fmt/rt.rs:142:9
[INFO] [stdout]    5:     0x559d919e2650 - core::fmt::write::hc9b6faf4ac2aeff7
[INFO] [stdout]                                at /rustc/0e09125c6c3c2fd70d7de961bcf0e51575235fad/library/core/src/fmt/mod.rs:1120:17
[INFO] [stdout]    6:     0x559d919b718f - std::io::Write::write_fmt::he04625a3a989fec3
[INFO] [stdout]                                at /rustc/0e09125c6c3c2fd70d7de961bcf0e51575235fad/library/std/src/io/mod.rs:1810:15
[INFO] [stdout]    7:     0x559d919b9504 - std::sys_common::backtrace::_print::hd5d66399c7df88a2
[INFO] [stdout]                                at /rustc/0e09125c6c3c2fd70d7de961bcf0e51575235fad/library/std/src/sys_common/backtrace.rs:47:5
[INFO] [stdout]    8:     0x559d919b9504 - std::sys_common::backtrace::print::he81ed2da642d37e5
[INFO] [stdout]                                at /rustc/0e09125c6c3c2fd70d7de961bcf0e51575235fad/library/std/src/sys_common/backtrace.rs:34:9
[INFO] [stdout]    9:     0x559d919bb277 - std::panicking::default_hook::{{closure}}::h85773f4fa117163d
[INFO] [stdout]   10:     0x559d919baf5d - std::panicking::default_hook::h6a1694a91d09b278
[INFO] [stdout]                                at /rustc/0e09125c6c3c2fd70d7de961bcf0e51575235fad/library/std/src/panicking.rs:289:9
[INFO] [stdout]   11:     0x559d91938e67 - <alloc::boxed::Box<F,A> as core::ops::function::Fn<Args>>::call::h616ac37fa3cd6c8f
[INFO] [stdout]                                at /rustc/0e09125c6c3c2fd70d7de961bcf0e51575235fad/library/alloc/src/boxed.rs:2029:9
[INFO] [stdout]   12:     0x559d91938e67 - test::test_main::{{closure}}::h00d84697cefdcbb6
[INFO] [stdout]                                at /rustc/0e09125c6c3c2fd70d7de961bcf0e51575235fad/library/test/src/lib.rs:138:21
[INFO] [stdout]   13:     0x559d919bb896 - <alloc::boxed::Box<F,A> as core::ops::function::Fn<Args>>::call::hcb3fe3b9bb537ba8
[INFO] [stdout]                                at /rustc/0e09125c6c3c2fd70d7de961bcf0e51575235fad/library/alloc/src/boxed.rs:2029:9
[INFO] [stdout]   14:     0x559d919bb896 - std::panicking::rust_panic_with_hook::h0a7ad96e90f7145b
[INFO] [stdout]                                at /rustc/0e09125c6c3c2fd70d7de961bcf0e51575235fad/library/std/src/panicking.rs:783:13
[INFO] [stdout]   15:     0x559d919bb5e2 - std::panicking::begin_panic_handler::{{closure}}::h7919090525c6485e
[INFO] [stdout]                                at /rustc/0e09125c6c3c2fd70d7de961bcf0e51575235fad/library/std/src/panicking.rs:657:13
[INFO] [stdout]   16:     0x559d919b9c26 - std::sys_common::backtrace::__rust_end_short_backtrace::hf3289479464f7dfe
[INFO] [stdout]                                at /rustc/0e09125c6c3c2fd70d7de961bcf0e51575235fad/library/std/src/sys_common/backtrace.rs:171:18
[INFO] [stdout]   17:     0x559d919bb340 - rust_begin_unwind
[INFO] [stdout]                                at /rustc/0e09125c6c3c2fd70d7de961bcf0e51575235fad/library/std/src/panicking.rs:645:5
[INFO] [stdout]   18:     0x559d918c5d35 - core::panicking::panic_fmt::hcc9f77c5c132af55
[INFO] [stdout]                                at /rustc/0e09125c6c3c2fd70d7de961bcf0e51575235fad/library/core/src/panicking.rs:72:14
[INFO] [stdout]   19:     0x559d918c616b - core::panicking::assert_failed_inner::h9f13e27dd63c3a08
[INFO] [stdout]                                at /rustc/0e09125c6c3c2fd70d7de961bcf0e51575235fad/library/core/src/panicking.rs:342:17
[INFO] [stdout]   20:     0x559d918cd5de - core::panicking::assert_failed::h48aeba57956174ba
[INFO] [stdout]                                at /rustc/0e09125c6c3c2fd70d7de961bcf0e51575235fad/library/core/src/panicking.rs:297:5
[INFO] [stdout]   21:     0x559d918d1c90 - game_boyish::quartz::tests::delta_step_test::h4a1826309dacad98
[INFO] [stdout]                                at /opt/rustwide/workdir/src/quartz.rs:52:9
[INFO] [stdout]   22:     0x559d918d1b47 - game_boyish::quartz::tests::delta_step_test::{{closure}}::ha9295353351a83e1
[INFO] [stdout]                                at /opt/rustwide/workdir/src/quartz.rs:49:25
[INFO] [stdout]   23:     0x559d918dd6d6 - core::ops::function::FnOnce::call_once::h4b1e439deec39ea6
[INFO] [stdout]                                at /rustc/0e09125c6c3c2fd70d7de961bcf0e51575235fad/library/core/src/ops/function.rs:250:5
[INFO] [stdout]   24:     0x559d9193e73f - core::ops::function::FnOnce::call_once::hd64d26f405258157
[INFO] [stdout]                                at /rustc/0e09125c6c3c2fd70d7de961bcf0e51575235fad/library/core/src/ops/function.rs:250:5
[INFO] [stdout]   25:     0x559d9193e73f - test::__rust_begin_short_backtrace::he21b0b7a6d731bf9
[INFO] [stdout]                                at /rustc/0e09125c6c3c2fd70d7de961bcf0e51575235fad/library/test/src/lib.rs:627:18
[INFO] [stdout]   26:     0x559d9193d4c1 - test::run_test_in_process::{{closure}}::hf5c73986d7bdfde2
[INFO] [stdout]                                at /rustc/0e09125c6c3c2fd70d7de961bcf0e51575235fad/library/test/src/lib.rs:650:60
[INFO] [stdout]   27:     0x559d9193d4c1 - <core::panic::unwind_safe::AssertUnwindSafe<F> as core::ops::function::FnOnce<()>>::call_once::h330011ad032aadc0
[INFO] [stdout]                                at /rustc/0e09125c6c3c2fd70d7de961bcf0e51575235fad/library/core/src/panic/unwind_safe.rs:272:9
[INFO] [stdout]   28:     0x559d9193d4c1 - std::panicking::try::do_call::he61b0a958b795a41
[INFO] [stdout]                                at /rustc/0e09125c6c3c2fd70d7de961bcf0e51575235fad/library/std/src/panicking.rs:552:40
[INFO] [stdout]   29:     0x559d9193d4c1 - std::panicking::try::h7309da130f906eb7
[INFO] [stdout]                                at /rustc/0e09125c6c3c2fd70d7de961bcf0e51575235fad/library/std/src/panicking.rs:516:19
[INFO] [stdout]   30:     0x559d9193d4c1 - std::panic::catch_unwind::hc5c3a06fdaf0a92a
[INFO] [stdout]                                at /rustc/0e09125c6c3c2fd70d7de961bcf0e51575235fad/library/std/src/panic.rs:142:14
[INFO] [stdout]   31:     0x559d9193d4c1 - test::run_test_in_process::h7e7b7c71c3324e0f
[INFO] [stdout]                                at /rustc/0e09125c6c3c2fd70d7de961bcf0e51575235fad/library/test/src/lib.rs:650:27
[INFO] [stdout]   32:     0x559d9193d4c1 - test::run_test::{{closure}}::h1f509f28f5cf20b1
[INFO] [stdout]                                at /rustc/0e09125c6c3c2fd70d7de961bcf0e51575235fad/library/test/src/lib.rs:573:43
[INFO] [stdout]   33:     0x559d919047f6 - test::run_test::{{closure}}::h1754218abf443f6d
[INFO] [stdout]                                at /rustc/0e09125c6c3c2fd70d7de961bcf0e51575235fad/library/test/src/lib.rs:601:41
[INFO] [stdout]   34:     0x559d919047f6 - std::sys_common::backtrace::__rust_begin_short_backtrace::h2ee174b9d5954948
[INFO] [stdout]                                at /rustc/0e09125c6c3c2fd70d7de961bcf0e51575235fad/library/std/src/sys_common/backtrace.rs:155:18
[INFO] [stdout]   35:     0x559d91909857 - std::thread::Builder::spawn_unchecked_::{{closure}}::{{closure}}::hf60bee9c1a17ef09
[INFO] [stdout]                                at /rustc/0e09125c6c3c2fd70d7de961bcf0e51575235fad/library/std/src/thread/mod.rs:529:17
[INFO] [stdout]   36:     0x559d91909857 - <core::panic::unwind_safe::AssertUnwindSafe<F> as core::ops::function::FnOnce<()>>::call_once::h33d0dddec5216160
[INFO] [stdout]                                at /rustc/0e09125c6c3c2fd70d7de961bcf0e51575235fad/library/core/src/panic/unwind_safe.rs:272:9
[INFO] [stdout]   37:     0x559d91909857 - std::panicking::try::do_call::h144b3048b546f835
[INFO] [stdout]                                at /rustc/0e09125c6c3c2fd70d7de961bcf0e51575235fad/library/std/src/panicking.rs:552:40
[INFO] [stdout]   38:     0x559d91909857 - std::panicking::try::h978244d04646189f
[INFO] [stdout]                                at /rustc/0e09125c6c3c2fd70d7de961bcf0e51575235fad/library/std/src/panicking.rs:516:19
[INFO] [stdout]   39:     0x559d91909857 - std::panic::catch_unwind::hdf436369d188fe86
[INFO] [stdout]                                at /rustc/0e09125c6c3c2fd70d7de961bcf0e51575235fad/library/std/src/panic.rs:142:14
[INFO] [stdout]   40:     0x559d91909857 - std::thread::Builder::spawn_unchecked_::{{closure}}::h87329cbdd33c79ec
[INFO] [stdout]                                at /rustc/0e09125c6c3c2fd70d7de961bcf0e51575235fad/library/std/src/thread/mod.rs:528:30
[INFO] [stdout]   41:     0x559d91909857 - core::ops::function::FnOnce::call_once{{vtable.shim}}::h401abbe67897d450
[INFO] [stdout]                                at /rustc/0e09125c6c3c2fd70d7de961bcf0e51575235fad/library/core/src/ops/function.rs:250:5
[INFO] [stdout]   42:     0x559d919c0345 - <alloc::boxed::Box<F,A> as core::ops::function::FnOnce<Args>>::call_once::h5d7c8f150ab9c84c
[INFO] [stdout]                                at /rustc/0e09125c6c3c2fd70d7de961bcf0e51575235fad/library/alloc/src/boxed.rs:2015:9
[INFO] [stdout]   43:     0x559d919c0345 - <alloc::boxed::Box<F,A> as core::ops::function::FnOnce<Args>>::call_once::h570d5b005c242c15
[INFO] [stdout]                                at /rustc/0e09125c6c3c2fd70d7de961bcf0e51575235fad/library/alloc/src/boxed.rs:2015:9
[INFO] [stdout]   44:     0x559d919c0345 - std::sys::unix::thread::Thread::new::thread_start::h36b0a20c0b2361ad
[INFO] [stdout]                                at /rustc/0e09125c6c3c2fd70d7de961bcf0e51575235fad/library/std/src/sys/unix/thread.rs:108:17
[INFO] [stdout]   45:     0x7f9d6f475ac3 - <unknown>
[INFO] [stdout]   46:     0x7f9d6f506bf4 - __clone
[INFO] [stdout]   47:                0x0 - <unknown>
[INFO] [stdout] 
[INFO] [stdout] ---- emulator::tests::multiple_bus_access stdout ----
[INFO] [stdout] thread 'emulator::tests::multiple_bus_access' panicked at src/io_handler.rs:14:41:
[INFO] [stdout] Failed to create device: Os { code: 2, kind: NotFound, message: "No such file or directory" }
[INFO] [stdout] stack backtrace:
[INFO] [stdout]    0:     0x559d919b9726 - std::backtrace_rs::backtrace::libunwind::trace::h261606ad26a499c1
[INFO] [stdout]                                at /rustc/0e09125c6c3c2fd70d7de961bcf0e51575235fad/library/std/src/../../backtrace/src/backtrace/libunwind.rs:104:5
[INFO] [stdout]    1:     0x559d919b9726 - std::backtrace_rs::backtrace::trace_unsynchronized::hd183f0625477fb28
[INFO] [stdout]                                at /rustc/0e09125c6c3c2fd70d7de961bcf0e51575235fad/library/std/src/../../backtrace/src/backtrace/mod.rs:66:5
[INFO] [stdout]    2:     0x559d919b9726 - std::sys_common::backtrace::_print_fmt::hd7f8fef21b4eda67
[INFO] [stdout]                                at /rustc/0e09125c6c3c2fd70d7de961bcf0e51575235fad/library/std/src/sys_common/backtrace.rs:68:5
[INFO] [stdout]    3:     0x559d919b9726 - <std::sys_common::backtrace::_print::DisplayBacktrace as core::fmt::Display>::fmt::h623d9b51f2f453f1
[INFO] [stdout]                                at /rustc/0e09125c6c3c2fd70d7de961bcf0e51575235fad/library/std/src/sys_common/backtrace.rs:44:22
[INFO] [stdout]    4:     0x559d919e2650 - core::fmt::rt::Argument::fmt::h9f417ac76a86f368
[INFO] [stdout]                                at /rustc/0e09125c6c3c2fd70d7de961bcf0e51575235fad/library/core/src/fmt/rt.rs:142:9
[INFO] [stdout]    5:     0x559d919e2650 - core::fmt::write::hc9b6faf4ac2aeff7
[INFO] [stdout]                                at /rustc/0e09125c6c3c2fd70d7de961bcf0e51575235fad/library/core/src/fmt/mod.rs:1120:17
[INFO] [stdout]    6:     0x559d919b718f - std::io::Write::write_fmt::he04625a3a989fec3
[INFO] [stdout]                                at /rustc/0e09125c6c3c2fd70d7de961bcf0e51575235fad/library/std/src/io/mod.rs:1810:15
[INFO] [stdout]    7:     0x559d919b9504 - std::sys_common::backtrace::_print::hd5d66399c7df88a2
[INFO] [stdout]                                at /rustc/0e09125c6c3c2fd70d7de961bcf0e51575235fad/library/std/src/sys_common/backtrace.rs:47:5
[INFO] [stdout]    8:     0x559d919b9504 - std::sys_common::backtrace::print::he81ed2da642d37e5
[INFO] [stdout]                                at /rustc/0e09125c6c3c2fd70d7de961bcf0e51575235fad/library/std/src/sys_common/backtrace.rs:34:9
[INFO] [stdout]    9:     0x559d919bb277 - std::panicking::default_hook::{{closure}}::h85773f4fa117163d
[INFO] [stdout]   10:     0x559d919baf5d - std::panicking::default_hook::h6a1694a91d09b278
[INFO] [stdout]                                at /rustc/0e09125c6c3c2fd70d7de961bcf0e51575235fad/library/std/src/panicking.rs:289:9
[INFO] [stdout]   11:     0x559d91938e67 - <alloc::boxed::Box<F,A> as core::ops::function::Fn<Args>>::call::h616ac37fa3cd6c8f
[INFO] [stdout]                                at /rustc/0e09125c6c3c2fd70d7de961bcf0e51575235fad/library/alloc/src/boxed.rs:2029:9
[INFO] [stdout]   12:     0x559d91938e67 - test::test_main::{{closure}}::h00d84697cefdcbb6
[INFO] [stdout]                                at /rustc/0e09125c6c3c2fd70d7de961bcf0e51575235fad/library/test/src/lib.rs:138:21
[INFO] [stdout]   13:     0x559d919bb896 - <alloc::boxed::Box<F,A> as core::ops::function::Fn<Args>>::call::hcb3fe3b9bb537ba8
[INFO] [stdout]                                at /rustc/0e09125c6c3c2fd70d7de961bcf0e51575235fad/library/alloc/src/boxed.rs:2029:9
[INFO] [stdout]   14:     0x559d919bb896 - std::panicking::rust_panic_with_hook::h0a7ad96e90f7145b
[INFO] [stdout]                                at /rustc/0e09125c6c3c2fd70d7de961bcf0e51575235fad/library/std/src/panicking.rs:783:13
[INFO] [stdout]   15:     0x559d919bb5e2 - std::panicking::begin_panic_handler::{{closure}}::h7919090525c6485e
[INFO] [stdout]                                at /rustc/0e09125c6c3c2fd70d7de961bcf0e51575235fad/library/std/src/panicking.rs:657:13
[INFO] [stdout]   16:     0x559d919b9c26 - std::sys_common::backtrace::__rust_end_short_backtrace::hf3289479464f7dfe
[INFO] [stdout]                                at /rustc/0e09125c6c3c2fd70d7de961bcf0e51575235fad/library/std/src/sys_common/backtrace.rs:171:18
[INFO] [stdout]   17:     0x559d919bb340 - rust_begin_unwind
[INFO] [stdout]                                at /rustc/0e09125c6c3c2fd70d7de961bcf0e51575235fad/library/std/src/panicking.rs:645:5
[INFO] [stdout]   18:     0x559d918c5d35 - core::panicking::panic_fmt::hcc9f77c5c132af55
[INFO] [stdout]                                at /rustc/0e09125c6c3c2fd70d7de961bcf0e51575235fad/library/core/src/panicking.rs:72:14
[INFO] [stdout]   19:     0x559d918c62d3 - core::result::unwrap_failed::hbe14f498be1452f9
[INFO] [stdout]                                at /rustc/0e09125c6c3c2fd70d7de961bcf0e51575235fad/library/core/src/result.rs:1649:5
[INFO] [stdout]   20:     0x559d918d43b8 - core::result::Result<T,E>::expect::h671f6381aca0de9e
[INFO] [stdout]                                at /rustc/0e09125c6c3c2fd70d7de961bcf0e51575235fad/library/core/src/result.rs:1030:23
[INFO] [stdout]   21:     0x559d918cf920 - game_boyish::io_handler::IOHandler::new::h2c6075d8008b61de
[INFO] [stdout]                                at /opt/rustwide/workdir/src/io_handler.rs:14:22
[INFO] [stdout]   22:     0x559d918d0e36 - game_boyish::emulator::tests::multiple_bus_access::h613ddccfedbd6532
[INFO] [stdout]                                at /opt/rustwide/workdir/src/emulator.rs:125:25
[INFO] [stdout]   23:     0x559d918d0cb7 - game_boyish::emulator::tests::multiple_bus_access::{{closure}}::h647624b4414e17da
[INFO] [stdout]                                at /opt/rustwide/workdir/src/emulator.rs:120:29
[INFO] [stdout]   24:     0x559d918dde46 - core::ops::function::FnOnce::call_once::hfe46f0d9da145216
[INFO] [stdout]                                at /rustc/0e09125c6c3c2fd70d7de961bcf0e51575235fad/library/core/src/ops/function.rs:250:5
[INFO] [stdout]   25:     0x559d9193e73f - core::ops::function::FnOnce::call_once::hd64d26f405258157
[INFO] [stdout]                                at /rustc/0e09125c6c3c2fd70d7de961bcf0e51575235fad/library/core/src/ops/function.rs:250:5
[INFO] [stdout]   26:     0x559d9193e73f - test::__rust_begin_short_backtrace::he21b0b7a6d731bf9
[INFO] [stdout]                                at /rustc/0e09125c6c3c2fd70d7de961bcf0e51575235fad/library/test/src/lib.rs:627:18
[INFO] [stdout]   27:     0x559d9193d4c1 - test::run_test_in_process::{{closure}}::hf5c73986d7bdfde2
[INFO] [stdout]                                at /rustc/0e09125c6c3c2fd70d7de961bcf0e51575235fad/library/test/src/lib.rs:650:60
[INFO] [stdout]   28:     0x559d9193d4c1 - <core::panic::unwind_safe::AssertUnwindSafe<F> as core::ops::function::FnOnce<()>>::call_once::h330011ad032aadc0
[INFO] [stdout]                                at /rustc/0e09125c6c3c2fd70d7de961bcf0e51575235fad/library/core/src/panic/unwind_safe.rs:272:9
[INFO] [stdout]   29:     0x559d9193d4c1 - std::panicking::try::do_call::he61b0a958b795a41
[INFO] [stdout]                                at /rustc/0e09125c6c3c2fd70d7de961bcf0e51575235fad/library/std/src/panicking.rs:552:40
[INFO] [stdout]   30:     0x559d9193d4c1 - std::panicking::try::h7309da130f906eb7
[INFO] [stdout]                                at /rustc/0e09125c6c3c2fd70d7de961bcf0e51575235fad/library/std/src/panicking.rs:516:19
[INFO] [stdout]   31:     0x559d9193d4c1 - std::panic::catch_unwind::hc5c3a06fdaf0a92a
[INFO] [stdout]                                at /rustc/0e09125c6c3c2fd70d7de961bcf0e51575235fad/library/std/src/panic.rs:142:14
[INFO] [stdout]   32:     0x559d9193d4c1 - test::run_test_in_process::h7e7b7c71c3324e0f
[INFO] [stdout]                                at /rustc/0e09125c6c3c2fd70d7de961bcf0e51575235fad/library/test/src/lib.rs:650:27
[INFO] [stdout]   33:     0x559d9193d4c1 - test::run_test::{{closure}}::h1f509f28f5cf20b1
[INFO] [stdout]                                at /rustc/0e09125c6c3c2fd70d7de961bcf0e51575235fad/library/test/src/lib.rs:573:43
[INFO] [stdout]   34:     0x559d919047f6 - test::run_test::{{closure}}::h1754218abf443f6d
[INFO] [stdout]                                at /rustc/0e09125c6c3c2fd70d7de961bcf0e51575235fad/library/test/src/lib.rs:601:41
[INFO] [stdout]   35:     0x559d919047f6 - std::sys_common::backtrace::__rust_begin_short_backtrace::h2ee174b9d5954948
[INFO] [stdout]                                at /rustc/0e09125c6c3c2fd70d7de961bcf0e51575235fad/library/std/src/sys_common/backtrace.rs:155:18
[INFO] [stdout]   36:     0x559d91909857 - std::thread::Builder::spawn_unchecked_::{{closure}}::{{closure}}::hf60bee9c1a17ef09
[INFO] [stdout]                                at /rustc/0e09125c6c3c2fd70d7de961bcf0e51575235fad/library/std/src/thread/mod.rs:529:17
[INFO] [stdout]   37:     0x559d91909857 - <core::panic::unwind_safe::AssertUnwindSafe<F> as core::ops::function::FnOnce<()>>::call_once::h33d0dddec5216160
[INFO] [stdout]                                at /rustc/0e09125c6c3c2fd70d7de961bcf0e51575235fad/library/core/src/panic/unwind_safe.rs:272:9
[INFO] [stdout]   38:     0x559d91909857 - std::panicking::try::do_call::h144b3048b546f835
[INFO] [stdout]                                at /rustc/0e09125c6c3c2fd70d7de961bcf0e51575235fad/library/std/src/panicking.rs:552:40
[INFO] [stdout]   39:     0x559d91909857 - std::panicking::try::h978244d04646189f
[INFO] [stdout]                                at /rustc/0e09125c6c3c2fd70d7de961bcf0e51575235fad/library/std/src/panicking.rs:516:19
[INFO] [stdout]   40:     0x559d91909857 - std::panic::catch_unwind::hdf436369d188fe86
[INFO] [stdout]                                at /rustc/0e09125c6c3c2fd70d7de961bcf0e51575235fad/library/std/src/panic.rs:142:14
[INFO] [stdout]   41:     0x559d91909857 - std::thread::Builder::spawn_unchecked_::{{closure}}::h87329cbdd33c79ec
[INFO] [stdout]                                at /rustc/0e09125c6c3c2fd70d7de961bcf0e51575235fad/library/std/src/thread/mod.rs:528:30
[INFO] [stdout]   42:     0x559d91909857 - core::ops::function::FnOnce::call_once{{vtable.shim}}::h401abbe67897d450
[INFO] [stdout]                                at /rustc/0e09125c6c3c2fd70d7de961bcf0e51575235fad/library/core/src/ops/function.rs:250:5
[INFO] [stdout]   43:     0x559d919c0345 - <alloc::boxed::Box<F,A> as core::ops::function::FnOnce<Args>>::call_once::h5d7c8f150ab9c84c
[INFO] [stdout]                                at /rustc/0e09125c6c3c2fd70d7de961bcf0e51575235fad/library/alloc/src/boxed.rs:2015:9
[INFO] [stdout]   44:     0x559d919c0345 - <alloc::boxed::Box<F,A> as core::ops::function::FnOnce<Args>>::call_once::h570d5b005c242c15
[INFO] [stdout]                                at /rustc/0e09125c6c3c2fd70d7de961bcf0e51575235fad/library/alloc/src/boxed.rs:2015:9
[INFO] [stdout]   45:     0x559d919c0345 - std::sys::unix::thread::Thread::new::thread_start::h36b0a20c0b2361ad
[INFO] [stdout]                                at /rustc/0e09125c6c3c2fd70d7de961bcf0e51575235fad/library/std/src/sys/unix/thread.rs:108:17
[INFO] [stdout]   46:     0x7f9d6f475ac3 - <unknown>
[INFO] [stdout]   47:     0x7f9d6f506bf4 - __clone
[INFO] [stdout]   48:                0x0 - <unknown>
[INFO] [stdout] 
[INFO] [stdout] 
[INFO] [stdout] failures:
[INFO] [stdout]     bus::tests::cpu_lock_test
[INFO] [stdout]     bus::tests::load_boot_loader
[INFO] [stdout]     emulator::tests::multiple_bus_access
[INFO] [stdout]     quartz::tests::delta_step_test
[INFO] [stdout] 
[INFO] [stdout] test result: FAILED. 27 passed; 4 failed; 0 ignored; 0 measured; 0 filtered out; finished in 0.19s
[INFO] [stdout] 
[INFO] [stderr] error: test failed, to rerun pass `--lib`
[INFO] running `Command { std: "docker" "inspect" "53b3938e02582cb0b573929aad7da4a3f871cbb79a967fcfc9dbdda4aede32c8", kill_on_drop: false }`
[INFO] running `Command { std: "docker" "rm" "-f" "53b3938e02582cb0b573929aad7da4a3f871cbb79a967fcfc9dbdda4aede32c8", kill_on_drop: false }`
[INFO] [stdout] 53b3938e02582cb0b573929aad7da4a3f871cbb79a967fcfc9dbdda4aede32c8
