[INFO] cloning repository https://github.com/tetio/rusty_sword
[INFO] running `Command { std: "git" "-c" "credential.helper=" "-c" "credential.helper=/workspace/cargo-home/bin/git-credential-null" "clone" "--bare" "https://github.com/tetio/rusty_sword" "/workspace/cache/git-repos/https%3A%2F%2Fgithub.com%2Ftetio%2Frusty_sword", kill_on_drop: false }`
[INFO] [stderr] Cloning into bare repository '/workspace/cache/git-repos/https%3A%2F%2Fgithub.com%2Ftetio%2Frusty_sword'...
[INFO] running `Command { std: "git" "rev-parse" "HEAD", kill_on_drop: false }`
[INFO] [stdout] f7a9314949bcb533010562329bc44f77aa94d6ca
[INFO] testing tetio/rusty_sword against 1.75.0 for beta-1.76-1
[INFO] running `Command { std: "git" "clone" "/workspace/cache/git-repos/https%3A%2F%2Fgithub.com%2Ftetio%2Frusty_sword" "/workspace/builds/worker-0-tc1/source", kill_on_drop: false }`
[INFO] [stderr] Cloning into '/workspace/builds/worker-0-tc1/source'...
[INFO] [stderr] done.
[INFO] validating manifest of git repo https://github.com/tetio/rusty_sword on toolchain 1.75.0
[INFO] running `Command { std: CARGO_HOME="/workspace/cargo-home" RUSTUP_HOME="/workspace/rustup-home" "/workspace/cargo-home/bin/cargo" "+1.75.0" "metadata" "--manifest-path" "Cargo.toml" "--no-deps", kill_on_drop: false }`
[INFO] started tweaking git repo https://github.com/tetio/rusty_sword
[INFO] finished tweaking git repo https://github.com/tetio/rusty_sword
[INFO] tweaked toml for git repo https://github.com/tetio/rusty_sword written to /workspace/builds/worker-0-tc1/source/Cargo.toml
[INFO] crate git repo https://github.com/tetio/rusty_sword already has a lockfile, it will not be regenerated
[INFO] running `Command { std: CARGO_HOME="/workspace/cargo-home" RUSTUP_HOME="/workspace/rustup-home" "/workspace/cargo-home/bin/cargo" "+1.75.0" "fetch" "--manifest-path" "Cargo.toml", kill_on_drop: false }`
[INFO] running `Command { std: "docker" "create" "-v" "/var/lib/crater-agent-workspace/builds/worker-0-tc1/target:/opt/rustwide/target:rw,Z" "-v" "/var/lib/crater-agent-workspace/builds/worker-0-tc1/source:/opt/rustwide/workdir:ro,Z" "-v" "/var/lib/crater-agent-workspace/cargo-home:/opt/rustwide/cargo-home:ro,Z" "-v" "/var/lib/crater-agent-workspace/rustup-home:/opt/rustwide/rustup-home:ro,Z" "-e" "SOURCE_DIR=/opt/rustwide/workdir" "-e" "CARGO_TARGET_DIR=/opt/rustwide/target" "-e" "CARGO_HOME=/opt/rustwide/cargo-home" "-e" "RUSTUP_HOME=/opt/rustwide/rustup-home" "-w" "/opt/rustwide/workdir" "-m" "1610612736" "--user" "0:0" "--network" "none" "ghcr.io/rust-lang/crates-build-env/linux@sha256:2788e3201cd34a07e3172128adcd8b3090168a8e3bcc40d7c032b9dda1df7d1c" "/opt/rustwide/cargo-home/bin/cargo" "+1.75.0" "metadata" "--no-deps" "--format-version=1", kill_on_drop: false }`
[INFO] [stdout] 170070a2f4e0a70574c7968246c9cbf753824469c3c54d7888b1077a2f6c84d0
[INFO] running `Command { std: "docker" "start" "-a" "170070a2f4e0a70574c7968246c9cbf753824469c3c54d7888b1077a2f6c84d0", kill_on_drop: false }`
[INFO] running `Command { std: "docker" "inspect" "170070a2f4e0a70574c7968246c9cbf753824469c3c54d7888b1077a2f6c84d0", kill_on_drop: false }`
[INFO] running `Command { std: "docker" "rm" "-f" "170070a2f4e0a70574c7968246c9cbf753824469c3c54d7888b1077a2f6c84d0", kill_on_drop: false }`
[INFO] [stdout] 170070a2f4e0a70574c7968246c9cbf753824469c3c54d7888b1077a2f6c84d0
[INFO] running `Command { std: "docker" "create" "-v" "/var/lib/crater-agent-workspace/builds/worker-0-tc1/target:/opt/rustwide/target:rw,Z" "-v" "/var/lib/crater-agent-workspace/builds/worker-0-tc1/source:/opt/rustwide/workdir:ro,Z" "-v" "/var/lib/crater-agent-workspace/cargo-home:/opt/rustwide/cargo-home:ro,Z" "-v" "/var/lib/crater-agent-workspace/rustup-home:/opt/rustwide/rustup-home:ro,Z" "-e" "SOURCE_DIR=/opt/rustwide/workdir" "-e" "CARGO_TARGET_DIR=/opt/rustwide/target" "-e" "CARGO_INCREMENTAL=0" "-e" "RUST_BACKTRACE=full" "-e" "RUSTFLAGS=--cap-lints=warn" "-e" "RUSTDOCFLAGS=--cap-lints=warn" "-e" "CARGO_HOME=/opt/rustwide/cargo-home" "-e" "RUSTUP_HOME=/opt/rustwide/rustup-home" "-w" "/opt/rustwide/workdir" "-m" "1610612736" "--user" "0:0" "--network" "none" "ghcr.io/rust-lang/crates-build-env/linux@sha256:2788e3201cd34a07e3172128adcd8b3090168a8e3bcc40d7c032b9dda1df7d1c" "/opt/rustwide/cargo-home/bin/cargo" "+1.75.0" "build" "--frozen" "--message-format=json", kill_on_drop: false }`
[INFO] [stdout] e7979621741c04fa386e8c6bb364a1dcdfdbf9df619335ca6662f6e97394c9f0
[INFO] running `Command { std: "docker" "start" "-a" "e7979621741c04fa386e8c6bb364a1dcdfdbf9df619335ca6662f6e97394c9f0", kill_on_drop: false }`
[INFO] [stderr]    Compiling libc v0.2.137
[INFO] [stderr]    Compiling cfg-if v1.0.0
[INFO] [stderr]    Compiling ppv-lite86 v0.2.17
[INFO] [stderr]    Compiling getrandom v0.2.8
[INFO] [stderr]    Compiling rand_core v0.6.4
[INFO] [stderr]    Compiling rand_chacha v0.3.1
[INFO] [stderr]    Compiling rand v0.8.5
[INFO] [stderr]    Compiling heroes v0.1.0 (/opt/rustwide/workdir)
[INFO] [stdout] warning: unused import: `make_bow`
[INFO] [stdout]  --> src/heroes.rs:1:31
[INFO] [stdout]   |
[INFO] [stdout] 1 | use crate::{weapons::{Weapon, make_bow}, mobs::Mob};
[INFO] [stdout]   |                               ^^^^^^^^
[INFO] [stdout]   |
[INFO] [stdout]   = note: `#[warn(unused_imports)]` on by default
[INFO] [stdout] 
[INFO] [stdout] 
[INFO] [stdout] warning: unused import: `make_dagger`
[INFO] [stdout]  --> src/mobs.rs:1:30
[INFO] [stdout]   |
[INFO] [stdout] 1 | use crate::weapons::{Weapon, make_dagger, fist};
[INFO] [stdout]   |                              ^^^^^^^^^^^
[INFO] [stdout] 
[INFO] [stdout] 
[INFO] [stdout] warning: unused imports: `fist`, `make_dagger`
[INFO] [stdout]  --> src/monsters.rs:1:31
[INFO] [stdout]   |
[INFO] [stdout] 1 | use crate::{weapons::{Weapon, make_dagger, fist}, mobs::Mob};
[INFO] [stdout]   |                               ^^^^^^^^^^^  ^^^^
[INFO] [stdout] 
[INFO] [stdout] 
[INFO] [stdout] warning: unused import: `mobs::Mob`
[INFO] [stdout]  --> src/combat.rs:1:27
[INFO] [stdout]   |
[INFO] [stdout] 1 | use crate::{heroes::Hero, mobs::Mob, weapons::{make_dagger, make_sword}, monsters::Monster};
[INFO] [stdout]   |                           ^^^^^^^^^
[INFO] [stdout] 
[INFO] [stdout] 
[INFO] [stdout] warning: unused import: `combat::simulate`
[INFO] [stdout]  --> src/simulator.rs:1:160
[INFO] [stdout]   |
[INFO] [stdout] 1 | ...getThac04Monster, weapons::make_dagger, weapons::make_bow, combat::simulate};
[INFO] [stdout]   |                                                               ^^^^^^^^^^^^^^^^
[INFO] [stdout] 
[INFO] [stdout] 
[INFO] [stdout] warning: unused variable: `i`
[INFO] [stdout]   --> src/combat.rs:41:9
[INFO] [stdout]    |
[INFO] [stdout] 41 |     for i in 0..STEPS {
[INFO] [stdout]    |         ^ help: if this is intentional, prefix it with an underscore: `_i`
[INFO] [stdout]    |
[INFO] [stdout]    = note: `#[warn(unused_variables)]` on by default
[INFO] [stdout] 
[INFO] [stdout] 
[INFO] [stdout] warning: variable does not need to be mutable
[INFO] [stdout]  --> src/simulator.rs:5:9
[INFO] [stdout]   |
[INFO] [stdout] 5 |     let mut hero = Hero::builder()
[INFO] [stdout]   |         ----^^^^
[INFO] [stdout]   |         |
[INFO] [stdout]   |         help: remove this `mut`
[INFO] [stdout]   |
[INFO] [stdout]   = note: `#[warn(unused_mut)]` on by default
[INFO] [stdout] 
[INFO] [stdout] 
[INFO] [stdout] warning: variable does not need to be mutable
[INFO] [stdout]   --> src/simulator.rs:17:9
[INFO] [stdout]    |
[INFO] [stdout] 17 |     let mut goblin = Monster::builder()
[INFO] [stdout]    |         ----^^^^^^
[INFO] [stdout]    |         |
[INFO] [stdout]    |         help: remove this `mut`
[INFO] [stdout] 
[INFO] [stdout] 
[INFO] [stdout] warning: methods `weapon`, `thac0`, and `level` are never used
[INFO] [stdout]   --> src/heroes.rs:38:12
[INFO] [stdout]    |
[INFO] [stdout] 21 | impl HeroBuilder {
[INFO] [stdout]    | ---------------- methods in this implementation
[INFO] [stdout] ...
[INFO] [stdout] 38 |     pub fn weapon(mut self, weapon: Weapon) -> HeroBuilder {
[INFO] [stdout]    |            ^^^^^^
[INFO] [stdout] ...
[INFO] [stdout] 46 |     pub fn thac0(mut self, thac0: i32) -> HeroBuilder {
[INFO] [stdout]    |            ^^^^^
[INFO] [stdout] ...
[INFO] [stdout] 54 |     pub fn level(mut self, level: i32) -> HeroBuilder {
[INFO] [stdout]    |            ^^^^^
[INFO] [stdout]    |
[INFO] [stdout]    = note: `#[warn(dead_code)]` on by default
[INFO] [stdout] 
[INFO] [stdout] 
[INFO] [stdout] warning: methods `armour` and `level` are never used
[INFO] [stdout]   --> src/mobs.rs:49:12
[INFO] [stdout]    |
[INFO] [stdout] 29 | impl MobBuilder {
[INFO] [stdout]    | --------------- methods in this implementation
[INFO] [stdout] ...
[INFO] [stdout] 49 |     pub fn armour(mut self, armour: i32) -> MobBuilder {
[INFO] [stdout]    |            ^^^^^^
[INFO] [stdout] ...
[INFO] [stdout] 53 |     pub fn level(mut self, level: i32) -> MobBuilder {
[INFO] [stdout]    |            ^^^^^
[INFO] [stdout] 
[INFO] [stdout] 
[INFO] [stdout] warning: variants `Rookie`, `Special`, and `Elite` are never constructed
[INFO] [stdout]  --> src/monsters.rs:5:5
[INFO] [stdout]   |
[INFO] [stdout] 4 | pub enum MonsterQuality {
[INFO] [stdout]   |          -------------- variants in this enum
[INFO] [stdout] 5 |     Rookie = 0,
[INFO] [stdout]   |     ^^^^^^
[INFO] [stdout] ...
[INFO] [stdout] 8 |     Special,
[INFO] [stdout]   |     ^^^^^^^
[INFO] [stdout] 9 |     Elite
[INFO] [stdout]   |     ^^^^^
[INFO] [stdout]   |
[INFO] [stdout]   = note: `MonsterQuality` has derived impls for the traits `Clone` and `Debug`, but these are intentionally ignored during dead code analysis
[INFO] [stdout] 
[INFO] [stdout] 
[INFO] [stdout] warning: associated function `builder` is never used
[INFO] [stdout]   --> src/monsters.rs:19:12
[INFO] [stdout]    |
[INFO] [stdout] 18 | impl Monster {
[INFO] [stdout]    | ------------ associated function in this implementation
[INFO] [stdout] 19 |     pub fn builder() -> MonsterBuilder {
[INFO] [stdout]    |            ^^^^^^^
[INFO] [stdout] 
[INFO] [stdout] 
[INFO] [stdout] warning: field `monster_quality` is never read
[INFO] [stdout]   --> src/monsters.rs:27:5
[INFO] [stdout]    |
[INFO] [stdout] 25 | pub struct MonsterBuilder {
[INFO] [stdout]    |            -------------- field in this struct
[INFO] [stdout] 26 |     pub mob: Mob,
[INFO] [stdout] 27 |     monster_quality: MonsterQuality  
[INFO] [stdout]    |     ^^^^^^^^^^^^^^^
[INFO] [stdout]    |
[INFO] [stdout]    = note: `MonsterBuilder` has derived impls for the traits `Debug` and `Clone`, but these are intentionally ignored during dead code analysis
[INFO] [stdout] 
[INFO] [stdout] 
[INFO] [stdout] warning: multiple methods are never used
[INFO] [stdout]   --> src/monsters.rs:31:12
[INFO] [stdout]    |
[INFO] [stdout] 30 | impl MonsterBuilder {
[INFO] [stdout]    | ------------------- methods in this implementation
[INFO] [stdout] 31 |     pub fn name(mut self, name: String) -> MonsterBuilder {
[INFO] [stdout]    |            ^^^^
[INFO] [stdout] ...
[INFO] [stdout] 35 |     pub fn hp(mut self, hp: i32) -> MonsterBuilder {
[INFO] [stdout]    |            ^^
[INFO] [stdout] ...
[INFO] [stdout] 39 |     pub fn weapon(mut self, weapon: Weapon) -> MonsterBuilder {
[INFO] [stdout]    |            ^^^^^^
[INFO] [stdout] ...
[INFO] [stdout] 43 |     pub fn thac0(mut self, thac0: i32) -> MonsterBuilder {
[INFO] [stdout]    |            ^^^^^
[INFO] [stdout] ...
[INFO] [stdout] 47 |     pub fn armour(mut self, armour: i32) -> MonsterBuilder {
[INFO] [stdout]    |            ^^^^^^
[INFO] [stdout] ...
[INFO] [stdout] 51 |     pub fn monster_quality(mut self, monster_quality: MonsterQuality) -> MonsterBuilder {
[INFO] [stdout]    |            ^^^^^^^^^^^^^^^
[INFO] [stdout] ...
[INFO] [stdout] 55 |     pub fn level(mut self, level: i32) -> MonsterBuilder {
[INFO] [stdout]    |            ^^^^^
[INFO] [stdout] ...
[INFO] [stdout] 59 |     pub fn build(self) -> Monster {
[INFO] [stdout]    |            ^^^^^
[INFO] [stdout] 
[INFO] [stdout] 
[INFO] [stdout] warning: function `hero_attacks` is never used
[INFO] [stdout]  --> src/combat.rs:4:8
[INFO] [stdout]   |
[INFO] [stdout] 4 | pub fn hero_attacks(monster: &mut Monster, hero: &Hero) { //-> Mob {
[INFO] [stdout]   |        ^^^^^^^^^^^^
[INFO] [stdout] 
[INFO] [stdout] 
[INFO] [stdout] warning: function `roll_dice` is never used
[INFO] [stdout]   --> src/combat.rs:18:4
[INFO] [stdout]    |
[INFO] [stdout] 18 | fn roll_dice(dice: u8) -> i32 {
[INFO] [stdout]    |    ^^^^^^^^^
[INFO] [stdout] 
[INFO] [stdout] 
[INFO] [stdout] warning: function `is_successful` is never used
[INFO] [stdout]   --> src/combat.rs:27:4
[INFO] [stdout]    |
[INFO] [stdout] 27 | fn is_successful(attack_value: i32, defense_value: i32) -> bool {
[INFO] [stdout]    |    ^^^^^^^^^^^^^
[INFO] [stdout] 
[INFO] [stdout] 
[INFO] [stdout] warning: function `simulate` is never used
[INFO] [stdout]   --> src/combat.rs:37:8
[INFO] [stdout]    |
[INFO] [stdout] 37 | pub fn simulate(hero: &Hero, mob: &Monster) {
[INFO] [stdout]    |        ^^^^^^^^
[INFO] [stdout] 
[INFO] [stdout] 
[INFO] [stdout] warning: function `set_up` is never used
[INFO] [stdout]   --> src/combat.rs:58:4
[INFO] [stdout]    |
[INFO] [stdout] 58 | fn set_up() -> (Hero, Monster) {
[INFO] [stdout]    |    ^^^^^^
[INFO] [stdout] 
[INFO] [stdout] 
[INFO] [stdout] warning: variant `VeryFast` is never constructed
[INFO] [stdout]   --> src/weapons.rs:16:5
[INFO] [stdout]    |
[INFO] [stdout] 11 | pub enum WeaponVelocity {
[INFO] [stdout]    |          -------------- variant in this enum
[INFO] [stdout] ...
[INFO] [stdout] 16 |     VeryFast
[INFO] [stdout]    |     ^^^^^^^^
[INFO] [stdout]    |
[INFO] [stdout]    = note: `WeaponVelocity` has derived impls for the traits `Debug` and `Clone`, but these are intentionally ignored during dead code analysis
[INFO] [stdout] 
[INFO] [stdout] 
[INFO] [stdout] warning: function `make_flail` is never used
[INFO] [stdout]   --> src/weapons.rs:38:8
[INFO] [stdout]    |
[INFO] [stdout] 38 | pub fn make_flail() -> Weapon {
[INFO] [stdout]    |        ^^^^^^^^^^
[INFO] [stdout] 
[INFO] [stdout] 
[INFO] [stdout] warning: function `make_cross_bow` is never used
[INFO] [stdout]   --> src/weapons.rs:47:8
[INFO] [stdout]    |
[INFO] [stdout] 47 | pub fn make_cross_bow() -> Weapon {
[INFO] [stdout]    |        ^^^^^^^^^^^^^^
[INFO] [stdout] 
[INFO] [stdout] 
[INFO] [stdout] warning: constant `MAX_THAC0` is never used
[INFO] [stdout]  --> src/thac0.rs:3:7
[INFO] [stdout]   |
[INFO] [stdout] 3 | const MAX_THAC0: i32 = 20;
[INFO] [stdout]   |       ^^^^^^^^^
[INFO] [stdout] 
[INFO] [stdout] 
[INFO] [stdout] warning: function `getThac04Hero` is never used
[INFO] [stdout]  --> src/thac0.rs:5:8
[INFO] [stdout]   |
[INFO] [stdout] 5 | pub fn getThac04Hero(hero_level: i32) -> i32 {
[INFO] [stdout]   |        ^^^^^^^^^^^^^
[INFO] [stdout] 
[INFO] [stdout] 
[INFO] [stdout] warning: function `getThac04Monster` is never used
[INFO] [stdout]   --> src/thac0.rs:10:8
[INFO] [stdout]    |
[INFO] [stdout] 10 | pub fn getThac04Monster(monster_level: i32, monster_quality: MonsterQuality) -> i32 {
[INFO] [stdout]    |        ^^^^^^^^^^^^^^^^
[INFO] [stdout] 
[INFO] [stdout] 
[INFO] [stdout] warning: function `setUp` is never used
[INFO] [stdout]  --> src/simulator.rs:3:4
[INFO] [stdout]   |
[INFO] [stdout] 3 | fn setUp() -> (Hero, Monster){
[INFO] [stdout]   |    ^^^^^
[INFO] [stdout] 
[INFO] [stdout] 
[INFO] [stdout] warning: function `getThac04Hero` should have a snake case name
[INFO] [stdout]  --> src/thac0.rs:5:8
[INFO] [stdout]   |
[INFO] [stdout] 5 | pub fn getThac04Hero(hero_level: i32) -> i32 {
[INFO] [stdout]   |        ^^^^^^^^^^^^^ help: convert the identifier to snake case: `get_thac04_hero`
[INFO] [stdout]   |
[INFO] [stdout]   = note: `#[warn(non_snake_case)]` on by default
[INFO] [stdout] 
[INFO] [stdout] 
[INFO] [stdout] warning: function `getThac04Monster` should have a snake case name
[INFO] [stdout]   --> src/thac0.rs:10:8
[INFO] [stdout]    |
[INFO] [stdout] 10 | pub fn getThac04Monster(monster_level: i32, monster_quality: MonsterQuality) -> i32 {
[INFO] [stdout]    |        ^^^^^^^^^^^^^^^^ help: convert the identifier to snake case: `get_thac04_monster`
[INFO] [stdout] 
[INFO] [stdout] 
[INFO] [stdout] warning: function `setUp` should have a snake case name
[INFO] [stdout]  --> src/simulator.rs:3:4
[INFO] [stdout]   |
[INFO] [stdout] 3 | fn setUp() -> (Hero, Monster){
[INFO] [stdout]   |    ^^^^^ help: convert the identifier to snake case: `set_up`
[INFO] [stdout] 
[INFO] [stdout] 
[INFO] [stdout] warning: constant `monster_level` should have an upper case name
[INFO] [stdout]   --> src/simulator.rs:14:11
[INFO] [stdout]    |
[INFO] [stdout] 14 |     const monster_level: i32 = 1;
[INFO] [stdout]    |           ^^^^^^^^^^^^^ help: convert the identifier to upper case: `MONSTER_LEVEL`
[INFO] [stdout]    |
[INFO] [stdout]    = note: `#[warn(non_upper_case_globals)]` on by default
[INFO] [stdout] 
[INFO] [stdout] 
[INFO] [stdout] warning: constant `monster_quality` should have an upper case name
[INFO] [stdout]   --> src/simulator.rs:15:11
[INFO] [stdout]    |
[INFO] [stdout] 15 |     const monster_quality: MonsterQuality = MonsterQuality::Normal;
[INFO] [stdout]    |           ^^^^^^^^^^^^^^^ help: convert the identifier to upper case: `MONSTER_QUALITY`
[INFO] [stdout] 
[INFO] [stdout] 
[INFO] [stdout] warning: 31 warnings emitted
[INFO] [stdout] 
[INFO] [stdout] 
[INFO] [stderr]     Finished dev [unoptimized + debuginfo] target(s) in 2.97s
[INFO] running `Command { std: "docker" "inspect" "e7979621741c04fa386e8c6bb364a1dcdfdbf9df619335ca6662f6e97394c9f0", kill_on_drop: false }`
[INFO] running `Command { std: "docker" "rm" "-f" "e7979621741c04fa386e8c6bb364a1dcdfdbf9df619335ca6662f6e97394c9f0", kill_on_drop: false }`
[INFO] [stdout] e7979621741c04fa386e8c6bb364a1dcdfdbf9df619335ca6662f6e97394c9f0
[INFO] running `Command { std: "docker" "create" "-v" "/var/lib/crater-agent-workspace/builds/worker-0-tc1/target:/opt/rustwide/target:rw,Z" "-v" "/var/lib/crater-agent-workspace/builds/worker-0-tc1/source:/opt/rustwide/workdir:ro,Z" "-v" "/var/lib/crater-agent-workspace/cargo-home:/opt/rustwide/cargo-home:ro,Z" "-v" "/var/lib/crater-agent-workspace/rustup-home:/opt/rustwide/rustup-home:ro,Z" "-e" "SOURCE_DIR=/opt/rustwide/workdir" "-e" "CARGO_TARGET_DIR=/opt/rustwide/target" "-e" "CARGO_INCREMENTAL=0" "-e" "RUST_BACKTRACE=full" "-e" "RUSTFLAGS=--cap-lints=warn" "-e" "RUSTDOCFLAGS=--cap-lints=warn" "-e" "CARGO_HOME=/opt/rustwide/cargo-home" "-e" "RUSTUP_HOME=/opt/rustwide/rustup-home" "-w" "/opt/rustwide/workdir" "-m" "1610612736" "--user" "0:0" "--network" "none" "ghcr.io/rust-lang/crates-build-env/linux@sha256:2788e3201cd34a07e3172128adcd8b3090168a8e3bcc40d7c032b9dda1df7d1c" "/opt/rustwide/cargo-home/bin/cargo" "+1.75.0" "test" "--frozen" "--no-run" "--message-format=json", kill_on_drop: false }`
[INFO] [stdout] b0b1425b7a1ef203520f38e6829ed252dc33544713c01e844825c370d73817d4
[INFO] running `Command { std: "docker" "start" "-a" "b0b1425b7a1ef203520f38e6829ed252dc33544713c01e844825c370d73817d4", kill_on_drop: false }`
[INFO] [stderr]    Compiling heroes v0.1.0 (/opt/rustwide/workdir)
[INFO] [stdout] warning: unused import: `fist`
[INFO] [stdout]  --> src/monsters.rs:1:44
[INFO] [stdout]   |
[INFO] [stdout] 1 | use crate::{weapons::{Weapon, make_dagger, fist}, mobs::Mob};
[INFO] [stdout]   |                                            ^^^^
[INFO] [stdout]   |
[INFO] [stdout]   = note: `#[warn(unused_imports)]` on by default
[INFO] [stdout] 
[INFO] [stdout] 
[INFO] [stdout] warning: unused import: `mobs::Mob`
[INFO] [stdout]  --> src/combat.rs:1:27
[INFO] [stdout]   |
[INFO] [stdout] 1 | use crate::{heroes::Hero, mobs::Mob, weapons::{make_dagger, make_sword}, monsters::Monster};
[INFO] [stdout]   |                           ^^^^^^^^^
[INFO] [stdout] 
[INFO] [stdout] 
[INFO] [stdout] warning: unused variable: `mob`
[INFO] [stdout]   --> src/mobs.rs:76:9
[INFO] [stdout]    |
[INFO] [stdout] 76 |     let mob = Mob::builder()
[INFO] [stdout]    |         ^^^ help: if this is intentional, prefix it with an underscore: `_mob`
[INFO] [stdout]    |
[INFO] [stdout]    = note: `#[warn(unused_variables)]` on by default
[INFO] [stdout] 
[INFO] [stdout] 
[INFO] [stdout] warning: unused variable: `i`
[INFO] [stdout]   --> src/combat.rs:41:9
[INFO] [stdout]    |
[INFO] [stdout] 41 |     for i in 0..STEPS {
[INFO] [stdout]    |         ^ help: if this is intentional, prefix it with an underscore: `_i`
[INFO] [stdout] 
[INFO] [stdout] 
[INFO] [stdout] warning: variable does not need to be mutable
[INFO] [stdout]  --> src/simulator.rs:5:9
[INFO] [stdout]   |
[INFO] [stdout] 5 |     let mut hero = Hero::builder()
[INFO] [stdout]   |         ----^^^^
[INFO] [stdout]   |         |
[INFO] [stdout]   |         help: remove this `mut`
[INFO] [stdout]   |
[INFO] [stdout]   = note: `#[warn(unused_mut)]` on by default
[INFO] [stdout] 
[INFO] [stdout] 
[INFO] [stdout] warning: variable does not need to be mutable
[INFO] [stdout]   --> src/simulator.rs:17:9
[INFO] [stdout]    |
[INFO] [stdout] 17 |     let mut goblin = Monster::builder()
[INFO] [stdout]    |         ----^^^^^^
[INFO] [stdout]    |         |
[INFO] [stdout]    |         help: remove this `mut`
[INFO] [stdout] 
[INFO] [stdout] 
[INFO] [stdout] warning: variants `Rookie`, `Special`, and `Elite` are never constructed
[INFO] [stdout]  --> src/monsters.rs:5:5
[INFO] [stdout]   |
[INFO] [stdout] 4 | pub enum MonsterQuality {
[INFO] [stdout]   |          -------------- variants in this enum
[INFO] [stdout] 5 |     Rookie = 0,
[INFO] [stdout]   |     ^^^^^^
[INFO] [stdout] ...
[INFO] [stdout] 8 |     Special,
[INFO] [stdout]   |     ^^^^^^^
[INFO] [stdout] 9 |     Elite
[INFO] [stdout]   |     ^^^^^
[INFO] [stdout]   |
[INFO] [stdout]   = note: `MonsterQuality` has derived impls for the traits `Clone` and `Debug`, but these are intentionally ignored during dead code analysis
[INFO] [stdout]   = note: `#[warn(dead_code)]` on by default
[INFO] [stdout] 
[INFO] [stdout] 
[INFO] [stdout] warning: variant `VeryFast` is never constructed
[INFO] [stdout]   --> src/weapons.rs:16:5
[INFO] [stdout]    |
[INFO] [stdout] 11 | pub enum WeaponVelocity {
[INFO] [stdout]    |          -------------- variant in this enum
[INFO] [stdout] ...
[INFO] [stdout] 16 |     VeryFast
[INFO] [stdout]    |     ^^^^^^^^
[INFO] [stdout]    |
[INFO] [stdout]    = note: `WeaponVelocity` has derived impls for the traits `Debug` and `Clone`, but these are intentionally ignored during dead code analysis
[INFO] [stdout] 
[INFO] [stdout] 
[INFO] [stdout] warning: function `make_flail` is never used
[INFO] [stdout]   --> src/weapons.rs:38:8
[INFO] [stdout]    |
[INFO] [stdout] 38 | pub fn make_flail() -> Weapon {
[INFO] [stdout]    |        ^^^^^^^^^^
[INFO] [stdout] 
[INFO] [stdout] 
[INFO] [stdout] warning: function `make_cross_bow` is never used
[INFO] [stdout]   --> src/weapons.rs:47:8
[INFO] [stdout]    |
[INFO] [stdout] 47 | pub fn make_cross_bow() -> Weapon {
[INFO] [stdout]    |        ^^^^^^^^^^^^^^
[INFO] [stdout] 
[INFO] [stdout] 
[INFO] [stdout] warning: function `getThac04Hero` should have a snake case name
[INFO] [stdout]  --> src/thac0.rs:5:8
[INFO] [stdout]   |
[INFO] [stdout] 5 | pub fn getThac04Hero(hero_level: i32) -> i32 {
[INFO] [stdout]   |        ^^^^^^^^^^^^^ help: convert the identifier to snake case: `get_thac04_hero`
[INFO] [stdout]   |
[INFO] [stdout]   = note: `#[warn(non_snake_case)]` on by default
[INFO] [stdout] 
[INFO] [stdout] 
[INFO] [stdout] warning: function `getThac04Monster` should have a snake case name
[INFO] [stdout]   --> src/thac0.rs:10:8
[INFO] [stdout]    |
[INFO] [stdout] 10 | pub fn getThac04Monster(monster_level: i32, monster_quality: MonsterQuality) -> i32 {
[INFO] [stdout]    |        ^^^^^^^^^^^^^^^^ help: convert the identifier to snake case: `get_thac04_monster`
[INFO] [stdout] 
[INFO] [stdout] 
[INFO] [stdout] warning: function `setUp` should have a snake case name
[INFO] [stdout]  --> src/simulator.rs:3:4
[INFO] [stdout]   |
[INFO] [stdout] 3 | fn setUp() -> (Hero, Monster){
[INFO] [stdout]   |    ^^^^^ help: convert the identifier to snake case: `set_up`
[INFO] [stdout] 
[INFO] [stdout] 
[INFO] [stdout] warning: constant `monster_level` should have an upper case name
[INFO] [stdout]   --> src/simulator.rs:14:11
[INFO] [stdout]    |
[INFO] [stdout] 14 |     const monster_level: i32 = 1;
[INFO] [stdout]    |           ^^^^^^^^^^^^^ help: convert the identifier to upper case: `MONSTER_LEVEL`
[INFO] [stdout]    |
[INFO] [stdout]    = note: `#[warn(non_upper_case_globals)]` on by default
[INFO] [stdout] 
[INFO] [stdout] 
[INFO] [stdout] warning: constant `monster_quality` should have an upper case name
[INFO] [stdout]   --> src/simulator.rs:15:11
[INFO] [stdout]    |
[INFO] [stdout] 15 |     const monster_quality: MonsterQuality = MonsterQuality::Normal;
[INFO] [stdout]    |           ^^^^^^^^^^^^^^^ help: convert the identifier to upper case: `MONSTER_QUALITY`
[INFO] [stdout] 
[INFO] [stdout] 
[INFO] [stdout] warning: 15 warnings emitted
[INFO] [stdout] 
[INFO] [stdout] 
[INFO] [stderr]     Finished test [unoptimized + debuginfo] target(s) in 0.58s
[INFO] running `Command { std: "docker" "inspect" "b0b1425b7a1ef203520f38e6829ed252dc33544713c01e844825c370d73817d4", kill_on_drop: false }`
[INFO] running `Command { std: "docker" "rm" "-f" "b0b1425b7a1ef203520f38e6829ed252dc33544713c01e844825c370d73817d4", kill_on_drop: false }`
[INFO] [stdout] b0b1425b7a1ef203520f38e6829ed252dc33544713c01e844825c370d73817d4
[INFO] running `Command { std: "docker" "create" "-v" "/var/lib/crater-agent-workspace/builds/worker-0-tc1/target:/opt/rustwide/target:rw,Z" "-v" "/var/lib/crater-agent-workspace/builds/worker-0-tc1/source:/opt/rustwide/workdir:ro,Z" "-v" "/var/lib/crater-agent-workspace/cargo-home:/opt/rustwide/cargo-home:ro,Z" "-v" "/var/lib/crater-agent-workspace/rustup-home:/opt/rustwide/rustup-home:ro,Z" "-e" "SOURCE_DIR=/opt/rustwide/workdir" "-e" "CARGO_TARGET_DIR=/opt/rustwide/target" "-e" "CARGO_INCREMENTAL=0" "-e" "RUST_BACKTRACE=full" "-e" "RUSTFLAGS=--cap-lints=warn" "-e" "RUSTDOCFLAGS=--cap-lints=warn" "-e" "CARGO_HOME=/opt/rustwide/cargo-home" "-e" "RUSTUP_HOME=/opt/rustwide/rustup-home" "-w" "/opt/rustwide/workdir" "-m" "1610612736" "--user" "0:0" "--network" "none" "ghcr.io/rust-lang/crates-build-env/linux@sha256:2788e3201cd34a07e3172128adcd8b3090168a8e3bcc40d7c032b9dda1df7d1c" "/opt/rustwide/cargo-home/bin/cargo" "+1.75.0" "test" "--frozen", kill_on_drop: false }`
[INFO] [stdout] bdd88bf1d96cb5e591b43daf6454e85b3f0e04b0b1ef721964daa74e34e685e7
[INFO] running `Command { std: "docker" "start" "-a" "bdd88bf1d96cb5e591b43daf6454e85b3f0e04b0b1ef721964daa74e34e685e7", kill_on_drop: false }`
[INFO] [stderr] warning: unused import: `fist`
[INFO] [stderr]  --> src/monsters.rs:1:44
[INFO] [stderr]   |
[INFO] [stderr] 1 | use crate::{weapons::{Weapon, make_dagger, fist}, mobs::Mob};
[INFO] [stderr]   |                                            ^^^^
[INFO] [stderr]   |
[INFO] [stderr]   = note: `#[warn(unused_imports)]` on by default
[INFO] [stderr] 
[INFO] [stderr] warning: unused import: `mobs::Mob`
[INFO] [stderr]  --> src/combat.rs:1:27
[INFO] [stderr]   |
[INFO] [stderr] 1 | use crate::{heroes::Hero, mobs::Mob, weapons::{make_dagger, make_sword}, monsters::Monster};
[INFO] [stderr]   |                           ^^^^^^^^^
[INFO] [stderr] 
[INFO] [stderr] warning: unused variable: `mob`
[INFO] [stderr]   --> src/mobs.rs:76:9
[INFO] [stderr]    |
[INFO] [stderr] 76 |     let mob = Mob::builder()
[INFO] [stderr]    |         ^^^ help: if this is intentional, prefix it with an underscore: `_mob`
[INFO] [stderr]    |
[INFO] [stderr]    = note: `#[warn(unused_variables)]` on by default
[INFO] [stderr] 
[INFO] [stderr] warning: unused variable: `i`
[INFO] [stderr]   --> src/combat.rs:41:9
[INFO] [stderr]    |
[INFO] [stderr] 41 |     for i in 0..STEPS {
[INFO] [stderr]    |         ^ help: if this is intentional, prefix it with an underscore: `_i`
[INFO] [stderr] 
[INFO] [stderr] warning: variable does not need to be mutable
[INFO] [stderr]  --> src/simulator.rs:5:9
[INFO] [stderr]   |
[INFO] [stderr] 5 |     let mut hero = Hero::builder()
[INFO] [stderr]   |         ----^^^^
[INFO] [stderr]   |         |
[INFO] [stderr]   |         help: remove this `mut`
[INFO] [stderr]   |
[INFO] [stderr]   = note: `#[warn(unused_mut)]` on by default
[INFO] [stderr] 
[INFO] [stderr] warning: variable does not need to be mutable
[INFO] [stderr]   --> src/simulator.rs:17:9
[INFO] [stderr]    |
[INFO] [stderr] 17 |     let mut goblin = Monster::builder()
[INFO] [stderr]    |         ----^^^^^^
[INFO] [stderr]    |         |
[INFO] [stderr]    |         help: remove this `mut`
[INFO] [stderr] 
[INFO] [stderr] warning: variants `Rookie`, `Special`, and `Elite` are never constructed
[INFO] [stderr]  --> src/monsters.rs:5:5
[INFO] [stderr]   |
[INFO] [stderr] 4 | pub enum MonsterQuality {
[INFO] [stderr]   |          -------------- variants in this enum
[INFO] [stderr] 5 |     Rookie = 0,
[INFO] [stderr]   |     ^^^^^^
[INFO] [stderr] ...
[INFO] [stderr] 8 |     Special,
[INFO] [stderr]   |     ^^^^^^^
[INFO] [stderr] 9 |     Elite
[INFO] [stderr]   |     ^^^^^
[INFO] [stderr]   |
[INFO] [stderr]   = note: `MonsterQuality` has derived impls for the traits `Clone` and `Debug`, but these are intentionally ignored during dead code analysis
[INFO] [stderr]   = note: `#[warn(dead_code)]` on by default
[INFO] [stderr] 
[INFO] [stderr] warning: variant `VeryFast` is never constructed
[INFO] [stderr]   --> src/weapons.rs:16:5
[INFO] [stderr]    |
[INFO] [stderr] 11 | pub enum WeaponVelocity {
[INFO] [stderr]    |          -------------- variant in this enum
[INFO] [stderr] ...
[INFO] [stderr] 16 |     VeryFast
[INFO] [stderr]    |     ^^^^^^^^
[INFO] [stderr]    |
[INFO] [stderr]    = note: `WeaponVelocity` has derived impls for the traits `Debug` and `Clone`, but these are intentionally ignored during dead code analysis
[INFO] [stderr] 
[INFO] [stderr] warning: function `make_flail` is never used
[INFO] [stderr]   --> src/weapons.rs:38:8
[INFO] [stderr]    |
[INFO] [stderr] 38 | pub fn make_flail() -> Weapon {
[INFO] [stderr]    |        ^^^^^^^^^^
[INFO] [stderr] 
[INFO] [stderr] warning: function `make_cross_bow` is never used
[INFO] [stderr]   --> src/weapons.rs:47:8
[INFO] [stderr]    |
[INFO] [stderr] 47 | pub fn make_cross_bow() -> Weapon {
[INFO] [stderr]    |        ^^^^^^^^^^^^^^
[INFO] [stderr] 
[INFO] [stderr] warning: function `getThac04Hero` should have a snake case name
[INFO] [stderr]  --> src/thac0.rs:5:8
[INFO] [stderr]   |
[INFO] [stderr] 5 | pub fn getThac04Hero(hero_level: i32) -> i32 {
[INFO] [stdout] 
[INFO] [stderr]   |        ^^^^^^^^^^^^^ help: convert the identifier to snake case: `get_thac04_hero`
[INFO] [stdout] running 7 tests
[INFO] [stderr]   |
[INFO] [stderr]   = note: `#[warn(non_snake_case)]` on by default
[INFO] [stderr] 
[INFO] [stderr] warning: function `getThac04Monster` should have a snake case name
[INFO] [stderr]   --> src/thac0.rs:10:8
[INFO] [stderr]    |
[INFO] [stderr] 10 | pub fn getThac04Monster(monster_level: i32, monster_quality: MonsterQuality) -> i32 {
[INFO] [stderr]    |        ^^^^^^^^^^^^^^^^ help: convert the identifier to snake case: `get_thac04_monster`
[INFO] [stderr] 
[INFO] [stderr] warning: function `setUp` should have a snake case name
[INFO] [stderr]  --> src/simulator.rs:3:4
[INFO] [stderr]   |
[INFO] [stderr] 3 | fn setUp() -> (Hero, Monster){
[INFO] [stderr]   |    ^^^^^ help: convert the identifier to snake case: `set_up`
[INFO] [stderr] 
[INFO] [stderr] warning: constant `monster_level` should have an upper case name
[INFO] [stderr]   --> src/simulator.rs:14:11
[INFO] [stderr]    |
[INFO] [stderr] 14 |     const monster_level: i32 = 1;
[INFO] [stderr]    |           ^^^^^^^^^^^^^ help: convert the identifier to upper case: `MONSTER_LEVEL`
[INFO] [stderr]    |
[INFO] [stderr]    = note: `#[warn(non_upper_case_globals)]` on by default
[INFO] [stderr] 
[INFO] [stderr] warning: constant `monster_quality` should have an upper case name
[INFO] [stderr]   --> src/simulator.rs:15:11
[INFO] [stderr]    |
[INFO] [stderr] 15 |     const monster_quality: MonsterQuality = MonsterQuality::Normal;
[INFO] [stderr]    |           ^^^^^^^^^^^^^^^ help: convert the identifier to upper case: `MONSTER_QUALITY`
[INFO] [stderr] 
[INFO] [stderr] warning: `heroes` (bin "heroes" test) generated 15 warnings (run `cargo fix --bin "heroes" --tests` to apply 6 suggestions)
[INFO] [stderr]     Finished test [unoptimized + debuginfo] target(s) in 0.01s
[INFO] [stderr]      Running unittests src/main.rs (/opt/rustwide/target/debug/deps/heroes-661cca51d3e25187)
[INFO] [stdout] test mobs::mobs_eq_test ... ok
[INFO] [stdout] test combat::attack_test1 ... ok
[INFO] [stdout] test mobs::thac0_eq_test ... ok
[INFO] [stdout] test heroes::builder_test ... ok
[INFO] [stdout] test monsters::mosters_eq_test ... ok
[INFO] [stdout] test combat::sumulate_combat ... ok
[INFO] [stdout] test simulator::scen_0000 ... FAILED
[INFO] [stderr] error: test failed, to rerun pass `--bin heroes`
[INFO] [stdout] 
[INFO] [stdout] failures:
[INFO] [stdout] 
[INFO] [stdout] ---- simulator::scen_0000 stdout ----
[INFO] [stdout] mixa mixa
[INFO] [stdout] thread 'simulator::scen_0000' panicked at /opt/rustwide/cargo-home/registry/src/index.crates.io-6f17d22bba15001f/rand-0.8.5/src/rng.rs:134:9:
[INFO] [stdout] cannot sample empty range
[INFO] [stdout] stack backtrace:
[INFO] [stdout]    0:     0x563d621c27ec - std::backtrace_rs::backtrace::libunwind::trace::ha637c64ce894333a
[INFO] [stdout]                                at /rustc/82e1608dfa6e0b5569232559e3d385fea5a93112/library/std/src/../../backtrace/src/backtrace/libunwind.rs:104:5
[INFO] [stdout]    1:     0x563d621c27ec - std::backtrace_rs::backtrace::trace_unsynchronized::h47f62dea28e0c88d
[INFO] [stdout]                                at /rustc/82e1608dfa6e0b5569232559e3d385fea5a93112/library/std/src/../../backtrace/src/backtrace/mod.rs:66:5
[INFO] [stdout]    2:     0x563d621c27ec - std::sys_common::backtrace::_print_fmt::h9eef0abe20ede486
[INFO] [stdout]                                at /rustc/82e1608dfa6e0b5569232559e3d385fea5a93112/library/std/src/sys_common/backtrace.rs:67:5
[INFO] [stdout]    3:     0x563d621c27ec - <std::sys_common::backtrace::_print::DisplayBacktrace as core::fmt::Display>::fmt::hed7f999df88cc644
[INFO] [stdout]                                at /rustc/82e1608dfa6e0b5569232559e3d385fea5a93112/library/std/src/sys_common/backtrace.rs:44:22
[INFO] [stdout]    4:     0x563d621ec370 - core::fmt::rt::Argument::fmt::h1539a9308b8d058d
[INFO] [stdout]                                at /rustc/82e1608dfa6e0b5569232559e3d385fea5a93112/library/core/src/fmt/rt.rs:142:9
[INFO] [stdout]    5:     0x563d621ec370 - core::fmt::write::h3a39390d8560d9c9
[INFO] [stdout]                                at /rustc/82e1608dfa6e0b5569232559e3d385fea5a93112/library/core/src/fmt/mod.rs:1120:17
[INFO] [stdout]    6:     0x563d621c019f - std::io::Write::write_fmt::h040b369f3a0f9cbc
[INFO] [stdout]                                at /rustc/82e1608dfa6e0b5569232559e3d385fea5a93112/library/std/src/io/mod.rs:1762:15
[INFO] [stdout]    7:     0x563d621c25d4 - std::sys_common::backtrace::_print::h894006fb5c6f3d45
[INFO] [stdout]                                at /rustc/82e1608dfa6e0b5569232559e3d385fea5a93112/library/std/src/sys_common/backtrace.rs:47:5
[INFO] [stdout]    8:     0x563d621c25d4 - std::sys_common::backtrace::print::h23a2d212c6fff936
[INFO] [stdout]                                at /rustc/82e1608dfa6e0b5569232559e3d385fea5a93112/library/std/src/sys_common/backtrace.rs:34:9
[INFO] [stdout]    9:     0x563d621c4297 - std::panicking::default_hook::{{closure}}::h8a1d2ee00185001a
[INFO] [stdout]   10:     0x563d621c3f83 - std::panicking::default_hook::h6038f2eba384e475
[INFO] [stdout]                                at /rustc/82e1608dfa6e0b5569232559e3d385fea5a93112/library/std/src/panicking.rs:289:9
[INFO] [stdout]   11:     0x563d62159bd7 - <alloc::boxed::Box<F,A> as core::ops::function::Fn<Args>>::call::h0ad024c9bdc6d768
[INFO] [stdout]                                at /rustc/82e1608dfa6e0b5569232559e3d385fea5a93112/library/alloc/src/boxed.rs:2021:9
[INFO] [stdout]   12:     0x563d62159bd7 - test::test_main::{{closure}}::h7500b54257359db6
[INFO] [stdout]                                at /rustc/82e1608dfa6e0b5569232559e3d385fea5a93112/library/test/src/lib.rs:138:21
[INFO] [stdout]   13:     0x563d621c48a8 - <alloc::boxed::Box<F,A> as core::ops::function::Fn<Args>>::call::h1f8f335eaa9cfaee
[INFO] [stdout]                                at /rustc/82e1608dfa6e0b5569232559e3d385fea5a93112/library/alloc/src/boxed.rs:2021:9
[INFO] [stdout]   14:     0x563d621c48a8 - std::panicking::rust_panic_with_hook::h2b5517d590cab22e
[INFO] [stdout]                                at /rustc/82e1608dfa6e0b5569232559e3d385fea5a93112/library/std/src/panicking.rs:783:13
[INFO] [stdout]   15:     0x563d621c45c9 - std::panicking::begin_panic_handler::{{closure}}::h233112c06e0ef43e
[INFO] [stdout]                                at /rustc/82e1608dfa6e0b5569232559e3d385fea5a93112/library/std/src/panicking.rs:649:13
[INFO] [stdout]   16:     0x563d621c2cb6 - std::sys_common::backtrace::__rust_end_short_backtrace::h6e893f24d7ebbff8
[INFO] [stdout]                                at /rustc/82e1608dfa6e0b5569232559e3d385fea5a93112/library/std/src/sys_common/backtrace.rs:170:18
[INFO] [stdout]   17:     0x563d621c4362 - rust_begin_unwind
[INFO] [stdout]                                at /rustc/82e1608dfa6e0b5569232559e3d385fea5a93112/library/std/src/panicking.rs:645:5
[INFO] [stdout]   18:     0x563d6211d155 - core::panicking::panic_fmt::hbf0e066aabfa482c
[INFO] [stdout]                                at /rustc/82e1608dfa6e0b5569232559e3d385fea5a93112/library/core/src/panicking.rs:72:14
[INFO] [stdout]   19:     0x563d6211d1f3 - core::panicking::panic::h195fc2a96298d4c3
[INFO] [stdout]                                at /rustc/82e1608dfa6e0b5569232559e3d385fea5a93112/library/core/src/panicking.rs:127:5
[INFO] [stdout]   20:     0x563d6211f122 - rand::rng::Rng::gen_range::h88dfc8d997b05ced
[INFO] [stdout]                                at /opt/rustwide/cargo-home/registry/src/index.crates.io-6f17d22bba15001f/rand-0.8.5/src/rng.rs:134:9
[INFO] [stdout]   21:     0x563d621251e4 - heroes::combat::roll_dice::ha96a69a26335356c
[INFO] [stdout]                                at /opt/rustwide/workdir/src/combat.rs:20:5
[INFO] [stdout]   22:     0x563d6212512a - heroes::combat::hero_attacks::h2f2535f22bae12eb
[INFO] [stdout]                                at /opt/rustwide/workdir/src/combat.rs:8:9
[INFO] [stdout]   23:     0x563d621255da - heroes::combat::simulate::hf0b080cb826fe425
[INFO] [stdout]                                at /opt/rustwide/workdir/src/combat.rs:46:13
[INFO] [stdout]   24:     0x563d62122e03 - heroes::simulator::scen_0000::he5875a0bb6c7465f
[INFO] [stdout]                                at /opt/rustwide/workdir/src/simulator.rs:35:5
[INFO] [stdout]   25:     0x563d62122cf7 - heroes::simulator::scen_0000::{{closure}}::h8851b77a473e6e9b
[INFO] [stdout]                                at /opt/rustwide/workdir/src/simulator.rs:32:15
[INFO] [stdout]   26:     0x563d6211e526 - core::ops::function::FnOnce::call_once::h0a3f2f2360d5cd73
[INFO] [stdout]                                at /rustc/82e1608dfa6e0b5569232559e3d385fea5a93112/library/core/src/ops/function.rs:250:5
[INFO] [stdout]   27:     0x563d6215f22f - core::ops::function::FnOnce::call_once::h2b5d431d5046312d
[INFO] [stdout]                                at /rustc/82e1608dfa6e0b5569232559e3d385fea5a93112/library/core/src/ops/function.rs:250:5
[INFO] [stdout]   28:     0x563d6215f22f - test::__rust_begin_short_backtrace::h7714669af176e207
[INFO] [stdout]                                at /rustc/82e1608dfa6e0b5569232559e3d385fea5a93112/library/test/src/lib.rs:628:18
[INFO] [stdout]   29:     0x563d6215e245 - test::run_test_in_process::{{closure}}::h85218797dcbcec12
[INFO] [stdout]                                at /rustc/82e1608dfa6e0b5569232559e3d385fea5a93112/library/test/src/lib.rs:651:60
[INFO] [stdout]   30:     0x563d6215e245 - <core::panic::unwind_safe::AssertUnwindSafe<F> as core::ops::function::FnOnce<()>>::call_once::h76c106ea31c14d7b
[INFO] [stdout]                                at /rustc/82e1608dfa6e0b5569232559e3d385fea5a93112/library/core/src/panic/unwind_safe.rs:272:9
[INFO] [stdout]   31:     0x563d6215e245 - std::panicking::try::do_call::h3bd5d0f6620ee946
[INFO] [stdout]                                at /rustc/82e1608dfa6e0b5569232559e3d385fea5a93112/library/std/src/panicking.rs:552:40
[INFO] [stdout]   32:     0x563d6215e245 - std::panicking::try::h232e535e4744fe31
[INFO] [stdout]                                at /rustc/82e1608dfa6e0b5569232559e3d385fea5a93112/library/std/src/panicking.rs:516:19
[INFO] [stdout]   33:     0x563d6215e245 - std::panic::catch_unwind::h3ce3bd6ca8dbac68
[INFO] [stdout]                                at /rustc/82e1608dfa6e0b5569232559e3d385fea5a93112/library/std/src/panic.rs:142:14
[INFO] [stdout]   34:     0x563d6215e245 - test::run_test_in_process::hc97b257c9621286a
[INFO] [stdout]                                at /rustc/82e1608dfa6e0b5569232559e3d385fea5a93112/library/test/src/lib.rs:651:27
[INFO] [stdout]   35:     0x563d6215e245 - test::run_test::{{closure}}::h2aa798823a438d38
[INFO] [stdout]                                at /rustc/82e1608dfa6e0b5569232559e3d385fea5a93112/library/test/src/lib.rs:574:43
[INFO] [stdout]   36:     0x563d62126506 - test::run_test::{{closure}}::h87d231c78fb59832
[INFO] [stdout]                                at /rustc/82e1608dfa6e0b5569232559e3d385fea5a93112/library/test/src/lib.rs:602:41
[INFO] [stdout]   37:     0x563d62126506 - std::sys_common::backtrace::__rust_begin_short_backtrace::he6df152596625789
[INFO] [stdout]                                at /rustc/82e1608dfa6e0b5569232559e3d385fea5a93112/library/std/src/sys_common/backtrace.rs:154:18
[INFO] [stdout]   38:     0x563d6212b5b7 - std::thread::Builder::spawn_unchecked_::{{closure}}::{{closure}}::ha94be15d1e0acf36
[INFO] [stdout]                                at /rustc/82e1608dfa6e0b5569232559e3d385fea5a93112/library/std/src/thread/mod.rs:529:17
[INFO] [stdout]   39:     0x563d6212b5b7 - <core::panic::unwind_safe::AssertUnwindSafe<F> as core::ops::function::FnOnce<()>>::call_once::h9dc6bd6372f16606
[INFO] [stdout]                                at /rustc/82e1608dfa6e0b5569232559e3d385fea5a93112/library/core/src/panic/unwind_safe.rs:272:9
[INFO] [stdout]   40:     0x563d6212b5b7 - std::panicking::try::do_call::h9057517f80303cd4
[INFO] [stdout]                                at /rustc/82e1608dfa6e0b5569232559e3d385fea5a93112/library/std/src/panicking.rs:552:40
[INFO] [stdout]   41:     0x563d6212b5b7 - std::panicking::try::he3a30b11ee45340c
[INFO] [stdout]                                at /rustc/82e1608dfa6e0b5569232559e3d385fea5a93112/library/std/src/panicking.rs:516:19
[INFO] [stdout]   42:     0x563d6212b5b7 - std::panic::catch_unwind::h410458cfd3528b8b
[INFO] [stdout]                                at /rustc/82e1608dfa6e0b5569232559e3d385fea5a93112/library/std/src/panic.rs:142:14
[INFO] [stdout]   43:     0x563d6212b5b7 - std::thread::Builder::spawn_unchecked_::{{closure}}::h72ac3bdb567b737b
[INFO] [stdout]                                at /rustc/82e1608dfa6e0b5569232559e3d385fea5a93112/library/std/src/thread/mod.rs:528:30
[INFO] [stdout]   44:     0x563d6212b5b7 - core::ops::function::FnOnce::call_once{{vtable.shim}}::h38f34da3654a8344
[INFO] [stdout]                                at /rustc/82e1608dfa6e0b5569232559e3d385fea5a93112/library/core/src/ops/function.rs:250:5
[INFO] [stdout]   45:     0x563d621c9335 - <alloc::boxed::Box<F,A> as core::ops::function::FnOnce<Args>>::call_once::hc7eafaff61e32df9
[INFO] [stdout]                                at /rustc/82e1608dfa6e0b5569232559e3d385fea5a93112/library/alloc/src/boxed.rs:2007:9
[INFO] [stdout]   46:     0x563d621c9335 - <alloc::boxed::Box<F,A> as core::ops::function::FnOnce<Args>>::call_once::h6ba4a5de48dd2304
[INFO] [stdout]                                at /rustc/82e1608dfa6e0b5569232559e3d385fea5a93112/library/alloc/src/boxed.rs:2007:9
[INFO] [stdout]   47:     0x563d621c9335 - std::sys::unix::thread::Thread::new::thread_start::he469335aef763e45
[INFO] [stdout]                                at /rustc/82e1608dfa6e0b5569232559e3d385fea5a93112/library/std/src/sys/unix/thread.rs:108:17
[INFO] [stdout]   48:     0x7fccfa463ac3 - <unknown>
[INFO] [stdout]   49:     0x7fccfa4f4bf4 - __clone
[INFO] [stdout]   50:                0x0 - <unknown>
[INFO] [stdout] 
[INFO] [stdout] 
[INFO] [stdout] failures:
[INFO] [stdout]     simulator::scen_0000
[INFO] [stdout] 
[INFO] [stdout] test result: FAILED. 6 passed; 1 failed; 0 ignored; 0 measured; 0 filtered out; finished in 0.04s
[INFO] [stdout] 
[INFO] running `Command { std: "docker" "inspect" "bdd88bf1d96cb5e591b43daf6454e85b3f0e04b0b1ef721964daa74e34e685e7", kill_on_drop: false }`
[INFO] running `Command { std: "docker" "rm" "-f" "bdd88bf1d96cb5e591b43daf6454e85b3f0e04b0b1ef721964daa74e34e685e7", kill_on_drop: false }`
[INFO] [stdout] bdd88bf1d96cb5e591b43daf6454e85b3f0e04b0b1ef721964daa74e34e685e7
[INFO] testing tetio/rusty_sword against beta-2023-12-22 for beta-1.76-1
[INFO] running `Command { std: "git" "clone" "/workspace/cache/git-repos/https%3A%2F%2Fgithub.com%2Ftetio%2Frusty_sword" "/workspace/builds/worker-0-tc2/source", kill_on_drop: false }`
[INFO] [stderr] Cloning into '/workspace/builds/worker-0-tc2/source'...
[INFO] [stderr] done.
[INFO] validating manifest of git repo https://github.com/tetio/rusty_sword on toolchain beta-2023-12-22
[INFO] running `Command { std: CARGO_HOME="/workspace/cargo-home" RUSTUP_HOME="/workspace/rustup-home" "/workspace/cargo-home/bin/cargo" "+beta-2023-12-22" "metadata" "--manifest-path" "Cargo.toml" "--no-deps", kill_on_drop: false }`
[INFO] started tweaking git repo https://github.com/tetio/rusty_sword
[INFO] finished tweaking git repo https://github.com/tetio/rusty_sword
[INFO] tweaked toml for git repo https://github.com/tetio/rusty_sword written to /workspace/builds/worker-0-tc2/source/Cargo.toml
[INFO] crate git repo https://github.com/tetio/rusty_sword already has a lockfile, it will not be regenerated
[INFO] running `Command { std: CARGO_HOME="/workspace/cargo-home" RUSTUP_HOME="/workspace/rustup-home" "/workspace/cargo-home/bin/cargo" "+beta-2023-12-22" "fetch" "--manifest-path" "Cargo.toml", kill_on_drop: false }`
[INFO] running `Command { std: "docker" "create" "-v" "/var/lib/crater-agent-workspace/builds/worker-0-tc2/target:/opt/rustwide/target:rw,Z" "-v" "/var/lib/crater-agent-workspace/builds/worker-0-tc2/source:/opt/rustwide/workdir:ro,Z" "-v" "/var/lib/crater-agent-workspace/cargo-home:/opt/rustwide/cargo-home:ro,Z" "-v" "/var/lib/crater-agent-workspace/rustup-home:/opt/rustwide/rustup-home:ro,Z" "-e" "SOURCE_DIR=/opt/rustwide/workdir" "-e" "CARGO_TARGET_DIR=/opt/rustwide/target" "-e" "CARGO_HOME=/opt/rustwide/cargo-home" "-e" "RUSTUP_HOME=/opt/rustwide/rustup-home" "-w" "/opt/rustwide/workdir" "-m" "1610612736" "--user" "0:0" "--network" "none" "ghcr.io/rust-lang/crates-build-env/linux@sha256:2788e3201cd34a07e3172128adcd8b3090168a8e3bcc40d7c032b9dda1df7d1c" "/opt/rustwide/cargo-home/bin/cargo" "+beta-2023-12-22" "metadata" "--no-deps" "--format-version=1", kill_on_drop: false }`
[INFO] [stdout] 008fe6462443fd71c18ee3d3a8ff3ec4263c9ec58b9b5f939ceafc5b6633313a
[INFO] running `Command { std: "docker" "start" "-a" "008fe6462443fd71c18ee3d3a8ff3ec4263c9ec58b9b5f939ceafc5b6633313a", kill_on_drop: false }`
[INFO] running `Command { std: "docker" "inspect" "008fe6462443fd71c18ee3d3a8ff3ec4263c9ec58b9b5f939ceafc5b6633313a", kill_on_drop: false }`
[INFO] running `Command { std: "docker" "rm" "-f" "008fe6462443fd71c18ee3d3a8ff3ec4263c9ec58b9b5f939ceafc5b6633313a", kill_on_drop: false }`
[INFO] [stdout] 008fe6462443fd71c18ee3d3a8ff3ec4263c9ec58b9b5f939ceafc5b6633313a
[INFO] running `Command { std: "docker" "create" "-v" "/var/lib/crater-agent-workspace/builds/worker-0-tc2/target:/opt/rustwide/target:rw,Z" "-v" "/var/lib/crater-agent-workspace/builds/worker-0-tc2/source:/opt/rustwide/workdir:ro,Z" "-v" "/var/lib/crater-agent-workspace/cargo-home:/opt/rustwide/cargo-home:ro,Z" "-v" "/var/lib/crater-agent-workspace/rustup-home:/opt/rustwide/rustup-home:ro,Z" "-e" "SOURCE_DIR=/opt/rustwide/workdir" "-e" "CARGO_TARGET_DIR=/opt/rustwide/target" "-e" "CARGO_INCREMENTAL=0" "-e" "RUST_BACKTRACE=full" "-e" "RUSTFLAGS=--cap-lints=warn" "-e" "RUSTDOCFLAGS=--cap-lints=warn" "-e" "CARGO_HOME=/opt/rustwide/cargo-home" "-e" "RUSTUP_HOME=/opt/rustwide/rustup-home" "-w" "/opt/rustwide/workdir" "-m" "1610612736" "--user" "0:0" "--network" "none" "ghcr.io/rust-lang/crates-build-env/linux@sha256:2788e3201cd34a07e3172128adcd8b3090168a8e3bcc40d7c032b9dda1df7d1c" "/opt/rustwide/cargo-home/bin/cargo" "+beta-2023-12-22" "build" "--frozen" "--message-format=json", kill_on_drop: false }`
[INFO] [stdout] d8b7d019b7bc852bb01697c4f2b848ac32add2089f966329d73af0b9a42f1f55
[INFO] running `Command { std: "docker" "start" "-a" "d8b7d019b7bc852bb01697c4f2b848ac32add2089f966329d73af0b9a42f1f55", kill_on_drop: false }`
[INFO] [stderr]    Compiling libc v0.2.137
[INFO] [stderr]    Compiling cfg-if v1.0.0
[INFO] [stderr]    Compiling ppv-lite86 v0.2.17
[INFO] [stderr]    Compiling getrandom v0.2.8
[INFO] [stderr]    Compiling rand_core v0.6.4
[INFO] [stderr]    Compiling rand_chacha v0.3.1
[INFO] [stderr]    Compiling rand v0.8.5
[INFO] [stderr]    Compiling heroes v0.1.0 (/opt/rustwide/workdir)
[INFO] [stdout] warning: unused import: `make_bow`
[INFO] [stdout]  --> src/heroes.rs:1:31
[INFO] [stdout]   |
[INFO] [stdout] 1 | use crate::{weapons::{Weapon, make_bow}, mobs::Mob};
[INFO] [stdout]   |                               ^^^^^^^^
[INFO] [stdout]   |
[INFO] [stdout]   = note: `#[warn(unused_imports)]` on by default
[INFO] [stdout] 
[INFO] [stdout] 
[INFO] [stdout] warning: unused import: `make_dagger`
[INFO] [stdout]  --> src/mobs.rs:1:30
[INFO] [stdout]   |
[INFO] [stdout] 1 | use crate::weapons::{Weapon, make_dagger, fist};
[INFO] [stdout]   |                              ^^^^^^^^^^^
[INFO] [stdout] 
[INFO] [stdout] 
[INFO] [stdout] warning: unused imports: `fist`, `make_dagger`
[INFO] [stdout]  --> src/monsters.rs:1:31
[INFO] [stdout]   |
[INFO] [stdout] 1 | use crate::{weapons::{Weapon, make_dagger, fist}, mobs::Mob};
[INFO] [stdout]   |                               ^^^^^^^^^^^  ^^^^
[INFO] [stdout] 
[INFO] [stdout] 
[INFO] [stdout] warning: unused import: `mobs::Mob`
[INFO] [stdout]  --> src/combat.rs:1:27
[INFO] [stdout]   |
[INFO] [stdout] 1 | use crate::{heroes::Hero, mobs::Mob, weapons::{make_dagger, make_sword}, monsters::Monster};
[INFO] [stdout]   |                           ^^^^^^^^^
[INFO] [stdout] 
[INFO] [stdout] 
[INFO] [stdout] warning: unused import: `combat::simulate`
[INFO] [stdout]  --> src/simulator.rs:1:160
[INFO] [stdout]   |
[INFO] [stdout] 1 | ...getThac04Monster, weapons::make_dagger, weapons::make_bow, combat::simulate};
[INFO] [stdout]   |                                                               ^^^^^^^^^^^^^^^^
[INFO] [stdout] 
[INFO] [stdout] 
[INFO] [stdout] warning: unused variable: `i`
[INFO] [stdout]   --> src/combat.rs:41:9
[INFO] [stdout]    |
[INFO] [stdout] 41 |     for i in 0..STEPS {
[INFO] [stdout]    |         ^ help: if this is intentional, prefix it with an underscore: `_i`
[INFO] [stdout]    |
[INFO] [stdout]    = note: `#[warn(unused_variables)]` on by default
[INFO] [stdout] 
[INFO] [stdout] 
[INFO] [stdout] warning: variable does not need to be mutable
[INFO] [stdout]  --> src/simulator.rs:5:9
[INFO] [stdout]   |
[INFO] [stdout] 5 |     let mut hero = Hero::builder()
[INFO] [stdout]   |         ----^^^^
[INFO] [stdout]   |         |
[INFO] [stdout]   |         help: remove this `mut`
[INFO] [stdout]   |
[INFO] [stdout]   = note: `#[warn(unused_mut)]` on by default
[INFO] [stdout] 
[INFO] [stdout] 
[INFO] [stdout] warning: variable does not need to be mutable
[INFO] [stdout]   --> src/simulator.rs:17:9
[INFO] [stdout]    |
[INFO] [stdout] 17 |     let mut goblin = Monster::builder()
[INFO] [stdout]    |         ----^^^^^^
[INFO] [stdout]    |         |
[INFO] [stdout]    |         help: remove this `mut`
[INFO] [stdout] 
[INFO] [stdout] 
[INFO] [stdout] warning: methods `weapon`, `thac0`, and `level` are never used
[INFO] [stdout]   --> src/heroes.rs:38:12
[INFO] [stdout]    |
[INFO] [stdout] 21 | impl HeroBuilder {
[INFO] [stdout]    | ---------------- methods in this implementation
[INFO] [stdout] ...
[INFO] [stdout] 38 |     pub fn weapon(mut self, weapon: Weapon) -> HeroBuilder {
[INFO] [stdout]    |            ^^^^^^
[INFO] [stdout] ...
[INFO] [stdout] 46 |     pub fn thac0(mut self, thac0: i32) -> HeroBuilder {
[INFO] [stdout]    |            ^^^^^
[INFO] [stdout] ...
[INFO] [stdout] 54 |     pub fn level(mut self, level: i32) -> HeroBuilder {
[INFO] [stdout]    |            ^^^^^
[INFO] [stdout]    |
[INFO] [stdout]    = note: `#[warn(dead_code)]` on by default
[INFO] [stdout] 
[INFO] [stdout] 
[INFO] [stdout] warning: methods `armour` and `level` are never used
[INFO] [stdout]   --> src/mobs.rs:49:12
[INFO] [stdout]    |
[INFO] [stdout] 29 | impl MobBuilder {
[INFO] [stdout]    | --------------- methods in this implementation
[INFO] [stdout] ...
[INFO] [stdout] 49 |     pub fn armour(mut self, armour: i32) -> MobBuilder {
[INFO] [stdout]    |            ^^^^^^
[INFO] [stdout] ...
[INFO] [stdout] 53 |     pub fn level(mut self, level: i32) -> MobBuilder {
[INFO] [stdout]    |            ^^^^^
[INFO] [stdout] 
[INFO] [stdout] 
[INFO] [stdout] warning: variants `Rookie`, `Special`, and `Elite` are never constructed
[INFO] [stdout]  --> src/monsters.rs:5:5
[INFO] [stdout]   |
[INFO] [stdout] 4 | pub enum MonsterQuality {
[INFO] [stdout]   |          -------------- variants in this enum
[INFO] [stdout] 5 |     Rookie = 0,
[INFO] [stdout]   |     ^^^^^^
[INFO] [stdout] ...
[INFO] [stdout] 8 |     Special,
[INFO] [stdout]   |     ^^^^^^^
[INFO] [stdout] 9 |     Elite
[INFO] [stdout]   |     ^^^^^
[INFO] [stdout]   |
[INFO] [stdout]   = note: `MonsterQuality` has derived impls for the traits `Clone` and `Debug`, but these are intentionally ignored during dead code analysis
[INFO] [stdout] 
[INFO] [stdout] 
[INFO] [stdout] warning: associated function `builder` is never used
[INFO] [stdout]   --> src/monsters.rs:19:12
[INFO] [stdout]    |
[INFO] [stdout] 18 | impl Monster {
[INFO] [stdout]    | ------------ associated function in this implementation
[INFO] [stdout] 19 |     pub fn builder() -> MonsterBuilder {
[INFO] [stdout]    |            ^^^^^^^
[INFO] [stdout] 
[INFO] [stdout] 
[INFO] [stdout] warning: field `monster_quality` is never read
[INFO] [stdout]   --> src/monsters.rs:27:5
[INFO] [stdout]    |
[INFO] [stdout] 25 | pub struct MonsterBuilder {
[INFO] [stdout]    |            -------------- field in this struct
[INFO] [stdout] 26 |     pub mob: Mob,
[INFO] [stdout] 27 |     monster_quality: MonsterQuality  
[INFO] [stdout]    |     ^^^^^^^^^^^^^^^
[INFO] [stdout]    |
[INFO] [stdout]    = note: `MonsterBuilder` has derived impls for the traits `Debug` and `Clone`, but these are intentionally ignored during dead code analysis
[INFO] [stdout] 
[INFO] [stdout] 
[INFO] [stdout] warning: multiple methods are never used
[INFO] [stdout]   --> src/monsters.rs:31:12
[INFO] [stdout]    |
[INFO] [stdout] 30 | impl MonsterBuilder {
[INFO] [stdout]    | ------------------- methods in this implementation
[INFO] [stdout] 31 |     pub fn name(mut self, name: String) -> MonsterBuilder {
[INFO] [stdout]    |            ^^^^
[INFO] [stdout] ...
[INFO] [stdout] 35 |     pub fn hp(mut self, hp: i32) -> MonsterBuilder {
[INFO] [stdout]    |            ^^
[INFO] [stdout] ...
[INFO] [stdout] 39 |     pub fn weapon(mut self, weapon: Weapon) -> MonsterBuilder {
[INFO] [stdout]    |            ^^^^^^
[INFO] [stdout] ...
[INFO] [stdout] 43 |     pub fn thac0(mut self, thac0: i32) -> MonsterBuilder {
[INFO] [stdout]    |            ^^^^^
[INFO] [stdout] ...
[INFO] [stdout] 47 |     pub fn armour(mut self, armour: i32) -> MonsterBuilder {
[INFO] [stdout]    |            ^^^^^^
[INFO] [stdout] ...
[INFO] [stdout] 51 |     pub fn monster_quality(mut self, monster_quality: MonsterQuality) -> MonsterBuilder {
[INFO] [stdout]    |            ^^^^^^^^^^^^^^^
[INFO] [stdout] ...
[INFO] [stdout] 55 |     pub fn level(mut self, level: i32) -> MonsterBuilder {
[INFO] [stdout]    |            ^^^^^
[INFO] [stdout] ...
[INFO] [stdout] 59 |     pub fn build(self) -> Monster {
[INFO] [stdout]    |            ^^^^^
[INFO] [stdout] 
[INFO] [stdout] 
[INFO] [stdout] warning: function `hero_attacks` is never used
[INFO] [stdout]  --> src/combat.rs:4:8
[INFO] [stdout]   |
[INFO] [stdout] 4 | pub fn hero_attacks(monster: &mut Monster, hero: &Hero) { //-> Mob {
[INFO] [stdout]   |        ^^^^^^^^^^^^
[INFO] [stdout] 
[INFO] [stdout] 
[INFO] [stdout] warning: function `roll_dice` is never used
[INFO] [stdout]   --> src/combat.rs:18:4
[INFO] [stdout]    |
[INFO] [stdout] 18 | fn roll_dice(dice: u8) -> i32 {
[INFO] [stdout]    |    ^^^^^^^^^
[INFO] [stdout] 
[INFO] [stdout] 
[INFO] [stdout] warning: function `is_successful` is never used
[INFO] [stdout]   --> src/combat.rs:27:4
[INFO] [stdout]    |
[INFO] [stdout] 27 | fn is_successful(attack_value: i32, defense_value: i32) -> bool {
[INFO] [stdout]    |    ^^^^^^^^^^^^^
[INFO] [stdout] 
[INFO] [stdout] 
[INFO] [stdout] warning: function `simulate` is never used
[INFO] [stdout]   --> src/combat.rs:37:8
[INFO] [stdout]    |
[INFO] [stdout] 37 | pub fn simulate(hero: &Hero, mob: &Monster) {
[INFO] [stdout]    |        ^^^^^^^^
[INFO] [stdout] 
[INFO] [stdout] 
[INFO] [stdout] warning: function `set_up` is never used
[INFO] [stdout]   --> src/combat.rs:58:4
[INFO] [stdout]    |
[INFO] [stdout] 58 | fn set_up() -> (Hero, Monster) {
[INFO] [stdout]    |    ^^^^^^
[INFO] [stdout] 
[INFO] [stdout] 
[INFO] [stdout] warning: variant `VeryFast` is never constructed
[INFO] [stdout]   --> src/weapons.rs:16:5
[INFO] [stdout]    |
[INFO] [stdout] 11 | pub enum WeaponVelocity {
[INFO] [stdout]    |          -------------- variant in this enum
[INFO] [stdout] ...
[INFO] [stdout] 16 |     VeryFast
[INFO] [stdout]    |     ^^^^^^^^
[INFO] [stdout]    |
[INFO] [stdout]    = note: `WeaponVelocity` has derived impls for the traits `Debug` and `Clone`, but these are intentionally ignored during dead code analysis
[INFO] [stdout] 
[INFO] [stdout] 
[INFO] [stdout] warning: function `make_flail` is never used
[INFO] [stdout]   --> src/weapons.rs:38:8
[INFO] [stdout]    |
[INFO] [stdout] 38 | pub fn make_flail() -> Weapon {
[INFO] [stdout]    |        ^^^^^^^^^^
[INFO] [stdout] 
[INFO] [stdout] 
[INFO] [stdout] warning: function `make_cross_bow` is never used
[INFO] [stdout]   --> src/weapons.rs:47:8
[INFO] [stdout]    |
[INFO] [stdout] 47 | pub fn make_cross_bow() -> Weapon {
[INFO] [stdout]    |        ^^^^^^^^^^^^^^
[INFO] [stdout] 
[INFO] [stdout] 
[INFO] [stdout] warning: constant `MAX_THAC0` is never used
[INFO] [stdout]  --> src/thac0.rs:3:7
[INFO] [stdout]   |
[INFO] [stdout] 3 | const MAX_THAC0: i32 = 20;
[INFO] [stdout]   |       ^^^^^^^^^
[INFO] [stdout] 
[INFO] [stdout] 
[INFO] [stdout] warning: function `getThac04Hero` is never used
[INFO] [stdout]  --> src/thac0.rs:5:8
[INFO] [stdout]   |
[INFO] [stdout] 5 | pub fn getThac04Hero(hero_level: i32) -> i32 {
[INFO] [stdout]   |        ^^^^^^^^^^^^^
[INFO] [stdout] 
[INFO] [stdout] 
[INFO] [stdout] warning: function `getThac04Monster` is never used
[INFO] [stdout]   --> src/thac0.rs:10:8
[INFO] [stdout]    |
[INFO] [stdout] 10 | pub fn getThac04Monster(monster_level: i32, monster_quality: MonsterQuality) -> i32 {
[INFO] [stdout]    |        ^^^^^^^^^^^^^^^^
[INFO] [stdout] 
[INFO] [stdout] 
[INFO] [stdout] warning: function `setUp` is never used
[INFO] [stdout]  --> src/simulator.rs:3:4
[INFO] [stdout]   |
[INFO] [stdout] 3 | fn setUp() -> (Hero, Monster){
[INFO] [stdout]   |    ^^^^^
[INFO] [stdout] 
[INFO] [stdout] 
[INFO] [stdout] warning: function `getThac04Hero` should have a snake case name
[INFO] [stdout]  --> src/thac0.rs:5:8
[INFO] [stdout]   |
[INFO] [stdout] 5 | pub fn getThac04Hero(hero_level: i32) -> i32 {
[INFO] [stdout]   |        ^^^^^^^^^^^^^ help: convert the identifier to snake case: `get_thac04_hero`
[INFO] [stdout]   |
[INFO] [stdout]   = note: `#[warn(non_snake_case)]` on by default
[INFO] [stdout] 
[INFO] [stdout] 
[INFO] [stdout] warning: function `getThac04Monster` should have a snake case name
[INFO] [stdout]   --> src/thac0.rs:10:8
[INFO] [stdout]    |
[INFO] [stdout] 10 | pub fn getThac04Monster(monster_level: i32, monster_quality: MonsterQuality) -> i32 {
[INFO] [stdout]    |        ^^^^^^^^^^^^^^^^ help: convert the identifier to snake case: `get_thac04_monster`
[INFO] [stdout] 
[INFO] [stdout] 
[INFO] [stdout] warning: function `setUp` should have a snake case name
[INFO] [stdout]  --> src/simulator.rs:3:4
[INFO] [stdout]   |
[INFO] [stdout] 3 | fn setUp() -> (Hero, Monster){
[INFO] [stdout]   |    ^^^^^ help: convert the identifier to snake case: `set_up`
[INFO] [stdout] 
[INFO] [stdout] 
[INFO] [stdout] warning: constant `monster_level` should have an upper case name
[INFO] [stdout]   --> src/simulator.rs:14:11
[INFO] [stdout]    |
[INFO] [stdout] 14 |     const monster_level: i32 = 1;
[INFO] [stdout]    |           ^^^^^^^^^^^^^ help: convert the identifier to upper case: `MONSTER_LEVEL`
[INFO] [stdout]    |
[INFO] [stdout]    = note: `#[warn(non_upper_case_globals)]` on by default
[INFO] [stdout] 
[INFO] [stdout] 
[INFO] [stdout] warning: constant `monster_quality` should have an upper case name
[INFO] [stdout]   --> src/simulator.rs:15:11
[INFO] [stdout]    |
[INFO] [stdout] 15 |     const monster_quality: MonsterQuality = MonsterQuality::Normal;
[INFO] [stdout]    |           ^^^^^^^^^^^^^^^ help: convert the identifier to upper case: `MONSTER_QUALITY`
[INFO] [stdout] 
[INFO] [stdout] 
[INFO] [stdout] warning: 31 warnings emitted
[INFO] [stdout] 
[INFO] [stdout] 
[INFO] [stderr]     Finished dev [unoptimized + debuginfo] target(s) in 3.07s
[INFO] running `Command { std: "docker" "inspect" "d8b7d019b7bc852bb01697c4f2b848ac32add2089f966329d73af0b9a42f1f55", kill_on_drop: false }`
[INFO] running `Command { std: "docker" "rm" "-f" "d8b7d019b7bc852bb01697c4f2b848ac32add2089f966329d73af0b9a42f1f55", kill_on_drop: false }`
[INFO] [stdout] d8b7d019b7bc852bb01697c4f2b848ac32add2089f966329d73af0b9a42f1f55
[INFO] running `Command { std: "docker" "create" "-v" "/var/lib/crater-agent-workspace/builds/worker-0-tc2/target:/opt/rustwide/target:rw,Z" "-v" "/var/lib/crater-agent-workspace/builds/worker-0-tc2/source:/opt/rustwide/workdir:ro,Z" "-v" "/var/lib/crater-agent-workspace/cargo-home:/opt/rustwide/cargo-home:ro,Z" "-v" "/var/lib/crater-agent-workspace/rustup-home:/opt/rustwide/rustup-home:ro,Z" "-e" "SOURCE_DIR=/opt/rustwide/workdir" "-e" "CARGO_TARGET_DIR=/opt/rustwide/target" "-e" "CARGO_INCREMENTAL=0" "-e" "RUST_BACKTRACE=full" "-e" "RUSTFLAGS=--cap-lints=warn" "-e" "RUSTDOCFLAGS=--cap-lints=warn" "-e" "CARGO_HOME=/opt/rustwide/cargo-home" "-e" "RUSTUP_HOME=/opt/rustwide/rustup-home" "-w" "/opt/rustwide/workdir" "-m" "1610612736" "--user" "0:0" "--network" "none" "ghcr.io/rust-lang/crates-build-env/linux@sha256:2788e3201cd34a07e3172128adcd8b3090168a8e3bcc40d7c032b9dda1df7d1c" "/opt/rustwide/cargo-home/bin/cargo" "+beta-2023-12-22" "test" "--frozen" "--no-run" "--message-format=json", kill_on_drop: false }`
[INFO] [stdout] e1eafc6164746c12f362dd9da447d3bff3e6610f7902f890439a1c04e174b7f1
[INFO] running `Command { std: "docker" "start" "-a" "e1eafc6164746c12f362dd9da447d3bff3e6610f7902f890439a1c04e174b7f1", kill_on_drop: false }`
[INFO] [stderr]    Compiling heroes v0.1.0 (/opt/rustwide/workdir)
[INFO] [stdout] warning: unused import: `fist`
[INFO] [stdout]  --> src/monsters.rs:1:44
[INFO] [stdout]   |
[INFO] [stdout] 1 | use crate::{weapons::{Weapon, make_dagger, fist}, mobs::Mob};
[INFO] [stdout]   |                                            ^^^^
[INFO] [stdout]   |
[INFO] [stdout]   = note: `#[warn(unused_imports)]` on by default
[INFO] [stdout] 
[INFO] [stdout] 
[INFO] [stdout] warning: unused import: `mobs::Mob`
[INFO] [stdout]  --> src/combat.rs:1:27
[INFO] [stdout]   |
[INFO] [stdout] 1 | use crate::{heroes::Hero, mobs::Mob, weapons::{make_dagger, make_sword}, monsters::Monster};
[INFO] [stdout]   |                           ^^^^^^^^^
[INFO] [stdout] 
[INFO] [stdout] 
[INFO] [stdout] warning: unused variable: `mob`
[INFO] [stdout]   --> src/mobs.rs:76:9
[INFO] [stdout]    |
[INFO] [stdout] 76 |     let mob = Mob::builder()
[INFO] [stdout]    |         ^^^ help: if this is intentional, prefix it with an underscore: `_mob`
[INFO] [stdout]    |
[INFO] [stdout]    = note: `#[warn(unused_variables)]` on by default
[INFO] [stdout] 
[INFO] [stdout] 
[INFO] [stdout] warning: unused variable: `i`
[INFO] [stdout]   --> src/combat.rs:41:9
[INFO] [stdout]    |
[INFO] [stdout] 41 |     for i in 0..STEPS {
[INFO] [stdout]    |         ^ help: if this is intentional, prefix it with an underscore: `_i`
[INFO] [stdout] 
[INFO] [stdout] 
[INFO] [stdout] warning: variable does not need to be mutable
[INFO] [stdout]  --> src/simulator.rs:5:9
[INFO] [stdout]   |
[INFO] [stdout] 5 |     let mut hero = Hero::builder()
[INFO] [stdout]   |         ----^^^^
[INFO] [stdout]   |         |
[INFO] [stdout]   |         help: remove this `mut`
[INFO] [stdout]   |
[INFO] [stdout]   = note: `#[warn(unused_mut)]` on by default
[INFO] [stdout] 
[INFO] [stdout] 
[INFO] [stdout] warning: variable does not need to be mutable
[INFO] [stdout]   --> src/simulator.rs:17:9
[INFO] [stdout]    |
[INFO] [stdout] 17 |     let mut goblin = Monster::builder()
[INFO] [stdout]    |         ----^^^^^^
[INFO] [stdout]    |         |
[INFO] [stdout]    |         help: remove this `mut`
[INFO] [stdout] 
[INFO] [stdout] 
[INFO] [stdout] warning: variants `Rookie`, `Special`, and `Elite` are never constructed
[INFO] [stdout]  --> src/monsters.rs:5:5
[INFO] [stdout]   |
[INFO] [stdout] 4 | pub enum MonsterQuality {
[INFO] [stdout]   |          -------------- variants in this enum
[INFO] [stdout] 5 |     Rookie = 0,
[INFO] [stdout]   |     ^^^^^^
[INFO] [stdout] ...
[INFO] [stdout] 8 |     Special,
[INFO] [stdout]   |     ^^^^^^^
[INFO] [stdout] 9 |     Elite
[INFO] [stdout]   |     ^^^^^
[INFO] [stdout]   |
[INFO] [stdout]   = note: `MonsterQuality` has derived impls for the traits `Clone` and `Debug`, but these are intentionally ignored during dead code analysis
[INFO] [stdout]   = note: `#[warn(dead_code)]` on by default
[INFO] [stdout] 
[INFO] [stdout] 
[INFO] [stdout] warning: variant `VeryFast` is never constructed
[INFO] [stdout]   --> src/weapons.rs:16:5
[INFO] [stdout]    |
[INFO] [stdout] 11 | pub enum WeaponVelocity {
[INFO] [stdout]    |          -------------- variant in this enum
[INFO] [stdout] ...
[INFO] [stdout] 16 |     VeryFast
[INFO] [stdout]    |     ^^^^^^^^
[INFO] [stdout]    |
[INFO] [stdout]    = note: `WeaponVelocity` has derived impls for the traits `Debug` and `Clone`, but these are intentionally ignored during dead code analysis
[INFO] [stdout] 
[INFO] [stdout] 
[INFO] [stdout] warning: function `make_flail` is never used
[INFO] [stdout]   --> src/weapons.rs:38:8
[INFO] [stdout]    |
[INFO] [stdout] 38 | pub fn make_flail() -> Weapon {
[INFO] [stdout]    |        ^^^^^^^^^^
[INFO] [stdout] 
[INFO] [stdout] 
[INFO] [stdout] warning: function `make_cross_bow` is never used
[INFO] [stdout]   --> src/weapons.rs:47:8
[INFO] [stdout]    |
[INFO] [stdout] 47 | pub fn make_cross_bow() -> Weapon {
[INFO] [stdout]    |        ^^^^^^^^^^^^^^
[INFO] [stdout] 
[INFO] [stdout] 
[INFO] [stdout] warning: function `getThac04Hero` should have a snake case name
[INFO] [stdout]  --> src/thac0.rs:5:8
[INFO] [stdout]   |
[INFO] [stdout] 5 | pub fn getThac04Hero(hero_level: i32) -> i32 {
[INFO] [stdout]   |        ^^^^^^^^^^^^^ help: convert the identifier to snake case: `get_thac04_hero`
[INFO] [stdout]   |
[INFO] [stdout]   = note: `#[warn(non_snake_case)]` on by default
[INFO] [stdout] 
[INFO] [stdout] 
[INFO] [stdout] warning: function `getThac04Monster` should have a snake case name
[INFO] [stdout]   --> src/thac0.rs:10:8
[INFO] [stdout]    |
[INFO] [stdout] 10 | pub fn getThac04Monster(monster_level: i32, monster_quality: MonsterQuality) -> i32 {
[INFO] [stdout]    |        ^^^^^^^^^^^^^^^^ help: convert the identifier to snake case: `get_thac04_monster`
[INFO] [stdout] 
[INFO] [stdout] 
[INFO] [stdout] warning: function `setUp` should have a snake case name
[INFO] [stdout]  --> src/simulator.rs:3:4
[INFO] [stdout]   |
[INFO] [stdout] 3 | fn setUp() -> (Hero, Monster){
[INFO] [stdout]   |    ^^^^^ help: convert the identifier to snake case: `set_up`
[INFO] [stdout] 
[INFO] [stdout] 
[INFO] [stdout] warning: constant `monster_level` should have an upper case name
[INFO] [stdout]   --> src/simulator.rs:14:11
[INFO] [stdout]    |
[INFO] [stdout] 14 |     const monster_level: i32 = 1;
[INFO] [stdout]    |           ^^^^^^^^^^^^^ help: convert the identifier to upper case: `MONSTER_LEVEL`
[INFO] [stdout]    |
[INFO] [stdout]    = note: `#[warn(non_upper_case_globals)]` on by default
[INFO] [stdout] 
[INFO] [stdout] 
[INFO] [stdout] warning: constant `monster_quality` should have an upper case name
[INFO] [stdout]   --> src/simulator.rs:15:11
[INFO] [stdout]    |
[INFO] [stdout] 15 |     const monster_quality: MonsterQuality = MonsterQuality::Normal;
[INFO] [stdout]    |           ^^^^^^^^^^^^^^^ help: convert the identifier to upper case: `MONSTER_QUALITY`
[INFO] [stdout] 
[INFO] [stdout] 
[INFO] [stdout] warning: 15 warnings emitted
[INFO] [stdout] 
[INFO] [stdout] 
[INFO] [stderr]     Finished test [unoptimized + debuginfo] target(s) in 0.57s
[INFO] running `Command { std: "docker" "inspect" "e1eafc6164746c12f362dd9da447d3bff3e6610f7902f890439a1c04e174b7f1", kill_on_drop: false }`
[INFO] running `Command { std: "docker" "rm" "-f" "e1eafc6164746c12f362dd9da447d3bff3e6610f7902f890439a1c04e174b7f1", kill_on_drop: false }`
[INFO] [stdout] e1eafc6164746c12f362dd9da447d3bff3e6610f7902f890439a1c04e174b7f1
[INFO] running `Command { std: "docker" "create" "-v" "/var/lib/crater-agent-workspace/builds/worker-0-tc2/target:/opt/rustwide/target:rw,Z" "-v" "/var/lib/crater-agent-workspace/builds/worker-0-tc2/source:/opt/rustwide/workdir:ro,Z" "-v" "/var/lib/crater-agent-workspace/cargo-home:/opt/rustwide/cargo-home:ro,Z" "-v" "/var/lib/crater-agent-workspace/rustup-home:/opt/rustwide/rustup-home:ro,Z" "-e" "SOURCE_DIR=/opt/rustwide/workdir" "-e" "CARGO_TARGET_DIR=/opt/rustwide/target" "-e" "CARGO_INCREMENTAL=0" "-e" "RUST_BACKTRACE=full" "-e" "RUSTFLAGS=--cap-lints=warn" "-e" "RUSTDOCFLAGS=--cap-lints=warn" "-e" "CARGO_HOME=/opt/rustwide/cargo-home" "-e" "RUSTUP_HOME=/opt/rustwide/rustup-home" "-w" "/opt/rustwide/workdir" "-m" "1610612736" "--user" "0:0" "--network" "none" "ghcr.io/rust-lang/crates-build-env/linux@sha256:2788e3201cd34a07e3172128adcd8b3090168a8e3bcc40d7c032b9dda1df7d1c" "/opt/rustwide/cargo-home/bin/cargo" "+beta-2023-12-22" "test" "--frozen", kill_on_drop: false }`
[INFO] [stdout] c6382e9923b8db0edb53f23d977167b1652a9bd9f6b0f527460cf3e130dda03e
[INFO] running `Command { std: "docker" "start" "-a" "c6382e9923b8db0edb53f23d977167b1652a9bd9f6b0f527460cf3e130dda03e", kill_on_drop: false }`
[INFO] [stderr] warning: unused import: `fist`
[INFO] [stderr]  --> src/monsters.rs:1:44
[INFO] [stderr]   |
[INFO] [stderr] 1 | use crate::{weapons::{Weapon, make_dagger, fist}, mobs::Mob};
[INFO] [stderr]   |                                            ^^^^
[INFO] [stderr]   |
[INFO] [stderr]   = note: `#[warn(unused_imports)]` on by default
[INFO] [stderr] 
[INFO] [stderr] warning: unused import: `mobs::Mob`
[INFO] [stderr]  --> src/combat.rs:1:27
[INFO] [stderr]   |
[INFO] [stderr] 1 | use crate::{heroes::Hero, mobs::Mob, weapons::{make_dagger, make_sword}, monsters::Monster};
[INFO] [stderr]   |                           ^^^^^^^^^
[INFO] [stderr] 
[INFO] [stderr] warning: unused variable: `mob`
[INFO] [stderr]   --> src/mobs.rs:76:9
[INFO] [stderr]    |
[INFO] [stderr] 76 |     let mob = Mob::builder()
[INFO] [stderr]    |         ^^^ help: if this is intentional, prefix it with an underscore: `_mob`
[INFO] [stderr]    |
[INFO] [stderr]    = note: `#[warn(unused_variables)]` on by default
[INFO] [stderr] 
[INFO] [stderr] warning: unused variable: `i`
[INFO] [stderr]   --> src/combat.rs:41:9
[INFO] [stderr]    |
[INFO] [stderr] 41 |     for i in 0..STEPS {
[INFO] [stderr]    |         ^ help: if this is intentional, prefix it with an underscore: `_i`
[INFO] [stderr] 
[INFO] [stderr] warning: variable does not need to be mutable
[INFO] [stderr]  --> src/simulator.rs:5:9
[INFO] [stderr]   |
[INFO] [stderr] 5 |     let mut hero = Hero::builder()
[INFO] [stderr]   |         ----^^^^
[INFO] [stderr]   |         |
[INFO] [stderr]   |         help: remove this `mut`
[INFO] [stderr]   |
[INFO] [stderr]   = note: `#[warn(unused_mut)]` on by default
[INFO] [stderr] 
[INFO] [stderr] warning: variable does not need to be mutable
[INFO] [stderr]   --> src/simulator.rs:17:9
[INFO] [stderr]    |
[INFO] [stderr] 17 |     let mut goblin = Monster::builder()
[INFO] [stderr]    |         ----^^^^^^
[INFO] [stderr]    |         |
[INFO] [stderr]    |         help: remove this `mut`
[INFO] [stderr] 
[INFO] [stderr] warning: variants `Rookie`, `Special`, and `Elite` are never constructed
[INFO] [stderr]  --> src/monsters.rs:5:5
[INFO] [stderr]   |
[INFO] [stderr] 4 | pub enum MonsterQuality {
[INFO] [stderr]   |          -------------- variants in this enum
[INFO] [stderr] 5 |     Rookie = 0,
[INFO] [stderr]   |     ^^^^^^
[INFO] [stderr] ...
[INFO] [stderr] 8 |     Special,
[INFO] [stderr]   |     ^^^^^^^
[INFO] [stderr] 9 |     Elite
[INFO] [stderr]   |     ^^^^^
[INFO] [stderr]   |
[INFO] [stderr]   = note: `MonsterQuality` has derived impls for the traits `Clone` and `Debug`, but these are intentionally ignored during dead code analysis
[INFO] [stderr]   = note: `#[warn(dead_code)]` on by default
[INFO] [stderr] 
[INFO] [stderr] warning: variant `VeryFast` is never constructed
[INFO] [stderr]   --> src/weapons.rs:16:5
[INFO] [stderr]    |
[INFO] [stderr] 11 | pub enum WeaponVelocity {
[INFO] [stderr]    |          -------------- variant in this enum
[INFO] [stderr] ...
[INFO] [stderr] 16 |     VeryFast
[INFO] [stderr]    |     ^^^^^^^^
[INFO] [stderr]    |
[INFO] [stderr]    = note: `WeaponVelocity` has derived impls for the traits `Debug` and `Clone`, but these are intentionally ignored during dead code analysis
[INFO] [stderr] 
[INFO] [stderr] warning: function `make_flail` is never used
[INFO] [stderr]   --> src/weapons.rs:38:8
[INFO] [stderr]    |
[INFO] [stderr] 38 | pub fn make_flail() -> Weapon {
[INFO] [stderr]    |        ^^^^^^^^^^
[INFO] [stderr] 
[INFO] [stderr] warning: function `make_cross_bow` is never used
[INFO] [stderr]   --> src/weapons.rs:47:8
[INFO] [stderr]    |
[INFO] [stderr] 47 | pub fn make_cross_bow() -> Weapon {
[INFO] [stderr]    |        ^^^^^^^^^^^^^^
[INFO] [stderr] 
[INFO] [stderr] warning: function `getThac04Hero` should have a snake case name
[INFO] [stderr]  --> src/thac0.rs:5:8
[INFO] [stderr]   |
[INFO] [stderr] 5 | pub fn getThac04Hero(hero_level: i32) -> i32 {
[INFO] [stderr]   |        ^^^^^^^^^^^^^ help: convert the identifier to snake case: `get_thac04_hero`
[INFO] [stderr]   |
[INFO] [stderr]   = note: `#[warn(non_snake_case)]` on by default
[INFO] [stderr] 
[INFO] [stderr] warning: function `getThac04Monster` should have a snake case name
[INFO] [stderr]   --> src/thac0.rs:10:8
[INFO] [stderr]    |
[INFO] [stderr] 10 | pub fn getThac04Monster(monster_level: i32, monster_quality: MonsterQuality) -> i32 {
[INFO] [stderr]    |        ^^^^^^^^^^^^^^^^ help: convert the identifier to snake case: `get_thac04_monster`
[INFO] [stderr] 
[INFO] [stderr] warning: function `setUp` should have a snake case name
[INFO] [stderr]  --> src/simulator.rs:3:4
[INFO] [stderr]   |
[INFO] [stderr] 3 | fn setUp() -> (Hero, Monster){
[INFO] [stderr]   |    ^^^^^ help: convert the identifier to snake case: `set_up`
[INFO] [stderr] 
[INFO] [stderr] warning: constant `monster_level` should have an upper case name
[INFO] [stderr]   --> src/simulator.rs:14:11
[INFO] [stderr]    |
[INFO] [stderr] 14 |     const monster_level: i32 = 1;
[INFO] [stderr]    |           ^^^^^^^^^^^^^ help: convert the identifier to upper case: `MONSTER_LEVEL`
[INFO] [stderr]    |
[INFO] [stderr]    = note: `#[warn(non_upper_case_globals)]` on by default
[INFO] [stderr] 
[INFO] [stderr] warning: constant `monster_quality` should have an upper case name
[INFO] [stderr]   --> src/simulator.rs:15:11
[INFO] [stderr]    |
[INFO] [stderr] 15 |     const monster_quality: MonsterQuality = MonsterQuality::Normal;
[INFO] [stderr]    |           ^^^^^^^^^^^^^^^ help: convert the identifier to upper case: `MONSTER_QUALITY`
[INFO] [stderr] 
[INFO] [stderr] warning: `heroes` (bin "heroes" test) generated 15 warnings (run `cargo fix --bin "heroes" --tests` to apply 6 suggestions)
[INFO] [stderr]     Finished test [unoptimized + debuginfo] target(s) in 0.02s
[INFO] [stderr]      Running unittests src/main.rs (/opt/rustwide/target/debug/deps/heroes-063c4dbb0edc3475)
[INFO] [stdout] 
[INFO] [stdout] running 7 tests
[INFO] [stdout] test monsters::mosters_eq_test ... ok
[INFO] [stdout] test mobs::mobs_eq_test ... ok
[INFO] [stdout] test heroes::builder_test ... ok
[INFO] [stdout] test combat::sumulate_combat ... ok
[INFO] [stdout] test combat::attack_test1 ... ok
[INFO] [stdout] test mobs::thac0_eq_test ... ok
[INFO] [stdout] test simulator::scen_0000 ... FAILED
[INFO] [stdout] 
[INFO] [stdout] failures:
[INFO] [stdout] 
[INFO] [stdout] ---- simulator::scen_0000 stdout ----
[INFO] [stdout] mixa mixa
[INFO] [stdout] thread 'simulator::scen_0000' panicked at /opt/rustwide/cargo-home/registry/src/index.crates.io-6f17d22bba15001f/rand-0.8.5/src/rng.rs:134:9:
[INFO] [stdout] cannot sample empty range
[INFO] [stdout] stack backtrace:
[INFO] [stdout]    0:     0x557602286cc6 - std::backtrace_rs::backtrace::libunwind::trace::h261606ad26a499c1
[INFO] [stdout]                                at /rustc/0e09125c6c3c2fd70d7de961bcf0e51575235fad/library/std/src/../../backtrace/src/backtrace/libunwind.rs:104:5
[INFO] [stdout]    1:     0x557602286cc6 - std::backtrace_rs::backtrace::trace_unsynchronized::hd183f0625477fb28
[INFO] [stdout]                                at /rustc/0e09125c6c3c2fd70d7de961bcf0e51575235fad/library/std/src/../../backtrace/src/backtrace/mod.rs:66:5
[INFO] [stdout]    2:     0x557602286cc6 - std::sys_common::backtrace::_print_fmt::hd7f8fef21b4eda67
[INFO] [stdout]                                at /rustc/0e09125c6c3c2fd70d7de961bcf0e51575235fad/library/std/src/sys_common/backtrace.rs:68:5
[INFO] [stdout]    3:     0x557602286cc6 - <std::sys_common::backtrace::_print::DisplayBacktrace as core::fmt::Display>::fmt::h623d9b51f2f453f1
[INFO] [stdout]                                at /rustc/0e09125c6c3c2fd70d7de961bcf0e51575235fad/library/std/src/sys_common/backtrace.rs:44:22
[INFO] [stdout]    4:     0x5576022afb50 - core::fmt::rt::Argument::fmt::h9f417ac76a86f368
[INFO] [stdout]                                at /rustc/0e09125c6c3c2fd70d7de961bcf0e51575235fad/library/core/src/fmt/rt.rs:142:9
[INFO] [stdout]    5:     0x5576022afb50 - core::fmt::write::hc9b6faf4ac2aeff7
[INFO] [stdout]                                at /rustc/0e09125c6c3c2fd70d7de961bcf0e51575235fad/library/core/src/fmt/mod.rs:1120:17
[INFO] [stdout]    6:     0x55760228472f - std::io::Write::write_fmt::he04625a3a989fec3
[INFO] [stdout]                                at /rustc/0e09125c6c3c2fd70d7de961bcf0e51575235fad/library/std/src/io/mod.rs:1810:15
[INFO] [stdout]    7:     0x557602286aa4 - std::sys_common::backtrace::_print::hd5d66399c7df88a2
[INFO] [stdout]                                at /rustc/0e09125c6c3c2fd70d7de961bcf0e51575235fad/library/std/src/sys_common/backtrace.rs:47:5
[INFO] [stdout]    8:     0x557602286aa4 - std::sys_common::backtrace::print::he81ed2da642d37e5
[INFO] [stdout]                                at /rustc/0e09125c6c3c2fd70d7de961bcf0e51575235fad/library/std/src/sys_common/backtrace.rs:34:9
[INFO] [stdout]    9:     0x557602288817 - std::panicking::default_hook::{{closure}}::h85773f4fa117163d
[INFO] [stdout]   10:     0x5576022884fd - std::panicking::default_hook::h6a1694a91d09b278
[INFO] [stdout]                                at /rustc/0e09125c6c3c2fd70d7de961bcf0e51575235fad/library/std/src/panicking.rs:289:9
[INFO] [stdout]   11:     0x55760221dac7 - <alloc::boxed::Box<F,A> as core::ops::function::Fn<Args>>::call::h616ac37fa3cd6c8f
[INFO] [stdout]                                at /rustc/0e09125c6c3c2fd70d7de961bcf0e51575235fad/library/alloc/src/boxed.rs:2029:9
[INFO] [stdout]   12:     0x55760221dac7 - test::test_main::{{closure}}::h00d84697cefdcbb6
[INFO] [stdout]                                at /rustc/0e09125c6c3c2fd70d7de961bcf0e51575235fad/library/test/src/lib.rs:138:21
[INFO] [stdout]   13:     0x557602288e36 - <alloc::boxed::Box<F,A> as core::ops::function::Fn<Args>>::call::hcb3fe3b9bb537ba8
[INFO] [stdout]                                at /rustc/0e09125c6c3c2fd70d7de961bcf0e51575235fad/library/alloc/src/boxed.rs:2029:9
[INFO] [stdout]   14:     0x557602288e36 - std::panicking::rust_panic_with_hook::h0a7ad96e90f7145b
[INFO] [stdout]                                at /rustc/0e09125c6c3c2fd70d7de961bcf0e51575235fad/library/std/src/panicking.rs:783:13
[INFO] [stdout]   15:     0x557602288b49 - std::panicking::begin_panic_handler::{{closure}}::h7919090525c6485e
[INFO] [stdout]                                at /rustc/0e09125c6c3c2fd70d7de961bcf0e51575235fad/library/std/src/panicking.rs:649:13
[INFO] [stdout]   16:     0x5576022871c6 - std::sys_common::backtrace::__rust_end_short_backtrace::hf3289479464f7dfe
[INFO] [stdout]                                at /rustc/0e09125c6c3c2fd70d7de961bcf0e51575235fad/library/std/src/sys_common/backtrace.rs:171:18
[INFO] [stdout]   17:     0x5576022888e0 - rust_begin_unwind
[INFO] [stdout]                                at /rustc/0e09125c6c3c2fd70d7de961bcf0e51575235fad/library/std/src/panicking.rs:645:5
[INFO] [stdout]   18:     0x5576021e0135 - core::panicking::panic_fmt::hcc9f77c5c132af55
[INFO] [stdout]                                at /rustc/0e09125c6c3c2fd70d7de961bcf0e51575235fad/library/core/src/panicking.rs:72:14
[INFO] [stdout]   19:     0x5576021e01f3 - core::panicking::panic::h5a1259c1164bd480
[INFO] [stdout]                                at /rustc/0e09125c6c3c2fd70d7de961bcf0e51575235fad/library/core/src/panicking.rs:144:5
[INFO] [stdout]   20:     0x5576021e2102 - rand::rng::Rng::gen_range::hd0888ad53f21d386
[INFO] [stdout]                                at /opt/rustwide/cargo-home/registry/src/index.crates.io-6f17d22bba15001f/rand-0.8.5/src/rng.rs:134:9
[INFO] [stdout]   21:     0x5576021e8154 - heroes::combat::roll_dice::h61fbaeb60373c467
[INFO] [stdout]                                at /opt/rustwide/workdir/src/combat.rs:20:5
[INFO] [stdout]   22:     0x5576021e809a - heroes::combat::hero_attacks::h3af3f9acde217ea9
[INFO] [stdout]                                at /opt/rustwide/workdir/src/combat.rs:8:9
[INFO] [stdout]   23:     0x5576021e853a - heroes::combat::simulate::h1b4a8b0bf4562ba4
[INFO] [stdout]                                at /opt/rustwide/workdir/src/combat.rs:46:13
[INFO] [stdout]   24:     0x5576021e5d43 - heroes::simulator::scen_0000::h084ca1c453f3fe23
[INFO] [stdout]                                at /opt/rustwide/workdir/src/simulator.rs:35:5
[INFO] [stdout]   25:     0x5576021e5c37 - heroes::simulator::scen_0000::{{closure}}::hb3c30b0650ba484f
[INFO] [stdout]                                at /opt/rustwide/workdir/src/simulator.rs:32:15
[INFO] [stdout]   26:     0x5576021e1716 - core::ops::function::FnOnce::call_once::hd31071ed70369ebb
[INFO] [stdout]                                at /rustc/0e09125c6c3c2fd70d7de961bcf0e51575235fad/library/core/src/ops/function.rs:250:5
[INFO] [stdout]   27:     0x55760222339f - core::ops::function::FnOnce::call_once::hd64d26f405258157
[INFO] [stdout]                                at /rustc/0e09125c6c3c2fd70d7de961bcf0e51575235fad/library/core/src/ops/function.rs:250:5
[INFO] [stdout]   28:     0x55760222339f - test::__rust_begin_short_backtrace::he21b0b7a6d731bf9
[INFO] [stdout]                                at /rustc/0e09125c6c3c2fd70d7de961bcf0e51575235fad/library/test/src/lib.rs:627:18
[INFO] [stdout]   29:     0x557602222121 - test::run_test_in_process::{{closure}}::hf5c73986d7bdfde2
[INFO] [stdout]                                at /rustc/0e09125c6c3c2fd70d7de961bcf0e51575235fad/library/test/src/lib.rs:650:60
[INFO] [stdout]   30:     0x557602222121 - <core::panic::unwind_safe::AssertUnwindSafe<F> as core::ops::function::FnOnce<()>>::call_once::h330011ad032aadc0
[INFO] [stdout]                                at /rustc/0e09125c6c3c2fd70d7de961bcf0e51575235fad/library/core/src/panic/unwind_safe.rs:272:9
[INFO] [stdout]   31:     0x557602222121 - std::panicking::try::do_call::he61b0a958b795a41
[INFO] [stdout]                                at /rustc/0e09125c6c3c2fd70d7de961bcf0e51575235fad/library/std/src/panicking.rs:552:40
[INFO] [stdout]   32:     0x557602222121 - std::panicking::try::h7309da130f906eb7
[INFO] [stdout]                                at /rustc/0e09125c6c3c2fd70d7de961bcf0e51575235fad/library/std/src/panicking.rs:516:19
[INFO] [stdout]   33:     0x557602222121 - std::panic::catch_unwind::hc5c3a06fdaf0a92a
[INFO] [stdout]                                at /rustc/0e09125c6c3c2fd70d7de961bcf0e51575235fad/library/std/src/panic.rs:142:14
[INFO] [stdout]   34:     0x557602222121 - test::run_test_in_process::h7e7b7c71c3324e0f
[INFO] [stdout]                                at /rustc/0e09125c6c3c2fd70d7de961bcf0e51575235fad/library/test/src/lib.rs:650:27
[INFO] [stdout]   35:     0x557602222121 - test::run_test::{{closure}}::h1f509f28f5cf20b1
[INFO] [stdout]                                at /rustc/0e09125c6c3c2fd70d7de961bcf0e51575235fad/library/test/src/lib.rs:573:43
[INFO] [stdout]   36:     0x5576021e9456 - test::run_test::{{closure}}::h1754218abf443f6d
[INFO] [stdout]                                at /rustc/0e09125c6c3c2fd70d7de961bcf0e51575235fad/library/test/src/lib.rs:601:41
[INFO] [stdout]   37:     0x5576021e9456 - std::sys_common::backtrace::__rust_begin_short_backtrace::h2ee174b9d5954948
[INFO] [stdout]                                at /rustc/0e09125c6c3c2fd70d7de961bcf0e51575235fad/library/std/src/sys_common/backtrace.rs:155:18
[INFO] [stdout]   38:     0x5576021ee4b7 - std::thread::Builder::spawn_unchecked_::{{closure}}::{{closure}}::hf60bee9c1a17ef09
[INFO] [stdout]                                at /rustc/0e09125c6c3c2fd70d7de961bcf0e51575235fad/library/std/src/thread/mod.rs:529:17
[INFO] [stdout]   39:     0x5576021ee4b7 - <core::panic::unwind_safe::AssertUnwindSafe<F> as core::ops::function::FnOnce<()>>::call_once::h33d0dddec5216160
[INFO] [stdout]                                at /rustc/0e09125c6c3c2fd70d7de961bcf0e51575235fad/library/core/src/panic/unwind_safe.rs:272:9
[INFO] [stdout]   40:     0x5576021ee4b7 - std::panicking::try::do_call::h144b3048b546f835
[INFO] [stdout]                                at /rustc/0e09125c6c3c2fd70d7de961bcf0e51575235fad/library/std/src/panicking.rs:552:40
[INFO] [stdout]   41:     0x5576021ee4b7 - std::panicking::try::h978244d04646189f
[INFO] [stdout]                                at /rustc/0e09125c6c3c2fd70d7de961bcf0e51575235fad/library/std/src/panicking.rs:516:19
[INFO] [stdout]   42:     0x5576021ee4b7 - std::panic::catch_unwind::hdf436369d188fe86
[INFO] [stdout]                                at /rustc/0e09125c6c3c2fd70d7de961bcf0e51575235fad/library/std/src/panic.rs:142:14
[INFO] [stdout]   43:     0x5576021ee4b7 - std::thread::Builder::spawn_unchecked_::{{closure}}::h87329cbdd33c79ec
[INFO] [stdout]                                at /rustc/0e09125c6c3c2fd70d7de961bcf0e51575235fad/library/std/src/thread/mod.rs:528:30
[INFO] [stdout]   44:     0x5576021ee4b7 - core::ops::function::FnOnce::call_once{{vtable.shim}}::h401abbe67897d450
[INFO] [stdout]                                at /rustc/0e09125c6c3c2fd70d7de961bcf0e51575235fad/library/core/src/ops/function.rs:250:5
[INFO] [stdout]   45:     0x55760228d8e5 - <alloc::boxed::Box<F,A> as core::ops::function::FnOnce<Args>>::call_once::h5d7c8f150ab9c84c
[INFO] [stdout]                                at /rustc/0e09125c6c3c2fd70d7de961bcf0e51575235fad/library/alloc/src/boxed.rs:2015:9
[INFO] [stdout]   46:     0x55760228d8e5 - <alloc::boxed::Box<F,A> as core::ops::function::FnOnce<Args>>::call_once::h570d5b005c242c15
[INFO] [stdout]                                at /rustc/0e09125c6c3c2fd70d7de961bcf0e51575235fad/library/alloc/src/boxed.rs:2015:9
[INFO] [stdout]   47:     0x55760228d8e5 - std::sys::unix::thread::Thread::new::thread_start::h36b0a20c0b2361ad
[INFO] [stdout]                                at /rustc/0e09125c6c3c2fd70d7de961bcf0e51575235fad/library/std/src/sys/unix/thread.rs:108:17
[INFO] [stdout]   48:     0x7f28a4c79ac3 - <unknown>
[INFO] [stdout]   49:     0x7f28a4d0abf4 - __clone
[INFO] [stdout]   50:                0x0 - <unknown>
[INFO] [stdout] 
[INFO] [stdout] 
[INFO] [stdout] failures:
[INFO] [stdout]     simulator::scen_0000
[INFO] [stdout] 
[INFO] [stdout] test result: FAILED. 6 passed; 1 failed; 0 ignored; 0 measured; 0 filtered out; finished in 0.03s
[INFO] [stdout] 
[INFO] [stderr] error: test failed, to rerun pass `--bin heroes`
[INFO] running `Command { std: "docker" "inspect" "c6382e9923b8db0edb53f23d977167b1652a9bd9f6b0f527460cf3e130dda03e", kill_on_drop: false }`
[INFO] running `Command { std: "docker" "rm" "-f" "c6382e9923b8db0edb53f23d977167b1652a9bd9f6b0f527460cf3e130dda03e", kill_on_drop: false }`
[INFO] [stdout] c6382e9923b8db0edb53f23d977167b1652a9bd9f6b0f527460cf3e130dda03e
