[INFO] cloning repository https://github.com/tegramosx/telegram-bot-api
[INFO] running `Command { std: "git" "-c" "credential.helper=" "-c" "credential.helper=/workspace/cargo-home/bin/git-credential-null" "clone" "--bare" "https://github.com/tegramosx/telegram-bot-api" "/workspace/cache/git-repos/https%3A%2F%2Fgithub.com%2Ftegramosx%2Ftelegram-bot-api", kill_on_drop: false }`
[INFO] [stderr] Cloning into bare repository '/workspace/cache/git-repos/https%3A%2F%2Fgithub.com%2Ftegramosx%2Ftelegram-bot-api'...
[INFO] running `Command { std: "git" "rev-parse" "HEAD", kill_on_drop: false }`
[INFO] [stdout] 609502b7af55877b552c3963587f7ddf2c248543
[INFO] testing tegramosx/telegram-bot-api against 1.75.0 for beta-1.76-1
[INFO] running `Command { std: "git" "clone" "/workspace/cache/git-repos/https%3A%2F%2Fgithub.com%2Ftegramosx%2Ftelegram-bot-api" "/workspace/builds/worker-2-tc1/source", kill_on_drop: false }`
[INFO] [stderr] Cloning into '/workspace/builds/worker-2-tc1/source'...
[INFO] [stderr] done.
[INFO] validating manifest of git repo https://github.com/tegramosx/telegram-bot-api on toolchain 1.75.0
[INFO] running `Command { std: CARGO_HOME="/workspace/cargo-home" RUSTUP_HOME="/workspace/rustup-home" "/workspace/cargo-home/bin/cargo" "+1.75.0" "metadata" "--manifest-path" "Cargo.toml" "--no-deps", kill_on_drop: false }`
[INFO] started tweaking git repo https://github.com/tegramosx/telegram-bot-api
[INFO] finished tweaking git repo https://github.com/tegramosx/telegram-bot-api
[INFO] tweaked toml for git repo https://github.com/tegramosx/telegram-bot-api written to /workspace/builds/worker-2-tc1/source/Cargo.toml
[INFO] crate git repo https://github.com/tegramosx/telegram-bot-api already has a lockfile, it will not be regenerated
[INFO] running `Command { std: CARGO_HOME="/workspace/cargo-home" RUSTUP_HOME="/workspace/rustup-home" "/workspace/cargo-home/bin/cargo" "+1.75.0" "fetch" "--manifest-path" "Cargo.toml", kill_on_drop: false }`
[INFO] running `Command { std: "docker" "create" "-v" "/var/lib/crater-agent-workspace/builds/worker-2-tc1/target:/opt/rustwide/target:rw,Z" "-v" "/var/lib/crater-agent-workspace/builds/worker-2-tc1/source:/opt/rustwide/workdir:ro,Z" "-v" "/var/lib/crater-agent-workspace/cargo-home:/opt/rustwide/cargo-home:ro,Z" "-v" "/var/lib/crater-agent-workspace/rustup-home:/opt/rustwide/rustup-home:ro,Z" "-e" "SOURCE_DIR=/opt/rustwide/workdir" "-e" "CARGO_TARGET_DIR=/opt/rustwide/target" "-e" "CARGO_HOME=/opt/rustwide/cargo-home" "-e" "RUSTUP_HOME=/opt/rustwide/rustup-home" "-w" "/opt/rustwide/workdir" "-m" "1610612736" "--user" "0:0" "--network" "none" "ghcr.io/rust-lang/crates-build-env/linux@sha256:2788e3201cd34a07e3172128adcd8b3090168a8e3bcc40d7c032b9dda1df7d1c" "/opt/rustwide/cargo-home/bin/cargo" "+1.75.0" "metadata" "--no-deps" "--format-version=1", kill_on_drop: false }`
[INFO] [stdout] 2b33d13b8e4cf1563eb1575dad3a5dd3041560365bad6f93f78c2d1941516617
[INFO] running `Command { std: "docker" "start" "-a" "2b33d13b8e4cf1563eb1575dad3a5dd3041560365bad6f93f78c2d1941516617", kill_on_drop: false }`
[INFO] running `Command { std: "docker" "inspect" "2b33d13b8e4cf1563eb1575dad3a5dd3041560365bad6f93f78c2d1941516617", kill_on_drop: false }`
[INFO] running `Command { std: "docker" "rm" "-f" "2b33d13b8e4cf1563eb1575dad3a5dd3041560365bad6f93f78c2d1941516617", kill_on_drop: false }`
[INFO] [stdout] 2b33d13b8e4cf1563eb1575dad3a5dd3041560365bad6f93f78c2d1941516617
[INFO] running `Command { std: "docker" "create" "-v" "/var/lib/crater-agent-workspace/builds/worker-2-tc1/target:/opt/rustwide/target:rw,Z" "-v" "/var/lib/crater-agent-workspace/builds/worker-2-tc1/source:/opt/rustwide/workdir:ro,Z" "-v" "/var/lib/crater-agent-workspace/cargo-home:/opt/rustwide/cargo-home:ro,Z" "-v" "/var/lib/crater-agent-workspace/rustup-home:/opt/rustwide/rustup-home:ro,Z" "-e" "SOURCE_DIR=/opt/rustwide/workdir" "-e" "CARGO_TARGET_DIR=/opt/rustwide/target" "-e" "CARGO_INCREMENTAL=0" "-e" "RUST_BACKTRACE=full" "-e" "RUSTFLAGS=--cap-lints=warn" "-e" "RUSTDOCFLAGS=--cap-lints=warn" "-e" "CARGO_HOME=/opt/rustwide/cargo-home" "-e" "RUSTUP_HOME=/opt/rustwide/rustup-home" "-w" "/opt/rustwide/workdir" "-m" "1610612736" "--user" "0:0" "--network" "none" "ghcr.io/rust-lang/crates-build-env/linux@sha256:2788e3201cd34a07e3172128adcd8b3090168a8e3bcc40d7c032b9dda1df7d1c" "/opt/rustwide/cargo-home/bin/cargo" "+1.75.0" "build" "--frozen" "--message-format=json", kill_on_drop: false }`
[INFO] [stdout] 24b2e0705908825b498e2170ff5471887bb9d13f255460808937e3d917135659
[INFO] running `Command { std: "docker" "start" "-a" "24b2e0705908825b498e2170ff5471887bb9d13f255460808937e3d917135659", kill_on_drop: false }`
[INFO] [stderr]    Compiling proc-macro2 v1.0.46
[INFO] [stderr]    Compiling libc v0.2.134
[INFO] [stderr]    Compiling quote v1.0.21
[INFO] [stderr]    Compiling unicode-ident v1.0.4
[INFO] [stderr]    Compiling syn v1.0.101
[INFO] [stderr]    Compiling log v0.4.17
[INFO] [stderr]    Compiling lock_api v0.4.9
[INFO] [stderr]    Compiling pin-project-lite v0.2.9
[INFO] [stderr]    Compiling pkg-config v0.3.25
[INFO] [stderr]    Compiling parking_lot_core v0.9.3
[INFO] [stderr]    Compiling once_cell v1.15.0
[INFO] [stderr]    Compiling cc v1.0.73
[INFO] [stderr]    Compiling smallvec v1.9.0
[INFO] [stderr]    Compiling futures-core v0.3.24
[INFO] [stderr]    Compiling bytes v1.2.1
[INFO] [stderr]    Compiling memchr v2.5.0
[INFO] [stderr]    Compiling tokio v1.21.2
[INFO] [stderr]    Compiling itoa v1.0.3
[INFO] [stderr]    Compiling socket2 v0.4.7
[INFO] [stderr]    Compiling signal-hook-registry v1.4.0
[INFO] [stderr]    Compiling num_cpus v1.13.1
[INFO] [stderr]    Compiling mio v0.8.4
[INFO] [stderr]    Compiling parking_lot v0.12.1
[INFO] [stderr]    Compiling futures-task v0.3.24
[INFO] [stderr]    Compiling unicase v2.6.0
[INFO] [stderr]    Compiling tracing-core v0.1.29
[INFO] [stderr]    Compiling openssl-sys v0.9.76
[INFO] [stderr]    Compiling indexmap v1.9.1
[INFO] [stderr]    Compiling slab v0.4.7
[INFO] [stderr]    Compiling futures-util v0.3.24
[INFO] [stderr]    Compiling serde_derive v1.0.145
[INFO] [stderr]    Compiling foreign-types-shared v0.1.1
[INFO] [stderr]    Compiling openssl v0.10.42
[INFO] [stderr]    Compiling fnv v1.0.7
[INFO] [stderr]    Compiling http v0.2.8
[INFO] [stderr]    Compiling foreign-types v0.3.2
[INFO] [stderr]    Compiling tracing v0.1.36
[INFO] [stderr]    Compiling httparse v1.8.0
[INFO] [stderr]    Compiling pin-utils v0.1.0
[INFO] [stderr]    Compiling native-tls v0.2.10
[INFO] [stderr]    Compiling tinyvec_macros v0.1.0
[INFO] [stderr]    Compiling futures-channel v0.3.24
[INFO] [stderr]    Compiling serde v1.0.145
[INFO] [stderr]    Compiling futures-sink v0.3.24
[INFO] [stderr]    Compiling tinyvec v1.6.0
[INFO] [stderr]    Compiling percent-encoding v2.2.0
[INFO] [stderr]    Compiling openssl-probe v0.1.5
[INFO] [stderr]    Compiling try-lock v0.2.3
[INFO] [stderr]    Compiling want v0.3.0
[INFO] [stderr]    Compiling form_urlencoded v1.1.0
[INFO] [stderr]    Compiling mime_guess v2.0.4
[INFO] [stderr]    Compiling http-body v0.4.5
[INFO] [stderr]    Compiling serde_json v1.0.85
[INFO] [stderr]    Compiling ryu v1.0.11
[INFO] [stderr]    Compiling unicode-bidi v0.3.8
[INFO] [stderr]    Compiling unicode-normalization v0.1.22
[INFO] [stderr]    Compiling encoding_rs v0.8.31
[INFO] [stderr]    Compiling tower-service v0.3.2
[INFO] [stderr]    Compiling httpdate v1.0.2
[INFO] [stderr]    Compiling mime v0.3.16
[INFO] [stderr]    Compiling base64 v0.13.0
[INFO] [stderr]    Compiling ipnet v2.5.0
[INFO] [stderr]    Compiling idna v0.3.0
[INFO] [stderr]    Compiling url v2.3.1
[INFO] [stderr]    Compiling tokio-macros v1.8.0
[INFO] [stderr]    Compiling openssl-macros v0.1.0
[INFO] [stderr]    Compiling tokio-util v0.7.4
[INFO] [stderr]    Compiling tokio-native-tls v0.3.0
[INFO] [stderr]    Compiling serde_urlencoded v0.7.1
[INFO] [stderr]    Compiling h2 v0.3.14
[INFO] [stderr]    Compiling hyper v0.14.20
[INFO] [stderr]    Compiling hyper-tls v0.5.0
[INFO] [stderr]    Compiling reqwest v0.11.12
[INFO] [stderr]    Compiling telegram-bot-api v0.1.2 (/opt/rustwide/workdir)
[INFO] [stderr]     Finished dev [unoptimized + debuginfo] target(s) in 30.20s
[INFO] running `Command { std: "docker" "inspect" "24b2e0705908825b498e2170ff5471887bb9d13f255460808937e3d917135659", kill_on_drop: false }`
[INFO] running `Command { std: "docker" "rm" "-f" "24b2e0705908825b498e2170ff5471887bb9d13f255460808937e3d917135659", kill_on_drop: false }`
[INFO] [stdout] 24b2e0705908825b498e2170ff5471887bb9d13f255460808937e3d917135659
[INFO] running `Command { std: "docker" "create" "-v" "/var/lib/crater-agent-workspace/builds/worker-2-tc1/target:/opt/rustwide/target:rw,Z" "-v" "/var/lib/crater-agent-workspace/builds/worker-2-tc1/source:/opt/rustwide/workdir:ro,Z" "-v" "/var/lib/crater-agent-workspace/cargo-home:/opt/rustwide/cargo-home:ro,Z" "-v" "/var/lib/crater-agent-workspace/rustup-home:/opt/rustwide/rustup-home:ro,Z" "-e" "SOURCE_DIR=/opt/rustwide/workdir" "-e" "CARGO_TARGET_DIR=/opt/rustwide/target" "-e" "CARGO_INCREMENTAL=0" "-e" "RUST_BACKTRACE=full" "-e" "RUSTFLAGS=--cap-lints=warn" "-e" "RUSTDOCFLAGS=--cap-lints=warn" "-e" "CARGO_HOME=/opt/rustwide/cargo-home" "-e" "RUSTUP_HOME=/opt/rustwide/rustup-home" "-w" "/opt/rustwide/workdir" "-m" "1610612736" "--user" "0:0" "--network" "none" "ghcr.io/rust-lang/crates-build-env/linux@sha256:2788e3201cd34a07e3172128adcd8b3090168a8e3bcc40d7c032b9dda1df7d1c" "/opt/rustwide/cargo-home/bin/cargo" "+1.75.0" "test" "--frozen" "--no-run" "--message-format=json", kill_on_drop: false }`
[INFO] [stdout] 82442c101ab2380098c29eac87e3c19f4a83daa650dc0b04d003fdf5b8454584
[INFO] running `Command { std: "docker" "start" "-a" "82442c101ab2380098c29eac87e3c19f4a83daa650dc0b04d003fdf5b8454584", kill_on_drop: false }`
[INFO] [stderr]    Compiling telegram-bot-api v0.1.2 (/opt/rustwide/workdir)
[INFO] [stderr]     Finished test [unoptimized + debuginfo] target(s) in 6.53s
[INFO] running `Command { std: "docker" "inspect" "82442c101ab2380098c29eac87e3c19f4a83daa650dc0b04d003fdf5b8454584", kill_on_drop: false }`
[INFO] running `Command { std: "docker" "rm" "-f" "82442c101ab2380098c29eac87e3c19f4a83daa650dc0b04d003fdf5b8454584", kill_on_drop: false }`
[INFO] [stdout] 82442c101ab2380098c29eac87e3c19f4a83daa650dc0b04d003fdf5b8454584
[INFO] running `Command { std: "docker" "create" "-v" "/var/lib/crater-agent-workspace/builds/worker-2-tc1/target:/opt/rustwide/target:rw,Z" "-v" "/var/lib/crater-agent-workspace/builds/worker-2-tc1/source:/opt/rustwide/workdir:ro,Z" "-v" "/var/lib/crater-agent-workspace/cargo-home:/opt/rustwide/cargo-home:ro,Z" "-v" "/var/lib/crater-agent-workspace/rustup-home:/opt/rustwide/rustup-home:ro,Z" "-e" "SOURCE_DIR=/opt/rustwide/workdir" "-e" "CARGO_TARGET_DIR=/opt/rustwide/target" "-e" "CARGO_INCREMENTAL=0" "-e" "RUST_BACKTRACE=full" "-e" "RUSTFLAGS=--cap-lints=warn" "-e" "RUSTDOCFLAGS=--cap-lints=warn" "-e" "CARGO_HOME=/opt/rustwide/cargo-home" "-e" "RUSTUP_HOME=/opt/rustwide/rustup-home" "-w" "/opt/rustwide/workdir" "-m" "1610612736" "--user" "0:0" "--network" "none" "ghcr.io/rust-lang/crates-build-env/linux@sha256:2788e3201cd34a07e3172128adcd8b3090168a8e3bcc40d7c032b9dda1df7d1c" "/opt/rustwide/cargo-home/bin/cargo" "+1.75.0" "test" "--frozen", kill_on_drop: false }`
[INFO] [stdout] 57a628732ce404122ea9df32e423fcd0f5ef861956edfc534e557306adaa0d70
[INFO] running `Command { std: "docker" "start" "-a" "57a628732ce404122ea9df32e423fcd0f5ef861956edfc534e557306adaa0d70", kill_on_drop: false }`
[INFO] [stderr]     Finished test [unoptimized + debuginfo] target(s) in 0.05s
[INFO] [stderr]      Running unittests src/lib.rs (/opt/rustwide/target/debug/deps/telegram_bot_api-0601347b32bc6324)
[INFO] [stdout] 
[INFO] [stdout] running 0 tests
[INFO] [stdout] 
[INFO] [stdout] test result: ok. 0 passed; 0 failed; 0 ignored; 0 measured; 0 filtered out; finished in 0.00s
[INFO] [stdout] 
[INFO] [stderr]    Doc-tests telegram-bot-api
[INFO] [stdout] 
[INFO] [stdout] running 8 tests
[INFO] [stdout] test src/types.rs - types::PassportElementError (line 4990) ... FAILED
[INFO] [stdout] test src/types.rs - types::MenuButton (line 4330) ... FAILED
[INFO] [stdout] test src/types.rs - types::ChatMember (line 4275) ... FAILED
[INFO] [stdout] test src/types.rs - types::BotCommandScope (line 4301) ... FAILED
[INFO] [stdout] test src/types.rs - types::InlineQueryResult (line 5015) ... FAILED
[INFO] [stdout] test src/types.rs - types::InputMessageContent (line 4972) ... FAILED
[INFO] [stdout] test src/types.rs - types::InputMedia (line 4348) ... FAILED
[INFO] [stdout] test src/bot.rs - bot::BotApi::new (line 97) ... FAILED
[INFO] [stdout] 
[INFO] [stdout] failures:
[INFO] [stdout] 
[INFO] [stdout] ---- src/types.rs - types::PassportElementError (line 4990) stdout ----
[INFO] [stdout] error: expected `;`, found `PassportElementErrorFrontSide`
[INFO] [stdout]  --> src/types.rs:4991:30
[INFO] [stdout]   |
[INFO] [stdout] 3 | PassportElementErrorDataField
[INFO] [stdout]   |                              ^ help: add `;` here
[INFO] [stdout] 4 | PassportElementErrorFrontSide
[INFO] [stdout]   | ----------------------------- unexpected token
[INFO] [stdout] 
[INFO] [stdout] error: expected `;`, found `PassportElementErrorReverseSide`
[INFO] [stdout]  --> src/types.rs:4992:30
[INFO] [stdout]   |
[INFO] [stdout] 4 | PassportElementErrorFrontSide
[INFO] [stdout]   |                              ^ help: add `;` here
[INFO] [stdout] 5 | PassportElementErrorReverseSide
[INFO] [stdout]   | ------------------------------- unexpected token
[INFO] [stdout] 
[INFO] [stdout] error: expected `;`, found `PassportElementErrorSelfie`
[INFO] [stdout]  --> src/types.rs:4993:32
[INFO] [stdout]   |
[INFO] [stdout] 5 | PassportElementErrorReverseSide
[INFO] [stdout]   |                                ^ help: add `;` here
[INFO] [stdout] 6 | PassportElementErrorSelfie
[INFO] [stdout]   | -------------------------- unexpected token
[INFO] [stdout] 
[INFO] [stdout] error: expected `;`, found `PassportElementErrorFile`
[INFO] [stdout]  --> src/types.rs:4994:27
[INFO] [stdout]   |
[INFO] [stdout] 6 | PassportElementErrorSelfie
[INFO] [stdout]   |                           ^ help: add `;` here
[INFO] [stdout] 7 | PassportElementErrorFile
[INFO] [stdout]   | ------------------------ unexpected token
[INFO] [stdout] 
[INFO] [stdout] error: expected `;`, found `PassportElementErrorFiles`
[INFO] [stdout]  --> src/types.rs:4995:25
[INFO] [stdout]   |
[INFO] [stdout] 7 | PassportElementErrorFile
[INFO] [stdout]   |                         ^ help: add `;` here
[INFO] [stdout] 8 | PassportElementErrorFiles
[INFO] [stdout]   | ------------------------- unexpected token
[INFO] [stdout] 
[INFO] [stdout] error: expected `;`, found `PassportElementErrorTranslationFile`
[INFO] [stdout]  --> src/types.rs:4996:26
[INFO] [stdout]   |
[INFO] [stdout] 8 | PassportElementErrorFiles
[INFO] [stdout]   |                          ^ help: add `;` here
[INFO] [stdout] 9 | PassportElementErrorTranslationFile
[INFO] [stdout]   | ----------------------------------- unexpected token
[INFO] [stdout] 
[INFO] [stdout] error: expected `;`, found `PassportElementErrorTranslationFiles`
[INFO] [stdout]   --> src/types.rs:4997:36
[INFO] [stdout]    |
[INFO] [stdout] 9  | PassportElementErrorTranslationFile
[INFO] [stdout]    |                                    ^ help: add `;` here
[INFO] [stdout] 10 | PassportElementErrorTranslationFiles
[INFO] [stdout]    | ------------------------------------ unexpected token
[INFO] [stdout] 
[INFO] [stdout] error: expected `;`, found `PassportElementErrorUnspecified`
[INFO] [stdout]   --> src/types.rs:4998:37
[INFO] [stdout]    |
[INFO] [stdout] 10 | PassportElementErrorTranslationFiles
[INFO] [stdout]    |                                     ^ help: add `;` here
[INFO] [stdout] 11 | PassportElementErrorUnspecified
[INFO] [stdout]    | ------------------------------- unexpected token
[INFO] [stdout] 
[INFO] [stdout] error[E0425]: cannot find value `PassportElementErrorUnspecified` in this scope
[INFO] [stdout]   --> src/types.rs:4999:1
[INFO] [stdout]    |
[INFO] [stdout] 11 | PassportElementErrorUnspecified
[INFO] [stdout]    | ^^^^^^^^^^^^^^^^^^^^^^^^^^^^^^^ not found in this scope
[INFO] [stdout]    |
[INFO] [stdout] help: consider importing this tuple variant
[INFO] [stdout]    |
[INFO] [stdout] 2  + use telegram_bot_api::types::PassportElementError::PassportElementErrorUnspecified;
[INFO] [stdout]    |
[INFO] [stdout] 
[INFO] [stdout] error: aborting due to 9 previous errors
[INFO] [stdout] 
[INFO] [stdout] For more information about this error, try `rustc --explain E0425`.
[INFO] [stdout] Couldn't compile the test.
[INFO] [stdout] ---- src/types.rs - types::MenuButton (line 4330) stdout ----
[INFO] [stdout] error: expected `;`, found `MenuButtonWebApp`
[INFO] [stdout]  --> src/types.rs:4331:19
[INFO] [stdout]   |
[INFO] [stdout] 3 | MenuButtonCommands
[INFO] [stdout]   |                   ^ help: add `;` here
[INFO] [stdout] 4 | MenuButtonWebApp
[INFO] [stdout]   | ---------------- unexpected token
[INFO] [stdout] 
[INFO] [stdout] error: expected `;`, found `MenuButtonDefault`
[INFO] [stdout]  --> src/types.rs:4332:17
[INFO] [stdout]   |
[INFO] [stdout] 4 | MenuButtonWebApp
[INFO] [stdout]   |                 ^ help: add `;` here
[INFO] [stdout] 5 | MenuButtonDefault
[INFO] [stdout]   | ----------------- unexpected token
[INFO] [stdout] 
[INFO] [stdout] error[E0425]: cannot find value `MenuButtonDefault` in this scope
[INFO] [stdout]  --> src/types.rs:4333:1
[INFO] [stdout]   |
[INFO] [stdout] 5 | MenuButtonDefault
[INFO] [stdout]   | ^^^^^^^^^^^^^^^^^ not found in this scope
[INFO] [stdout]   |
[INFO] [stdout] help: consider importing this tuple variant
[INFO] [stdout]   |
[INFO] [stdout] 2 + use telegram_bot_api::types::MenuButton::MenuButtonDefault;
[INFO] [stdout]   |
[INFO] [stdout] 
[INFO] [stdout] error: aborting due to 3 previous errors
[INFO] [stdout] 
[INFO] [stdout] For more information about this error, try `rustc --explain E0425`.
[INFO] [stdout] Couldn't compile the test.
[INFO] [stdout] ---- src/types.rs - types::ChatMember (line 4275) stdout ----
[INFO] [stdout] error: expected `;`, found `ChatMemberAdministrator`
[INFO] [stdout]  --> src/types.rs:4276:16
[INFO] [stdout]   |
[INFO] [stdout] 3 | ChatMemberOwner
[INFO] [stdout]   |                ^ help: add `;` here
[INFO] [stdout] 4 | ChatMemberAdministrator
[INFO] [stdout]   | ----------------------- unexpected token
[INFO] [stdout] 
[INFO] [stdout] error: expected `;`, found `ChatMemberMember`
[INFO] [stdout]  --> src/types.rs:4277:24
[INFO] [stdout]   |
[INFO] [stdout] 4 | ChatMemberAdministrator
[INFO] [stdout]   |                        ^ help: add `;` here
[INFO] [stdout] 5 | ChatMemberMember
[INFO] [stdout]   | ---------------- unexpected token
[INFO] [stdout] 
[INFO] [stdout] error: expected `;`, found `ChatMemberRestricted`
[INFO] [stdout]  --> src/types.rs:4278:17
[INFO] [stdout]   |
[INFO] [stdout] 5 | ChatMemberMember
[INFO] [stdout]   |                 ^ help: add `;` here
[INFO] [stdout] 6 | ChatMemberRestricted
[INFO] [stdout]   | -------------------- unexpected token
[INFO] [stdout] 
[INFO] [stdout] error: expected `;`, found `ChatMemberLeft`
[INFO] [stdout]  --> src/types.rs:4279:21
[INFO] [stdout]   |
[INFO] [stdout] 6 | ChatMemberRestricted
[INFO] [stdout]   |                     ^ help: add `;` here
[INFO] [stdout] 7 | ChatMemberLeft
[INFO] [stdout]   | -------------- unexpected token
[INFO] [stdout] 
[INFO] [stdout] error: expected `;`, found `ChatMemberBanned`
[INFO] [stdout]  --> src/types.rs:4280:15
[INFO] [stdout]   |
[INFO] [stdout] 7 | ChatMemberLeft
[INFO] [stdout]   |               ^ help: add `;` here
[INFO] [stdout] 8 | ChatMemberBanned
[INFO] [stdout]   | ---------------- unexpected token
[INFO] [stdout] 
[INFO] [stdout] error[E0425]: cannot find value `ChatMemberBanned` in this scope
[INFO] [stdout]  --> src/types.rs:4281:1
[INFO] [stdout]   |
[INFO] [stdout] 8 | ChatMemberBanned
[INFO] [stdout]   | ^^^^^^^^^^^^^^^^ not found in this scope
[INFO] [stdout]   |
[INFO] [stdout] help: consider importing this tuple variant
[INFO] [stdout]   |
[INFO] [stdout] 2 + use telegram_bot_api::types::ChatMember::ChatMemberBanned;
[INFO] [stdout]   |
[INFO] [stdout] 
[INFO] [stdout] error: aborting due to 6 previous errors
[INFO] [stdout] 
[INFO] [stdout] For more information about this error, try `rustc --explain E0425`.
[INFO] [stdout] Couldn't compile the test.
[INFO] [stdout] ---- src/types.rs - types::BotCommandScope (line 4301) stdout ----
[INFO] [stdout] error: expected `;`, found `BotCommandScopeAllPrivateChats`
[INFO] [stdout]  --> src/types.rs:4302:23
[INFO] [stdout]   |
[INFO] [stdout] 3 | BotCommandScopeDefault
[INFO] [stdout]   |                       ^ help: add `;` here
[INFO] [stdout] 4 | BotCommandScopeAllPrivateChats
[INFO] [stdout]   | ------------------------------ unexpected token
[INFO] [stdout] 
[INFO] [stdout] error: expected `;`, found `BotCommandScopeAllGroupChats`
[INFO] [stdout]  --> src/types.rs:4303:31
[INFO] [stdout]   |
[INFO] [stdout] 4 | BotCommandScopeAllPrivateChats
[INFO] [stdout]   |                               ^ help: add `;` here
[INFO] [stdout] 5 | BotCommandScopeAllGroupChats
[INFO] [stdout]   | ---------------------------- unexpected token
[INFO] [stdout] 
[INFO] [stdout] error: expected `;`, found `BotCommandScopeAllChatAdministrators`
[INFO] [stdout]  --> src/types.rs:4304:29
[INFO] [stdout]   |
[INFO] [stdout] 5 | BotCommandScopeAllGroupChats
[INFO] [stdout]   |                             ^ help: add `;` here
[INFO] [stdout] 6 | BotCommandScopeAllChatAdministrators
[INFO] [stdout]   | ------------------------------------ unexpected token
[INFO] [stdout] 
[INFO] [stdout] error: expected `;`, found `BotCommandScopeChat`
[INFO] [stdout]  --> src/types.rs:4305:37
[INFO] [stdout]   |
[INFO] [stdout] 6 | BotCommandScopeAllChatAdministrators
[INFO] [stdout]   |                                     ^ help: add `;` here
[INFO] [stdout] 7 | BotCommandScopeChat
[INFO] [stdout]   | ------------------- unexpected token
[INFO] [stdout] 
[INFO] [stdout] error: expected `;`, found `BotCommandScopeChatAdministrators`
[INFO] [stdout]  --> src/types.rs:4306:20
[INFO] [stdout]   |
[INFO] [stdout] 7 | BotCommandScopeChat
[INFO] [stdout]   |                    ^ help: add `;` here
[INFO] [stdout] 8 | BotCommandScopeChatAdministrators
[INFO] [stdout]   | --------------------------------- unexpected token
[INFO] [stdout] 
[INFO] [stdout] error: expected `;`, found `BotCommandScopeChatMember`
[INFO] [stdout]  --> src/types.rs:4307:34
[INFO] [stdout]   |
[INFO] [stdout] 8 | BotCommandScopeChatAdministrators
[INFO] [stdout]   |                                  ^ help: add `;` here
[INFO] [stdout] 9 | BotCommandScopeChatMember
[INFO] [stdout]   | ------------------------- unexpected token
[INFO] [stdout] 
[INFO] [stdout] error[E0425]: cannot find value `BotCommandScopeChatMember` in this scope
[INFO] [stdout]  --> src/types.rs:4308:1
[INFO] [stdout]   |
[INFO] [stdout] 9 | BotCommandScopeChatMember
[INFO] [stdout]   | ^^^^^^^^^^^^^^^^^^^^^^^^^ not found in this scope
[INFO] [stdout]   |
[INFO] [stdout] help: consider importing this tuple variant
[INFO] [stdout]   |
[INFO] [stdout] 2 + use telegram_bot_api::types::BotCommandScope::BotCommandScopeChatMember;
[INFO] [stdout]   |
[INFO] [stdout] 
[INFO] [stdout] error: aborting due to 7 previous errors
[INFO] [stdout] 
[INFO] [stdout] For more information about this error, try `rustc --explain E0425`.
[INFO] [stdout] Couldn't compile the test.
[INFO] [stdout] ---- src/types.rs - types::InlineQueryResult (line 5015) stdout ----
[INFO] [stdout] error: expected `;`, found `InlineQueryResultCachedDocument`
[INFO] [stdout]  --> src/types.rs:5016:29
[INFO] [stdout]   |
[INFO] [stdout] 3 | InlineQueryResultCachedAudio
[INFO] [stdout]   |                             ^ help: add `;` here
[INFO] [stdout] 4 | InlineQueryResultCachedDocument
[INFO] [stdout]   | ------------------------------- unexpected token
[INFO] [stdout] 
[INFO] [stdout] error: expected `;`, found `InlineQueryResultCachedGif`
[INFO] [stdout]  --> src/types.rs:5017:32
[INFO] [stdout]   |
[INFO] [stdout] 4 | InlineQueryResultCachedDocument
[INFO] [stdout]   |                                ^ help: add `;` here
[INFO] [stdout] 5 | InlineQueryResultCachedGif
[INFO] [stdout]   | -------------------------- unexpected token
[INFO] [stdout] 
[INFO] [stdout] error: expected `;`, found `InlineQueryResultCachedMpeg4Gif`
[INFO] [stdout]  --> src/types.rs:5018:27
[INFO] [stdout]   |
[INFO] [stdout] 5 | InlineQueryResultCachedGif
[INFO] [stdout]   |                           ^ help: add `;` here
[INFO] [stdout] 6 | InlineQueryResultCachedMpeg4Gif
[INFO] [stdout]   | ------------------------------- unexpected token
[INFO] [stdout] 
[INFO] [stdout] error: expected `;`, found `InlineQueryResultCachedPhoto`
[INFO] [stdout]  --> src/types.rs:5019:32
[INFO] [stdout]   |
[INFO] [stdout] 6 | InlineQueryResultCachedMpeg4Gif
[INFO] [stdout]   |                                ^ help: add `;` here
[INFO] [stdout] 7 | InlineQueryResultCachedPhoto
[INFO] [stdout]   | ---------------------------- unexpected token
[INFO] [stdout] 
[INFO] [stdout] error: expected `;`, found `InlineQueryResultCachedSticker`
[INFO] [stdout]  --> src/types.rs:5020:29
[INFO] [stdout]   |
[INFO] [stdout] 7 | InlineQueryResultCachedPhoto
[INFO] [stdout]   |                             ^ help: add `;` here
[INFO] [stdout] 8 | InlineQueryResultCachedSticker
[INFO] [stdout]   | ------------------------------ unexpected token
[INFO] [stdout] 
[INFO] [stdout] error: expected `;`, found `InlineQueryResultCachedVideo`
[INFO] [stdout]  --> src/types.rs:5021:31
[INFO] [stdout]   |
[INFO] [stdout] 8 | InlineQueryResultCachedSticker
[INFO] [stdout]   |                               ^ help: add `;` here
[INFO] [stdout] 9 | InlineQueryResultCachedVideo
[INFO] [stdout]   | ---------------------------- unexpected token
[INFO] [stdout] 
[INFO] [stdout] error: expected `;`, found `InlineQueryResultCachedVoice`
[INFO] [stdout]   --> src/types.rs:5022:29
[INFO] [stdout]    |
[INFO] [stdout] 9  | InlineQueryResultCachedVideo
[INFO] [stdout]    |                             ^ help: add `;` here
[INFO] [stdout] 10 | InlineQueryResultCachedVoice
[INFO] [stdout]    | ---------------------------- unexpected token
[INFO] [stdout] 
[INFO] [stdout] error: expected `;`, found `InlineQueryResultArticle`
[INFO] [stdout]   --> src/types.rs:5023:29
[INFO] [stdout]    |
[INFO] [stdout] 10 | InlineQueryResultCachedVoice
[INFO] [stdout]    |                             ^ help: add `;` here
[INFO] [stdout] 11 | InlineQueryResultArticle
[INFO] [stdout]    | ------------------------ unexpected token
[INFO] [stdout] 
[INFO] [stdout] error: expected `;`, found `InlineQueryResultAudio`
[INFO] [stdout]   --> src/types.rs:5024:25
[INFO] [stdout]    |
[INFO] [stdout] 11 | InlineQueryResultArticle
[INFO] [stdout]    |                         ^ help: add `;` here
[INFO] [stdout] 12 | InlineQueryResultAudio
[INFO] [stdout]    | ---------------------- unexpected token
[INFO] [stdout] 
[INFO] [stdout] error: expected `;`, found `InlineQueryResultContact`
[INFO] [stdout]   --> src/types.rs:5025:23
[INFO] [stdout]    |
[INFO] [stdout] 12 | InlineQueryResultAudio
[INFO] [stdout]    |                       ^ help: add `;` here
[INFO] [stdout] 13 | InlineQueryResultContact
[INFO] [stdout]    | ------------------------ unexpected token
[INFO] [stdout] 
[INFO] [stdout] error: expected `;`, found `InlineQueryResultGame`
[INFO] [stdout]   --> src/types.rs:5026:25
[INFO] [stdout]    |
[INFO] [stdout] 13 | InlineQueryResultContact
[INFO] [stdout]    |                         ^ help: add `;` here
[INFO] [stdout] 14 | InlineQueryResultGame
[INFO] [stdout]    | --------------------- unexpected token
[INFO] [stdout] 
[INFO] [stdout] error: expected `;`, found `InlineQueryResultDocument`
[INFO] [stdout]   --> src/types.rs:5027:22
[INFO] [stdout]    |
[INFO] [stdout] 14 | InlineQueryResultGame
[INFO] [stdout]    |                      ^ help: add `;` here
[INFO] [stdout] 15 | InlineQueryResultDocument
[INFO] [stdout]    | ------------------------- unexpected token
[INFO] [stdout] 
[INFO] [stdout] error: expected `;`, found `InlineQueryResultGif`
[INFO] [stdout]   --> src/types.rs:5028:26
[INFO] [stdout]    |
[INFO] [stdout] 15 | InlineQueryResultDocument
[INFO] [stdout]    |                          ^ help: add `;` here
[INFO] [stdout] 16 | InlineQueryResultGif
[INFO] [stdout]    | -------------------- unexpected token
[INFO] [stdout] 
[INFO] [stdout] error: expected `;`, found `InlineQueryResultLocation`
[INFO] [stdout]   --> src/types.rs:5029:21
[INFO] [stdout]    |
[INFO] [stdout] 16 | InlineQueryResultGif
[INFO] [stdout]    |                     ^ help: add `;` here
[INFO] [stdout] 17 | InlineQueryResultLocation
[INFO] [stdout]    | ------------------------- unexpected token
[INFO] [stdout] 
[INFO] [stdout] error: expected `;`, found `InlineQueryResultMpeg4Gif`
[INFO] [stdout]   --> src/types.rs:5030:26
[INFO] [stdout]    |
[INFO] [stdout] 17 | InlineQueryResultLocation
[INFO] [stdout]    |                          ^ help: add `;` here
[INFO] [stdout] 18 | InlineQueryResultMpeg4Gif
[INFO] [stdout]    | ------------------------- unexpected token
[INFO] [stdout] 
[INFO] [stdout] error: expected `;`, found `InlineQueryResultPhoto`
[INFO] [stdout]   --> src/types.rs:5031:26
[INFO] [stdout]    |
[INFO] [stdout] 18 | InlineQueryResultMpeg4Gif
[INFO] [stdout]    |                          ^ help: add `;` here
[INFO] [stdout] 19 | InlineQueryResultPhoto
[INFO] [stdout]    | ---------------------- unexpected token
[INFO] [stdout] 
[INFO] [stdout] error: expected `;`, found `InlineQueryResultVenue`
[INFO] [stdout]   --> src/types.rs:5032:23
[INFO] [stdout]    |
[INFO] [stdout] 19 | InlineQueryResultPhoto
[INFO] [stdout]    |                       ^ help: add `;` here
[INFO] [stdout] 20 | InlineQueryResultVenue
[INFO] [stdout]    | ---------------------- unexpected token
[INFO] [stdout] 
[INFO] [stdout] error: expected `;`, found `InlineQueryResultVideo`
[INFO] [stdout]   --> src/types.rs:5033:23
[INFO] [stdout]    |
[INFO] [stdout] 20 | InlineQueryResultVenue
[INFO] [stdout]    |                       ^ help: add `;` here
[INFO] [stdout] 21 | InlineQueryResultVideo
[INFO] [stdout]    | ---------------------- unexpected token
[INFO] [stdout] 
[INFO] [stdout] error: expected `;`, found `InlineQueryResultVoice`
[INFO] [stdout]   --> src/types.rs:5034:23
[INFO] [stdout]    |
[INFO] [stdout] 21 | InlineQueryResultVideo
[INFO] [stdout]    |                       ^ help: add `;` here
[INFO] [stdout] 22 | InlineQueryResultVoice
[INFO] [stdout]    | ---------------------- unexpected token
[INFO] [stdout] 
[INFO] [stdout] error[E0425]: cannot find value `InlineQueryResultVoice` in this scope
[INFO] [stdout]   --> src/types.rs:5035:1
[INFO] [stdout]    |
[INFO] [stdout] 22 | InlineQueryResultVoice
[INFO] [stdout]    | ^^^^^^^^^^^^^^^^^^^^^^ not found in this scope
[INFO] [stdout]    |
[INFO] [stdout] help: consider importing this tuple variant
[INFO] [stdout]    |
[INFO] [stdout] 2  + use telegram_bot_api::types::InlineQueryResult::InlineQueryResultVoice;
[INFO] [stdout]    |
[INFO] [stdout] 
[INFO] [stdout] error: aborting due to 20 previous errors
[INFO] [stdout] 
[INFO] [stdout] For more information about this error, try `rustc --explain E0425`.
[INFO] [stdout] Couldn't compile the test.
[INFO] [stdout] ---- src/types.rs - types::InputMessageContent (line 4972) stdout ----
[INFO] [stdout] error: expected `;`, found `InputLocationMessageContent`
[INFO] [stdout]  --> src/types.rs:4973:24
[INFO] [stdout]   |
[INFO] [stdout] 3 | InputTextMessageContent
[INFO] [stdout]   |                        ^ help: add `;` here
[INFO] [stdout] 4 | InputLocationMessageContent
[INFO] [stdout]   | --------------------------- unexpected token
[INFO] [stdout] 
[INFO] [stdout] error: expected `;`, found `InputVenueMessageContent`
[INFO] [stdout]  --> src/types.rs:4974:28
[INFO] [stdout]   |
[INFO] [stdout] 4 | InputLocationMessageContent
[INFO] [stdout]   |                            ^ help: add `;` here
[INFO] [stdout] 5 | InputVenueMessageContent
[INFO] [stdout]   | ------------------------ unexpected token
[INFO] [stdout] 
[INFO] [stdout] error: expected `;`, found `InputContactMessageContent`
[INFO] [stdout]  --> src/types.rs:4975:25
[INFO] [stdout]   |
[INFO] [stdout] 5 | InputVenueMessageContent
[INFO] [stdout]   |                         ^ help: add `;` here
[INFO] [stdout] 6 | InputContactMessageContent
[INFO] [stdout]   | -------------------------- unexpected token
[INFO] [stdout] 
[INFO] [stdout] error: expected `;`, found `InputInvoiceMessageContent`
[INFO] [stdout]  --> src/types.rs:4976:27
[INFO] [stdout]   |
[INFO] [stdout] 6 | InputContactMessageContent
[INFO] [stdout]   |                           ^ help: add `;` here
[INFO] [stdout] 7 | InputInvoiceMessageContent
[INFO] [stdout]   | -------------------------- unexpected token
[INFO] [stdout] 
[INFO] [stdout] error[E0425]: cannot find value `InputInvoiceMessageContent` in this scope
[INFO] [stdout]  --> src/types.rs:4977:1
[INFO] [stdout]   |
[INFO] [stdout] 7 | InputInvoiceMessageContent
[INFO] [stdout]   | ^^^^^^^^^^^^^^^^^^^^^^^^^^ not found in this scope
[INFO] [stdout]   |
[INFO] [stdout] help: consider importing this tuple variant
[INFO] [stdout]   |
[INFO] [stdout] 2 + use telegram_bot_api::types::InputMessageContent::InputInvoiceMessageContent;
[INFO] [stdout]   |
[INFO] [stdout] 
[INFO] [stdout] error: aborting due to 5 previous errors
[INFO] [stdout] 
[INFO] [stdout] For more information about this error, try `rustc --explain E0425`.
[INFO] [stdout] Couldn't compile the test.
[INFO] [stdout] ---- src/types.rs - types::InputMedia (line 4348) stdout ----
[INFO] [stdout] error: expected `;`, found `InputMediaDocument`
[INFO] [stdout]  --> src/types.rs:4349:20
[INFO] [stdout]   |
[INFO] [stdout] 3 | InputMediaAnimation
[INFO] [stdout]   |                    ^ help: add `;` here
[INFO] [stdout] 4 | InputMediaDocument
[INFO] [stdout]   | ------------------ unexpected token
[INFO] [stdout] 
[INFO] [stdout] error: expected `;`, found `InputMediaAudio`
[INFO] [stdout]  --> src/types.rs:4350:19
[INFO] [stdout]   |
[INFO] [stdout] 4 | InputMediaDocument
[INFO] [stdout]   |                   ^ help: add `;` here
[INFO] [stdout] 5 | InputMediaAudio
[INFO] [stdout]   | --------------- unexpected token
[INFO] [stdout] 
[INFO] [stdout] error: expected `;`, found `InputMediaPhoto`
[INFO] [stdout]  --> src/types.rs:4351:16
[INFO] [stdout]   |
[INFO] [stdout] 5 | InputMediaAudio
[INFO] [stdout]   |                ^ help: add `;` here
[INFO] [stdout] 6 | InputMediaPhoto
[INFO] [stdout]   | --------------- unexpected token
[INFO] [stdout] 
[INFO] [stdout] error: expected `;`, found `InputMediaVideo`
[INFO] [stdout]  --> src/types.rs:4352:16
[INFO] [stdout]   |
[INFO] [stdout] 6 | InputMediaPhoto
[INFO] [stdout]   |                ^ help: add `;` here
[INFO] [stdout] 7 | InputMediaVideo
[INFO] [stdout]   | --------------- unexpected token
[INFO] [stdout] 
[INFO] [stdout] error[E0425]: cannot find value `InputMediaVideo` in this scope
[INFO] [stdout]  --> src/types.rs:4353:1
[INFO] [stdout]   |
[INFO] [stdout] 7 | InputMediaVideo
[INFO] [stdout]   | ^^^^^^^^^^^^^^^ not found in this scope
[INFO] [stdout]   |
[INFO] [stdout] help: consider importing this tuple variant
[INFO] [stdout]   |
[INFO] [stdout] 2 + use telegram_bot_api::types::InputMedia::InputMediaVideo;
[INFO] [stdout]   |
[INFO] [stdout] 
[INFO] [stdout] error: aborting due to 5 previous errors
[INFO] [stdout] 
[INFO] [stdout] For more information about this error, try `rustc --explain E0425`.
[INFO] [stdout] Couldn't compile the test.
[INFO] [stdout] ---- src/bot.rs - bot::BotApi::new (line 97) stdout ----
[INFO] [stdout] error[E0425]: cannot find function `new` in this scope
[INFO] [stdout]  --> src/bot.rs:98:1
[INFO] [stdout]   |
[INFO] [stdout] 3 | new(String::from("token"),Some(String::from("http://127.0.0.1:8081/bot")));
[INFO] [stdout]   | ^^^ not found in this scope
[INFO] [stdout] 
[INFO] [stdout] error: aborting due to previous error
[INFO] [stdout] 
[INFO] [stdout] For more information about this error, try `rustc --explain E0425`.
[INFO] [stdout] Couldn't compile the test.
[INFO] [stdout] 
[INFO] [stdout] failures:
[INFO] [stdout]     src/bot.rs - bot::BotApi::new (line 97)
[INFO] [stdout]     src/types.rs - types::BotCommandScope (line 4301)
[INFO] [stdout]     src/types.rs - types::ChatMember (line 4275)
[INFO] [stdout]     src/types.rs - types::InlineQueryResult (line 5015)
[INFO] [stdout]     src/types.rs - types::InputMedia (line 4348)
[INFO] [stdout]     src/types.rs - types::InputMessageContent (line 4972)
[INFO] [stdout]     src/types.rs - types::MenuButton (line 4330)
[INFO] [stdout]     src/types.rs - types::PassportElementError (line 4990)
[INFO] [stdout] 
[INFO] [stdout] test result: FAILED. 0 passed; 8 failed; 0 ignored; 0 measured; 0 filtered out; finished in 0.15s
[INFO] [stdout] 
[INFO] [stderr] error: doctest failed, to rerun pass `--doc`
[INFO] running `Command { std: "docker" "inspect" "57a628732ce404122ea9df32e423fcd0f5ef861956edfc534e557306adaa0d70", kill_on_drop: false }`
[INFO] running `Command { std: "docker" "rm" "-f" "57a628732ce404122ea9df32e423fcd0f5ef861956edfc534e557306adaa0d70", kill_on_drop: false }`
[INFO] [stdout] 57a628732ce404122ea9df32e423fcd0f5ef861956edfc534e557306adaa0d70
[INFO] testing tegramosx/telegram-bot-api against beta-2023-12-22 for beta-1.76-1
[INFO] running `Command { std: "git" "clone" "/workspace/cache/git-repos/https%3A%2F%2Fgithub.com%2Ftegramosx%2Ftelegram-bot-api" "/workspace/builds/worker-2-tc2/source", kill_on_drop: false }`
[INFO] [stderr] Cloning into '/workspace/builds/worker-2-tc2/source'...
[INFO] [stderr] done.
[INFO] validating manifest of git repo https://github.com/tegramosx/telegram-bot-api on toolchain beta-2023-12-22
[INFO] running `Command { std: CARGO_HOME="/workspace/cargo-home" RUSTUP_HOME="/workspace/rustup-home" "/workspace/cargo-home/bin/cargo" "+beta-2023-12-22" "metadata" "--manifest-path" "Cargo.toml" "--no-deps", kill_on_drop: false }`
[INFO] started tweaking git repo https://github.com/tegramosx/telegram-bot-api
[INFO] finished tweaking git repo https://github.com/tegramosx/telegram-bot-api
[INFO] tweaked toml for git repo https://github.com/tegramosx/telegram-bot-api written to /workspace/builds/worker-2-tc2/source/Cargo.toml
[INFO] crate git repo https://github.com/tegramosx/telegram-bot-api already has a lockfile, it will not be regenerated
[INFO] running `Command { std: CARGO_HOME="/workspace/cargo-home" RUSTUP_HOME="/workspace/rustup-home" "/workspace/cargo-home/bin/cargo" "+beta-2023-12-22" "fetch" "--manifest-path" "Cargo.toml", kill_on_drop: false }`
[INFO] running `Command { std: "docker" "create" "-v" "/var/lib/crater-agent-workspace/builds/worker-2-tc2/target:/opt/rustwide/target:rw,Z" "-v" "/var/lib/crater-agent-workspace/builds/worker-2-tc2/source:/opt/rustwide/workdir:ro,Z" "-v" "/var/lib/crater-agent-workspace/cargo-home:/opt/rustwide/cargo-home:ro,Z" "-v" "/var/lib/crater-agent-workspace/rustup-home:/opt/rustwide/rustup-home:ro,Z" "-e" "SOURCE_DIR=/opt/rustwide/workdir" "-e" "CARGO_TARGET_DIR=/opt/rustwide/target" "-e" "CARGO_HOME=/opt/rustwide/cargo-home" "-e" "RUSTUP_HOME=/opt/rustwide/rustup-home" "-w" "/opt/rustwide/workdir" "-m" "1610612736" "--user" "0:0" "--network" "none" "ghcr.io/rust-lang/crates-build-env/linux@sha256:2788e3201cd34a07e3172128adcd8b3090168a8e3bcc40d7c032b9dda1df7d1c" "/opt/rustwide/cargo-home/bin/cargo" "+beta-2023-12-22" "metadata" "--no-deps" "--format-version=1", kill_on_drop: false }`
[INFO] [stdout] e3f5a7b7223b78e8d56637c4f729d6ebc0bf6856e6447c58829a11668f81235c
[INFO] running `Command { std: "docker" "start" "-a" "e3f5a7b7223b78e8d56637c4f729d6ebc0bf6856e6447c58829a11668f81235c", kill_on_drop: false }`
[INFO] running `Command { std: "docker" "inspect" "e3f5a7b7223b78e8d56637c4f729d6ebc0bf6856e6447c58829a11668f81235c", kill_on_drop: false }`
[INFO] running `Command { std: "docker" "rm" "-f" "e3f5a7b7223b78e8d56637c4f729d6ebc0bf6856e6447c58829a11668f81235c", kill_on_drop: false }`
[INFO] [stdout] e3f5a7b7223b78e8d56637c4f729d6ebc0bf6856e6447c58829a11668f81235c
[INFO] running `Command { std: "docker" "create" "-v" "/var/lib/crater-agent-workspace/builds/worker-2-tc2/target:/opt/rustwide/target:rw,Z" "-v" "/var/lib/crater-agent-workspace/builds/worker-2-tc2/source:/opt/rustwide/workdir:ro,Z" "-v" "/var/lib/crater-agent-workspace/cargo-home:/opt/rustwide/cargo-home:ro,Z" "-v" "/var/lib/crater-agent-workspace/rustup-home:/opt/rustwide/rustup-home:ro,Z" "-e" "SOURCE_DIR=/opt/rustwide/workdir" "-e" "CARGO_TARGET_DIR=/opt/rustwide/target" "-e" "CARGO_INCREMENTAL=0" "-e" "RUST_BACKTRACE=full" "-e" "RUSTFLAGS=--cap-lints=warn" "-e" "RUSTDOCFLAGS=--cap-lints=warn" "-e" "CARGO_HOME=/opt/rustwide/cargo-home" "-e" "RUSTUP_HOME=/opt/rustwide/rustup-home" "-w" "/opt/rustwide/workdir" "-m" "1610612736" "--user" "0:0" "--network" "none" "ghcr.io/rust-lang/crates-build-env/linux@sha256:2788e3201cd34a07e3172128adcd8b3090168a8e3bcc40d7c032b9dda1df7d1c" "/opt/rustwide/cargo-home/bin/cargo" "+beta-2023-12-22" "build" "--frozen" "--message-format=json", kill_on_drop: false }`
[INFO] [stdout] 97abad8fafb270b6434e54edff34c822ed88f01be946e6caeef3a4767f13329f
[INFO] running `Command { std: "docker" "start" "-a" "97abad8fafb270b6434e54edff34c822ed88f01be946e6caeef3a4767f13329f", kill_on_drop: false }`
[INFO] [stderr]    Compiling proc-macro2 v1.0.46
[INFO] [stderr]    Compiling libc v0.2.134
[INFO] [stderr]    Compiling unicode-ident v1.0.4
[INFO] [stderr]    Compiling quote v1.0.21
[INFO] [stderr]    Compiling syn v1.0.101
[INFO] [stderr]    Compiling log v0.4.17
[INFO] [stderr]    Compiling lock_api v0.4.9
[INFO] [stderr]    Compiling once_cell v1.15.0
[INFO] [stderr]    Compiling parking_lot_core v0.9.3
[INFO] [stderr]    Compiling cc v1.0.73
[INFO] [stderr]    Compiling pin-project-lite v0.2.9
[INFO] [stderr]    Compiling pkg-config v0.3.25
[INFO] [stderr]    Compiling memchr v2.5.0
[INFO] [stderr]    Compiling futures-core v0.3.24
[INFO] [stderr]    Compiling smallvec v1.9.0
[INFO] [stderr]    Compiling bytes v1.2.1
[INFO] [stderr]    Compiling tokio v1.21.2
[INFO] [stderr]    Compiling itoa v1.0.3
[INFO] [stderr]    Compiling futures-task v0.3.24
[INFO] [stderr]    Compiling parking_lot v0.12.1
[INFO] [stderr]    Compiling num_cpus v1.13.1
[INFO] [stderr]    Compiling mio v0.8.4
[INFO] [stderr]    Compiling socket2 v0.4.7
[INFO] [stderr]    Compiling openssl-sys v0.9.76
[INFO] [stderr]    Compiling signal-hook-registry v1.4.0
[INFO] [stderr]    Compiling unicase v2.6.0
[INFO] [stderr]    Compiling tracing-core v0.1.29
[INFO] [stderr]    Compiling slab v0.4.7
[INFO] [stderr]    Compiling indexmap v1.9.1
[INFO] [stderr]    Compiling futures-util v0.3.24
[INFO] [stderr]    Compiling openssl v0.10.42
[INFO] [stderr]    Compiling foreign-types-shared v0.1.1
[INFO] [stderr]    Compiling fnv v1.0.7
[INFO] [stderr]    Compiling serde_derive v1.0.145
[INFO] [stderr]    Compiling tracing v0.1.36
[INFO] [stderr]    Compiling http v0.2.8
[INFO] [stderr]    Compiling foreign-types v0.3.2
[INFO] [stderr]    Compiling pin-utils v0.1.0
[INFO] [stderr]    Compiling serde v1.0.145
[INFO] [stderr]    Compiling httparse v1.8.0
[INFO] [stderr]    Compiling native-tls v0.2.10
[INFO] [stderr]    Compiling tinyvec_macros v0.1.0
[INFO] [stderr]    Compiling futures-channel v0.3.24
[INFO] [stderr]    Compiling futures-sink v0.3.24
[INFO] [stderr]    Compiling tinyvec v1.6.0
[INFO] [stderr]    Compiling percent-encoding v2.2.0
[INFO] [stderr]    Compiling try-lock v0.2.3
[INFO] [stderr]    Compiling openssl-probe v0.1.5
[INFO] [stderr]    Compiling want v0.3.0
[INFO] [stderr]    Compiling form_urlencoded v1.1.0
[INFO] [stderr]    Compiling http-body v0.4.5
[INFO] [stderr]    Compiling mime_guess v2.0.4
[INFO] [stderr]    Compiling unicode-normalization v0.1.22
[INFO] [stderr]    Compiling tower-service v0.3.2
[INFO] [stderr]    Compiling unicode-bidi v0.3.8
[INFO] [stderr]    Compiling encoding_rs v0.8.31
[INFO] [stderr]    Compiling serde_json v1.0.85
[INFO] [stderr]    Compiling ryu v1.0.11
[INFO] [stderr]    Compiling httpdate v1.0.2
[INFO] [stderr]    Compiling mime v0.3.16
[INFO] [stderr]    Compiling idna v0.3.0
[INFO] [stderr]    Compiling base64 v0.13.0
[INFO] [stderr]    Compiling ipnet v2.5.0
[INFO] [stderr]    Compiling url v2.3.1
[INFO] [stderr]    Compiling tokio-macros v1.8.0
[INFO] [stderr]    Compiling openssl-macros v0.1.0
[INFO] [stderr]    Compiling tokio-util v0.7.4
[INFO] [stderr]    Compiling tokio-native-tls v0.3.0
[INFO] [stderr]    Compiling h2 v0.3.14
[INFO] [stderr]    Compiling serde_urlencoded v0.7.1
[INFO] [stderr]    Compiling hyper v0.14.20
[INFO] [stderr]    Compiling hyper-tls v0.5.0
[INFO] [stderr]    Compiling reqwest v0.11.12
[INFO] [stderr]    Compiling telegram-bot-api v0.1.2 (/opt/rustwide/workdir)
[INFO] [stderr]     Finished dev [unoptimized + debuginfo] target(s) in 17.61s
[INFO] running `Command { std: "docker" "inspect" "97abad8fafb270b6434e54edff34c822ed88f01be946e6caeef3a4767f13329f", kill_on_drop: false }`
[INFO] running `Command { std: "docker" "rm" "-f" "97abad8fafb270b6434e54edff34c822ed88f01be946e6caeef3a4767f13329f", kill_on_drop: false }`
[INFO] [stdout] 97abad8fafb270b6434e54edff34c822ed88f01be946e6caeef3a4767f13329f
[INFO] running `Command { std: "docker" "create" "-v" "/var/lib/crater-agent-workspace/builds/worker-2-tc2/target:/opt/rustwide/target:rw,Z" "-v" "/var/lib/crater-agent-workspace/builds/worker-2-tc2/source:/opt/rustwide/workdir:ro,Z" "-v" "/var/lib/crater-agent-workspace/cargo-home:/opt/rustwide/cargo-home:ro,Z" "-v" "/var/lib/crater-agent-workspace/rustup-home:/opt/rustwide/rustup-home:ro,Z" "-e" "SOURCE_DIR=/opt/rustwide/workdir" "-e" "CARGO_TARGET_DIR=/opt/rustwide/target" "-e" "CARGO_INCREMENTAL=0" "-e" "RUST_BACKTRACE=full" "-e" "RUSTFLAGS=--cap-lints=warn" "-e" "RUSTDOCFLAGS=--cap-lints=warn" "-e" "CARGO_HOME=/opt/rustwide/cargo-home" "-e" "RUSTUP_HOME=/opt/rustwide/rustup-home" "-w" "/opt/rustwide/workdir" "-m" "1610612736" "--user" "0:0" "--network" "none" "ghcr.io/rust-lang/crates-build-env/linux@sha256:2788e3201cd34a07e3172128adcd8b3090168a8e3bcc40d7c032b9dda1df7d1c" "/opt/rustwide/cargo-home/bin/cargo" "+beta-2023-12-22" "test" "--frozen" "--no-run" "--message-format=json", kill_on_drop: false }`
[INFO] [stdout] c1d41ef0aa1af7b36ce1765a5973ceb73f43c6e9669c86f481323e4b087d6c45
[INFO] running `Command { std: "docker" "start" "-a" "c1d41ef0aa1af7b36ce1765a5973ceb73f43c6e9669c86f481323e4b087d6c45", kill_on_drop: false }`
[INFO] [stderr]    Compiling telegram-bot-api v0.1.2 (/opt/rustwide/workdir)
[INFO] [stderr]     Finished test [unoptimized + debuginfo] target(s) in 4.90s
[INFO] running `Command { std: "docker" "inspect" "c1d41ef0aa1af7b36ce1765a5973ceb73f43c6e9669c86f481323e4b087d6c45", kill_on_drop: false }`
[INFO] running `Command { std: "docker" "rm" "-f" "c1d41ef0aa1af7b36ce1765a5973ceb73f43c6e9669c86f481323e4b087d6c45", kill_on_drop: false }`
[INFO] [stdout] c1d41ef0aa1af7b36ce1765a5973ceb73f43c6e9669c86f481323e4b087d6c45
[INFO] running `Command { std: "docker" "create" "-v" "/var/lib/crater-agent-workspace/builds/worker-2-tc2/target:/opt/rustwide/target:rw,Z" "-v" "/var/lib/crater-agent-workspace/builds/worker-2-tc2/source:/opt/rustwide/workdir:ro,Z" "-v" "/var/lib/crater-agent-workspace/cargo-home:/opt/rustwide/cargo-home:ro,Z" "-v" "/var/lib/crater-agent-workspace/rustup-home:/opt/rustwide/rustup-home:ro,Z" "-e" "SOURCE_DIR=/opt/rustwide/workdir" "-e" "CARGO_TARGET_DIR=/opt/rustwide/target" "-e" "CARGO_INCREMENTAL=0" "-e" "RUST_BACKTRACE=full" "-e" "RUSTFLAGS=--cap-lints=warn" "-e" "RUSTDOCFLAGS=--cap-lints=warn" "-e" "CARGO_HOME=/opt/rustwide/cargo-home" "-e" "RUSTUP_HOME=/opt/rustwide/rustup-home" "-w" "/opt/rustwide/workdir" "-m" "1610612736" "--user" "0:0" "--network" "none" "ghcr.io/rust-lang/crates-build-env/linux@sha256:2788e3201cd34a07e3172128adcd8b3090168a8e3bcc40d7c032b9dda1df7d1c" "/opt/rustwide/cargo-home/bin/cargo" "+beta-2023-12-22" "test" "--frozen", kill_on_drop: false }`
[INFO] [stdout] bed2bcf5c419e98a6051cd9f59eb80a5526120a41cd8ef94e16b8ba7e27fc463
[INFO] running `Command { std: "docker" "start" "-a" "bed2bcf5c419e98a6051cd9f59eb80a5526120a41cd8ef94e16b8ba7e27fc463", kill_on_drop: false }`
[INFO] [stderr]     Finished test [unoptimized + debuginfo] target(s) in 0.05s
[INFO] [stderr]      Running unittests src/lib.rs (/opt/rustwide/target/debug/deps/telegram_bot_api-02dc8ca9c262a74d)
[INFO] [stdout] 
[INFO] [stdout] running 0 tests
[INFO] [stdout] 
[INFO] [stdout] test result: ok. 0 passed; 0 failed; 0 ignored; 0 measured; 0 filtered out; finished in 0.00s
[INFO] [stdout] 
[INFO] [stderr]    Doc-tests telegram-bot-api
[INFO] [stdout] 
[INFO] [stdout] running 8 tests
[INFO] [stdout] test src/types.rs - types::InputMessageContent (line 4972) ... FAILED
[INFO] [stdout] test src/types.rs - types::InlineQueryResult (line 5015) ... FAILED
[INFO] [stdout] test src/types.rs - types::BotCommandScope (line 4301) ... FAILED
[INFO] [stdout] test src/types.rs - types::ChatMember (line 4275) ... FAILED
[INFO] [stdout] test src/types.rs - types::InputMedia (line 4348) ... FAILED
[INFO] [stdout] test src/types.rs - types::PassportElementError (line 4990) ... FAILED
[INFO] [stdout] test src/bot.rs - bot::BotApi::new (line 97) ... FAILED
[INFO] [stdout] test src/types.rs - types::MenuButton (line 4330) ... FAILED
[INFO] [stdout] 
[INFO] [stdout] failures:
[INFO] [stdout] 
[INFO] [stdout] ---- src/types.rs - types::InputMessageContent (line 4972) stdout ----
[INFO] [stdout] error: expected `;`, found `InputLocationMessageContent`
[INFO] [stdout]  --> src/types.rs:4973:24
[INFO] [stdout]   |
[INFO] [stdout] 3 | InputTextMessageContent
[INFO] [stdout]   |                        ^ help: add `;` here
[INFO] [stdout] 4 | InputLocationMessageContent
[INFO] [stdout]   | --------------------------- unexpected token
[INFO] [stdout] 
[INFO] [stdout] error: expected `;`, found `InputVenueMessageContent`
[INFO] [stdout]  --> src/types.rs:4974:28
[INFO] [stdout]   |
[INFO] [stdout] 4 | InputLocationMessageContent
[INFO] [stdout]   |                            ^ help: add `;` here
[INFO] [stdout] 5 | InputVenueMessageContent
[INFO] [stdout]   | ------------------------ unexpected token
[INFO] [stdout] 
[INFO] [stdout] error: expected `;`, found `InputContactMessageContent`
[INFO] [stdout]  --> src/types.rs:4975:25
[INFO] [stdout]   |
[INFO] [stdout] 5 | InputVenueMessageContent
[INFO] [stdout]   |                         ^ help: add `;` here
[INFO] [stdout] 6 | InputContactMessageContent
[INFO] [stdout]   | -------------------------- unexpected token
[INFO] [stdout] 
[INFO] [stdout] error: expected `;`, found `InputInvoiceMessageContent`
[INFO] [stdout]  --> src/types.rs:4976:27
[INFO] [stdout]   |
[INFO] [stdout] 6 | InputContactMessageContent
[INFO] [stdout]   |                           ^ help: add `;` here
[INFO] [stdout] 7 | InputInvoiceMessageContent
[INFO] [stdout]   | -------------------------- unexpected token
[INFO] [stdout] 
[INFO] [stdout] error[E0425]: cannot find value `InputInvoiceMessageContent` in this scope
[INFO] [stdout]  --> src/types.rs:4977:1
[INFO] [stdout]   |
[INFO] [stdout] 7 | InputInvoiceMessageContent
[INFO] [stdout]   | ^^^^^^^^^^^^^^^^^^^^^^^^^^ not found in this scope
[INFO] [stdout]   |
[INFO] [stdout] help: consider importing this tuple variant
[INFO] [stdout]   |
[INFO] [stdout] 2 + use telegram_bot_api::types::InputMessageContent::InputInvoiceMessageContent;
[INFO] [stdout]   |
[INFO] [stdout] 
[INFO] [stdout] error: aborting due to 5 previous errors
[INFO] [stdout] 
[INFO] [stdout] For more information about this error, try `rustc --explain E0425`.
[INFO] [stdout] Couldn't compile the test.
[INFO] [stdout] ---- src/types.rs - types::InlineQueryResult (line 5015) stdout ----
[INFO] [stdout] error: expected `;`, found `InlineQueryResultCachedDocument`
[INFO] [stdout]  --> src/types.rs:5016:29
[INFO] [stdout]   |
[INFO] [stdout] 3 | InlineQueryResultCachedAudio
[INFO] [stdout]   |                             ^ help: add `;` here
[INFO] [stdout] 4 | InlineQueryResultCachedDocument
[INFO] [stdout]   | ------------------------------- unexpected token
[INFO] [stdout] 
[INFO] [stdout] error: expected `;`, found `InlineQueryResultCachedGif`
[INFO] [stdout]  --> src/types.rs:5017:32
[INFO] [stdout]   |
[INFO] [stdout] 4 | InlineQueryResultCachedDocument
[INFO] [stdout]   |                                ^ help: add `;` here
[INFO] [stdout] 5 | InlineQueryResultCachedGif
[INFO] [stdout]   | -------------------------- unexpected token
[INFO] [stdout] 
[INFO] [stdout] error: expected `;`, found `InlineQueryResultCachedMpeg4Gif`
[INFO] [stdout]  --> src/types.rs:5018:27
[INFO] [stdout]   |
[INFO] [stdout] 5 | InlineQueryResultCachedGif
[INFO] [stdout]   |                           ^ help: add `;` here
[INFO] [stdout] 6 | InlineQueryResultCachedMpeg4Gif
[INFO] [stdout]   | ------------------------------- unexpected token
[INFO] [stdout] 
[INFO] [stdout] error: expected `;`, found `InlineQueryResultCachedPhoto`
[INFO] [stdout]  --> src/types.rs:5019:32
[INFO] [stdout]   |
[INFO] [stdout] 6 | InlineQueryResultCachedMpeg4Gif
[INFO] [stdout]   |                                ^ help: add `;` here
[INFO] [stdout] 7 | InlineQueryResultCachedPhoto
[INFO] [stdout]   | ---------------------------- unexpected token
[INFO] [stdout] 
[INFO] [stdout] error: expected `;`, found `InlineQueryResultCachedSticker`
[INFO] [stdout]  --> src/types.rs:5020:29
[INFO] [stdout]   |
[INFO] [stdout] 7 | InlineQueryResultCachedPhoto
[INFO] [stdout]   |                             ^ help: add `;` here
[INFO] [stdout] 8 | InlineQueryResultCachedSticker
[INFO] [stdout]   | ------------------------------ unexpected token
[INFO] [stdout] 
[INFO] [stdout] error: expected `;`, found `InlineQueryResultCachedVideo`
[INFO] [stdout]  --> src/types.rs:5021:31
[INFO] [stdout]   |
[INFO] [stdout] 8 | InlineQueryResultCachedSticker
[INFO] [stdout]   |                               ^ help: add `;` here
[INFO] [stdout] 9 | InlineQueryResultCachedVideo
[INFO] [stdout]   | ---------------------------- unexpected token
[INFO] [stdout] 
[INFO] [stdout] error: expected `;`, found `InlineQueryResultCachedVoice`
[INFO] [stdout]   --> src/types.rs:5022:29
[INFO] [stdout]    |
[INFO] [stdout] 9  | InlineQueryResultCachedVideo
[INFO] [stdout]    |                             ^ help: add `;` here
[INFO] [stdout] 10 | InlineQueryResultCachedVoice
[INFO] [stdout]    | ---------------------------- unexpected token
[INFO] [stdout] 
[INFO] [stdout] error: expected `;`, found `InlineQueryResultArticle`
[INFO] [stdout]   --> src/types.rs:5023:29
[INFO] [stdout]    |
[INFO] [stdout] 10 | InlineQueryResultCachedVoice
[INFO] [stdout]    |                             ^ help: add `;` here
[INFO] [stdout] 11 | InlineQueryResultArticle
[INFO] [stdout]    | ------------------------ unexpected token
[INFO] [stdout] 
[INFO] [stdout] error: expected `;`, found `InlineQueryResultAudio`
[INFO] [stdout]   --> src/types.rs:5024:25
[INFO] [stdout]    |
[INFO] [stdout] 11 | InlineQueryResultArticle
[INFO] [stdout]    |                         ^ help: add `;` here
[INFO] [stdout] 12 | InlineQueryResultAudio
[INFO] [stdout]    | ---------------------- unexpected token
[INFO] [stdout] 
[INFO] [stdout] error: expected `;`, found `InlineQueryResultContact`
[INFO] [stdout]   --> src/types.rs:5025:23
[INFO] [stdout]    |
[INFO] [stdout] 12 | InlineQueryResultAudio
[INFO] [stdout]    |                       ^ help: add `;` here
[INFO] [stdout] 13 | InlineQueryResultContact
[INFO] [stdout]    | ------------------------ unexpected token
[INFO] [stdout] 
[INFO] [stdout] error: expected `;`, found `InlineQueryResultGame`
[INFO] [stdout]   --> src/types.rs:5026:25
[INFO] [stdout]    |
[INFO] [stdout] 13 | InlineQueryResultContact
[INFO] [stdout]    |                         ^ help: add `;` here
[INFO] [stdout] 14 | InlineQueryResultGame
[INFO] [stdout]    | --------------------- unexpected token
[INFO] [stdout] 
[INFO] [stdout] error: expected `;`, found `InlineQueryResultDocument`
[INFO] [stdout]   --> src/types.rs:5027:22
[INFO] [stdout]    |
[INFO] [stdout] 14 | InlineQueryResultGame
[INFO] [stdout]    |                      ^ help: add `;` here
[INFO] [stdout] 15 | InlineQueryResultDocument
[INFO] [stdout]    | ------------------------- unexpected token
[INFO] [stdout] 
[INFO] [stdout] error: expected `;`, found `InlineQueryResultGif`
[INFO] [stdout]   --> src/types.rs:5028:26
[INFO] [stdout]    |
[INFO] [stdout] 15 | InlineQueryResultDocument
[INFO] [stdout]    |                          ^ help: add `;` here
[INFO] [stdout] 16 | InlineQueryResultGif
[INFO] [stdout]    | -------------------- unexpected token
[INFO] [stdout] 
[INFO] [stdout] error: expected `;`, found `InlineQueryResultLocation`
[INFO] [stdout]   --> src/types.rs:5029:21
[INFO] [stdout]    |
[INFO] [stdout] 16 | InlineQueryResultGif
[INFO] [stdout]    |                     ^ help: add `;` here
[INFO] [stdout] 17 | InlineQueryResultLocation
[INFO] [stdout]    | ------------------------- unexpected token
[INFO] [stdout] 
[INFO] [stdout] error: expected `;`, found `InlineQueryResultMpeg4Gif`
[INFO] [stdout]   --> src/types.rs:5030:26
[INFO] [stdout]    |
[INFO] [stdout] 17 | InlineQueryResultLocation
[INFO] [stdout]    |                          ^ help: add `;` here
[INFO] [stdout] 18 | InlineQueryResultMpeg4Gif
[INFO] [stdout]    | ------------------------- unexpected token
[INFO] [stdout] 
[INFO] [stdout] error: expected `;`, found `InlineQueryResultPhoto`
[INFO] [stdout]   --> src/types.rs:5031:26
[INFO] [stdout]    |
[INFO] [stdout] 18 | InlineQueryResultMpeg4Gif
[INFO] [stdout]    |                          ^ help: add `;` here
[INFO] [stdout] 19 | InlineQueryResultPhoto
[INFO] [stdout]    | ---------------------- unexpected token
[INFO] [stdout] 
[INFO] [stdout] error: expected `;`, found `InlineQueryResultVenue`
[INFO] [stdout]   --> src/types.rs:5032:23
[INFO] [stdout]    |
[INFO] [stdout] 19 | InlineQueryResultPhoto
[INFO] [stdout]    |                       ^ help: add `;` here
[INFO] [stdout] 20 | InlineQueryResultVenue
[INFO] [stdout]    | ---------------------- unexpected token
[INFO] [stdout] 
[INFO] [stdout] error: expected `;`, found `InlineQueryResultVideo`
[INFO] [stdout]   --> src/types.rs:5033:23
[INFO] [stdout]    |
[INFO] [stdout] 20 | InlineQueryResultVenue
[INFO] [stdout]    |                       ^ help: add `;` here
[INFO] [stdout] 21 | InlineQueryResultVideo
[INFO] [stdout]    | ---------------------- unexpected token
[INFO] [stdout] 
[INFO] [stdout] error: expected `;`, found `InlineQueryResultVoice`
[INFO] [stdout]   --> src/types.rs:5034:23
[INFO] [stdout]    |
[INFO] [stdout] 21 | InlineQueryResultVideo
[INFO] [stdout]    |                       ^ help: add `;` here
[INFO] [stdout] 22 | InlineQueryResultVoice
[INFO] [stdout]    | ---------------------- unexpected token
[INFO] [stdout] 
[INFO] [stdout] error[E0425]: cannot find value `InlineQueryResultVoice` in this scope
[INFO] [stdout]   --> src/types.rs:5035:1
[INFO] [stdout]    |
[INFO] [stdout] 22 | InlineQueryResultVoice
[INFO] [stdout]    | ^^^^^^^^^^^^^^^^^^^^^^ not found in this scope
[INFO] [stdout]    |
[INFO] [stdout] help: consider importing this tuple variant
[INFO] [stdout]    |
[INFO] [stdout] 2  + use telegram_bot_api::types::InlineQueryResult::InlineQueryResultVoice;
[INFO] [stdout]    |
[INFO] [stdout] 
[INFO] [stdout] error: aborting due to 20 previous errors
[INFO] [stdout] 
[INFO] [stdout] For more information about this error, try `rustc --explain E0425`.
[INFO] [stdout] Couldn't compile the test.
[INFO] [stdout] ---- src/types.rs - types::BotCommandScope (line 4301) stdout ----
[INFO] [stdout] error: expected `;`, found `BotCommandScopeAllPrivateChats`
[INFO] [stdout]  --> src/types.rs:4302:23
[INFO] [stdout]   |
[INFO] [stdout] 3 | BotCommandScopeDefault
[INFO] [stdout]   |                       ^ help: add `;` here
[INFO] [stdout] 4 | BotCommandScopeAllPrivateChats
[INFO] [stdout]   | ------------------------------ unexpected token
[INFO] [stdout] 
[INFO] [stdout] error: expected `;`, found `BotCommandScopeAllGroupChats`
[INFO] [stdout]  --> src/types.rs:4303:31
[INFO] [stdout]   |
[INFO] [stdout] 4 | BotCommandScopeAllPrivateChats
[INFO] [stdout]   |                               ^ help: add `;` here
[INFO] [stdout] 5 | BotCommandScopeAllGroupChats
[INFO] [stdout]   | ---------------------------- unexpected token
[INFO] [stdout] 
[INFO] [stdout] error: expected `;`, found `BotCommandScopeAllChatAdministrators`
[INFO] [stdout]  --> src/types.rs:4304:29
[INFO] [stdout]   |
[INFO] [stdout] 5 | BotCommandScopeAllGroupChats
[INFO] [stdout]   |                             ^ help: add `;` here
[INFO] [stdout] 6 | BotCommandScopeAllChatAdministrators
[INFO] [stdout]   | ------------------------------------ unexpected token
[INFO] [stdout] 
[INFO] [stdout] error: expected `;`, found `BotCommandScopeChat`
[INFO] [stdout]  --> src/types.rs:4305:37
[INFO] [stdout]   |
[INFO] [stdout] 6 | BotCommandScopeAllChatAdministrators
[INFO] [stdout]   |                                     ^ help: add `;` here
[INFO] [stdout] 7 | BotCommandScopeChat
[INFO] [stdout]   | ------------------- unexpected token
[INFO] [stdout] 
[INFO] [stdout] error: expected `;`, found `BotCommandScopeChatAdministrators`
[INFO] [stdout]  --> src/types.rs:4306:20
[INFO] [stdout]   |
[INFO] [stdout] 7 | BotCommandScopeChat
[INFO] [stdout]   |                    ^ help: add `;` here
[INFO] [stdout] 8 | BotCommandScopeChatAdministrators
[INFO] [stdout]   | --------------------------------- unexpected token
[INFO] [stdout] 
[INFO] [stdout] error: expected `;`, found `BotCommandScopeChatMember`
[INFO] [stdout]  --> src/types.rs:4307:34
[INFO] [stdout]   |
[INFO] [stdout] 8 | BotCommandScopeChatAdministrators
[INFO] [stdout]   |                                  ^ help: add `;` here
[INFO] [stdout] 9 | BotCommandScopeChatMember
[INFO] [stdout]   | ------------------------- unexpected token
[INFO] [stdout] 
[INFO] [stdout] error[E0425]: cannot find value `BotCommandScopeChatMember` in this scope
[INFO] [stdout]  --> src/types.rs:4308:1
[INFO] [stdout]   |
[INFO] [stdout] 9 | BotCommandScopeChatMember
[INFO] [stdout]   | ^^^^^^^^^^^^^^^^^^^^^^^^^ not found in this scope
[INFO] [stdout]   |
[INFO] [stdout] help: consider importing this tuple variant
[INFO] [stdout]   |
[INFO] [stdout] 2 + use telegram_bot_api::types::BotCommandScope::BotCommandScopeChatMember;
[INFO] [stdout]   |
[INFO] [stdout] 
[INFO] [stdout] error: aborting due to 7 previous errors
[INFO] [stdout] 
[INFO] [stdout] For more information about this error, try `rustc --explain E0425`.
[INFO] [stdout] Couldn't compile the test.
[INFO] [stdout] ---- src/types.rs - types::ChatMember (line 4275) stdout ----
[INFO] [stdout] error: expected `;`, found `ChatMemberAdministrator`
[INFO] [stdout]  --> src/types.rs:4276:16
[INFO] [stdout]   |
[INFO] [stdout] 3 | ChatMemberOwner
[INFO] [stdout]   |                ^ help: add `;` here
[INFO] [stdout] 4 | ChatMemberAdministrator
[INFO] [stdout]   | ----------------------- unexpected token
[INFO] [stdout] 
[INFO] [stdout] error: expected `;`, found `ChatMemberMember`
[INFO] [stdout]  --> src/types.rs:4277:24
[INFO] [stdout]   |
[INFO] [stdout] 4 | ChatMemberAdministrator
[INFO] [stdout]   |                        ^ help: add `;` here
[INFO] [stdout] 5 | ChatMemberMember
[INFO] [stdout]   | ---------------- unexpected token
[INFO] [stdout] 
[INFO] [stdout] error: expected `;`, found `ChatMemberRestricted`
[INFO] [stdout]  --> src/types.rs:4278:17
[INFO] [stdout]   |
[INFO] [stdout] 5 | ChatMemberMember
[INFO] [stdout]   |                 ^ help: add `;` here
[INFO] [stdout] 6 | ChatMemberRestricted
[INFO] [stdout]   | -------------------- unexpected token
[INFO] [stdout] 
[INFO] [stdout] error: expected `;`, found `ChatMemberLeft`
[INFO] [stdout]  --> src/types.rs:4279:21
[INFO] [stdout]   |
[INFO] [stdout] 6 | ChatMemberRestricted
[INFO] [stdout]   |                     ^ help: add `;` here
[INFO] [stdout] 7 | ChatMemberLeft
[INFO] [stdout]   | -------------- unexpected token
[INFO] [stdout] 
[INFO] [stdout] error: expected `;`, found `ChatMemberBanned`
[INFO] [stdout]  --> src/types.rs:4280:15
[INFO] [stdout]   |
[INFO] [stdout] 7 | ChatMemberLeft
[INFO] [stdout]   |               ^ help: add `;` here
[INFO] [stdout] 8 | ChatMemberBanned
[INFO] [stdout]   | ---------------- unexpected token
[INFO] [stdout] 
[INFO] [stdout] error[E0425]: cannot find value `ChatMemberBanned` in this scope
[INFO] [stdout]  --> src/types.rs:4281:1
[INFO] [stdout]   |
[INFO] [stdout] 8 | ChatMemberBanned
[INFO] [stdout]   | ^^^^^^^^^^^^^^^^ not found in this scope
[INFO] [stdout]   |
[INFO] [stdout] help: consider importing this tuple variant
[INFO] [stdout]   |
[INFO] [stdout] 2 + use telegram_bot_api::types::ChatMember::ChatMemberBanned;
[INFO] [stdout]   |
[INFO] [stdout] 
[INFO] [stdout] error: aborting due to 6 previous errors
[INFO] [stdout] 
[INFO] [stdout] For more information about this error, try `rustc --explain E0425`.
[INFO] [stdout] Couldn't compile the test.
[INFO] [stdout] ---- src/types.rs - types::InputMedia (line 4348) stdout ----
[INFO] [stdout] error: expected `;`, found `InputMediaDocument`
[INFO] [stdout]  --> src/types.rs:4349:20
[INFO] [stdout]   |
[INFO] [stdout] 3 | InputMediaAnimation
[INFO] [stdout]   |                    ^ help: add `;` here
[INFO] [stdout] 4 | InputMediaDocument
[INFO] [stdout]   | ------------------ unexpected token
[INFO] [stdout] 
[INFO] [stdout] error: expected `;`, found `InputMediaAudio`
[INFO] [stdout]  --> src/types.rs:4350:19
[INFO] [stdout]   |
[INFO] [stdout] 4 | InputMediaDocument
[INFO] [stdout]   |                   ^ help: add `;` here
[INFO] [stdout] 5 | InputMediaAudio
[INFO] [stdout]   | --------------- unexpected token
[INFO] [stdout] 
[INFO] [stdout] error: expected `;`, found `InputMediaPhoto`
[INFO] [stdout]  --> src/types.rs:4351:16
[INFO] [stdout]   |
[INFO] [stdout] 5 | InputMediaAudio
[INFO] [stdout]   |                ^ help: add `;` here
[INFO] [stdout] 6 | InputMediaPhoto
[INFO] [stdout]   | --------------- unexpected token
[INFO] [stdout] 
[INFO] [stdout] error: expected `;`, found `InputMediaVideo`
[INFO] [stdout]  --> src/types.rs:4352:16
[INFO] [stdout]   |
[INFO] [stdout] 6 | InputMediaPhoto
[INFO] [stdout]   |                ^ help: add `;` here
[INFO] [stdout] 7 | InputMediaVideo
[INFO] [stdout]   | --------------- unexpected token
[INFO] [stdout] 
[INFO] [stdout] error[E0425]: cannot find value `InputMediaVideo` in this scope
[INFO] [stdout]  --> src/types.rs:4353:1
[INFO] [stdout]   |
[INFO] [stdout] 7 | InputMediaVideo
[INFO] [stdout]   | ^^^^^^^^^^^^^^^ not found in this scope
[INFO] [stdout]   |
[INFO] [stdout] help: consider importing this tuple variant
[INFO] [stdout]   |
[INFO] [stdout] 2 + use telegram_bot_api::types::InputMedia::InputMediaVideo;
[INFO] [stdout]   |
[INFO] [stdout] 
[INFO] [stdout] error: aborting due to 5 previous errors
[INFO] [stdout] 
[INFO] [stdout] For more information about this error, try `rustc --explain E0425`.
[INFO] [stdout] Couldn't compile the test.
[INFO] [stdout] ---- src/types.rs - types::PassportElementError (line 4990) stdout ----
[INFO] [stdout] error: expected `;`, found `PassportElementErrorFrontSide`
[INFO] [stdout]  --> src/types.rs:4991:30
[INFO] [stdout]   |
[INFO] [stdout] 3 | PassportElementErrorDataField
[INFO] [stdout]   |                              ^ help: add `;` here
[INFO] [stdout] 4 | PassportElementErrorFrontSide
[INFO] [stdout]   | ----------------------------- unexpected token
[INFO] [stdout] 
[INFO] [stdout] error: expected `;`, found `PassportElementErrorReverseSide`
[INFO] [stdout]  --> src/types.rs:4992:30
[INFO] [stdout]   |
[INFO] [stdout] 4 | PassportElementErrorFrontSide
[INFO] [stdout]   |                              ^ help: add `;` here
[INFO] [stdout] 5 | PassportElementErrorReverseSide
[INFO] [stdout]   | ------------------------------- unexpected token
[INFO] [stdout] 
[INFO] [stdout] error: expected `;`, found `PassportElementErrorSelfie`
[INFO] [stdout]  --> src/types.rs:4993:32
[INFO] [stdout]   |
[INFO] [stdout] 5 | PassportElementErrorReverseSide
[INFO] [stdout]   |                                ^ help: add `;` here
[INFO] [stdout] 6 | PassportElementErrorSelfie
[INFO] [stdout]   | -------------------------- unexpected token
[INFO] [stdout] 
[INFO] [stdout] error: expected `;`, found `PassportElementErrorFile`
[INFO] [stdout]  --> src/types.rs:4994:27
[INFO] [stdout]   |
[INFO] [stdout] 6 | PassportElementErrorSelfie
[INFO] [stdout]   |                           ^ help: add `;` here
[INFO] [stdout] 7 | PassportElementErrorFile
[INFO] [stdout]   | ------------------------ unexpected token
[INFO] [stdout] 
[INFO] [stdout] error: expected `;`, found `PassportElementErrorFiles`
[INFO] [stdout]  --> src/types.rs:4995:25
[INFO] [stdout]   |
[INFO] [stdout] 7 | PassportElementErrorFile
[INFO] [stdout]   |                         ^ help: add `;` here
[INFO] [stdout] 8 | PassportElementErrorFiles
[INFO] [stdout]   | ------------------------- unexpected token
[INFO] [stdout] 
[INFO] [stdout] error: expected `;`, found `PassportElementErrorTranslationFile`
[INFO] [stdout]  --> src/types.rs:4996:26
[INFO] [stdout]   |
[INFO] [stdout] 8 | PassportElementErrorFiles
[INFO] [stdout]   |                          ^ help: add `;` here
[INFO] [stdout] 9 | PassportElementErrorTranslationFile
[INFO] [stdout]   | ----------------------------------- unexpected token
[INFO] [stdout] 
[INFO] [stdout] error: expected `;`, found `PassportElementErrorTranslationFiles`
[INFO] [stdout]   --> src/types.rs:4997:36
[INFO] [stdout]    |
[INFO] [stdout] 9  | PassportElementErrorTranslationFile
[INFO] [stdout]    |                                    ^ help: add `;` here
[INFO] [stdout] 10 | PassportElementErrorTranslationFiles
[INFO] [stdout]    | ------------------------------------ unexpected token
[INFO] [stdout] 
[INFO] [stdout] error: expected `;`, found `PassportElementErrorUnspecified`
[INFO] [stdout]   --> src/types.rs:4998:37
[INFO] [stdout]    |
[INFO] [stdout] 10 | PassportElementErrorTranslationFiles
[INFO] [stdout]    |                                     ^ help: add `;` here
[INFO] [stdout] 11 | PassportElementErrorUnspecified
[INFO] [stdout]    | ------------------------------- unexpected token
[INFO] [stdout] 
[INFO] [stdout] error[E0425]: cannot find value `PassportElementErrorUnspecified` in this scope
[INFO] [stdout]   --> src/types.rs:4999:1
[INFO] [stdout]    |
[INFO] [stdout] 11 | PassportElementErrorUnspecified
[INFO] [stdout]    | ^^^^^^^^^^^^^^^^^^^^^^^^^^^^^^^ not found in this scope
[INFO] [stdout]    |
[INFO] [stdout] help: consider importing this tuple variant
[INFO] [stdout]    |
[INFO] [stdout] 2  + use telegram_bot_api::types::PassportElementError::PassportElementErrorUnspecified;
[INFO] [stdout]    |
[INFO] [stdout] 
[INFO] [stdout] error: aborting due to 9 previous errors
[INFO] [stdout] 
[INFO] [stdout] For more information about this error, try `rustc --explain E0425`.
[INFO] [stdout] Couldn't compile the test.
[INFO] [stdout] ---- src/bot.rs - bot::BotApi::new (line 97) stdout ----
[INFO] [stdout] error[E0425]: cannot find function `new` in this scope
[INFO] [stdout]  --> src/bot.rs:98:1
[INFO] [stdout]   |
[INFO] [stdout] 3 | new(String::from("token"),Some(String::from("http://127.0.0.1:8081/bot")));
[INFO] [stdout]   | ^^^ not found in this scope
[INFO] [stdout] 
[INFO] [stdout] error: aborting due to 1 previous error
[INFO] [stdout] 
[INFO] [stdout] For more information about this error, try `rustc --explain E0425`.
[INFO] [stdout] Couldn't compile the test.
[INFO] [stdout] ---- src/types.rs - types::MenuButton (line 4330) stdout ----
[INFO] [stdout] error: expected `;`, found `MenuButtonWebApp`
[INFO] [stdout]  --> src/types.rs:4331:19
[INFO] [stdout]   |
[INFO] [stdout] 3 | MenuButtonCommands
[INFO] [stdout]   |                   ^ help: add `;` here
[INFO] [stdout] 4 | MenuButtonWebApp
[INFO] [stdout]   | ---------------- unexpected token
[INFO] [stdout] 
[INFO] [stdout] error: expected `;`, found `MenuButtonDefault`
[INFO] [stdout]  --> src/types.rs:4332:17
[INFO] [stdout]   |
[INFO] [stdout] 4 | MenuButtonWebApp
[INFO] [stdout]   |                 ^ help: add `;` here
[INFO] [stdout] 5 | MenuButtonDefault
[INFO] [stdout]   | ----------------- unexpected token
[INFO] [stdout] 
[INFO] [stdout] error[E0425]: cannot find value `MenuButtonDefault` in this scope
[INFO] [stdout]  --> src/types.rs:4333:1
[INFO] [stdout]   |
[INFO] [stdout] 5 | MenuButtonDefault
[INFO] [stdout]   | ^^^^^^^^^^^^^^^^^ not found in this scope
[INFO] [stdout]   |
[INFO] [stdout] help: consider importing this tuple variant
[INFO] [stdout]   |
[INFO] [stdout] 2 + use telegram_bot_api::types::MenuButton::MenuButtonDefault;
[INFO] [stdout]   |
[INFO] [stdout] 
[INFO] [stdout] error: aborting due to 3 previous errors
[INFO] [stdout] 
[INFO] [stdout] For more information about this error, try `rustc --explain E0425`.
[INFO] [stdout] Couldn't compile the test.
[INFO] [stdout] 
[INFO] [stdout] failures:
[INFO] [stdout]     src/bot.rs - bot::BotApi::new (line 97)
[INFO] [stdout]     src/types.rs - types::BotCommandScope (line 4301)
[INFO] [stdout]     src/types.rs - types::ChatMember (line 4275)
[INFO] [stdout]     src/types.rs - types::InlineQueryResult (line 5015)
[INFO] [stdout]     src/types.rs - types::InputMedia (line 4348)
[INFO] [stdout]     src/types.rs - types::InputMessageContent (line 4972)
[INFO] [stdout]     src/types.rs - types::MenuButton (line 4330)
[INFO] [stdout]     src/types.rs - types::PassportElementError (line 4990)
[INFO] [stdout] 
[INFO] [stdout] test result: FAILED. 0 passed; 8 failed; 0 ignored; 0 measured; 0 filtered out; finished in 0.08s
[INFO] [stdout] 
[INFO] [stderr] error: doctest failed, to rerun pass `--doc`
[INFO] running `Command { std: "docker" "inspect" "bed2bcf5c419e98a6051cd9f59eb80a5526120a41cd8ef94e16b8ba7e27fc463", kill_on_drop: false }`
[INFO] running `Command { std: "docker" "rm" "-f" "bed2bcf5c419e98a6051cd9f59eb80a5526120a41cd8ef94e16b8ba7e27fc463", kill_on_drop: false }`
[INFO] [stdout] bed2bcf5c419e98a6051cd9f59eb80a5526120a41cd8ef94e16b8ba7e27fc463
