[INFO] cloning repository https://github.com/techygrrrl/splat3-maps
[INFO] running `Command { std: "git" "-c" "credential.helper=" "-c" "credential.helper=/workspace/cargo-home/bin/git-credential-null" "clone" "--bare" "https://github.com/techygrrrl/splat3-maps" "/workspace/cache/git-repos/https%3A%2F%2Fgithub.com%2Ftechygrrrl%2Fsplat3-maps", kill_on_drop: false }`
[INFO] [stderr] Cloning into bare repository '/workspace/cache/git-repos/https%3A%2F%2Fgithub.com%2Ftechygrrrl%2Fsplat3-maps'...
[INFO] running `Command { std: "git" "rev-parse" "HEAD", kill_on_drop: false }`
[INFO] [stdout] a06f94437473f749d231558b1021d27171532c36
[INFO] testing techygrrrl/splat3-maps against 1.75.0 for beta-1.76-1
[INFO] running `Command { std: "git" "clone" "/workspace/cache/git-repos/https%3A%2F%2Fgithub.com%2Ftechygrrrl%2Fsplat3-maps" "/workspace/builds/worker-6-tc1/source", kill_on_drop: false }`
[INFO] [stderr] Cloning into '/workspace/builds/worker-6-tc1/source'...
[INFO] [stderr] done.
[INFO] validating manifest of git repo https://github.com/techygrrrl/splat3-maps on toolchain 1.75.0
[INFO] running `Command { std: CARGO_HOME="/workspace/cargo-home" RUSTUP_HOME="/workspace/rustup-home" "/workspace/cargo-home/bin/cargo" "+1.75.0" "metadata" "--manifest-path" "Cargo.toml" "--no-deps", kill_on_drop: false }`
[INFO] started tweaking git repo https://github.com/techygrrrl/splat3-maps
[INFO] finished tweaking git repo https://github.com/techygrrrl/splat3-maps
[INFO] tweaked toml for git repo https://github.com/techygrrrl/splat3-maps written to /workspace/builds/worker-6-tc1/source/Cargo.toml
[INFO] crate git repo https://github.com/techygrrrl/splat3-maps already has a lockfile, it will not be regenerated
[INFO] running `Command { std: CARGO_HOME="/workspace/cargo-home" RUSTUP_HOME="/workspace/rustup-home" "/workspace/cargo-home/bin/cargo" "+1.75.0" "fetch" "--manifest-path" "Cargo.toml", kill_on_drop: false }`
[INFO] running `Command { std: "docker" "create" "-v" "/var/lib/crater-agent-workspace/builds/worker-6-tc1/target:/opt/rustwide/target:rw,Z" "-v" "/var/lib/crater-agent-workspace/builds/worker-6-tc1/source:/opt/rustwide/workdir:ro,Z" "-v" "/var/lib/crater-agent-workspace/cargo-home:/opt/rustwide/cargo-home:ro,Z" "-v" "/var/lib/crater-agent-workspace/rustup-home:/opt/rustwide/rustup-home:ro,Z" "-e" "SOURCE_DIR=/opt/rustwide/workdir" "-e" "CARGO_TARGET_DIR=/opt/rustwide/target" "-e" "CARGO_HOME=/opt/rustwide/cargo-home" "-e" "RUSTUP_HOME=/opt/rustwide/rustup-home" "-w" "/opt/rustwide/workdir" "-m" "1610612736" "--user" "0:0" "--network" "none" "ghcr.io/rust-lang/crates-build-env/linux@sha256:2788e3201cd34a07e3172128adcd8b3090168a8e3bcc40d7c032b9dda1df7d1c" "/opt/rustwide/cargo-home/bin/cargo" "+1.75.0" "metadata" "--no-deps" "--format-version=1", kill_on_drop: false }`
[INFO] [stdout] 4589c760e26911e57daced831c25fbc228c7c3f90b6d451fb1297d61d643d01b
[INFO] running `Command { std: "docker" "start" "-a" "4589c760e26911e57daced831c25fbc228c7c3f90b6d451fb1297d61d643d01b", kill_on_drop: false }`
[INFO] running `Command { std: "docker" "inspect" "4589c760e26911e57daced831c25fbc228c7c3f90b6d451fb1297d61d643d01b", kill_on_drop: false }`
[INFO] running `Command { std: "docker" "rm" "-f" "4589c760e26911e57daced831c25fbc228c7c3f90b6d451fb1297d61d643d01b", kill_on_drop: false }`
[INFO] [stdout] 4589c760e26911e57daced831c25fbc228c7c3f90b6d451fb1297d61d643d01b
[INFO] running `Command { std: "docker" "create" "-v" "/var/lib/crater-agent-workspace/builds/worker-6-tc1/target:/opt/rustwide/target:rw,Z" "-v" "/var/lib/crater-agent-workspace/builds/worker-6-tc1/source:/opt/rustwide/workdir:ro,Z" "-v" "/var/lib/crater-agent-workspace/cargo-home:/opt/rustwide/cargo-home:ro,Z" "-v" "/var/lib/crater-agent-workspace/rustup-home:/opt/rustwide/rustup-home:ro,Z" "-e" "SOURCE_DIR=/opt/rustwide/workdir" "-e" "CARGO_TARGET_DIR=/opt/rustwide/target" "-e" "CARGO_INCREMENTAL=0" "-e" "RUST_BACKTRACE=full" "-e" "RUSTFLAGS=--cap-lints=warn" "-e" "RUSTDOCFLAGS=--cap-lints=warn" "-e" "CARGO_HOME=/opt/rustwide/cargo-home" "-e" "RUSTUP_HOME=/opt/rustwide/rustup-home" "-w" "/opt/rustwide/workdir" "-m" "1610612736" "--user" "0:0" "--network" "none" "ghcr.io/rust-lang/crates-build-env/linux@sha256:2788e3201cd34a07e3172128adcd8b3090168a8e3bcc40d7c032b9dda1df7d1c" "/opt/rustwide/cargo-home/bin/cargo" "+1.75.0" "build" "--frozen" "--message-format=json", kill_on_drop: false }`
[INFO] [stdout] 73cc714abe572bc0f47ea87a7af13f449442c673f35ef7b7013a0b899a8658c5
[INFO] running `Command { std: "docker" "start" "-a" "73cc714abe572bc0f47ea87a7af13f449442c673f35ef7b7013a0b899a8658c5", kill_on_drop: false }`
[INFO] [stderr]    Compiling proc-macro2 v1.0.46
[INFO] [stderr]    Compiling autocfg v1.1.0
[INFO] [stderr]    Compiling unicode-ident v1.0.4
[INFO] [stderr]    Compiling syn v1.0.101
[INFO] [stderr]    Compiling cfg-if v1.0.0
[INFO] [stderr]    Compiling log v0.4.14
[INFO] [stderr]    Compiling itoa v0.4.8
[INFO] [stderr]    Compiling serde_derive v1.0.145
[INFO] [stderr]    Compiling serde v1.0.145
[INFO] [stderr]    Compiling wasm-bindgen-shared v0.2.78
[INFO] [stderr]    Compiling libc v0.2.134
[INFO] [stderr]    Compiling ryu v1.0.5
[INFO] [stderr]    Compiling pin-project-lite v0.2.7
[INFO] [stderr]    Compiling memchr v2.4.1
[INFO] [stderr]    Compiling lazy_static v1.4.0
[INFO] [stderr]    Compiling bumpalo v3.7.0
[INFO] [stderr]    Compiling version_check v0.9.4
[INFO] [stderr]    Compiling futures-core v0.3.17
[INFO] [stderr]    Compiling serde_json v1.0.67
[INFO] [stderr]    Compiling proc-macro-hack v0.5.19
[INFO] [stderr]    Compiling uncased v0.9.7
[INFO] [stderr]    Compiling futures-macro v0.3.17
[INFO] [stderr]    Compiling quote v1.0.9
[INFO] [stderr]    Compiling proc-macro-nested v0.1.7
[INFO] [stderr]    Compiling cc v1.0.73
[INFO] [stderr]    Compiling futures-sink v0.3.17
[INFO] [stderr]    Compiling futures-task v0.3.17
[INFO] [stderr]    Compiling wasm-bindgen v0.2.78
[INFO] [stderr]    Compiling once_cell v1.15.0
[INFO] [stderr]    Compiling futures-channel v0.3.17
[INFO] [stderr]    Compiling bytes v1.1.0
[INFO] [stderr]    Compiling pkg-config v0.3.25
[INFO] [stderr]    Compiling futures-util v0.3.17
[INFO] [stderr]    Compiling siphasher v0.3.10
[INFO] [stderr]    Compiling phf_shared v0.11.1
[INFO] [stderr]    Compiling tokio v1.21.2
[INFO] [stderr]    Compiling rand_core v0.6.4
[INFO] [stderr]    Compiling slab v0.4.4
[INFO] [stderr]    Compiling pin-utils v0.1.0
[INFO] [stderr]    Compiling futures-io v0.3.17
[INFO] [stderr]    Compiling rand v0.8.5
[INFO] [stderr]    Compiling socket2 v0.4.7
[INFO] [stderr]    Compiling mio v0.8.4
[INFO] [stderr]    Compiling fnv v1.0.7
[INFO] [stderr]    Compiling regex-syntax v0.6.27
[INFO] [stderr]    Compiling http v0.2.4
[INFO] [stderr]    Compiling openssl-sys v0.9.76
[INFO] [stderr]    Compiling tracing-core v0.1.29
[INFO] [stderr]    Compiling phf_generator v0.11.1
[INFO] [stderr]    Compiling num-traits v0.2.14
[INFO] [stderr]    Compiling indexmap v1.9.1
[INFO] [stderr]    Compiling foreign-types-shared v0.1.1
[INFO] [stderr]    Compiling openssl v0.10.42
[INFO] [stderr]    Compiling matches v0.1.9
[INFO] [stderr]    Compiling tinyvec_macros v0.1.0
[INFO] [stderr]    Compiling tinyvec v1.3.1
[INFO] [stderr]    Compiling foreign-types v0.3.2
[INFO] [stderr]    Compiling phf_codegen v0.11.1
[INFO] [stderr]    Compiling regex v1.6.0
[INFO] [stderr]    Compiling tracing v0.1.35
[INFO] [stderr]    Compiling phf v0.11.1
[INFO] [stderr]    Compiling num-integer v0.1.44
[INFO] [stderr]    Compiling parse-zoneinfo v0.3.0
[INFO] [stderr]    Compiling percent-encoding v2.1.0
[INFO] [stderr]    Compiling httparse v1.8.0
[INFO] [stderr]    Compiling bitflags v1.3.2
[INFO] [stderr]    Compiling native-tls v0.2.10
[INFO] [stderr]    Compiling hashbrown v0.12.3
[INFO] [stderr]    Compiling chrono-tz-build v0.0.3
[INFO] [stderr]    Compiling form_urlencoded v1.0.1
[INFO] [stderr]    Compiling unicode-normalization v0.1.19
[INFO] [stderr]    Compiling thiserror v1.0.37
[INFO] [stderr]    Compiling wasm-bindgen-backend v0.2.78
[INFO] [stderr]    Compiling cfg-if v0.1.10
[INFO] [stderr]    Compiling unicode-bidi v0.3.6
[INFO] [stderr]    Compiling itoa v1.0.3
[INFO] [stderr]    Compiling openssl-probe v0.1.5
[INFO] [stderr]    Compiling try-lock v0.2.3
[INFO] [stderr]    Compiling async-trait v0.1.51
[INFO] [stderr]    Compiling want v0.3.0
[INFO] [stderr]    Compiling idna v0.2.3
[INFO] [stderr]    Compiling chrono-tz v0.6.3
[INFO] [stderr]    Compiling wasm-bindgen-macro-support v0.2.78
[INFO] [stderr]    Compiling http-body v0.4.5
[INFO] [stderr]    Compiling httpdate v1.0.2
[INFO] [stderr]    Compiling encoding_rs v0.8.31
[INFO] [stderr]    Compiling tower-service v0.3.2
[INFO] [stderr]    Compiling tokio-util v0.7.4
[INFO] [stderr]    Compiling url v2.2.2
[INFO] [stderr]    Compiling chrono v0.4.19
[INFO] [stderr]    Compiling mime v0.3.16
[INFO] [stderr]    Compiling base64 v0.13.0
[INFO] [stderr]    Compiling matchit v0.4.2
[INFO] [stderr]    Compiling ipnet v2.5.0
[INFO] [stderr]    Compiling wasm-bindgen-macro v0.2.78
[INFO] [stderr]    Compiling openssl-macros v0.1.0
[INFO] [stderr]    Compiling thiserror-impl v1.0.37
[INFO] [stderr]    Compiling pin-project-internal v1.0.12
[INFO] [stderr]    Compiling pin-project v1.0.12
[INFO] [stderr]    Compiling tokio-native-tls v0.3.0
[INFO] [stderr]    Compiling h2 v0.3.14
[INFO] [stderr]    Compiling futures-executor v0.3.17
[INFO] [stderr]    Compiling futures v0.3.17
[INFO] [stderr]    Compiling serde_urlencoded v0.7.1
[INFO] [stderr]    Compiling hyper v0.14.20
[INFO] [stderr]    Compiling js-sys v0.3.55
[INFO] [stderr]    Compiling console_error_panic_hook v0.1.6
[INFO] [stderr]    Compiling hyper-tls v0.5.0
[INFO] [stderr]    Compiling reqwest v0.11.12
[INFO] [stderr]    Compiling web-sys v0.3.55
[INFO] [stderr]    Compiling wasm-bindgen-futures v0.4.28
[INFO] [stderr]    Compiling worker-kv v0.5.1
[INFO] [stderr]    Compiling worker-sys v0.0.4
[INFO] [stderr]    Compiling worker-macros v0.0.4
[INFO] [stderr]    Compiling worker v0.0.9
[INFO] [stderr]    Compiling splat3-maps v0.1.0 (/opt/rustwide/workdir)
[INFO] [stderr]     Finished dev [unoptimized + debuginfo] target(s) in 46.70s
[INFO] running `Command { std: "docker" "inspect" "73cc714abe572bc0f47ea87a7af13f449442c673f35ef7b7013a0b899a8658c5", kill_on_drop: false }`
[INFO] running `Command { std: "docker" "rm" "-f" "73cc714abe572bc0f47ea87a7af13f449442c673f35ef7b7013a0b899a8658c5", kill_on_drop: false }`
[INFO] [stdout] 73cc714abe572bc0f47ea87a7af13f449442c673f35ef7b7013a0b899a8658c5
[INFO] running `Command { std: "docker" "create" "-v" "/var/lib/crater-agent-workspace/builds/worker-6-tc1/target:/opt/rustwide/target:rw,Z" "-v" "/var/lib/crater-agent-workspace/builds/worker-6-tc1/source:/opt/rustwide/workdir:ro,Z" "-v" "/var/lib/crater-agent-workspace/cargo-home:/opt/rustwide/cargo-home:ro,Z" "-v" "/var/lib/crater-agent-workspace/rustup-home:/opt/rustwide/rustup-home:ro,Z" "-e" "SOURCE_DIR=/opt/rustwide/workdir" "-e" "CARGO_TARGET_DIR=/opt/rustwide/target" "-e" "CARGO_INCREMENTAL=0" "-e" "RUST_BACKTRACE=full" "-e" "RUSTFLAGS=--cap-lints=warn" "-e" "RUSTDOCFLAGS=--cap-lints=warn" "-e" "CARGO_HOME=/opt/rustwide/cargo-home" "-e" "RUSTUP_HOME=/opt/rustwide/rustup-home" "-w" "/opt/rustwide/workdir" "-m" "1610612736" "--user" "0:0" "--network" "none" "ghcr.io/rust-lang/crates-build-env/linux@sha256:2788e3201cd34a07e3172128adcd8b3090168a8e3bcc40d7c032b9dda1df7d1c" "/opt/rustwide/cargo-home/bin/cargo" "+1.75.0" "test" "--frozen" "--no-run" "--message-format=json", kill_on_drop: false }`
[INFO] [stdout] 3426144342f43e0d75b22d11e953147b7a95b739fa53592523c50d673ec5cccb
[INFO] running `Command { std: "docker" "start" "-a" "3426144342f43e0d75b22d11e953147b7a95b739fa53592523c50d673ec5cccb", kill_on_drop: false }`
[INFO] [stderr]    Compiling splat3-maps v0.1.0 (/opt/rustwide/workdir)
[INFO] [stderr]     Finished test [unoptimized + debuginfo] target(s) in 0.61s
[INFO] running `Command { std: "docker" "inspect" "3426144342f43e0d75b22d11e953147b7a95b739fa53592523c50d673ec5cccb", kill_on_drop: false }`
[INFO] running `Command { std: "docker" "rm" "-f" "3426144342f43e0d75b22d11e953147b7a95b739fa53592523c50d673ec5cccb", kill_on_drop: false }`
[INFO] [stdout] 3426144342f43e0d75b22d11e953147b7a95b739fa53592523c50d673ec5cccb
[INFO] running `Command { std: "docker" "create" "-v" "/var/lib/crater-agent-workspace/builds/worker-6-tc1/target:/opt/rustwide/target:rw,Z" "-v" "/var/lib/crater-agent-workspace/builds/worker-6-tc1/source:/opt/rustwide/workdir:ro,Z" "-v" "/var/lib/crater-agent-workspace/cargo-home:/opt/rustwide/cargo-home:ro,Z" "-v" "/var/lib/crater-agent-workspace/rustup-home:/opt/rustwide/rustup-home:ro,Z" "-e" "SOURCE_DIR=/opt/rustwide/workdir" "-e" "CARGO_TARGET_DIR=/opt/rustwide/target" "-e" "CARGO_INCREMENTAL=0" "-e" "RUST_BACKTRACE=full" "-e" "RUSTFLAGS=--cap-lints=warn" "-e" "RUSTDOCFLAGS=--cap-lints=warn" "-e" "CARGO_HOME=/opt/rustwide/cargo-home" "-e" "RUSTUP_HOME=/opt/rustwide/rustup-home" "-w" "/opt/rustwide/workdir" "-m" "1610612736" "--user" "0:0" "--network" "none" "ghcr.io/rust-lang/crates-build-env/linux@sha256:2788e3201cd34a07e3172128adcd8b3090168a8e3bcc40d7c032b9dda1df7d1c" "/opt/rustwide/cargo-home/bin/cargo" "+1.75.0" "test" "--frozen", kill_on_drop: false }`
[INFO] [stdout] 1b6842ae28b423eca214de6e108ad040dc0c55567d089f200744675c9aa277f8
[INFO] running `Command { std: "docker" "start" "-a" "1b6842ae28b423eca214de6e108ad040dc0c55567d089f200744675c9aa277f8", kill_on_drop: false }`
[INFO] [stderr]     Finished test [unoptimized + debuginfo] target(s) in 0.12s
[INFO] [stderr]      Running unittests src/lib.rs (/opt/rustwide/target/debug/deps/splat3_maps-37cf1244bd73baf9)
[INFO] [stdout] 
[INFO] [stdout] running 0 tests
[INFO] [stdout] 
[INFO] [stdout] test result: ok. 0 passed; 0 failed; 0 ignored; 0 measured; 0 filtered out; finished in 0.00s
[INFO] [stdout] 
[INFO] [stderr]    Doc-tests splat3-maps
[INFO] [stdout] 
[INFO] [stdout] running 1 test
[INFO] [stdout] test src/lib.rs - log_request (line 15) ... FAILED
[INFO] [stdout] 
[INFO] [stdout] failures:
[INFO] [stdout] 
[INFO] [stdout] ---- src/lib.rs - log_request (line 15) stdout ----
[INFO] [stdout] error: expected one of `!`, `.`, `::`, `;`, `?`, `{`, `}`, or an operator, found `Current`
[INFO] [stdout]  --> src/lib.rs:16:3
[INFO] [stdout]   |
[INFO] [stdout] 3 | 🦑 Current maps: Scorch Gorge, MakoMart. Next maps: Mincemeat Metalworks, Museum d'Alfonsino 🐙
[INFO] [stdout]   |    ^^^^^^^ expected one of 8 possible tokens
[INFO] [stdout] 
[INFO] [stdout] error: identifiers cannot contain emoji: `🦑`
[INFO] [stdout]  --> src/lib.rs:16:1
[INFO] [stdout]   |
[INFO] [stdout] 3 | 🦑 Current maps: Scorch Gorge, MakoMart. Next maps: Mincemeat Metalworks, Museum d'Alfonsino 🐙
[INFO] [stdout]   | ^^
[INFO] [stdout] 
[INFO] [stdout] error: identifiers cannot contain emoji: `🐙`
[INFO] [stdout]  --> src/lib.rs:16:93
[INFO] [stdout]   |
[INFO] [stdout] 3 | 🦑 Current maps: Scorch Gorge, MakoMart. Next maps: Mincemeat Metalworks, Museum d'Alfonsino 🐙
[INFO] [stdout]   |                                                                                              ^^
[INFO] [stdout] 
[INFO] [stdout] error: aborting due to 3 previous errors
[INFO] [stdout] 
[INFO] [stdout] Couldn't compile the test.
[INFO] [stdout] 
[INFO] [stdout] failures:
[INFO] [stdout]     src/lib.rs - log_request (line 15)
[INFO] [stdout] 
[INFO] [stdout] test result: FAILED. 0 passed; 1 failed; 0 ignored; 0 measured; 0 filtered out; finished in 0.04s
[INFO] [stdout] 
[INFO] [stderr] error: doctest failed, to rerun pass `--doc`
[INFO] running `Command { std: "docker" "inspect" "1b6842ae28b423eca214de6e108ad040dc0c55567d089f200744675c9aa277f8", kill_on_drop: false }`
[INFO] running `Command { std: "docker" "rm" "-f" "1b6842ae28b423eca214de6e108ad040dc0c55567d089f200744675c9aa277f8", kill_on_drop: false }`
[INFO] [stdout] 1b6842ae28b423eca214de6e108ad040dc0c55567d089f200744675c9aa277f8
[INFO] testing techygrrrl/splat3-maps against beta-2023-12-22 for beta-1.76-1
[INFO] running `Command { std: "git" "clone" "/workspace/cache/git-repos/https%3A%2F%2Fgithub.com%2Ftechygrrrl%2Fsplat3-maps" "/workspace/builds/worker-6-tc2/source", kill_on_drop: false }`
[INFO] [stderr] Cloning into '/workspace/builds/worker-6-tc2/source'...
[INFO] [stderr] done.
[INFO] validating manifest of git repo https://github.com/techygrrrl/splat3-maps on toolchain beta-2023-12-22
[INFO] running `Command { std: CARGO_HOME="/workspace/cargo-home" RUSTUP_HOME="/workspace/rustup-home" "/workspace/cargo-home/bin/cargo" "+beta-2023-12-22" "metadata" "--manifest-path" "Cargo.toml" "--no-deps", kill_on_drop: false }`
[INFO] started tweaking git repo https://github.com/techygrrrl/splat3-maps
[INFO] finished tweaking git repo https://github.com/techygrrrl/splat3-maps
[INFO] tweaked toml for git repo https://github.com/techygrrrl/splat3-maps written to /workspace/builds/worker-6-tc2/source/Cargo.toml
[INFO] crate git repo https://github.com/techygrrrl/splat3-maps already has a lockfile, it will not be regenerated
[INFO] running `Command { std: CARGO_HOME="/workspace/cargo-home" RUSTUP_HOME="/workspace/rustup-home" "/workspace/cargo-home/bin/cargo" "+beta-2023-12-22" "fetch" "--manifest-path" "Cargo.toml", kill_on_drop: false }`
[INFO] running `Command { std: "docker" "create" "-v" "/var/lib/crater-agent-workspace/builds/worker-6-tc2/target:/opt/rustwide/target:rw,Z" "-v" "/var/lib/crater-agent-workspace/builds/worker-6-tc2/source:/opt/rustwide/workdir:ro,Z" "-v" "/var/lib/crater-agent-workspace/cargo-home:/opt/rustwide/cargo-home:ro,Z" "-v" "/var/lib/crater-agent-workspace/rustup-home:/opt/rustwide/rustup-home:ro,Z" "-e" "SOURCE_DIR=/opt/rustwide/workdir" "-e" "CARGO_TARGET_DIR=/opt/rustwide/target" "-e" "CARGO_HOME=/opt/rustwide/cargo-home" "-e" "RUSTUP_HOME=/opt/rustwide/rustup-home" "-w" "/opt/rustwide/workdir" "-m" "1610612736" "--user" "0:0" "--network" "none" "ghcr.io/rust-lang/crates-build-env/linux@sha256:2788e3201cd34a07e3172128adcd8b3090168a8e3bcc40d7c032b9dda1df7d1c" "/opt/rustwide/cargo-home/bin/cargo" "+beta-2023-12-22" "metadata" "--no-deps" "--format-version=1", kill_on_drop: false }`
[INFO] [stdout] a7b219f2ae06ec1284fcd8deb4da1aa0eac39c6e7ed8880b2d957208fca23cd7
[INFO] running `Command { std: "docker" "start" "-a" "a7b219f2ae06ec1284fcd8deb4da1aa0eac39c6e7ed8880b2d957208fca23cd7", kill_on_drop: false }`
[INFO] running `Command { std: "docker" "inspect" "a7b219f2ae06ec1284fcd8deb4da1aa0eac39c6e7ed8880b2d957208fca23cd7", kill_on_drop: false }`
[INFO] running `Command { std: "docker" "rm" "-f" "a7b219f2ae06ec1284fcd8deb4da1aa0eac39c6e7ed8880b2d957208fca23cd7", kill_on_drop: false }`
[INFO] [stdout] a7b219f2ae06ec1284fcd8deb4da1aa0eac39c6e7ed8880b2d957208fca23cd7
[INFO] running `Command { std: "docker" "create" "-v" "/var/lib/crater-agent-workspace/builds/worker-6-tc2/target:/opt/rustwide/target:rw,Z" "-v" "/var/lib/crater-agent-workspace/builds/worker-6-tc2/source:/opt/rustwide/workdir:ro,Z" "-v" "/var/lib/crater-agent-workspace/cargo-home:/opt/rustwide/cargo-home:ro,Z" "-v" "/var/lib/crater-agent-workspace/rustup-home:/opt/rustwide/rustup-home:ro,Z" "-e" "SOURCE_DIR=/opt/rustwide/workdir" "-e" "CARGO_TARGET_DIR=/opt/rustwide/target" "-e" "CARGO_INCREMENTAL=0" "-e" "RUST_BACKTRACE=full" "-e" "RUSTFLAGS=--cap-lints=warn" "-e" "RUSTDOCFLAGS=--cap-lints=warn" "-e" "CARGO_HOME=/opt/rustwide/cargo-home" "-e" "RUSTUP_HOME=/opt/rustwide/rustup-home" "-w" "/opt/rustwide/workdir" "-m" "1610612736" "--user" "0:0" "--network" "none" "ghcr.io/rust-lang/crates-build-env/linux@sha256:2788e3201cd34a07e3172128adcd8b3090168a8e3bcc40d7c032b9dda1df7d1c" "/opt/rustwide/cargo-home/bin/cargo" "+beta-2023-12-22" "build" "--frozen" "--message-format=json", kill_on_drop: false }`
[INFO] [stdout] 7bc14e76d2e730c686ee03eafa1c2d6fbfd4fe59a43f31232b66cbe7c2127d5c
[INFO] running `Command { std: "docker" "start" "-a" "7bc14e76d2e730c686ee03eafa1c2d6fbfd4fe59a43f31232b66cbe7c2127d5c", kill_on_drop: false }`
[INFO] [stderr]    Compiling proc-macro2 v1.0.46
[INFO] [stderr]    Compiling autocfg v1.1.0
[INFO] [stderr]    Compiling unicode-ident v1.0.4
[INFO] [stderr]    Compiling syn v1.0.101
[INFO] [stderr]    Compiling cfg-if v1.0.0
[INFO] [stderr]    Compiling log v0.4.14
[INFO] [stderr]    Compiling itoa v0.4.8
[INFO] [stderr]    Compiling serde_derive v1.0.145
[INFO] [stderr]    Compiling wasm-bindgen-shared v0.2.78
[INFO] [stderr]    Compiling serde v1.0.145
[INFO] [stderr]    Compiling ryu v1.0.5
[INFO] [stderr]    Compiling libc v0.2.134
[INFO] [stderr]    Compiling pin-project-lite v0.2.7
[INFO] [stderr]    Compiling memchr v2.4.1
[INFO] [stderr]    Compiling bumpalo v3.7.0
[INFO] [stderr]    Compiling serde_json v1.0.67
[INFO] [stderr]    Compiling lazy_static v1.4.0
[INFO] [stderr]    Compiling futures-core v0.3.17
[INFO] [stderr]    Compiling version_check v0.9.4
[INFO] [stderr]    Compiling proc-macro-hack v0.5.19
[INFO] [stderr]    Compiling futures-macro v0.3.17
[INFO] [stderr]    Compiling quote v1.0.9
[INFO] [stderr]    Compiling uncased v0.9.7
[INFO] [stderr]    Compiling proc-macro-nested v0.1.7
[INFO] [stderr]    Compiling bytes v1.1.0
[INFO] [stderr]    Compiling once_cell v1.15.0
[INFO] [stderr]    Compiling futures-channel v0.3.17
[INFO] [stderr]    Compiling wasm-bindgen v0.2.78
[INFO] [stderr]    Compiling pkg-config v0.3.25
[INFO] [stderr]    Compiling futures-task v0.3.17
[INFO] [stderr]    Compiling futures-sink v0.3.17
[INFO] [stderr]    Compiling cc v1.0.73
[INFO] [stderr]    Compiling futures-util v0.3.17
[INFO] [stderr]    Compiling siphasher v0.3.10
[INFO] [stderr]    Compiling phf_shared v0.11.1
[INFO] [stderr]    Compiling tokio v1.21.2
[INFO] [stderr]    Compiling rand_core v0.6.4
[INFO] [stderr]    Compiling futures-io v0.3.17
[INFO] [stderr]    Compiling slab v0.4.4
[INFO] [stderr]    Compiling pin-utils v0.1.0
[INFO] [stderr]    Compiling rand v0.8.5
[INFO] [stderr]    Compiling mio v0.8.4
[INFO] [stderr]    Compiling socket2 v0.4.7
[INFO] [stderr]    Compiling regex-syntax v0.6.27
[INFO] [stderr]    Compiling fnv v1.0.7
[INFO] [stderr]    Compiling http v0.2.4
[INFO] [stderr]    Compiling openssl-sys v0.9.76
[INFO] [stderr]    Compiling phf_generator v0.11.1
[INFO] [stderr]    Compiling tracing-core v0.1.29
[INFO] [stderr]    Compiling num-traits v0.2.14
[INFO] [stderr]    Compiling indexmap v1.9.1
[INFO] [stderr]    Compiling openssl v0.10.42
[INFO] [stderr]    Compiling foreign-types-shared v0.1.1
[INFO] [stderr]    Compiling tinyvec_macros v0.1.0
[INFO] [stderr]    Compiling matches v0.1.9
[INFO] [stderr]    Compiling tinyvec v1.3.1
[INFO] [stderr]    Compiling foreign-types v0.3.2
[INFO] [stderr]    Compiling tracing v0.1.35
[INFO] [stderr]    Compiling regex v1.6.0
[INFO] [stderr]    Compiling phf_codegen v0.11.1
[INFO] [stderr]    Compiling phf v0.11.1
[INFO] [stderr]    Compiling num-integer v0.1.44
[INFO] [stderr]    Compiling percent-encoding v2.1.0
[INFO] [stderr]    Compiling httparse v1.8.0
[INFO] [stderr]    Compiling native-tls v0.2.10
[INFO] [stderr]    Compiling hashbrown v0.12.3
[INFO] [stderr]    Compiling parse-zoneinfo v0.3.0
[INFO] [stderr]    Compiling bitflags v1.3.2
[INFO] [stderr]    Compiling form_urlencoded v1.0.1
[INFO] [stderr]    Compiling unicode-normalization v0.1.19
[INFO] [stderr]    Compiling wasm-bindgen-backend v0.2.78
[INFO] [stderr]    Compiling chrono-tz-build v0.0.3
[INFO] [stderr]    Compiling async-trait v0.1.51
[INFO] [stderr]    Compiling openssl-probe v0.1.5
[INFO] [stderr]    Compiling tokio-util v0.7.4
[INFO] [stderr]    Compiling unicode-bidi v0.3.6
[INFO] [stderr]    Compiling itoa v1.0.3
[INFO] [stderr]    Compiling cfg-if v0.1.10
[INFO] [stderr]    Compiling try-lock v0.2.3
[INFO] [stderr]    Compiling wasm-bindgen-macro-support v0.2.78
[INFO] [stderr]    Compiling thiserror v1.0.37
[INFO] [stderr]    Compiling want v0.3.0
[INFO] [stderr]    Compiling idna v0.2.3
[INFO] [stderr]    Compiling chrono-tz v0.6.3
[INFO] [stderr]    Compiling http-body v0.4.5
[INFO] [stderr]    Compiling tower-service v0.3.2
[INFO] [stderr]    Compiling httpdate v1.0.2
[INFO] [stderr]    Compiling encoding_rs v0.8.31
[INFO] [stderr]    Compiling chrono v0.4.19
[INFO] [stderr]    Compiling url v2.2.2
[INFO] [stderr]    Compiling mime v0.3.16
[INFO] [stderr]    Compiling matchit v0.4.2
[INFO] [stderr]    Compiling base64 v0.13.0
[INFO] [stderr]    Compiling ipnet v2.5.0
[INFO] [stderr]    Compiling wasm-bindgen-macro v0.2.78
[INFO] [stderr]    Compiling openssl-macros v0.1.0
[INFO] [stderr]    Compiling thiserror-impl v1.0.37
[INFO] [stderr]    Compiling pin-project-internal v1.0.12
[INFO] [stderr]    Compiling pin-project v1.0.12
[INFO] [stderr]    Compiling tokio-native-tls v0.3.0
[INFO] [stderr]    Compiling h2 v0.3.14
[INFO] [stderr]    Compiling futures-executor v0.3.17
[INFO] [stderr]    Compiling futures v0.3.17
[INFO] [stderr]    Compiling serde_urlencoded v0.7.1
[INFO] [stderr]    Compiling hyper v0.14.20
[INFO] [stderr]    Compiling js-sys v0.3.55
[INFO] [stderr]    Compiling console_error_panic_hook v0.1.6
[INFO] [stderr]    Compiling hyper-tls v0.5.0
[INFO] [stderr]    Compiling reqwest v0.11.12
[INFO] [stderr]    Compiling web-sys v0.3.55
[INFO] [stderr]    Compiling wasm-bindgen-futures v0.4.28
[INFO] [stderr]    Compiling worker-kv v0.5.1
[INFO] [stderr]    Compiling worker-sys v0.0.4
[INFO] [stderr]    Compiling worker-macros v0.0.4
[INFO] [stderr]    Compiling worker v0.0.9
[INFO] [stderr]    Compiling splat3-maps v0.1.0 (/opt/rustwide/workdir)
[INFO] [stderr]     Finished dev [unoptimized + debuginfo] target(s) in 36.97s
[INFO] running `Command { std: "docker" "inspect" "7bc14e76d2e730c686ee03eafa1c2d6fbfd4fe59a43f31232b66cbe7c2127d5c", kill_on_drop: false }`
[INFO] running `Command { std: "docker" "rm" "-f" "7bc14e76d2e730c686ee03eafa1c2d6fbfd4fe59a43f31232b66cbe7c2127d5c", kill_on_drop: false }`
[INFO] [stdout] 7bc14e76d2e730c686ee03eafa1c2d6fbfd4fe59a43f31232b66cbe7c2127d5c
[INFO] running `Command { std: "docker" "create" "-v" "/var/lib/crater-agent-workspace/builds/worker-6-tc2/target:/opt/rustwide/target:rw,Z" "-v" "/var/lib/crater-agent-workspace/builds/worker-6-tc2/source:/opt/rustwide/workdir:ro,Z" "-v" "/var/lib/crater-agent-workspace/cargo-home:/opt/rustwide/cargo-home:ro,Z" "-v" "/var/lib/crater-agent-workspace/rustup-home:/opt/rustwide/rustup-home:ro,Z" "-e" "SOURCE_DIR=/opt/rustwide/workdir" "-e" "CARGO_TARGET_DIR=/opt/rustwide/target" "-e" "CARGO_INCREMENTAL=0" "-e" "RUST_BACKTRACE=full" "-e" "RUSTFLAGS=--cap-lints=warn" "-e" "RUSTDOCFLAGS=--cap-lints=warn" "-e" "CARGO_HOME=/opt/rustwide/cargo-home" "-e" "RUSTUP_HOME=/opt/rustwide/rustup-home" "-w" "/opt/rustwide/workdir" "-m" "1610612736" "--user" "0:0" "--network" "none" "ghcr.io/rust-lang/crates-build-env/linux@sha256:2788e3201cd34a07e3172128adcd8b3090168a8e3bcc40d7c032b9dda1df7d1c" "/opt/rustwide/cargo-home/bin/cargo" "+beta-2023-12-22" "test" "--frozen" "--no-run" "--message-format=json", kill_on_drop: false }`
[INFO] [stdout] 5327be71545cbfa61a8e553368bf6e5e0e59b7cbfdb7b116f4e075d5867df513
[INFO] running `Command { std: "docker" "start" "-a" "5327be71545cbfa61a8e553368bf6e5e0e59b7cbfdb7b116f4e075d5867df513", kill_on_drop: false }`
[INFO] [stderr]    Compiling splat3-maps v0.1.0 (/opt/rustwide/workdir)
[INFO] [stderr]     Finished test [unoptimized + debuginfo] target(s) in 0.72s
[INFO] running `Command { std: "docker" "inspect" "5327be71545cbfa61a8e553368bf6e5e0e59b7cbfdb7b116f4e075d5867df513", kill_on_drop: false }`
[INFO] running `Command { std: "docker" "rm" "-f" "5327be71545cbfa61a8e553368bf6e5e0e59b7cbfdb7b116f4e075d5867df513", kill_on_drop: false }`
[INFO] [stdout] 5327be71545cbfa61a8e553368bf6e5e0e59b7cbfdb7b116f4e075d5867df513
[INFO] running `Command { std: "docker" "create" "-v" "/var/lib/crater-agent-workspace/builds/worker-6-tc2/target:/opt/rustwide/target:rw,Z" "-v" "/var/lib/crater-agent-workspace/builds/worker-6-tc2/source:/opt/rustwide/workdir:ro,Z" "-v" "/var/lib/crater-agent-workspace/cargo-home:/opt/rustwide/cargo-home:ro,Z" "-v" "/var/lib/crater-agent-workspace/rustup-home:/opt/rustwide/rustup-home:ro,Z" "-e" "SOURCE_DIR=/opt/rustwide/workdir" "-e" "CARGO_TARGET_DIR=/opt/rustwide/target" "-e" "CARGO_INCREMENTAL=0" "-e" "RUST_BACKTRACE=full" "-e" "RUSTFLAGS=--cap-lints=warn" "-e" "RUSTDOCFLAGS=--cap-lints=warn" "-e" "CARGO_HOME=/opt/rustwide/cargo-home" "-e" "RUSTUP_HOME=/opt/rustwide/rustup-home" "-w" "/opt/rustwide/workdir" "-m" "1610612736" "--user" "0:0" "--network" "none" "ghcr.io/rust-lang/crates-build-env/linux@sha256:2788e3201cd34a07e3172128adcd8b3090168a8e3bcc40d7c032b9dda1df7d1c" "/opt/rustwide/cargo-home/bin/cargo" "+beta-2023-12-22" "test" "--frozen", kill_on_drop: false }`
[INFO] [stdout] 8e1c9418f7d20e7098e4834ab493808a9cecd3774403da968040dc628bd343d4
[INFO] running `Command { std: "docker" "start" "-a" "8e1c9418f7d20e7098e4834ab493808a9cecd3774403da968040dc628bd343d4", kill_on_drop: false }`
[INFO] [stderr]     Finished test [unoptimized + debuginfo] target(s) in 0.13s
[INFO] [stderr]      Running unittests src/lib.rs (/opt/rustwide/target/debug/deps/splat3_maps-ff5eeac3992bf49b)
[INFO] [stderr]    Doc-tests splat3-maps
[INFO] [stdout] 
[INFO] [stdout] running 0 tests
[INFO] [stdout] 
[INFO] [stdout] test result: ok. 0 passed; 0 failed; 0 ignored; 0 measured; 0 filtered out; finished in 0.00s
[INFO] [stdout] 
[INFO] [stdout] 
[INFO] [stdout] running 1 test
[INFO] [stdout] test src/lib.rs - log_request (line 15) ... FAILED
[INFO] [stderr] error: doctest failed, to rerun pass `--doc`
[INFO] [stdout] 
[INFO] [stdout] failures:
[INFO] [stdout] 
[INFO] [stdout] ---- src/lib.rs - log_request (line 15) stdout ----
[INFO] [stdout] error: expected one of `!`, `.`, `::`, `;`, `?`, `{`, `}`, or an operator, found `Current`
[INFO] [stdout]  --> src/lib.rs:16:3
[INFO] [stdout]   |
[INFO] [stdout] 3 | 🦑 Current maps: Scorch Gorge, MakoMart. Next maps: Mincemeat Metalworks, Museum d'Alfonsino 🐙
[INFO] [stdout]   |    ^^^^^^^ expected one of 8 possible tokens
[INFO] [stdout] 
[INFO] [stdout] error: identifiers cannot contain emoji: `🦑`
[INFO] [stdout]  --> src/lib.rs:16:1
[INFO] [stdout]   |
[INFO] [stdout] 3 | 🦑 Current maps: Scorch Gorge, MakoMart. Next maps: Mincemeat Metalworks, Museum d'Alfonsino 🐙
[INFO] [stdout]   | ^^
[INFO] [stdout] 
[INFO] [stdout] error: identifiers cannot contain emoji: `🐙`
[INFO] [stdout]  --> src/lib.rs:16:93
[INFO] [stdout]   |
[INFO] [stdout] 3 | 🦑 Current maps: Scorch Gorge, MakoMart. Next maps: Mincemeat Metalworks, Museum d'Alfonsino 🐙
[INFO] [stdout]   |                                                                                              ^^
[INFO] [stdout] 
[INFO] [stdout] error: aborting due to 3 previous errors
[INFO] [stdout] 
[INFO] [stdout] Couldn't compile the test.
[INFO] [stdout] 
[INFO] [stdout] failures:
[INFO] [stdout]     src/lib.rs - log_request (line 15)
[INFO] [stdout] 
[INFO] [stdout] test result: FAILED. 0 passed; 1 failed; 0 ignored; 0 measured; 0 filtered out; finished in 0.05s
[INFO] [stdout] 
[INFO] running `Command { std: "docker" "inspect" "8e1c9418f7d20e7098e4834ab493808a9cecd3774403da968040dc628bd343d4", kill_on_drop: false }`
[INFO] running `Command { std: "docker" "rm" "-f" "8e1c9418f7d20e7098e4834ab493808a9cecd3774403da968040dc628bd343d4", kill_on_drop: false }`
[INFO] [stdout] 8e1c9418f7d20e7098e4834ab493808a9cecd3774403da968040dc628bd343d4
