[INFO] cloning repository https://github.com/talves/rust-digital-garden
[INFO] running `Command { std: "git" "-c" "credential.helper=" "-c" "credential.helper=/workspace/cargo-home/bin/git-credential-null" "clone" "--bare" "https://github.com/talves/rust-digital-garden" "/workspace/cache/git-repos/https%3A%2F%2Fgithub.com%2Ftalves%2Frust-digital-garden", kill_on_drop: false }`
[INFO] [stderr] Cloning into bare repository '/workspace/cache/git-repos/https%3A%2F%2Fgithub.com%2Ftalves%2Frust-digital-garden'...
[INFO] running `Command { std: "git" "rev-parse" "HEAD", kill_on_drop: false }`
[INFO] [stdout] 3f7319a7ef08a90836252b3c11bce6bd1a5f194b
[INFO] testing talves/rust-digital-garden against 1.75.0 for beta-1.76-1
[INFO] running `Command { std: "git" "clone" "/workspace/cache/git-repos/https%3A%2F%2Fgithub.com%2Ftalves%2Frust-digital-garden" "/workspace/builds/worker-6-tc1/source", kill_on_drop: false }`
[INFO] [stderr] Cloning into '/workspace/builds/worker-6-tc1/source'...
[INFO] [stderr] done.
[INFO] validating manifest of git repo https://github.com/talves/rust-digital-garden on toolchain 1.75.0
[INFO] running `Command { std: CARGO_HOME="/workspace/cargo-home" RUSTUP_HOME="/workspace/rustup-home" "/workspace/cargo-home/bin/cargo" "+1.75.0" "metadata" "--manifest-path" "Cargo.toml" "--no-deps", kill_on_drop: false }`
[INFO] started tweaking git repo https://github.com/talves/rust-digital-garden
[INFO] finished tweaking git repo https://github.com/talves/rust-digital-garden
[INFO] tweaked toml for git repo https://github.com/talves/rust-digital-garden written to /workspace/builds/worker-6-tc1/source/Cargo.toml
[INFO] crate git repo https://github.com/talves/rust-digital-garden already has a lockfile, it will not be regenerated
[INFO] running `Command { std: CARGO_HOME="/workspace/cargo-home" RUSTUP_HOME="/workspace/rustup-home" "/workspace/cargo-home/bin/cargo" "+1.75.0" "fetch" "--manifest-path" "Cargo.toml", kill_on_drop: false }`
[INFO] [stderr]  Downloading crates ...
[INFO] [stderr]   Downloaded edit v0.1.3
[INFO] [stderr]   Downloaded rprompt v1.0.5
[INFO] [stderr]   Downloaded owo-colors v1.4.2
[INFO] [stderr]   Downloaded assert_fs v1.0.1
[INFO] running `Command { std: "docker" "create" "-v" "/var/lib/crater-agent-workspace/builds/worker-6-tc1/target:/opt/rustwide/target:rw,Z" "-v" "/var/lib/crater-agent-workspace/builds/worker-6-tc1/source:/opt/rustwide/workdir:ro,Z" "-v" "/var/lib/crater-agent-workspace/cargo-home:/opt/rustwide/cargo-home:ro,Z" "-v" "/var/lib/crater-agent-workspace/rustup-home:/opt/rustwide/rustup-home:ro,Z" "-e" "SOURCE_DIR=/opt/rustwide/workdir" "-e" "CARGO_TARGET_DIR=/opt/rustwide/target" "-e" "CARGO_HOME=/opt/rustwide/cargo-home" "-e" "RUSTUP_HOME=/opt/rustwide/rustup-home" "-w" "/opt/rustwide/workdir" "-m" "1610612736" "--user" "0:0" "--network" "none" "ghcr.io/rust-lang/crates-build-env/linux@sha256:2788e3201cd34a07e3172128adcd8b3090168a8e3bcc40d7c032b9dda1df7d1c" "/opt/rustwide/cargo-home/bin/cargo" "+1.75.0" "metadata" "--no-deps" "--format-version=1", kill_on_drop: false }`
[INFO] [stdout] 6b9a11c088904cc884215484c6d99938eb398936d47fd4b96d2f143e2ab9c91e
[INFO] running `Command { std: "docker" "start" "-a" "6b9a11c088904cc884215484c6d99938eb398936d47fd4b96d2f143e2ab9c91e", kill_on_drop: false }`
[INFO] running `Command { std: "docker" "inspect" "6b9a11c088904cc884215484c6d99938eb398936d47fd4b96d2f143e2ab9c91e", kill_on_drop: false }`
[INFO] running `Command { std: "docker" "rm" "-f" "6b9a11c088904cc884215484c6d99938eb398936d47fd4b96d2f143e2ab9c91e", kill_on_drop: false }`
[INFO] [stdout] 6b9a11c088904cc884215484c6d99938eb398936d47fd4b96d2f143e2ab9c91e
[INFO] running `Command { std: "docker" "create" "-v" "/var/lib/crater-agent-workspace/builds/worker-6-tc1/target:/opt/rustwide/target:rw,Z" "-v" "/var/lib/crater-agent-workspace/builds/worker-6-tc1/source:/opt/rustwide/workdir:ro,Z" "-v" "/var/lib/crater-agent-workspace/cargo-home:/opt/rustwide/cargo-home:ro,Z" "-v" "/var/lib/crater-agent-workspace/rustup-home:/opt/rustwide/rustup-home:ro,Z" "-e" "SOURCE_DIR=/opt/rustwide/workdir" "-e" "CARGO_TARGET_DIR=/opt/rustwide/target" "-e" "CARGO_INCREMENTAL=0" "-e" "RUST_BACKTRACE=full" "-e" "RUSTFLAGS=--cap-lints=warn" "-e" "RUSTDOCFLAGS=--cap-lints=warn" "-e" "CARGO_HOME=/opt/rustwide/cargo-home" "-e" "RUSTUP_HOME=/opt/rustwide/rustup-home" "-w" "/opt/rustwide/workdir" "-m" "1610612736" "--user" "0:0" "--network" "none" "ghcr.io/rust-lang/crates-build-env/linux@sha256:2788e3201cd34a07e3172128adcd8b3090168a8e3bcc40d7c032b9dda1df7d1c" "/opt/rustwide/cargo-home/bin/cargo" "+1.75.0" "build" "--frozen" "--message-format=json", kill_on_drop: false }`
[INFO] [stdout] fa3f122a96883b6bc84102946be7e08e040a52815b2a12b8f16886f58612d090
[INFO] running `Command { std: "docker" "start" "-a" "fa3f122a96883b6bc84102946be7e08e040a52815b2a12b8f16886f58612d090", kill_on_drop: false }`
[INFO] [stderr]    Compiling proc-macro2 v1.0.24
[INFO] [stderr]    Compiling cfg-if v1.0.0
[INFO] [stderr]    Compiling libc v0.2.91
[INFO] [stderr]    Compiling unicode-xid v0.2.1
[INFO] [stderr]    Compiling autocfg v1.0.1
[INFO] [stderr]    Compiling lazy_static v1.4.0
[INFO] [stderr]    Compiling syn v1.0.64
[INFO] [stderr]    Compiling memchr v2.3.4
[INFO] [stderr]    Compiling once_cell v1.7.2
[INFO] [stderr]    Compiling getrandom v0.2.2
[INFO] [stderr]    Compiling version_check v0.9.3
[INFO] [stderr]    Compiling thread_local v1.1.3
[INFO] [stderr]    Compiling byteorder v1.4.3
[INFO] [stderr]    Compiling regex-syntax v0.6.23
[INFO] [stderr]    Compiling bitflags v1.2.1
[INFO] [stderr]    Compiling log v0.4.14
[INFO] [stderr]    Compiling regex-automata v0.1.9
[INFO] [stderr]    Compiling aho-corasick v0.7.15
[INFO] [stderr]    Compiling num-traits v0.2.14
[INFO] [stderr]    Compiling crossbeam-utils v0.8.3
[INFO] [stderr]    Compiling proc-macro-error-attr v1.0.4
[INFO] [stderr]    Compiling tracing-core v0.1.17
[INFO] [stderr]    Compiling quote v1.0.9
[INFO] [stderr]    Compiling ppv-lite86 v0.2.10
[INFO] [stderr]    Compiling bstr v0.2.15
[INFO] [stderr]    Compiling miniz_oxide v0.4.4
[INFO] [stderr]    Compiling proc-macro-error v1.0.4
[INFO] [stderr]    Compiling rand_core v0.6.2
[INFO] [stderr]    Compiling sharded-slab v0.1.1
[INFO] [stderr]    Compiling same-file v1.0.6
[INFO] [stderr]    Compiling pin-project-lite v0.2.6
[INFO] [stderr]    Compiling rand_chacha v0.3.0
[INFO] [stderr]    Compiling fnv v1.0.7
[INFO] [stderr]    Compiling walkdir v2.3.2
[INFO] [stderr]    Compiling rand v0.8.3
[INFO] [stderr]    Compiling tracing-subscriber v0.2.17
[INFO] [stderr]    Compiling regex v1.4.5
[INFO] [stderr]    Compiling doc-comment v0.3.3
[INFO] [stderr]    Compiling eyre v0.6.5
[INFO] [stderr]    Compiling unicode-segmentation v1.7.1
[INFO] [stderr]    Compiling gimli v0.23.0
[INFO] [stderr]    Compiling unicode-width v0.1.8
[INFO] [stderr]    Compiling remove_dir_all v0.5.3
[INFO] [stderr]    Compiling predicates-core v1.0.2
[INFO] [stderr]    Compiling adler v1.0.2
[INFO] [stderr]    Compiling heck v0.3.2
[INFO] [stderr]    Compiling textwrap v0.11.0
[INFO] [stderr]    Compiling tempfile v3.2.0
[INFO] [stderr]    Compiling globset v0.4.6
[INFO] [stderr]    Compiling ignore v0.4.17
[INFO] [stderr]    Compiling float-cmp v0.8.0
[INFO] [stderr]    Compiling atty v0.2.14
[INFO] [stderr]    Compiling rustc-demangle v0.1.18
[INFO] [stderr]    Compiling vec_map v0.8.2
[INFO] [stderr]    Compiling normalize-line-endings v0.3.0
[INFO] [stderr]    Compiling indenter v0.3.3
[INFO] [stderr]    Compiling owo-colors v1.4.2
[INFO] [stderr]    Compiling object v0.23.0
[INFO] [stderr]    Compiling strsim v0.8.0
[INFO] [stderr]    Compiling difference v2.0.0
[INFO] [stderr]    Compiling addr2line v0.14.1
[INFO] [stderr]    Compiling ansi_term v0.11.0
[INFO] [stderr]    Compiling treeline v0.1.0
[INFO] [stderr]    Compiling predicates-tree v1.0.2
[INFO] [stderr]    Compiling clap v2.33.3
[INFO] [stderr]    Compiling predicates v1.0.7
[INFO] [stderr]    Compiling globwalk v0.8.1
[INFO] [stderr]    Compiling dirs-sys v0.3.5
[INFO] [stderr]    Compiling deunicode v0.4.3
[INFO] [stderr]    Compiling slug v0.1.4
[INFO] [stderr]    Compiling directories v3.0.1
[INFO] [stderr]    Compiling assert_fs v1.0.1
[INFO] [stderr]    Compiling rprompt v1.0.5
[INFO] [stderr]    Compiling backtrace v0.3.56
[INFO] [stderr]    Compiling tracing-attributes v0.1.15
[INFO] [stderr]    Compiling thiserror-impl v1.0.24
[INFO] [stderr]    Compiling structopt-derive v0.4.14
[INFO] [stderr]    Compiling thiserror v1.0.24
[INFO] [stderr]    Compiling which v4.0.2
[INFO] [stderr]    Compiling tracing v0.1.25
[INFO] [stderr]    Compiling tracing-error v0.1.2
[INFO] [stderr]    Compiling structopt v0.3.21
[INFO] [stderr]    Compiling edit v0.1.3
[INFO] [stderr]    Compiling color-spantrace v0.1.6
[INFO] [stderr]    Compiling color-eyre v0.5.10
[INFO] [stderr]    Compiling rust-digital-garden v0.1.0 (/opt/rustwide/workdir)
[INFO] [stderr]     Finished dev [unoptimized + debuginfo] target(s) in 32.91s
[INFO] running `Command { std: "docker" "inspect" "fa3f122a96883b6bc84102946be7e08e040a52815b2a12b8f16886f58612d090", kill_on_drop: false }`
[INFO] running `Command { std: "docker" "rm" "-f" "fa3f122a96883b6bc84102946be7e08e040a52815b2a12b8f16886f58612d090", kill_on_drop: false }`
[INFO] [stdout] fa3f122a96883b6bc84102946be7e08e040a52815b2a12b8f16886f58612d090
[INFO] running `Command { std: "docker" "create" "-v" "/var/lib/crater-agent-workspace/builds/worker-6-tc1/target:/opt/rustwide/target:rw,Z" "-v" "/var/lib/crater-agent-workspace/builds/worker-6-tc1/source:/opt/rustwide/workdir:ro,Z" "-v" "/var/lib/crater-agent-workspace/cargo-home:/opt/rustwide/cargo-home:ro,Z" "-v" "/var/lib/crater-agent-workspace/rustup-home:/opt/rustwide/rustup-home:ro,Z" "-e" "SOURCE_DIR=/opt/rustwide/workdir" "-e" "CARGO_TARGET_DIR=/opt/rustwide/target" "-e" "CARGO_INCREMENTAL=0" "-e" "RUST_BACKTRACE=full" "-e" "RUSTFLAGS=--cap-lints=warn" "-e" "RUSTDOCFLAGS=--cap-lints=warn" "-e" "CARGO_HOME=/opt/rustwide/cargo-home" "-e" "RUSTUP_HOME=/opt/rustwide/rustup-home" "-w" "/opt/rustwide/workdir" "-m" "1610612736" "--user" "0:0" "--network" "none" "ghcr.io/rust-lang/crates-build-env/linux@sha256:2788e3201cd34a07e3172128adcd8b3090168a8e3bcc40d7c032b9dda1df7d1c" "/opt/rustwide/cargo-home/bin/cargo" "+1.75.0" "test" "--frozen" "--no-run" "--message-format=json", kill_on_drop: false }`
[INFO] [stdout] 658910fcb6d6ddaa14ce8effb438f73d069c017f50537dfc4adad512576e7f12
[INFO] running `Command { std: "docker" "start" "-a" "658910fcb6d6ddaa14ce8effb438f73d069c017f50537dfc4adad512576e7f12", kill_on_drop: false }`
[INFO] [stderr]    Compiling wait-timeout v0.2.0
[INFO] [stderr]    Compiling assert_cmd v1.0.3
[INFO] [stderr]    Compiling rust-digital-garden v0.1.0 (/opt/rustwide/workdir)
[INFO] [stderr]     Finished test [unoptimized + debuginfo] target(s) in 2.57s
[INFO] running `Command { std: "docker" "inspect" "658910fcb6d6ddaa14ce8effb438f73d069c017f50537dfc4adad512576e7f12", kill_on_drop: false }`
[INFO] running `Command { std: "docker" "rm" "-f" "658910fcb6d6ddaa14ce8effb438f73d069c017f50537dfc4adad512576e7f12", kill_on_drop: false }`
[INFO] [stdout] 658910fcb6d6ddaa14ce8effb438f73d069c017f50537dfc4adad512576e7f12
[INFO] running `Command { std: "docker" "create" "-v" "/var/lib/crater-agent-workspace/builds/worker-6-tc1/target:/opt/rustwide/target:rw,Z" "-v" "/var/lib/crater-agent-workspace/builds/worker-6-tc1/source:/opt/rustwide/workdir:ro,Z" "-v" "/var/lib/crater-agent-workspace/cargo-home:/opt/rustwide/cargo-home:ro,Z" "-v" "/var/lib/crater-agent-workspace/rustup-home:/opt/rustwide/rustup-home:ro,Z" "-e" "SOURCE_DIR=/opt/rustwide/workdir" "-e" "CARGO_TARGET_DIR=/opt/rustwide/target" "-e" "CARGO_INCREMENTAL=0" "-e" "RUST_BACKTRACE=full" "-e" "RUSTFLAGS=--cap-lints=warn" "-e" "RUSTDOCFLAGS=--cap-lints=warn" "-e" "CARGO_HOME=/opt/rustwide/cargo-home" "-e" "RUSTUP_HOME=/opt/rustwide/rustup-home" "-w" "/opt/rustwide/workdir" "-m" "1610612736" "--user" "0:0" "--network" "none" "ghcr.io/rust-lang/crates-build-env/linux@sha256:2788e3201cd34a07e3172128adcd8b3090168a8e3bcc40d7c032b9dda1df7d1c" "/opt/rustwide/cargo-home/bin/cargo" "+1.75.0" "test" "--frozen", kill_on_drop: false }`
[INFO] [stdout] db867d51bf22ab1bef640306c9929352ec01bc6da71743ecb550c37aa0abb9bc
[INFO] running `Command { std: "docker" "start" "-a" "db867d51bf22ab1bef640306c9929352ec01bc6da71743ecb550c37aa0abb9bc", kill_on_drop: false }`
[INFO] [stderr]     Finished test [unoptimized + debuginfo] target(s) in 0.08s
[INFO] [stderr]      Running unittests src/lib.rs (/opt/rustwide/target/debug/deps/digital_garden-57cb2cf90b47fd71)
[INFO] [stderr]      Running unittests src/main.rs (/opt/rustwide/target/debug/deps/garden-99e96c3db8141657)
[INFO] [stdout] 
[INFO] [stdout] running 0 tests
[INFO] [stdout] 
[INFO] [stdout] test result: ok. 0 passed; 0 failed; 0 ignored; 0 measured; 0 filtered out; finished in 0.00s
[INFO] [stdout] 
[INFO] [stdout] 
[INFO] [stderr]      Running tests/integration.rs (/opt/rustwide/target/debug/deps/integration-8d19e887598c8280)
[INFO] [stdout] running 0 tests
[INFO] [stdout] 
[INFO] [stdout] test result: ok. 0 passed; 0 failed; 0 ignored; 0 measured; 0 filtered out; finished in 0.00s
[INFO] [stdout] 
[INFO] [stdout] 
[INFO] [stdout] running 5 tests
[INFO] [stdout] test test_write_help ... ok
[INFO] [stdout] test test_help ... ok
[INFO] [stdout] test test_version ... ok
[INFO] [stdout] test test_write ... FAILED
[INFO] [stdout] test test_write_without_filename ... FAILED
[INFO] [stdout] 
[INFO] [stdout] failures:
[INFO] [stdout] 
[INFO] [stdout] ---- test_write stdout ----
[INFO] [stdout] thread 'test_write' panicked at /opt/rustwide/cargo-home/registry/src/index.crates.io-6f17d22bba15001f/assert_cmd-1.0.3/src/assert.rs:155:13:
[INFO] [stdout] Unexpected failure.
[INFO] [stdout] code-1
[INFO] [stdout] stderr=```"[src/write.rs:12] &garden_path = \"/tmp/.tmp8vLktX\"\n[src/write.rs:12] &title = Some(\n    \"atitle\",\n)\nError: \n   0: \u{1b}[91mExec format error (os error 8)\u{1b}[0m\n\nLocation:\n   \u{1b}[35msrc/write.rs\u{1b}[0m:\u{1b}[35m22\u{1b}[0m\n\n  ━━━━━━━━━━━━━━━━━━━━━━━━━━━━━━━━━━ BACKTRACE ━━━━━━━━━━━━━━━━━━━━━━━━━━━━━━━━━━━\n  \u{1b}[96m                              ⋮ 5 frames hidden ⋮                               \u{1b}[0m\n   6: \u{1b}[32m<core::result::Result<T,F> as core::ops::try_trait::FromResidual<core::result::Result<core::convert::Infallible,E>>>::from_residual\u{1b}[0m\u{1b}[90m::h736ef878c14495d0\u{1b}[0m\n      at \u{1b}[35m/rustc/82e1608dfa6e0b5569232559e3d385fea5a93112/library/core/src/result.rs\u{1b}[0m:\u{1b}[35m1963\u{1b}[0m\n   7: \u{1b}[91mdigital_garden::write::write\u{1b}[0m\u{1b}[90m::h069a2bf11c4e50d7\u{1b}[0m\n      at \u{1b}[35m/opt/rustwide/workdir/src/write.rs\u{1b}[0m:\u{1b}[35m22\u{1b}[0m\n        20 │     file.write_all(TEMPLATE)?;\n        21 │     // user edits the file in their fav editor before we read in the contents\n  \u{1b}[37m\u{1b}[1m      22\u{1b}[0m \u{1b}[37m\u{1b}[1m>\u{1b}[0m \u{1b}[37m\u{1b}[1m    edit_file(&filepath)?;\u{1b}[0m\n        23 │ \n        24 │     // Read in the user\'s changes back from the file into a string\n   8: \u{1b}[91mgarden::main\u{1b}[0m\u{1b}[90m::h2a563ca71398beb5\u{1b}[0m\n      at \u{1b}[35m/opt/rustwide/workdir/src/main.rs\u{1b}[0m:\u{1b}[35m50\u{1b}[0m\n        48 │     // find our command\n        49 │     match opt.cmd {\n  \u{1b}[37m\u{1b}[1m      50\u{1b}[0m \u{1b}[37m\u{1b}[1m>\u{1b}[0m \u{1b}[37m\u{1b}[1m        Command::Write { title } => write(garden_path, title),\u{1b}[0m\n        51 │     }\n        52 │ }\n   9: \u{1b}[32mcore::ops::function::FnOnce::call_once\u{1b}[0m\u{1b}[90m::h4dabaa2664199227\u{1b}[0m\n      at \u{1b}[35m/rustc/82e1608dfa6e0b5569232559e3d385fea5a93112/library/core/src/ops/function.rs\u{1b}[0m:\u{1b}[35m250\u{1b}[0m\n  \u{1b}[96m                              ⋮ 15 frames hidden ⋮                              \u{1b}[0m\n\nRun with COLORBT_SHOW_HIDDEN=1 environment variable to disable frame filtering.\n"```
[INFO] [stdout] command=`EDITOR="/opt/rustwide/workdir/tests/fake-editor.sh" GARDEN_PATH="/tmp/.tmp8vLktX" "/opt/rustwide/target/debug/garden" "write" "-t" "atitle"`
[INFO] [stdout] stdin=`"N\n"`
[INFO] [stdout] code=1
[INFO] [stdout] stdout=```""```
[INFO] [stdout] stderr=```"[src/write.rs:12] &garden_path = \"/tmp/.tmp8vLktX\"\n[src/write.rs:12] &title = Some(\n    \"atitle\",\n)\nError: \n   0: \u{1b}[91mExec format error (os error 8)\u{1b}[0m\n\nLocation:\n   \u{1b}[35msrc/write.rs\u{1b}[0m:\u{1b}[35m22\u{1b}[0m\n\n  ━━━━━━━━━━━━━━━━━━━━━━━━━━━━━━━━━━ BACKTRACE ━━━━━━━━━━━━━━━━━━━━━━━━━━━━━━━━━━━\n  \u{1b}[96m                              ⋮ 5 frames hidden ⋮                               \u{1b}[0m\n   6: \u{1b}[32m<core::result::Result<T,F> as core::ops::try_trait::FromResidual<core::result::Result<core::convert::Infallible,E>>>::from_residual\u{1b}[0m\u{1b}[90m::h736ef878c14495d0\u{1b}[0m\n      at \u{1b}[35m/rustc/82e1608dfa6e0b5569232559e3d385fea5a93112/library/core/src/result.rs\u{1b}[0m:\u{1b}[35m1963\u{1b}[0m\n   7: \u{1b}[91mdigital_garden::write::write\u{1b}[0m\u{1b}[90m::h069a2bf11c4e50d7\u{1b}[0m\n      at \u{1b}[35m/opt/rustwide/workdir/src/write.rs\u{1b}[0m:\u{1b}[35m22\u{1b}[0m\n        20 │     file.write_all(TEMPLATE)?;\n        21 │     // user edits the file in their fav editor before we read in the contents\n  \u{1b}[37m\u{1b}[1m      22\u{1b}[0m \u{1b}[37m\u{1b}[1m>\u{1b}[0m \u{1b}[37m\u{1b}[1m    edit_file(&filepath)?;\u{1b}[0m\n        23 │ \n        24 │     // Read in the user\'s changes back from the file into a string\n   8: \u{1b}[91mgarden::main\u{1b}[0m\u{1b}[90m::h2a563ca71398beb5\u{1b}[0m\n      at \u{1b}[35m/opt/rustwide/workdir/src/main.rs\u{1b}[0m:\u{1b}[35m50\u{1b}[0m\n        48 │     // find our command\n        49 │     match opt.cmd {\n  \u{1b}[37m\u{1b}[1m      50\u{1b}[0m \u{1b}[37m\u{1b}[1m>\u{1b}[0m \u{1b}[37m\u{1b}[1m        Command::Write { title } => write(garden_path, title),\u{1b}[0m\n        51 │     }\n        52 │ }\n   9: \u{1b}[32mcore::ops::function::FnOnce::call_once\u{1b}[0m\u{1b}[90m::h4dabaa2664199227\u{1b}[0m\n      at \u{1b}[35m/rustc/82e1608dfa6e0b5569232559e3d385fea5a93112/library/core/src/ops/function.rs\u{1b}[0m:\u{1b}[35m250\u{1b}[0m\n  \u{1b}[96m                              ⋮ 15 frames hidden ⋮                              \u{1b}[0m\n\nRun with COLORBT_SHOW_HIDDEN=1 environment variable to disable frame filtering.\n"```
[INFO] [stdout] 
[INFO] [stdout] stack backtrace:
[INFO] [stdout]    0:     0x564dbb7360ec - std::backtrace_rs::backtrace::libunwind::trace::ha637c64ce894333a
[INFO] [stdout]                                at /rustc/82e1608dfa6e0b5569232559e3d385fea5a93112/library/std/src/../../backtrace/src/backtrace/libunwind.rs:104:5
[INFO] [stdout]    1:     0x564dbb7360ec - std::backtrace_rs::backtrace::trace_unsynchronized::h47f62dea28e0c88d
[INFO] [stdout]                                at /rustc/82e1608dfa6e0b5569232559e3d385fea5a93112/library/std/src/../../backtrace/src/backtrace/mod.rs:66:5
[INFO] [stdout]    2:     0x564dbb7360ec - std::sys_common::backtrace::_print_fmt::h9eef0abe20ede486
[INFO] [stdout]                                at /rustc/82e1608dfa6e0b5569232559e3d385fea5a93112/library/std/src/sys_common/backtrace.rs:67:5
[INFO] [stdout]    3:     0x564dbb7360ec - <std::sys_common::backtrace::_print::DisplayBacktrace as core::fmt::Display>::fmt::hed7f999df88cc644
[INFO] [stdout]                                at /rustc/82e1608dfa6e0b5569232559e3d385fea5a93112/library/std/src/sys_common/backtrace.rs:44:22
[INFO] [stdout]    4:     0x564dbb761530 - core::fmt::rt::Argument::fmt::h1539a9308b8d058d
[INFO] [stdout]                                at /rustc/82e1608dfa6e0b5569232559e3d385fea5a93112/library/core/src/fmt/rt.rs:142:9
[INFO] [stdout]    5:     0x564dbb761530 - core::fmt::write::h3a39390d8560d9c9
[INFO] [stdout]                                at /rustc/82e1608dfa6e0b5569232559e3d385fea5a93112/library/core/src/fmt/mod.rs:1120:17
[INFO] [stdout]    6:     0x564dbb73323f - std::io::Write::write_fmt::h040b369f3a0f9cbc
[INFO] [stdout]                                at /rustc/82e1608dfa6e0b5569232559e3d385fea5a93112/library/std/src/io/mod.rs:1762:15
[INFO] [stdout]    7:     0x564dbb735ed4 - std::sys_common::backtrace::_print::h894006fb5c6f3d45
[INFO] [stdout]                                at /rustc/82e1608dfa6e0b5569232559e3d385fea5a93112/library/std/src/sys_common/backtrace.rs:47:5
[INFO] [stdout]    8:     0x564dbb735ed4 - std::sys_common::backtrace::print::h23a2d212c6fff936
[INFO] [stdout]                                at /rustc/82e1608dfa6e0b5569232559e3d385fea5a93112/library/std/src/sys_common/backtrace.rs:34:9
[INFO] [stdout]    9:     0x564dbb737c17 - std::panicking::default_hook::{{closure}}::h8a1d2ee00185001a
[INFO] [stdout]   10:     0x564dbb737903 - std::panicking::default_hook::h6038f2eba384e475
[INFO] [stdout]                                at /rustc/82e1608dfa6e0b5569232559e3d385fea5a93112/library/std/src/panicking.rs:289:9
[INFO] [stdout]   11:     0x564dbb682f87 - <alloc::boxed::Box<F,A> as core::ops::function::Fn<Args>>::call::h0ad024c9bdc6d768
[INFO] [stdout]                                at /rustc/82e1608dfa6e0b5569232559e3d385fea5a93112/library/alloc/src/boxed.rs:2021:9
[INFO] [stdout]   12:     0x564dbb682f87 - test::test_main::{{closure}}::h7500b54257359db6
[INFO] [stdout]                                at /rustc/82e1608dfa6e0b5569232559e3d385fea5a93112/library/test/src/lib.rs:138:21
[INFO] [stdout]   13:     0x564dbb738228 - <alloc::boxed::Box<F,A> as core::ops::function::Fn<Args>>::call::h1f8f335eaa9cfaee
[INFO] [stdout]                                at /rustc/82e1608dfa6e0b5569232559e3d385fea5a93112/library/alloc/src/boxed.rs:2021:9
[INFO] [stdout]   14:     0x564dbb738228 - std::panicking::rust_panic_with_hook::h2b5517d590cab22e
[INFO] [stdout]                                at /rustc/82e1608dfa6e0b5569232559e3d385fea5a93112/library/std/src/panicking.rs:783:13
[INFO] [stdout]   15:     0x564dbb737f7e - std::panicking::begin_panic_handler::{{closure}}::h233112c06e0ef43e
[INFO] [stdout]                                at /rustc/82e1608dfa6e0b5569232559e3d385fea5a93112/library/std/src/panicking.rs:657:13
[INFO] [stdout]   16:     0x564dbb7365b6 - std::sys_common::backtrace::__rust_end_short_backtrace::h6e893f24d7ebbff8
[INFO] [stdout]                                at /rustc/82e1608dfa6e0b5569232559e3d385fea5a93112/library/std/src/sys_common/backtrace.rs:170:18
[INFO] [stdout]   17:     0x564dbb737ce2 - rust_begin_unwind
[INFO] [stdout]                                at /rustc/82e1608dfa6e0b5569232559e3d385fea5a93112/library/std/src/panicking.rs:645:5
[INFO] [stdout]   18:     0x564dbb6484b5 - core::panicking::panic_fmt::hbf0e066aabfa482c
[INFO] [stdout]                                at /rustc/82e1608dfa6e0b5569232559e3d385fea5a93112/library/core/src/panicking.rs:72:14
[INFO] [stdout]   19:     0x564dbb6dd487 - assert_cmd::assert::Assert::success::h6dde59db3de3b9af
[INFO] [stdout]                                at /opt/rustwide/cargo-home/registry/src/index.crates.io-6f17d22bba15001f/assert_cmd-1.0.3/src/assert.rs:155:13
[INFO] [stdout]   20:     0x564dbb64f4be - integration::test_write::ha24269706e84df2b
[INFO] [stdout]                                at /opt/rustwide/workdir/tests/integration.rs:94:5
[INFO] [stdout]   21:     0x564dbb64f367 - integration::test_write::{{closure}}::hbbc264aef3cfcfc8
[INFO] [stdout]                                at /opt/rustwide/workdir/tests/integration.rs:73:16
[INFO] [stdout]   22:     0x564dbb649fe6 - core::ops::function::FnOnce::call_once::h46ef0d1797cf909e
[INFO] [stdout]                                at /rustc/82e1608dfa6e0b5569232559e3d385fea5a93112/library/core/src/ops/function.rs:250:5
[INFO] [stdout]   23:     0x564dbb6885df - core::ops::function::FnOnce::call_once::h2b5d431d5046312d
[INFO] [stdout]                                at /rustc/82e1608dfa6e0b5569232559e3d385fea5a93112/library/core/src/ops/function.rs:250:5
[INFO] [stdout]   24:     0x564dbb6885df - test::__rust_begin_short_backtrace::h7714669af176e207
[INFO] [stdout]                                at /rustc/82e1608dfa6e0b5569232559e3d385fea5a93112/library/test/src/lib.rs:628:18
[INFO] [stdout]   25:     0x564dbb6875f5 - test::run_test_in_process::{{closure}}::h85218797dcbcec12
[INFO] [stdout]                                at /rustc/82e1608dfa6e0b5569232559e3d385fea5a93112/library/test/src/lib.rs:651:60
[INFO] [stdout]   26:     0x564dbb6875f5 - <core::panic::unwind_safe::AssertUnwindSafe<F> as core::ops::function::FnOnce<()>>::call_once::h76c106ea31c14d7b
[INFO] [stdout]                                at /rustc/82e1608dfa6e0b5569232559e3d385fea5a93112/library/core/src/panic/unwind_safe.rs:272:9
[INFO] [stdout]   27:     0x564dbb6875f5 - std::panicking::try::do_call::h3bd5d0f6620ee946
[INFO] [stdout]                                at /rustc/82e1608dfa6e0b5569232559e3d385fea5a93112/library/std/src/panicking.rs:552:40
[INFO] [stdout]   28:     0x564dbb6875f5 - std::panicking::try::h232e535e4744fe31
[INFO] [stdout]                                at /rustc/82e1608dfa6e0b5569232559e3d385fea5a93112/library/std/src/panicking.rs:516:19
[INFO] [stdout]   29:     0x564dbb6875f5 - std::panic::catch_unwind::h3ce3bd6ca8dbac68
[INFO] [stdout]                                at /rustc/82e1608dfa6e0b5569232559e3d385fea5a93112/library/std/src/panic.rs:142:14
[INFO] [stdout]   30:     0x564dbb6875f5 - test::run_test_in_process::hc97b257c9621286a
[INFO] [stdout]                                at /rustc/82e1608dfa6e0b5569232559e3d385fea5a93112/library/test/src/lib.rs:651:27
[INFO] [stdout]   31:     0x564dbb6875f5 - test::run_test::{{closure}}::h2aa798823a438d38
[INFO] [stdout]                                at /rustc/82e1608dfa6e0b5569232559e3d385fea5a93112/library/test/src/lib.rs:574:43
[INFO] [stdout]   32:     0x564dbb64f8b6 - test::run_test::{{closure}}::h87d231c78fb59832
[INFO] [stdout]                                at /rustc/82e1608dfa6e0b5569232559e3d385fea5a93112/library/test/src/lib.rs:602:41
[INFO] [stdout]   33:     0x564dbb64f8b6 - std::sys_common::backtrace::__rust_begin_short_backtrace::he6df152596625789
[INFO] [stdout]                                at /rustc/82e1608dfa6e0b5569232559e3d385fea5a93112/library/std/src/sys_common/backtrace.rs:154:18
[INFO] [stdout]   34:     0x564dbb654967 - std::thread::Builder::spawn_unchecked_::{{closure}}::{{closure}}::ha94be15d1e0acf36
[INFO] [stdout]                                at /rustc/82e1608dfa6e0b5569232559e3d385fea5a93112/library/std/src/thread/mod.rs:529:17
[INFO] [stdout]   35:     0x564dbb654967 - <core::panic::unwind_safe::AssertUnwindSafe<F> as core::ops::function::FnOnce<()>>::call_once::h9dc6bd6372f16606
[INFO] [stdout]                                at /rustc/82e1608dfa6e0b5569232559e3d385fea5a93112/library/core/src/panic/unwind_safe.rs:272:9
[INFO] [stdout]   36:     0x564dbb654967 - std::panicking::try::do_call::h9057517f80303cd4
[INFO] [stdout]                                at /rustc/82e1608dfa6e0b5569232559e3d385fea5a93112/library/std/src/panicking.rs:552:40
[INFO] [stdout]   37:     0x564dbb654967 - std::panicking::try::he3a30b11ee45340c
[INFO] [stdout]                                at /rustc/82e1608dfa6e0b5569232559e3d385fea5a93112/library/std/src/panicking.rs:516:19
[INFO] [stdout]   38:     0x564dbb654967 - std::panic::catch_unwind::h410458cfd3528b8b
[INFO] [stdout]                                at /rustc/82e1608dfa6e0b5569232559e3d385fea5a93112/library/std/src/panic.rs:142:14
[INFO] [stdout]   39:     0x564dbb654967 - std::thread::Builder::spawn_unchecked_::{{closure}}::h72ac3bdb567b737b
[INFO] [stdout]                                at /rustc/82e1608dfa6e0b5569232559e3d385fea5a93112/library/std/src/thread/mod.rs:528:30
[INFO] [stdout]   40:     0x564dbb654967 - core::ops::function::FnOnce::call_once{{vtable.shim}}::h38f34da3654a8344
[INFO] [stdout]                                at /rustc/82e1608dfa6e0b5569232559e3d385fea5a93112/library/core/src/ops/function.rs:250:5
[INFO] [stdout]   41:     0x564dbb73dfc5 - <alloc::boxed::Box<F,A> as core::ops::function::FnOnce<Args>>::call_once::hc7eafaff61e32df9
[INFO] [stdout]                                at /rustc/82e1608dfa6e0b5569232559e3d385fea5a93112/library/alloc/src/boxed.rs:2007:9
[INFO] [stdout]   42:     0x564dbb73dfc5 - <alloc::boxed::Box<F,A> as core::ops::function::FnOnce<Args>>::call_once::h6ba4a5de48dd2304
[INFO] [stdout]                                at /rustc/82e1608dfa6e0b5569232559e3d385fea5a93112/library/alloc/src/boxed.rs:2007:9
[INFO] [stdout]   43:     0x564dbb73dfc5 - std::sys::unix::thread::Thread::new::thread_start::he469335aef763e45
[INFO] [stdout]                                at /rustc/82e1608dfa6e0b5569232559e3d385fea5a93112/library/std/src/sys/unix/thread.rs:108:17
[INFO] [stdout]   44:     0x7fe7052c4ac3 - <unknown>
[INFO] [stdout]   45:     0x7fe705355bf4 - __clone
[INFO] [stdout]   46:                0x0 - <unknown>
[INFO] [stdout] 
[INFO] [stdout] ---- test_write_without_filename stdout ----
[INFO] [stdout] thread 'test_write_without_filename' panicked at /opt/rustwide/cargo-home/registry/src/index.crates.io-6f17d22bba15001f/assert_cmd-1.0.3/src/assert.rs:155:13:
[INFO] [stdout] Unexpected failure.
[INFO] [stdout] code-1
[INFO] [stdout] stderr=```"[src/write.rs:12] &garden_path = \"/tmp/.tmpH6wBiG\"\n[src/write.rs:12] &title = None\nError: \n   0: \u{1b}[91mExec format error (os error 8)\u{1b}[0m\n\nLocation:\n   \u{1b}[35msrc/write.rs\u{1b}[0m:\u{1b}[35m22\u{1b}[0m\n\n  ━━━━━━━━━━━━━━━━━━━━━━━━━━━━━━━━━━ BACKTRACE ━━━━━━━━━━━━━━━━━━━━━━━━━━━━━━━━━━━\n  \u{1b}[96m                              ⋮ 5 frames hidden ⋮                               \u{1b}[0m\n   6: \u{1b}[32m<core::result::Result<T,F> as core::ops::try_trait::FromResidual<core::result::Result<core::convert::Infallible,E>>>::from_residual\u{1b}[0m\u{1b}[90m::h736ef878c14495d0\u{1b}[0m\n      at \u{1b}[35m/rustc/82e1608dfa6e0b5569232559e3d385fea5a93112/library/core/src/result.rs\u{1b}[0m:\u{1b}[35m1963\u{1b}[0m\n   7: \u{1b}[91mdigital_garden::write::write\u{1b}[0m\u{1b}[90m::h069a2bf11c4e50d7\u{1b}[0m\n      at \u{1b}[35m/opt/rustwide/workdir/src/write.rs\u{1b}[0m:\u{1b}[35m22\u{1b}[0m\n        20 │     file.write_all(TEMPLATE)?;\n        21 │     // user edits the file in their fav editor before we read in the contents\n  \u{1b}[37m\u{1b}[1m      22\u{1b}[0m \u{1b}[37m\u{1b}[1m>\u{1b}[0m \u{1b}[37m\u{1b}[1m    edit_file(&filepath)?;\u{1b}[0m\n        23 │ \n        24 │     // Read in the user\'s changes back from the file into a string\n   8: \u{1b}[91mgarden::main\u{1b}[0m\u{1b}[90m::h2a563ca71398beb5\u{1b}[0m\n      at \u{1b}[35m/opt/rustwide/workdir/src/main.rs\u{1b}[0m:\u{1b}[35m50\u{1b}[0m\n        48 │     // find our command\n        49 │     match opt.cmd {\n  \u{1b}[37m\u{1b}[1m      50\u{1b}[0m \u{1b}[37m\u{1b}[1m>\u{1b}[0m \u{1b}[37m\u{1b}[1m        Command::Write { title } => write(garden_path, title),\u{1b}[0m\n        51 │     }\n        52 │ }\n   9: \u{1b}[32mcore::ops::function::FnOnce::call_once\u{1b}[0m\u{1b}[90m::h4dabaa2664199227\u{1b}[0m\n      at \u{1b}[35m/rustc/82e1608dfa6e0b5569232559e3d385fea5a93112/library/core/src/ops/function.rs\u{1b}[0m:\u{1b}[35m250\u{1b}[0m\n  \u{1b}[96m                              ⋮ 15 frames hidden ⋮                              \u{1b}[0m\n\nRun with COLORBT_SHOW_HIDDEN=1 environment variable to disable frame filtering.\n"```
[INFO] [stdout] command=`EDITOR="/opt/rustwide/workdir/tests/fake-editor.sh" GARDEN_PATH="/tmp/.tmpH6wBiG" "/opt/rustwide/target/debug/garden" "write"`
[INFO] [stdout] stdin=`"N\n"`
[INFO] [stdout] code=1
[INFO] [stdout] stdout=```""```
[INFO] [stdout] stderr=```"[src/write.rs:12] &garden_path = \"/tmp/.tmpH6wBiG\"\n[src/write.rs:12] &title = None\nError: \n   0: \u{1b}[91mExec format error (os error 8)\u{1b}[0m\n\nLocation:\n   \u{1b}[35msrc/write.rs\u{1b}[0m:\u{1b}[35m22\u{1b}[0m\n\n  ━━━━━━━━━━━━━━━━━━━━━━━━━━━━━━━━━━ BACKTRACE ━━━━━━━━━━━━━━━━━━━━━━━━━━━━━━━━━━━\n  \u{1b}[96m                              ⋮ 5 frames hidden ⋮                               \u{1b}[0m\n   6: \u{1b}[32m<core::result::Result<T,F> as core::ops::try_trait::FromResidual<core::result::Result<core::convert::Infallible,E>>>::from_residual\u{1b}[0m\u{1b}[90m::h736ef878c14495d0\u{1b}[0m\n      at \u{1b}[35m/rustc/82e1608dfa6e0b5569232559e3d385fea5a93112/library/core/src/result.rs\u{1b}[0m:\u{1b}[35m1963\u{1b}[0m\n   7: \u{1b}[91mdigital_garden::write::write\u{1b}[0m\u{1b}[90m::h069a2bf11c4e50d7\u{1b}[0m\n      at \u{1b}[35m/opt/rustwide/workdir/src/write.rs\u{1b}[0m:\u{1b}[35m22\u{1b}[0m\n        20 │     file.write_all(TEMPLATE)?;\n        21 │     // user edits the file in their fav editor before we read in the contents\n  \u{1b}[37m\u{1b}[1m      22\u{1b}[0m \u{1b}[37m\u{1b}[1m>\u{1b}[0m \u{1b}[37m\u{1b}[1m    edit_file(&filepath)?;\u{1b}[0m\n        23 │ \n        24 │     // Read in the user\'s changes back from the file into a string\n   8: \u{1b}[91mgarden::main\u{1b}[0m\u{1b}[90m::h2a563ca71398beb5\u{1b}[0m\n      at \u{1b}[35m/opt/rustwide/workdir/src/main.rs\u{1b}[0m:\u{1b}[35m50\u{1b}[0m\n        48 │     // find our command\n        49 │     match opt.cmd {\n  \u{1b}[37m\u{1b}[1m      50\u{1b}[0m \u{1b}[37m\u{1b}[1m>\u{1b}[0m \u{1b}[37m\u{1b}[1m        Command::Write { title } => write(garden_path, title),\u{1b}[0m\n        51 │     }\n        52 │ }\n   9: \u{1b}[32mcore::ops::function::FnOnce::call_once\u{1b}[0m\u{1b}[90m::h4dabaa2664199227\u{1b}[0m\n      at \u{1b}[35m/rustc/82e1608dfa6e0b5569232559e3d385fea5a93112/library/core/src/ops/function.rs\u{1b}[0m:\u{1b}[35m250\u{1b}[0m\n  \u{1b}[96m                              ⋮ 15 frames hidden ⋮                              \u{1b}[0m\n\nRun with COLORBT_SHOW_HIDDEN=1 environment variable to disable frame filtering.\n"```
[INFO] [stdout] 
[INFO] [stdout] stack backtrace:
[INFO] [stdout]    0:     0x564dbb7360ec - std::backtrace_rs::backtrace::libunwind::trace::ha637c64ce894333a
[INFO] [stdout]                                at /rustc/82e1608dfa6e0b5569232559e3d385fea5a93112/library/std/src/../../backtrace/src/backtrace/libunwind.rs:104:5
[INFO] [stdout]    1:     0x564dbb7360ec - std::backtrace_rs::backtrace::trace_unsynchronized::h47f62dea28e0c88d
[INFO] [stdout]                                at /rustc/82e1608dfa6e0b5569232559e3d385fea5a93112/library/std/src/../../backtrace/src/backtrace/mod.rs:66:5
[INFO] [stdout]    2:     0x564dbb7360ec - std::sys_common::backtrace::_print_fmt::h9eef0abe20ede486
[INFO] [stdout]                                at /rustc/82e1608dfa6e0b5569232559e3d385fea5a93112/library/std/src/sys_common/backtrace.rs:67:5
[INFO] [stdout]    3:     0x564dbb7360ec - <std::sys_common::backtrace::_print::DisplayBacktrace as core::fmt::Display>::fmt::hed7f999df88cc644
[INFO] [stdout]                                at /rustc/82e1608dfa6e0b5569232559e3d385fea5a93112/library/std/src/sys_common/backtrace.rs:44:22
[INFO] [stdout]    4:     0x564dbb761530 - core::fmt::rt::Argument::fmt::h1539a9308b8d058d
[INFO] [stdout]                                at /rustc/82e1608dfa6e0b5569232559e3d385fea5a93112/library/core/src/fmt/rt.rs:142:9
[INFO] [stdout]    5:     0x564dbb761530 - core::fmt::write::h3a39390d8560d9c9
[INFO] [stdout]                                at /rustc/82e1608dfa6e0b5569232559e3d385fea5a93112/library/core/src/fmt/mod.rs:1120:17
[INFO] [stdout]    6:     0x564dbb73323f - std::io::Write::write_fmt::h040b369f3a0f9cbc
[INFO] [stdout]                                at /rustc/82e1608dfa6e0b5569232559e3d385fea5a93112/library/std/src/io/mod.rs:1762:15
[INFO] [stdout]    7:     0x564dbb735ed4 - std::sys_common::backtrace::_print::h894006fb5c6f3d45
[INFO] [stdout]                                at /rustc/82e1608dfa6e0b5569232559e3d385fea5a93112/library/std/src/sys_common/backtrace.rs:47:5
[INFO] [stdout]    8:     0x564dbb735ed4 - std::sys_common::backtrace::print::h23a2d212c6fff936
[INFO] [stdout]                                at /rustc/82e1608dfa6e0b5569232559e3d385fea5a93112/library/std/src/sys_common/backtrace.rs:34:9
[INFO] [stdout]    9:     0x564dbb737c17 - std::panicking::default_hook::{{closure}}::h8a1d2ee00185001a
[INFO] [stdout]   10:     0x564dbb737903 - std::panicking::default_hook::h6038f2eba384e475
[INFO] [stdout]                                at /rustc/82e1608dfa6e0b5569232559e3d385fea5a93112/library/std/src/panicking.rs:289:9
[INFO] [stdout]   11:     0x564dbb682f87 - <alloc::boxed::Box<F,A> as core::ops::function::Fn<Args>>::call::h0ad024c9bdc6d768
[INFO] [stdout]                                at /rustc/82e1608dfa6e0b5569232559e3d385fea5a93112/library/alloc/src/boxed.rs:2021:9
[INFO] [stdout]   12:     0x564dbb682f87 - test::test_main::{{closure}}::h7500b54257359db6
[INFO] [stdout]                                at /rustc/82e1608dfa6e0b5569232559e3d385fea5a93112/library/test/src/lib.rs:138:21
[INFO] [stdout]   13:     0x564dbb738228 - <alloc::boxed::Box<F,A> as core::ops::function::Fn<Args>>::call::h1f8f335eaa9cfaee
[INFO] [stdout]                                at /rustc/82e1608dfa6e0b5569232559e3d385fea5a93112/library/alloc/src/boxed.rs:2021:9
[INFO] [stdout]   14:     0x564dbb738228 - std::panicking::rust_panic_with_hook::h2b5517d590cab22e
[INFO] [stdout]                                at /rustc/82e1608dfa6e0b5569232559e3d385fea5a93112/library/std/src/panicking.rs:783:13
[INFO] [stdout]   15:     0x564dbb737f7e - std::panicking::begin_panic_handler::{{closure}}::h233112c06e0ef43e
[INFO] [stdout]                                at /rustc/82e1608dfa6e0b5569232559e3d385fea5a93112/library/std/src/panicking.rs:657:13
[INFO] [stdout]   16:     0x564dbb7365b6 - std::sys_common::backtrace::__rust_end_short_backtrace::h6e893f24d7ebbff8
[INFO] [stdout]                                at /rustc/82e1608dfa6e0b5569232559e3d385fea5a93112/library/std/src/sys_common/backtrace.rs:170:18
[INFO] [stdout]   17:     0x564dbb737ce2 - rust_begin_unwind
[INFO] [stdout]                                at /rustc/82e1608dfa6e0b5569232559e3d385fea5a93112/library/std/src/panicking.rs:645:5
[INFO] [stdout]   18:     0x564dbb6484b5 - core::panicking::panic_fmt::hbf0e066aabfa482c
[INFO] [stdout]                                at /rustc/82e1608dfa6e0b5569232559e3d385fea5a93112/library/core/src/panicking.rs:72:14
[INFO] [stdout]   19:     0x564dbb6dd487 - assert_cmd::assert::Assert::success::h6dde59db3de3b9af
[INFO] [stdout]                                at /opt/rustwide/cargo-home/registry/src/index.crates.io-6f17d22bba15001f/assert_cmd-1.0.3/src/assert.rs:155:13
[INFO] [stdout]   20:     0x564dbb64f254 - integration::test_write_without_filename::haae4babea306f293
[INFO] [stdout]                                at /opt/rustwide/workdir/tests/integration.rs:63:5
[INFO] [stdout]   21:     0x564dbb64f137 - integration::test_write_without_filename::{{closure}}::h02255ba16b9c9d4d
[INFO] [stdout]                                at /opt/rustwide/workdir/tests/integration.rs:58:33
[INFO] [stdout]   22:     0x564dbb64a026 - core::ops::function::FnOnce::call_once::h7c6400d9e168ee27
[INFO] [stdout]                                at /rustc/82e1608dfa6e0b5569232559e3d385fea5a93112/library/core/src/ops/function.rs:250:5
[INFO] [stdout]   23:     0x564dbb6885df - core::ops::function::FnOnce::call_once::h2b5d431d5046312d
[INFO] [stdout]                                at /rustc/82e1608dfa6e0b5569232559e3d385fea5a93112/library/core/src/ops/function.rs:250:5
[INFO] [stdout]   24:     0x564dbb6885df - test::__rust_begin_short_backtrace::h7714669af176e207
[INFO] [stdout]                                at /rustc/82e1608dfa6e0b5569232559e3d385fea5a93112/library/test/src/lib.rs:628:18
[INFO] [stdout]   25:     0x564dbb6875f5 - test::run_test_in_process::{{closure}}::h85218797dcbcec12
[INFO] [stdout]                                at /rustc/82e1608dfa6e0b5569232559e3d385fea5a93112/library/test/src/lib.rs:651:60
[INFO] [stdout]   26:     0x564dbb6875f5 - <core::panic::unwind_safe::AssertUnwindSafe<F> as core::ops::function::FnOnce<()>>::call_once::h76c106ea31c14d7b
[INFO] [stdout]                                at /rustc/82e1608dfa6e0b5569232559e3d385fea5a93112/library/core/src/panic/unwind_safe.rs:272:9
[INFO] [stdout]   27:     0x564dbb6875f5 - std::panicking::try::do_call::h3bd5d0f6620ee946
[INFO] [stdout]                                at /rustc/82e1608dfa6e0b5569232559e3d385fea5a93112/library/std/src/panicking.rs:552:40
[INFO] [stdout]   28:     0x564dbb6875f5 - std::panicking::try::h232e535e4744fe31
[INFO] [stdout]                                at /rustc/82e1608dfa6e0b5569232559e3d385fea5a93112/library/std/src/panicking.rs:516:19
[INFO] [stdout]   29:     0x564dbb6875f5 - std::panic::catch_unwind::h3ce3bd6ca8dbac68
[INFO] [stdout]                                at /rustc/82e1608dfa6e0b5569232559e3d385fea5a93112/library/std/src/panic.rs:142:14
[INFO] [stdout]   30:     0x564dbb6875f5 - test::run_test_in_process::hc97b257c9621286a
[INFO] [stdout]                                at /rustc/82e1608dfa6e0b5569232559e3d385fea5a93112/library/test/src/lib.rs:651:27
[INFO] [stdout]   31:     0x564dbb6875f5 - test::run_test::{{closure}}::h2aa798823a438d38
[INFO] [stdout]                                at /rustc/82e1608dfa6e0b5569232559e3d385fea5a93112/library/test/src/lib.rs:574:43
[INFO] [stdout]   32:     0x564dbb64f8b6 - test::run_test::{{closure}}::h87d231c78fb59832
[INFO] [stdout]                                at /rustc/82e1608dfa6e0b5569232559e3d385fea5a93112/library/test/src/lib.rs:602:41
[INFO] [stdout]   33:     0x564dbb64f8b6 - std::sys_common::backtrace::__rust_begin_short_backtrace::he6df152596625789
[INFO] [stdout]                                at /rustc/82e1608dfa6e0b5569232559e3d385fea5a93112/library/std/src/sys_common/backtrace.rs:154:18
[INFO] [stdout]   34:     0x564dbb654967 - std::thread::Builder::spawn_unchecked_::{{closure}}::{{closure}}::ha94be15d1e0acf36
[INFO] [stdout]                                at /rustc/82e1608dfa6e0b5569232559e3d385fea5a93112/library/std/src/thread/mod.rs:529:17
[INFO] [stdout]   35:     0x564dbb654967 - <core::panic::unwind_safe::AssertUnwindSafe<F> as core::ops::function::FnOnce<()>>::call_once::h9dc6bd6372f16606
[INFO] [stdout]                                at /rustc/82e1608dfa6e0b5569232559e3d385fea5a93112/library/core/src/panic/unwind_safe.rs:272:9
[INFO] [stdout]   36:     0x564dbb654967 - std::panicking::try::do_call::h9057517f80303cd4
[INFO] [stdout]                                at /rustc/82e1608dfa6e0b5569232559e3d385fea5a93112/library/std/src/panicking.rs:552:40
[INFO] [stdout]   37:     0x564dbb654967 - std::panicking::try::he3a30b11ee45340c
[INFO] [stdout]                                at /rustc/82e1608dfa6e0b5569232559e3d385fea5a93112/library/std/src/panicking.rs:516:19
[INFO] [stdout]   38:     0x564dbb654967 - std::panic::catch_unwind::h410458cfd3528b8b
[INFO] [stdout]                                at /rustc/82e1608dfa6e0b5569232559e3d385fea5a93112/library/std/src/panic.rs:142:14
[INFO] [stdout]   39:     0x564dbb654967 - std::thread::Builder::spawn_unchecked_::{{closure}}::h72ac3bdb567b737b
[INFO] [stdout]                                at /rustc/82e1608dfa6e0b5569232559e3d385fea5a93112/library/std/src/thread/mod.rs:528:30
[INFO] [stdout]   40:     0x564dbb654967 - core::ops::function::FnOnce::call_once{{vtable.shim}}::h38f34da3654a8344
[INFO] [stdout]                                at /rustc/82e1608dfa6e0b5569232559e3d385fea5a93112/library/core/src/ops/function.rs:250:5
[INFO] [stdout]   41:     0x564dbb73dfc5 - <alloc::boxed::Box<F,A> as core::ops::function::FnOnce<Args>>::call_once::hc7eafaff61e32df9
[INFO] [stdout]                                at /rustc/82e1608dfa6e0b5569232559e3d385fea5a93112/library/alloc/src/boxed.rs:2007:9
[INFO] [stdout]   42:     0x564dbb73dfc5 - <alloc::boxed::Box<F,A> as core::ops::function::FnOnce<Args>>::call_once::h6ba4a5de48dd2304
[INFO] [stdout]                                at /rustc/82e1608dfa6e0b5569232559e3d385fea5a93112/library/alloc/src/boxed.rs:2007:9
[INFO] [stdout]   43:     0x564dbb73dfc5 - std::sys::unix::thread::Thread::new::thread_start::he469335aef763e45
[INFO] [stdout]                                at /rustc/82e1608dfa6e0b5569232559e3d385fea5a93112/library/std/src/sys/unix/thread.rs:108:17
[INFO] [stdout]   44:     0x7fe7052c4ac3 - <unknown>
[INFO] [stdout]   45:     0x7fe705355bf4 - __clone
[INFO] [stdout]   46:                0x0 - <unknown>
[INFO] [stdout] 
[INFO] [stdout] 
[INFO] [stdout] failures:
[INFO] [stdout]     test_write
[INFO] [stdout]     test_write_without_filename
[INFO] [stdout] 
[INFO] [stdout] test result: FAILED. 3 passed; 2 failed; 0 ignored; 0 measured; 0 filtered out; finished in 0.34s
[INFO] [stdout] 
[INFO] [stderr] error: test failed, to rerun pass `--test integration`
[INFO] running `Command { std: "docker" "inspect" "db867d51bf22ab1bef640306c9929352ec01bc6da71743ecb550c37aa0abb9bc", kill_on_drop: false }`
[INFO] running `Command { std: "docker" "rm" "-f" "db867d51bf22ab1bef640306c9929352ec01bc6da71743ecb550c37aa0abb9bc", kill_on_drop: false }`
[INFO] [stdout] db867d51bf22ab1bef640306c9929352ec01bc6da71743ecb550c37aa0abb9bc
