[INFO] cloning repository https://github.com/sveri/error-stack-derive
[INFO] running `Command { std: "git" "-c" "credential.helper=" "-c" "credential.helper=/workspace/cargo-home/bin/git-credential-null" "clone" "--bare" "https://github.com/sveri/error-stack-derive" "/workspace/cache/git-repos/https%3A%2F%2Fgithub.com%2Fsveri%2Ferror-stack-derive", kill_on_drop: false }`
[INFO] [stderr] Cloning into bare repository '/workspace/cache/git-repos/https%3A%2F%2Fgithub.com%2Fsveri%2Ferror-stack-derive'...
[INFO] running `Command { std: "git" "rev-parse" "HEAD", kill_on_drop: false }`
[INFO] [stdout] bb79b45632415db135fa8ccc1ef1a4abff176554
[INFO] testing sveri/error-stack-derive against 1.75.0 for beta-1.76-1
[INFO] running `Command { std: "git" "clone" "/workspace/cache/git-repos/https%3A%2F%2Fgithub.com%2Fsveri%2Ferror-stack-derive" "/workspace/builds/worker-6-tc1/source", kill_on_drop: false }`
[INFO] [stderr] Cloning into '/workspace/builds/worker-6-tc1/source'...
[INFO] [stderr] done.
[INFO] validating manifest of git repo https://github.com/sveri/error-stack-derive on toolchain 1.75.0
[INFO] running `Command { std: CARGO_HOME="/workspace/cargo-home" RUSTUP_HOME="/workspace/rustup-home" "/workspace/cargo-home/bin/cargo" "+1.75.0" "metadata" "--manifest-path" "Cargo.toml" "--no-deps", kill_on_drop: false }`
[INFO] started tweaking git repo https://github.com/sveri/error-stack-derive
[INFO] finished tweaking git repo https://github.com/sveri/error-stack-derive
[INFO] tweaked toml for git repo https://github.com/sveri/error-stack-derive written to /workspace/builds/worker-6-tc1/source/Cargo.toml
[INFO] crate git repo https://github.com/sveri/error-stack-derive already has a lockfile, it will not be regenerated
[INFO] running `Command { std: CARGO_HOME="/workspace/cargo-home" RUSTUP_HOME="/workspace/rustup-home" "/workspace/cargo-home/bin/cargo" "+1.75.0" "fetch" "--manifest-path" "Cargo.toml", kill_on_drop: false }`
[INFO] running `Command { std: "docker" "create" "-v" "/var/lib/crater-agent-workspace/builds/worker-6-tc1/target:/opt/rustwide/target:rw,Z" "-v" "/var/lib/crater-agent-workspace/builds/worker-6-tc1/source:/opt/rustwide/workdir:ro,Z" "-v" "/var/lib/crater-agent-workspace/cargo-home:/opt/rustwide/cargo-home:ro,Z" "-v" "/var/lib/crater-agent-workspace/rustup-home:/opt/rustwide/rustup-home:ro,Z" "-e" "SOURCE_DIR=/opt/rustwide/workdir" "-e" "CARGO_TARGET_DIR=/opt/rustwide/target" "-e" "CARGO_HOME=/opt/rustwide/cargo-home" "-e" "RUSTUP_HOME=/opt/rustwide/rustup-home" "-w" "/opt/rustwide/workdir" "-m" "1610612736" "--user" "0:0" "--network" "none" "ghcr.io/rust-lang/crates-build-env/linux@sha256:2788e3201cd34a07e3172128adcd8b3090168a8e3bcc40d7c032b9dda1df7d1c" "/opt/rustwide/cargo-home/bin/cargo" "+1.75.0" "metadata" "--no-deps" "--format-version=1", kill_on_drop: false }`
[INFO] [stdout] 85eddbe4433d0ae7641816bbae3976f40d9c87e9b5332403a5bd0b50a9ddb4a7
[INFO] running `Command { std: "docker" "start" "-a" "85eddbe4433d0ae7641816bbae3976f40d9c87e9b5332403a5bd0b50a9ddb4a7", kill_on_drop: false }`
[INFO] running `Command { std: "docker" "inspect" "85eddbe4433d0ae7641816bbae3976f40d9c87e9b5332403a5bd0b50a9ddb4a7", kill_on_drop: false }`
[INFO] running `Command { std: "docker" "rm" "-f" "85eddbe4433d0ae7641816bbae3976f40d9c87e9b5332403a5bd0b50a9ddb4a7", kill_on_drop: false }`
[INFO] [stdout] 85eddbe4433d0ae7641816bbae3976f40d9c87e9b5332403a5bd0b50a9ddb4a7
[INFO] running `Command { std: "docker" "create" "-v" "/var/lib/crater-agent-workspace/builds/worker-6-tc1/target:/opt/rustwide/target:rw,Z" "-v" "/var/lib/crater-agent-workspace/builds/worker-6-tc1/source:/opt/rustwide/workdir:ro,Z" "-v" "/var/lib/crater-agent-workspace/cargo-home:/opt/rustwide/cargo-home:ro,Z" "-v" "/var/lib/crater-agent-workspace/rustup-home:/opt/rustwide/rustup-home:ro,Z" "-e" "SOURCE_DIR=/opt/rustwide/workdir" "-e" "CARGO_TARGET_DIR=/opt/rustwide/target" "-e" "CARGO_INCREMENTAL=0" "-e" "RUST_BACKTRACE=full" "-e" "RUSTFLAGS=--cap-lints=warn" "-e" "RUSTDOCFLAGS=--cap-lints=warn" "-e" "CARGO_HOME=/opt/rustwide/cargo-home" "-e" "RUSTUP_HOME=/opt/rustwide/rustup-home" "-w" "/opt/rustwide/workdir" "-m" "1610612736" "--user" "0:0" "--network" "none" "ghcr.io/rust-lang/crates-build-env/linux@sha256:2788e3201cd34a07e3172128adcd8b3090168a8e3bcc40d7c032b9dda1df7d1c" "/opt/rustwide/cargo-home/bin/cargo" "+1.75.0" "build" "--frozen" "--message-format=json", kill_on_drop: false }`
[INFO] [stdout] 36804ee51768f68c2b70e82e18be498aaca72b7ed6d90c5d2f08742cca5ccab7
[INFO] running `Command { std: "docker" "start" "-a" "36804ee51768f68c2b70e82e18be498aaca72b7ed6d90c5d2f08742cca5ccab7", kill_on_drop: false }`
[INFO] [stderr]    Compiling proc-macro2 v1.0.43
[INFO] [stderr]    Compiling unicode-ident v1.0.3
[INFO] [stderr]    Compiling quote v1.0.21
[INFO] [stderr]    Compiling syn v1.0.99
[INFO] [stderr]    Compiling error-stack-derive v0.1.0 (/opt/rustwide/workdir)
[INFO] [stderr]     Finished dev [unoptimized + debuginfo] target(s) in 3.21s
[INFO] running `Command { std: "docker" "inspect" "36804ee51768f68c2b70e82e18be498aaca72b7ed6d90c5d2f08742cca5ccab7", kill_on_drop: false }`
[INFO] running `Command { std: "docker" "rm" "-f" "36804ee51768f68c2b70e82e18be498aaca72b7ed6d90c5d2f08742cca5ccab7", kill_on_drop: false }`
[INFO] [stdout] 36804ee51768f68c2b70e82e18be498aaca72b7ed6d90c5d2f08742cca5ccab7
[INFO] running `Command { std: "docker" "create" "-v" "/var/lib/crater-agent-workspace/builds/worker-6-tc1/target:/opt/rustwide/target:rw,Z" "-v" "/var/lib/crater-agent-workspace/builds/worker-6-tc1/source:/opt/rustwide/workdir:ro,Z" "-v" "/var/lib/crater-agent-workspace/cargo-home:/opt/rustwide/cargo-home:ro,Z" "-v" "/var/lib/crater-agent-workspace/rustup-home:/opt/rustwide/rustup-home:ro,Z" "-e" "SOURCE_DIR=/opt/rustwide/workdir" "-e" "CARGO_TARGET_DIR=/opt/rustwide/target" "-e" "CARGO_INCREMENTAL=0" "-e" "RUST_BACKTRACE=full" "-e" "RUSTFLAGS=--cap-lints=warn" "-e" "RUSTDOCFLAGS=--cap-lints=warn" "-e" "CARGO_HOME=/opt/rustwide/cargo-home" "-e" "RUSTUP_HOME=/opt/rustwide/rustup-home" "-w" "/opt/rustwide/workdir" "-m" "1610612736" "--user" "0:0" "--network" "none" "ghcr.io/rust-lang/crates-build-env/linux@sha256:2788e3201cd34a07e3172128adcd8b3090168a8e3bcc40d7c032b9dda1df7d1c" "/opt/rustwide/cargo-home/bin/cargo" "+1.75.0" "test" "--frozen" "--no-run" "--message-format=json", kill_on_drop: false }`
[INFO] [stdout] 55b4321aa967e5fd8ae7c4d2d1ee61080778597f78d0e7e4ccbcb6b67938ada4
[INFO] running `Command { std: "docker" "start" "-a" "55b4321aa967e5fd8ae7c4d2d1ee61080778597f78d0e7e4ccbcb6b67938ada4", kill_on_drop: false }`
[INFO] [stderr]    Compiling semver-parser v0.7.0
[INFO] [stderr]    Compiling unicode-ident v1.0.3
[INFO] [stderr]    Compiling proc-macro2 v1.0.43
[INFO] [stderr]    Compiling serde v1.0.144
[INFO] [stderr]    Compiling serde_json v1.0.85
[INFO] [stderr]    Compiling ryu v1.0.11
[INFO] [stderr]    Compiling itoa v1.0.3
[INFO] [stderr]    Compiling quote v1.0.21
[INFO] [stderr]    Compiling syn v1.0.99
[INFO] [stderr]    Compiling semver v0.9.0
[INFO] [stderr]    Compiling rustc_version v0.2.3
[INFO] [stderr]    Compiling error-stack v0.1.1
[INFO] [stderr]    Compiling error-stack-derive v0.1.0 (/opt/rustwide/workdir)
[INFO] [stderr]     Finished test [unoptimized + debuginfo] target(s) in 3.59s
[INFO] running `Command { std: "docker" "inspect" "55b4321aa967e5fd8ae7c4d2d1ee61080778597f78d0e7e4ccbcb6b67938ada4", kill_on_drop: false }`
[INFO] running `Command { std: "docker" "rm" "-f" "55b4321aa967e5fd8ae7c4d2d1ee61080778597f78d0e7e4ccbcb6b67938ada4", kill_on_drop: false }`
[INFO] [stdout] 55b4321aa967e5fd8ae7c4d2d1ee61080778597f78d0e7e4ccbcb6b67938ada4
[INFO] running `Command { std: "docker" "create" "-v" "/var/lib/crater-agent-workspace/builds/worker-6-tc1/target:/opt/rustwide/target:rw,Z" "-v" "/var/lib/crater-agent-workspace/builds/worker-6-tc1/source:/opt/rustwide/workdir:ro,Z" "-v" "/var/lib/crater-agent-workspace/cargo-home:/opt/rustwide/cargo-home:ro,Z" "-v" "/var/lib/crater-agent-workspace/rustup-home:/opt/rustwide/rustup-home:ro,Z" "-e" "SOURCE_DIR=/opt/rustwide/workdir" "-e" "CARGO_TARGET_DIR=/opt/rustwide/target" "-e" "CARGO_INCREMENTAL=0" "-e" "RUST_BACKTRACE=full" "-e" "RUSTFLAGS=--cap-lints=warn" "-e" "RUSTDOCFLAGS=--cap-lints=warn" "-e" "CARGO_HOME=/opt/rustwide/cargo-home" "-e" "RUSTUP_HOME=/opt/rustwide/rustup-home" "-w" "/opt/rustwide/workdir" "-m" "1610612736" "--user" "0:0" "--network" "none" "ghcr.io/rust-lang/crates-build-env/linux@sha256:2788e3201cd34a07e3172128adcd8b3090168a8e3bcc40d7c032b9dda1df7d1c" "/opt/rustwide/cargo-home/bin/cargo" "+1.75.0" "test" "--frozen", kill_on_drop: false }`
[INFO] [stdout] 4ab25772806c271c7490e40338b509d3bc6215bc11ab09bff4c0c14becf99dde
[INFO] running `Command { std: "docker" "start" "-a" "4ab25772806c271c7490e40338b509d3bc6215bc11ab09bff4c0c14becf99dde", kill_on_drop: false }`
[INFO] [stderr]     Finished test [unoptimized + debuginfo] target(s) in 0.02s
[INFO] [stderr]      Running unittests src/lib.rs (/opt/rustwide/target/debug/deps/error_stack_derive-7c9ba62a0d5e092c)
[INFO] [stdout] 
[INFO] [stdout] running 0 tests
[INFO] [stdout] 
[INFO] [stdout] test result: ok. 0 passed; 0 failed; 0 ignored; 0 measured; 0 filtered out; finished in 0.00s
[INFO] [stdout] 
[INFO] [stderr]    Doc-tests error-stack-derive
[INFO] [stdout] 
[INFO] [stdout] running 5 tests
[INFO] [stdout] test src/lib.rs - (line 92) ... FAILED
[INFO] [stdout] test src/lib.rs - error (line 150) ... ok
[INFO] [stdout] test src/lib.rs - (line 73) ... ok
[INFO] [stdout] test src/lib.rs - (line 47) ... FAILED
[INFO] [stdout] test src/lib.rs - (line 21) ... FAILED
[INFO] [stdout] 
[INFO] [stdout] failures:
[INFO] [stdout] 
[INFO] [stdout] ---- src/lib.rs - (line 92) stdout ----
[INFO] [stdout] error: positional arguments cannot follow named arguments
[INFO] [stdout]   --> src/lib.rs:120:114
[INFO] [stdout]    |
[INFO] [stdout] 31 |             Self::BarError => _____fmt.write_str(&format!("[{name}] An error occured; {:?}", name = "FooErrors", self)),
[INFO] [stdout]    |                                                                                              ------------------  ^^^^ positional arguments must be before named arguments
[INFO] [stdout]    |                                                                                              |
[INFO] [stdout]    |                                                                                              named argument
[INFO] [stdout] 
[INFO] [stdout] error: argument never used
[INFO] [stdout]   --> src/lib.rs:120:114
[INFO] [stdout]    |
[INFO] [stdout] 31 |             Self::BarError => _____fmt.write_str(&format!("[{name}] An error occured; {:?}", name = "FooErrors", self)),
[INFO] [stdout]    |                                                           ---------------------------------                      ^^^^ argument never used
[INFO] [stdout]    |                                                           |
[INFO] [stdout]    |                                                           formatting specifier missing
[INFO] [stdout] 
[INFO] [stdout] error: aborting due to 2 previous errors
[INFO] [stdout] 
[INFO] [stdout] Couldn't compile the test.
[INFO] [stdout] ---- src/lib.rs - (line 47) stdout ----
[INFO] [stdout] Test executable failed (exit status: 1).
[INFO] [stdout] 
[INFO] [stdout] stderr:
[INFO] [stdout] Error: FooError("No such file or directory (os error 2)")
[INFO] [stdout] 
[INFO] [stdout] 
[INFO] [stdout] ---- src/lib.rs - (line 21) stdout ----
[INFO] [stdout] Test executable failed (exit status: 1).
[INFO] [stdout] 
[INFO] [stdout] stderr:
[INFO] [stdout] Error: An exception occured in foo
[INFO] [stdout]              at src/lib.rs:14:10
[INFO] [stdout]       - Unable to read foo.txt file
[INFO] [stdout] 
[INFO] [stdout] Caused by:
[INFO] [stdout]    0: No such file or directory (os error 2)
[INFO] [stdout]              at src/lib.rs:13:10
[INFO] [stdout] 
[INFO] [stdout] 
[INFO] [stdout] 
[INFO] [stdout] failures:
[INFO] [stdout]     src/lib.rs - (line 21)
[INFO] [stdout]     src/lib.rs - (line 47)
[INFO] [stdout]     src/lib.rs - (line 92)
[INFO] [stdout] 
[INFO] [stdout] test result: FAILED. 2 passed; 3 failed; 0 ignored; 0 measured; 0 filtered out; finished in 0.20s
[INFO] [stdout] 
[INFO] [stderr] error: doctest failed, to rerun pass `--doc`
[INFO] running `Command { std: "docker" "inspect" "4ab25772806c271c7490e40338b509d3bc6215bc11ab09bff4c0c14becf99dde", kill_on_drop: false }`
[INFO] running `Command { std: "docker" "rm" "-f" "4ab25772806c271c7490e40338b509d3bc6215bc11ab09bff4c0c14becf99dde", kill_on_drop: false }`
[INFO] [stdout] 4ab25772806c271c7490e40338b509d3bc6215bc11ab09bff4c0c14becf99dde
