[INFO] cloning repository https://github.com/supersimba888/COSMWASM_TEST_MINT_P
[INFO] running `Command { std: "git" "-c" "credential.helper=" "-c" "credential.helper=/workspace/cargo-home/bin/git-credential-null" "clone" "--bare" "https://github.com/supersimba888/COSMWASM_TEST_MINT_P" "/workspace/cache/git-repos/https%3A%2F%2Fgithub.com%2Fsupersimba888%2FCOSMWASM_TEST_MINT_P", kill_on_drop: false }`
[INFO] [stderr] Cloning into bare repository '/workspace/cache/git-repos/https%3A%2F%2Fgithub.com%2Fsupersimba888%2FCOSMWASM_TEST_MINT_P'...
[INFO] running `Command { std: "git" "rev-parse" "HEAD", kill_on_drop: false }`
[INFO] [stdout] abd701b3b8d815abbb4baad9aeeb5e60dcddb28a
[INFO] testing supersimba888/COSMWASM_TEST_MINT_P against 1.75.0 for beta-1.76-1
[INFO] running `Command { std: "git" "clone" "/workspace/cache/git-repos/https%3A%2F%2Fgithub.com%2Fsupersimba888%2FCOSMWASM_TEST_MINT_P" "/workspace/builds/worker-1-tc1/source", kill_on_drop: false }`
[INFO] [stderr] Cloning into '/workspace/builds/worker-1-tc1/source'...
[INFO] [stderr] done.
[INFO] validating manifest of git repo https://github.com/supersimba888/COSMWASM_TEST_MINT_P on toolchain 1.75.0
[INFO] running `Command { std: CARGO_HOME="/workspace/cargo-home" RUSTUP_HOME="/workspace/rustup-home" "/workspace/cargo-home/bin/cargo" "+1.75.0" "metadata" "--manifest-path" "Cargo.toml" "--no-deps", kill_on_drop: false }`
[INFO] removed /workspace/builds/worker-1-tc1/source/.cargo/config
[INFO] started tweaking git repo https://github.com/supersimba888/COSMWASM_TEST_MINT_P
[INFO] finished tweaking git repo https://github.com/supersimba888/COSMWASM_TEST_MINT_P
[INFO] tweaked toml for git repo https://github.com/supersimba888/COSMWASM_TEST_MINT_P written to /workspace/builds/worker-1-tc1/source/Cargo.toml
[INFO] crate git repo https://github.com/supersimba888/COSMWASM_TEST_MINT_P already has a lockfile, it will not be regenerated
[INFO] running `Command { std: CARGO_HOME="/workspace/cargo-home" RUSTUP_HOME="/workspace/rustup-home" "/workspace/cargo-home/bin/cargo" "+1.75.0" "fetch" "--manifest-path" "Cargo.toml", kill_on_drop: false }`
[INFO] [stderr]  Downloading crates ...
[INFO] [stderr]   Downloaded const-oid v0.6.1
[INFO] [stderr]   Downloaded dynasmrt v1.0.1
[INFO] [stderr]   Downloaded crypto-bigint v0.2.10
[INFO] [stderr]   Downloaded wasmer-middlewares v2.0.0
[INFO] [stderr]   Downloaded schemars_derive v0.8.6
[INFO] [stderr]   Downloaded memmap2 v0.2.0
[INFO] [stderr]   Downloaded schemars v0.8.6
[INFO] [stderr]   Downloaded wasmer-compiler-singlepass v2.0.0
[INFO] [stderr]   Downloaded dynasm v1.0.1
[INFO] [stderr]   Downloaded cosmwasm-std v1.0.0-beta6
[INFO] [stderr]   Downloaded parity-wasm v0.42.1
[INFO] [stderr]   Downloaded cosmwasm-derive v1.0.0-beta6
[INFO] [stderr]   Downloaded cosmwasm-vm v1.0.0-beta
[INFO] [stderr]   Downloaded cw721 v0.11.1
[INFO] [stderr]   Downloaded cw721 v0.12.0
[INFO] [stderr]   Downloaded cw721-base v0.12.0
[INFO] [stderr]   Downloaded cosmwasm-crypto v1.0.0-beta6
[INFO] running `Command { std: "docker" "create" "-v" "/var/lib/crater-agent-workspace/builds/worker-1-tc1/target:/opt/rustwide/target:rw,Z" "-v" "/var/lib/crater-agent-workspace/builds/worker-1-tc1/source:/opt/rustwide/workdir:ro,Z" "-v" "/var/lib/crater-agent-workspace/cargo-home:/opt/rustwide/cargo-home:ro,Z" "-v" "/var/lib/crater-agent-workspace/rustup-home:/opt/rustwide/rustup-home:ro,Z" "-e" "SOURCE_DIR=/opt/rustwide/workdir" "-e" "CARGO_TARGET_DIR=/opt/rustwide/target" "-e" "CARGO_HOME=/opt/rustwide/cargo-home" "-e" "RUSTUP_HOME=/opt/rustwide/rustup-home" "-w" "/opt/rustwide/workdir" "-m" "1610612736" "--user" "0:0" "--network" "none" "ghcr.io/rust-lang/crates-build-env/linux@sha256:2788e3201cd34a07e3172128adcd8b3090168a8e3bcc40d7c032b9dda1df7d1c" "/opt/rustwide/cargo-home/bin/cargo" "+1.75.0" "metadata" "--no-deps" "--format-version=1", kill_on_drop: false }`
[INFO] [stdout] 46124850993b4b39ad05978d99b115ba7e12b011a6dc068ad5b9ceed2746fbcb
[INFO] running `Command { std: "docker" "start" "-a" "46124850993b4b39ad05978d99b115ba7e12b011a6dc068ad5b9ceed2746fbcb", kill_on_drop: false }`
[INFO] running `Command { std: "docker" "inspect" "46124850993b4b39ad05978d99b115ba7e12b011a6dc068ad5b9ceed2746fbcb", kill_on_drop: false }`
[INFO] running `Command { std: "docker" "rm" "-f" "46124850993b4b39ad05978d99b115ba7e12b011a6dc068ad5b9ceed2746fbcb", kill_on_drop: false }`
[INFO] [stdout] 46124850993b4b39ad05978d99b115ba7e12b011a6dc068ad5b9ceed2746fbcb
[INFO] running `Command { std: "docker" "create" "-v" "/var/lib/crater-agent-workspace/builds/worker-1-tc1/target:/opt/rustwide/target:rw,Z" "-v" "/var/lib/crater-agent-workspace/builds/worker-1-tc1/source:/opt/rustwide/workdir:ro,Z" "-v" "/var/lib/crater-agent-workspace/cargo-home:/opt/rustwide/cargo-home:ro,Z" "-v" "/var/lib/crater-agent-workspace/rustup-home:/opt/rustwide/rustup-home:ro,Z" "-e" "SOURCE_DIR=/opt/rustwide/workdir" "-e" "CARGO_TARGET_DIR=/opt/rustwide/target" "-e" "CARGO_INCREMENTAL=0" "-e" "RUST_BACKTRACE=full" "-e" "RUSTFLAGS=--cap-lints=warn" "-e" "RUSTDOCFLAGS=--cap-lints=warn" "-e" "CARGO_HOME=/opt/rustwide/cargo-home" "-e" "RUSTUP_HOME=/opt/rustwide/rustup-home" "-w" "/opt/rustwide/workdir" "-m" "1610612736" "--user" "0:0" "--network" "none" "ghcr.io/rust-lang/crates-build-env/linux@sha256:2788e3201cd34a07e3172128adcd8b3090168a8e3bcc40d7c032b9dda1df7d1c" "/opt/rustwide/cargo-home/bin/cargo" "+1.75.0" "build" "--frozen" "--message-format=json", kill_on_drop: false }`
[INFO] [stdout] 320f4601e49fdede03464a273d50ed41271498804710cfd6d4e9f867fb9451af
[INFO] running `Command { std: "docker" "start" "-a" "320f4601e49fdede03464a273d50ed41271498804710cfd6d4e9f867fb9451af", kill_on_drop: false }`
[INFO] [stderr]    Compiling libc v0.2.82
[INFO] [stderr]    Compiling cfg-if v1.0.0
[INFO] [stderr]    Compiling proc-macro2 v1.0.29
[INFO] [stderr]    Compiling version_check v0.9.2
[INFO] [stderr]    Compiling typenum v1.12.0
[INFO] [stderr]    Compiling unicode-xid v0.2.1
[INFO] [stderr]    Compiling syn v1.0.80
[INFO] [stderr]    Compiling subtle v2.4.0
[INFO] [stderr]    Compiling getrandom v0.2.2
[INFO] [stderr]    Compiling getrandom v0.1.16
[INFO] [stderr]    Compiling serde_derive v1.0.120
[INFO] [stderr]    Compiling const-oid v0.6.1
[INFO] [stderr]    Compiling serde v1.0.120
[INFO] [stderr]    Compiling zeroize v1.3.0
[INFO] [stderr]    Compiling byteorder v1.4.2
[INFO] [stderr]    Compiling cpuid-bool v0.1.2
[INFO] [stderr]    Compiling opaque-debug v0.3.0
[INFO] [stderr]    Compiling ryu v1.0.5
[INFO] [stderr]    Compiling hex v0.4.2
[INFO] [stderr]    Compiling serde_json v1.0.61
[INFO] [stderr]    Compiling der v0.4.4
[INFO] [stderr]    Compiling crunchy v0.2.2
[INFO] [stderr]    Compiling itoa v0.4.7
[INFO] [stderr]    Compiling schemars v0.8.6
[INFO] [stderr]    Compiling dyn-clone v1.0.4
[INFO] [stderr]    Compiling static_assertions v1.1.0
[INFO] [stderr]    Compiling forward_ref v1.0.0
[INFO] [stderr]    Compiling base64 v0.13.0
[INFO] [stderr]    Compiling generic-array v0.14.4
[INFO] [stderr]    Compiling ppv-lite86 v0.2.10
[INFO] [stderr]    Compiling base64 v0.12.3
[INFO] [stderr]    Compiling uint v0.9.1
[INFO] [stderr]    Compiling spki v0.4.1
[INFO] [stderr]    Compiling pkcs8 v0.7.6
[INFO] [stderr]    Compiling quote v1.0.8
[INFO] [stderr]    Compiling rand_core v0.5.1
[INFO] [stderr]    Compiling rand_core v0.6.1
[INFO] [stderr]    Compiling rand_chacha v0.2.2
[INFO] [stderr]    Compiling ff v0.10.1
[INFO] [stderr]    Compiling group v0.10.0
[INFO] [stderr]    Compiling rand v0.7.3
[INFO] [stderr]    Compiling digest v0.9.0
[INFO] [stderr]    Compiling crypto-mac v0.11.1
[INFO] [stderr]    Compiling crypto-bigint v0.2.10
[INFO] [stderr]    Compiling block-buffer v0.9.0
[INFO] [stderr]    Compiling sha2 v0.9.2
[INFO] [stderr]    Compiling hmac v0.11.0
[INFO] [stderr]    Compiling signature v1.3.1
[INFO] [stderr]    Compiling curve25519-dalek v3.1.0
[INFO] [stderr]    Compiling elliptic-curve v0.10.6
[INFO] [stderr]    Compiling ecdsa v0.12.4
[INFO] [stderr]    Compiling k256 v0.9.6
[INFO] [stderr]    Compiling serde_derive_internals v0.25.0
[INFO] [stderr]    Compiling thiserror-impl v1.0.23
[INFO] [stderr]    Compiling schemars_derive v0.8.6
[INFO] [stderr]    Compiling cosmwasm-derive v1.0.0-beta6
[INFO] [stderr]    Compiling thiserror v1.0.23
[INFO] [stderr]    Compiling ed25519-zebra v2.2.0
[INFO] [stderr]    Compiling serde-json-wasm v0.3.2
[INFO] [stderr]    Compiling cosmwasm-crypto v1.0.0-beta6
[INFO] [stderr]    Compiling cosmwasm-std v1.0.0-beta6
[INFO] [stderr]    Compiling cw-utils v0.12.1
[INFO] [stderr]    Compiling cw-storage-plus v0.12.1
[INFO] [stderr]    Compiling cw-utils v0.11.1
[INFO] [stderr]    Compiling cosmwasm-storage v1.0.0-beta
[INFO] [stderr]    Compiling cw721 v0.12.0
[INFO] [stderr]    Compiling cw20 v0.12.1
[INFO] [stderr]    Compiling cw721 v0.11.1
[INFO] [stderr]    Compiling cw2 v0.12.1
[INFO] [stderr]    Compiling cw721-base v0.12.0
[INFO] [stderr]    Compiling Juno_Punks v0.10.0 (/opt/rustwide/workdir)
[INFO] [stdout] warning: unused variable: `info`
[INFO] [stdout]   --> src/contract.rs:19:5
[INFO] [stdout]    |
[INFO] [stdout] 19 |     info: MessageInfo,
[INFO] [stdout]    |     ^^^^ help: if this is intentional, prefix it with an underscore: `_info`
[INFO] [stdout]    |
[INFO] [stdout]    = note: `#[warn(unused_variables)]` on by default
[INFO] [stdout] 
[INFO] [stdout] 
[INFO] [stdout] warning: unused variable: `env`
[INFO] [stdout]   --> src/contract.rs:56:5
[INFO] [stdout]    |
[INFO] [stdout] 56 |     env: Env,
[INFO] [stdout]    |     ^^^ help: if this is intentional, prefix it with an underscore: `_env`
[INFO] [stdout] 
[INFO] [stdout] 
[INFO] [stdout] warning: variable does not need to be mutable
[INFO] [stdout]   --> src/contract.rs:82:14
[INFO] [stdout]    |
[INFO] [stdout] 82 |             |mut user_info|->StdResult<_>{
[INFO] [stdout]    |              ----^^^^^^^^^
[INFO] [stdout]    |              |
[INFO] [stdout]    |              help: remove this `mut`
[INFO] [stdout]    |
[INFO] [stdout]    = note: `#[warn(unused_mut)]` on by default
[INFO] [stdout] 
[INFO] [stdout] 
[INFO] [stdout] warning: crate `Juno_Punks` should have a snake case name
[INFO] [stdout]   |
[INFO] [stdout]   = help: convert the identifier to snake case: `juno_punks`
[INFO] [stdout]   = note: `#[warn(non_snake_case)]` on by default
[INFO] [stdout] 
[INFO] [stdout] 
[INFO] [stdout] warning: 4 warnings emitted
[INFO] [stdout] 
[INFO] [stdout] 
[INFO] [stderr]     Finished dev [unoptimized + debuginfo] target(s) in 17.72s
[INFO] running `Command { std: "docker" "inspect" "320f4601e49fdede03464a273d50ed41271498804710cfd6d4e9f867fb9451af", kill_on_drop: false }`
[INFO] running `Command { std: "docker" "rm" "-f" "320f4601e49fdede03464a273d50ed41271498804710cfd6d4e9f867fb9451af", kill_on_drop: false }`
[INFO] [stdout] 320f4601e49fdede03464a273d50ed41271498804710cfd6d4e9f867fb9451af
[INFO] running `Command { std: "docker" "create" "-v" "/var/lib/crater-agent-workspace/builds/worker-1-tc1/target:/opt/rustwide/target:rw,Z" "-v" "/var/lib/crater-agent-workspace/builds/worker-1-tc1/source:/opt/rustwide/workdir:ro,Z" "-v" "/var/lib/crater-agent-workspace/cargo-home:/opt/rustwide/cargo-home:ro,Z" "-v" "/var/lib/crater-agent-workspace/rustup-home:/opt/rustwide/rustup-home:ro,Z" "-e" "SOURCE_DIR=/opt/rustwide/workdir" "-e" "CARGO_TARGET_DIR=/opt/rustwide/target" "-e" "CARGO_INCREMENTAL=0" "-e" "RUST_BACKTRACE=full" "-e" "RUSTFLAGS=--cap-lints=warn" "-e" "RUSTDOCFLAGS=--cap-lints=warn" "-e" "CARGO_HOME=/opt/rustwide/cargo-home" "-e" "RUSTUP_HOME=/opt/rustwide/rustup-home" "-w" "/opt/rustwide/workdir" "-m" "1610612736" "--user" "0:0" "--network" "none" "ghcr.io/rust-lang/crates-build-env/linux@sha256:2788e3201cd34a07e3172128adcd8b3090168a8e3bcc40d7c032b9dda1df7d1c" "/opt/rustwide/cargo-home/bin/cargo" "+1.75.0" "test" "--frozen" "--no-run" "--message-format=json", kill_on_drop: false }`
[INFO] [stdout] cbe9c04c4d072e919d60a478d9e36988709e8bb00af846d73f204ac578d37508
[INFO] running `Command { std: "docker" "start" "-a" "cbe9c04c4d072e919d60a478d9e36988709e8bb00af846d73f204ac578d37508", kill_on_drop: false }`
[INFO] [stderr]    Compiling autocfg v1.0.1
[INFO] [stderr]    Compiling hashbrown v0.9.1
[INFO] [stderr]    Compiling lazy_static v1.4.0
[INFO] [stderr]    Compiling bitflags v1.2.1
[INFO] [stderr]    Compiling rustversion v1.0.5
[INFO] [stderr]    Compiling fnv v1.0.7
[INFO] [stderr]    Compiling strsim v0.10.0
[INFO] [stderr]    Compiling ident_case v1.0.1
[INFO] [stderr]    Compiling ptr_meta_derive v0.1.4
[INFO] [stderr]    Compiling rkyv v0.6.7
[INFO] [stderr]    Compiling target-lexicon v0.12.2
[INFO] [stderr]    Compiling rkyv_derive v0.6.7
[INFO] [stderr]    Compiling loupe-derive v0.1.3
[INFO] [stderr]    Compiling cc v1.0.66
[INFO] [stderr]    Compiling adler v0.2.3
[INFO] [stderr]    Compiling smallvec v1.6.1
[INFO] [stderr]    Compiling seahash v4.1.0
[INFO] [stderr]    Compiling gimli v0.23.0
[INFO] [stderr]    Compiling object v0.23.0
[INFO] [stderr]    Compiling darling_core v0.12.4
[INFO] [stderr]    Compiling rustc-demangle v0.1.18
[INFO] [stderr]    Compiling more-asserts v0.2.1
[INFO] [stderr]    Compiling const_fn v0.4.5
[INFO] [stderr]    Compiling indexmap v1.6.1
[INFO] [stderr]    Compiling memoffset v0.6.1
[INFO] [stderr]    Compiling miniz_oxide v0.4.3
[INFO] [stderr]    Compiling crossbeam-utils v0.8.1
[INFO] [stderr]    Compiling region v2.2.0
[INFO] [stderr]    Compiling ptr_meta v0.1.4
[INFO] [stderr]    Compiling serde_bytes v0.11.5
[INFO] [stderr]    Compiling proc-macro-error-attr v1.0.4
[INFO] [stderr]    Compiling wasmparser v0.78.2
[INFO] [stderr]    Compiling cranelift-entity v0.74.0
[INFO] [stderr]    Compiling proc-macro-error v1.0.4
[INFO] [stderr]    Compiling scopeguard v1.1.0
[INFO] [stderr]    Compiling cranelift-codegen-shared v0.74.0
[INFO] [stderr]    Compiling rayon-core v1.9.0
[INFO] [stderr]    Compiling log v0.4.13
[INFO] [stderr]    Compiling cranelift-codegen-meta v0.74.0
[INFO] [stderr]    Compiling memmap2 v0.2.0
[INFO] [stderr]    Compiling wasmer-vm v2.0.0
[INFO] [stderr]    Compiling cfg-if v0.1.10
[INFO] [stderr]    Compiling crc32fast v1.2.1
[INFO] [stderr]    Compiling memchr v2.4.1
[INFO] [stderr]    Compiling loupe v0.1.3
[INFO] [stderr]    Compiling crossbeam-epoch v0.9.1
[INFO] [stderr]    Compiling crossbeam-channel v0.5.0
[INFO] [stderr]    Compiling rayon v1.5.0
[INFO] [stderr]    Compiling num_cpus v1.13.0
[INFO] [stderr]    Compiling fallible-iterator v0.2.0
[INFO] [stderr]    Compiling crossbeam-deque v0.8.0
[INFO] [stderr]    Compiling stable_deref_trait v1.2.0
[INFO] [stderr]    Compiling rustc-hash v1.1.0
[INFO] [stderr]    Compiling regalloc v0.0.31
[INFO] [stderr]    Compiling cranelift-bforest v0.74.0
[INFO] [stderr]    Compiling rand_chacha v0.3.0
[INFO] [stderr]    Compiling gimli v0.24.0
[INFO] [stderr]    Compiling tracing-core v0.1.17
[INFO] [stderr]    Compiling tracing-attributes v0.1.11
[INFO] [stderr]    Compiling pin-project-lite v0.2.4
[INFO] [stderr]    Compiling either v1.6.1
[INFO] [stderr]    Compiling dynasm v1.0.1
[INFO] [stderr]    Compiling rand v0.8.2
[INFO] [stderr]    Compiling addr2line v0.14.1
[INFO] [stderr]    Compiling backtrace v0.3.56
[INFO] [stderr]    Compiling object v0.25.3
[INFO] [stderr]    Compiling leb128 v0.2.4
[INFO] [stderr]    Compiling wasmer-compiler-cranelift v2.0.0
[INFO] [stderr]    Compiling remove_dir_all v0.5.3
[INFO] [stderr]    Compiling which v4.0.2
[INFO] [stderr]    Compiling tempfile v3.2.0
[INFO] [stderr]    Compiling libloading v0.7.1
[INFO] [stderr]    Compiling darling_macro v0.12.4
[INFO] [stderr]    Compiling wasmer-derive v2.0.0
[INFO] [stderr]    Compiling parity-wasm v0.42.1
[INFO] [stderr]    Compiling clru v0.4.0
[INFO] [stderr]    Compiling cosmwasm-schema v1.0.0-beta
[INFO] [stderr]    Compiling tracing v0.1.22
[INFO] [stdout] warning: unused variable: `info`
[INFO] [stdout]   --> src/contract.rs:19:5
[INFO] [stdout]    |
[INFO] [stdout] 19 |     info: MessageInfo,
[INFO] [stdout]    |     ^^^^ help: if this is intentional, prefix it with an underscore: `_info`
[INFO] [stdout]    |
[INFO] [stdout]    = note: `#[warn(unused_variables)]` on by default
[INFO] [stdout] 
[INFO] [stdout] 
[INFO] [stdout] warning: unused variable: `env`
[INFO] [stdout]   --> src/contract.rs:56:5
[INFO] [stdout]    |
[INFO] [stdout] 56 |     env: Env,
[INFO] [stdout]    |     ^^^ help: if this is intentional, prefix it with an underscore: `_env`
[INFO] [stdout] 
[INFO] [stdout] 
[INFO] [stdout] warning: variable does not need to be mutable
[INFO] [stdout]   --> src/contract.rs:82:14
[INFO] [stdout]    |
[INFO] [stdout] 82 |             |mut user_info|->StdResult<_>{
[INFO] [stdout]    |              ----^^^^^^^^^
[INFO] [stdout]    |              |
[INFO] [stdout]    |              help: remove this `mut`
[INFO] [stdout]    |
[INFO] [stdout]    = note: `#[warn(unused_mut)]` on by default
[INFO] [stdout] 
[INFO] [stdout] 
[INFO] [stdout] warning: crate `Juno_Punks` should have a snake case name
[INFO] [stdout]   |
[INFO] [stdout]   = help: convert the identifier to snake case: `juno_punks`
[INFO] [stdout]   = note: `#[warn(non_snake_case)]` on by default
[INFO] [stdout] 
[INFO] [stdout] 
[INFO] [stdout] warning: 4 warnings emitted
[INFO] [stdout] 
[INFO] [stdout] 
[INFO] [stderr]    Compiling wasmer-types v2.0.0
[INFO] [stderr]    Compiling darling v0.12.4
[INFO] [stderr]    Compiling enumset_derive v0.5.4
[INFO] [stderr]    Compiling enumset v1.0.6
[INFO] [stderr]    Compiling cranelift-codegen v0.74.0
[INFO] [stderr]    Compiling wasmer-compiler v2.0.0
[INFO] [stderr]    Compiling wasmer-engine v2.0.0
[INFO] [stderr]    Compiling wasmer-object v2.0.0
[INFO] [stderr]    Compiling wasmer-engine-universal v2.0.0
[INFO] [stderr]    Compiling wasmer-engine-dylib v2.0.0
[INFO] [stderr]    Compiling dynasmrt v1.0.1
[INFO] [stderr]    Compiling wasmer-compiler-singlepass v2.0.0
[INFO] [stderr]    Compiling cranelift-frontend v0.74.0
[INFO] [stderr]    Compiling wasmer v2.0.0
[INFO] [stderr]    Compiling wasmer-middlewares v2.0.0
[INFO] [stderr]    Compiling cosmwasm-vm v1.0.0-beta
[INFO] [stderr]    Compiling Juno_Punks v0.10.0 (/opt/rustwide/workdir)
[INFO] [stdout] warning: unused variable: `info`
[INFO] [stdout]   --> src/contract.rs:19:5
[INFO] [stdout]    |
[INFO] [stdout] 19 |     info: MessageInfo,
[INFO] [stdout]    |     ^^^^ help: if this is intentional, prefix it with an underscore: `_info`
[INFO] [stdout]    |
[INFO] [stdout]    = note: `#[warn(unused_variables)]` on by default
[INFO] [stdout] 
[INFO] [stdout] 
[INFO] [stdout] warning: unused variable: `env`
[INFO] [stdout]   --> src/contract.rs:56:5
[INFO] [stdout]    |
[INFO] [stdout] 56 |     env: Env,
[INFO] [stdout]    |     ^^^ help: if this is intentional, prefix it with an underscore: `_env`
[INFO] [stdout] 
[INFO] [stdout] 
[INFO] [stdout] warning: variable does not need to be mutable
[INFO] [stdout]   --> src/contract.rs:82:14
[INFO] [stdout]    |
[INFO] [stdout] 82 |             |mut user_info|->StdResult<_>{
[INFO] [stdout]    |              ----^^^^^^^^^
[INFO] [stdout]    |              |
[INFO] [stdout]    |              help: remove this `mut`
[INFO] [stdout]    |
[INFO] [stdout]    = note: `#[warn(unused_mut)]` on by default
[INFO] [stdout] 
[INFO] [stdout] 
[INFO] [stdout] warning: crate `Juno_Punks` should have a snake case name
[INFO] [stdout]   |
[INFO] [stdout]   = help: convert the identifier to snake case: `juno_punks`
[INFO] [stdout]   = note: `#[warn(non_snake_case)]` on by default
[INFO] [stdout] 
[INFO] [stdout] 
[INFO] [stdout] warning: 4 warnings emitted
[INFO] [stdout] 
[INFO] [stdout] 
[INFO] [stderr]     Finished test [unoptimized + debuginfo] target(s) in 31.18s
[INFO] [stderr] warning: the following packages contain code that will be rejected by a future version of Rust: cranelift-codegen-meta v0.74.0, wasmer-compiler-singlepass v2.0.0, wasmparser v0.78.2
[INFO] [stderr] note: to see what the problems were, use the option `--future-incompat-report`, or run `cargo report future-incompatibilities --id 1`
[INFO] running `Command { std: "docker" "inspect" "cbe9c04c4d072e919d60a478d9e36988709e8bb00af846d73f204ac578d37508", kill_on_drop: false }`
[INFO] running `Command { std: "docker" "rm" "-f" "cbe9c04c4d072e919d60a478d9e36988709e8bb00af846d73f204ac578d37508", kill_on_drop: false }`
[INFO] [stdout] cbe9c04c4d072e919d60a478d9e36988709e8bb00af846d73f204ac578d37508
[INFO] running `Command { std: "docker" "create" "-v" "/var/lib/crater-agent-workspace/builds/worker-1-tc1/target:/opt/rustwide/target:rw,Z" "-v" "/var/lib/crater-agent-workspace/builds/worker-1-tc1/source:/opt/rustwide/workdir:ro,Z" "-v" "/var/lib/crater-agent-workspace/cargo-home:/opt/rustwide/cargo-home:ro,Z" "-v" "/var/lib/crater-agent-workspace/rustup-home:/opt/rustwide/rustup-home:ro,Z" "-e" "SOURCE_DIR=/opt/rustwide/workdir" "-e" "CARGO_TARGET_DIR=/opt/rustwide/target" "-e" "CARGO_INCREMENTAL=0" "-e" "RUST_BACKTRACE=full" "-e" "RUSTFLAGS=--cap-lints=warn" "-e" "RUSTDOCFLAGS=--cap-lints=warn" "-e" "CARGO_HOME=/opt/rustwide/cargo-home" "-e" "RUSTUP_HOME=/opt/rustwide/rustup-home" "-w" "/opt/rustwide/workdir" "-m" "1610612736" "--user" "0:0" "--network" "none" "ghcr.io/rust-lang/crates-build-env/linux@sha256:2788e3201cd34a07e3172128adcd8b3090168a8e3bcc40d7c032b9dda1df7d1c" "/opt/rustwide/cargo-home/bin/cargo" "+1.75.0" "test" "--frozen", kill_on_drop: false }`
[INFO] [stdout] 775ad8f6c732aec383c3e73fd916da16cdb38d2e7ec4f11c8a85f666fe2c5d29
[INFO] running `Command { std: "docker" "start" "-a" "775ad8f6c732aec383c3e73fd916da16cdb38d2e7ec4f11c8a85f666fe2c5d29", kill_on_drop: false }`
[INFO] [stderr] warning: unused variable: `info`
[INFO] [stderr]   --> src/contract.rs:19:5
[INFO] [stderr]    |
[INFO] [stderr] 19 |     info: MessageInfo,
[INFO] [stderr]    |     ^^^^ help: if this is intentional, prefix it with an underscore: `_info`
[INFO] [stderr]    |
[INFO] [stderr]    = note: `#[warn(unused_variables)]` on by default
[INFO] [stderr] 
[INFO] [stderr] warning: unused variable: `env`
[INFO] [stderr]   --> src/contract.rs:56:5
[INFO] [stderr]    |
[INFO] [stderr] 56 |     env: Env,
[INFO] [stderr]    |     ^^^ help: if this is intentional, prefix it with an underscore: `_env`
[INFO] [stderr] 
[INFO] [stderr] warning: variable does not need to be mutable
[INFO] [stderr]   --> src/contract.rs:82:14
[INFO] [stderr]    |
[INFO] [stderr] 82 |             |mut user_info|->StdResult<_>{
[INFO] [stderr]    |              ----^^^^^^^^^
[INFO] [stderr]    |              |
[INFO] [stderr]    |              help: remove this `mut`
[INFO] [stderr]    |
[INFO] [stderr]    = note: `#[warn(unused_mut)]` on by default
[INFO] [stderr] 
[INFO] [stderr] warning: crate `Juno_Punks` should have a snake case name
[INFO] [stderr]   |
[INFO] [stderr]   = help: convert the identifier to snake case: `juno_punks`
[INFO] [stderr]   = note: `#[warn(non_snake_case)]` on by default
[INFO] [stderr] 
[INFO] [stderr] warning: `Juno_Punks` (lib) generated 4 warnings (run `cargo fix --lib -p Juno_Punks` to apply 3 suggestions)
[INFO] [stderr] warning: `Juno_Punks` (lib test) generated 4 warnings (4 duplicates)
[INFO] [stderr]     Finished test [unoptimized + debuginfo] target(s) in 0.17s
[INFO] [stderr] warning: the following packages contain code that will be rejected by a future version of Rust: cranelift-codegen-meta v0.74.0, wasmer-compiler-singlepass v2.0.0, wasmparser v0.78.2
[INFO] [stderr] note: to see what the problems were, use the option `--future-incompat-report`, or run `cargo report future-incompatibilities --id 1`
[INFO] [stderr]      Running unittests src/lib.rs (/opt/rustwide/target/debug/deps/Juno_Punks-e421811628968199)
[INFO] [stdout] 
[INFO] [stdout] running 1 test
[INFO] [stdout] test contract::tests::buy_token ... FAILED
[INFO] [stdout] 
[INFO] [stdout] failures:
[INFO] [stdout] 
[INFO] [stdout] ---- contract::tests::buy_token stdout ----
[INFO] [stdout] thread 'contract::tests::buy_token' panicked at src/contract.rs:331:9:
[INFO] [stdout] assertion `left == right` failed
[INFO] [stdout]   left: Wasm(Execute { contract_addr: "nft_address1", msg: Binary(7b226d696e74223a7b22746f6b656e5f6964223a224a756e6f50756e6b732e31222c226f776e6572223a2263726561746f72222c22746f6b656e5f757269223a2275726c312e6a736f6e222c22657874656e73696f6e223a7b226e616d65223a2232222c226465736372697074696f6e223a2264657363222c22696d616765223a22696d616765222c22646e61223a22646e61222c2265646974696f6e223a312c2264617465223a3132332c2261747472696275746573223a5b7b2274726169745f74797065223a22313233222c2276616c7565223a22636c61757365227d5d2c22636f6d70696c6572223a22636f6d70696c6572227d7d7d), funds: [] })
[INFO] [stdout]  right: Wasm(Execute { contract_addr: "nft_address1", msg: Binary(7b226d696e74223a7b22746f6b656e5f6964223a224a756e6f50756e6b732e31222c226f776e6572223a2263726561746f72222c22746f6b656e5f757269223a2275726c312e6a736f6e222c22657874656e73696f6e223a7b226e616d65223a6e756c6c2c226465736372697074696f6e223a6e756c6c2c22696d616765223a6e756c6c2c22646e61223a6e756c6c2c2265646974696f6e223a6e756c6c2c2264617465223a6e756c6c2c2261747472696275746573223a5b7b2274726169745f74797065223a6e756c6c2c2276616c7565223a6e756c6c7d5d2c22636f6d70696c6572223a6e756c6c7d7d7d), funds: [] })
[INFO] [stdout] stack backtrace:
[INFO] [stdout]    0:     0x55a64b85affc - std::backtrace_rs::backtrace::libunwind::trace::ha637c64ce894333a
[INFO] [stdout]                                at /rustc/82e1608dfa6e0b5569232559e3d385fea5a93112/library/std/src/../../backtrace/src/backtrace/libunwind.rs:104:5
[INFO] [stdout]    1:     0x55a64b85affc - std::backtrace_rs::backtrace::trace_unsynchronized::h47f62dea28e0c88d
[INFO] [stdout]                                at /rustc/82e1608dfa6e0b5569232559e3d385fea5a93112/library/std/src/../../backtrace/src/backtrace/mod.rs:66:5
[INFO] [stdout]    2:     0x55a64b85affc - std::sys_common::backtrace::_print_fmt::h9eef0abe20ede486
[INFO] [stdout]                                at /rustc/82e1608dfa6e0b5569232559e3d385fea5a93112/library/std/src/sys_common/backtrace.rs:67:5
[INFO] [stdout]    3:     0x55a64b85affc - <std::sys_common::backtrace::_print::DisplayBacktrace as core::fmt::Display>::fmt::hed7f999df88cc644
[INFO] [stdout]                                at /rustc/82e1608dfa6e0b5569232559e3d385fea5a93112/library/std/src/sys_common/backtrace.rs:44:22
[INFO] [stdout]    4:     0x55a64b884be0 - core::fmt::rt::Argument::fmt::h1539a9308b8d058d
[INFO] [stdout]                                at /rustc/82e1608dfa6e0b5569232559e3d385fea5a93112/library/core/src/fmt/rt.rs:142:9
[INFO] [stdout]    5:     0x55a64b884be0 - core::fmt::write::h3a39390d8560d9c9
[INFO] [stdout]                                at /rustc/82e1608dfa6e0b5569232559e3d385fea5a93112/library/core/src/fmt/mod.rs:1120:17
[INFO] [stdout]    6:     0x55a64b8589af - std::io::Write::write_fmt::h040b369f3a0f9cbc
[INFO] [stdout]                                at /rustc/82e1608dfa6e0b5569232559e3d385fea5a93112/library/std/src/io/mod.rs:1762:15
[INFO] [stdout]    7:     0x55a64b85ade4 - std::sys_common::backtrace::_print::h894006fb5c6f3d45
[INFO] [stdout]                                at /rustc/82e1608dfa6e0b5569232559e3d385fea5a93112/library/std/src/sys_common/backtrace.rs:47:5
[INFO] [stdout]    8:     0x55a64b85ade4 - std::sys_common::backtrace::print::h23a2d212c6fff936
[INFO] [stdout]                                at /rustc/82e1608dfa6e0b5569232559e3d385fea5a93112/library/std/src/sys_common/backtrace.rs:34:9
[INFO] [stdout]    9:     0x55a64b85caa7 - std::panicking::default_hook::{{closure}}::h8a1d2ee00185001a
[INFO] [stdout]   10:     0x55a64b85c793 - std::panicking::default_hook::h6038f2eba384e475
[INFO] [stdout]                                at /rustc/82e1608dfa6e0b5569232559e3d385fea5a93112/library/std/src/panicking.rs:289:9
[INFO] [stdout]   11:     0x55a64b75a407 - <alloc::boxed::Box<F,A> as core::ops::function::Fn<Args>>::call::h0ad024c9bdc6d768
[INFO] [stdout]                                at /rustc/82e1608dfa6e0b5569232559e3d385fea5a93112/library/alloc/src/boxed.rs:2021:9
[INFO] [stdout]   12:     0x55a64b75a407 - test::test_main::{{closure}}::h7500b54257359db6
[INFO] [stdout]                                at /rustc/82e1608dfa6e0b5569232559e3d385fea5a93112/library/test/src/lib.rs:138:21
[INFO] [stdout]   13:     0x55a64b85d0b8 - <alloc::boxed::Box<F,A> as core::ops::function::Fn<Args>>::call::h1f8f335eaa9cfaee
[INFO] [stdout]                                at /rustc/82e1608dfa6e0b5569232559e3d385fea5a93112/library/alloc/src/boxed.rs:2021:9
[INFO] [stdout]   14:     0x55a64b85d0b8 - std::panicking::rust_panic_with_hook::h2b5517d590cab22e
[INFO] [stdout]                                at /rustc/82e1608dfa6e0b5569232559e3d385fea5a93112/library/std/src/panicking.rs:783:13
[INFO] [stdout]   15:     0x55a64b85ce0e - std::panicking::begin_panic_handler::{{closure}}::h233112c06e0ef43e
[INFO] [stdout]                                at /rustc/82e1608dfa6e0b5569232559e3d385fea5a93112/library/std/src/panicking.rs:657:13
[INFO] [stdout]   16:     0x55a64b85b4c6 - std::sys_common::backtrace::__rust_end_short_backtrace::h6e893f24d7ebbff8
[INFO] [stdout]                                at /rustc/82e1608dfa6e0b5569232559e3d385fea5a93112/library/std/src/sys_common/backtrace.rs:170:18
[INFO] [stdout]   17:     0x55a64b85cb72 - rust_begin_unwind
[INFO] [stdout]                                at /rustc/82e1608dfa6e0b5569232559e3d385fea5a93112/library/std/src/panicking.rs:645:5
[INFO] [stdout]   18:     0x55a64b6e4cf5 - core::panicking::panic_fmt::hbf0e066aabfa482c
[INFO] [stdout]                                at /rustc/82e1608dfa6e0b5569232559e3d385fea5a93112/library/core/src/panicking.rs:72:14
[INFO] [stdout]   19:     0x55a64b6e510b - core::panicking::assert_failed_inner::h0bba8b7c26ee4492
[INFO] [stdout]   20:     0x55a64b70adae - core::panicking::assert_failed::h6fad9ef93bbac62e
[INFO] [stdout]                                at /rustc/82e1608dfa6e0b5569232559e3d385fea5a93112/library/core/src/panicking.rs:279:5
[INFO] [stdout]   21:     0x55a64b7265a3 - Juno_Punks::contract::tests::buy_token::hd72f05356d202a94
[INFO] [stdout]                                at /opt/rustwide/workdir/src/contract.rs:331:9
[INFO] [stdout]   22:     0x55a64b7238d7 - Juno_Punks::contract::tests::buy_token::{{closure}}::hfebe8258f6a2332b
[INFO] [stdout]                                at /opt/rustwide/workdir/src/contract.rs:232:19
[INFO] [stdout]   23:     0x55a64b6ec026 - core::ops::function::FnOnce::call_once::ha2781988fe8dcd1a
[INFO] [stdout]                                at /rustc/82e1608dfa6e0b5569232559e3d385fea5a93112/library/core/src/ops/function.rs:250:5
[INFO] [stdout]   24:     0x55a64b75fa5f - core::ops::function::FnOnce::call_once::h2b5d431d5046312d
[INFO] [stdout]                                at /rustc/82e1608dfa6e0b5569232559e3d385fea5a93112/library/core/src/ops/function.rs:250:5
[INFO] [stdout]   25:     0x55a64b75fa5f - test::__rust_begin_short_backtrace::h7714669af176e207
[INFO] [stdout]                                at /rustc/82e1608dfa6e0b5569232559e3d385fea5a93112/library/test/src/lib.rs:628:18
[INFO] [stdout]   26:     0x55a64b75ea75 - test::run_test_in_process::{{closure}}::h85218797dcbcec12
[INFO] [stdout]                                at /rustc/82e1608dfa6e0b5569232559e3d385fea5a93112/library/test/src/lib.rs:651:60
[INFO] [stdout]   27:     0x55a64b75ea75 - <core::panic::unwind_safe::AssertUnwindSafe<F> as core::ops::function::FnOnce<()>>::call_once::h76c106ea31c14d7b
[INFO] [stdout]                                at /rustc/82e1608dfa6e0b5569232559e3d385fea5a93112/library/core/src/panic/unwind_safe.rs:272:9
[INFO] [stdout]   28:     0x55a64b75ea75 - std::panicking::try::do_call::h3bd5d0f6620ee946
[INFO] [stdout]                                at /rustc/82e1608dfa6e0b5569232559e3d385fea5a93112/library/std/src/panicking.rs:552:40
[INFO] [stdout]   29:     0x55a64b75ea75 - std::panicking::try::h232e535e4744fe31
[INFO] [stdout]                                at /rustc/82e1608dfa6e0b5569232559e3d385fea5a93112/library/std/src/panicking.rs:516:19
[INFO] [stdout]   30:     0x55a64b75ea75 - std::panic::catch_unwind::h3ce3bd6ca8dbac68
[INFO] [stdout]                                at /rustc/82e1608dfa6e0b5569232559e3d385fea5a93112/library/std/src/panic.rs:142:14
[INFO] [stdout]   31:     0x55a64b75ea75 - test::run_test_in_process::hc97b257c9621286a
[INFO] [stdout]                                at /rustc/82e1608dfa6e0b5569232559e3d385fea5a93112/library/test/src/lib.rs:651:27
[INFO] [stdout]   32:     0x55a64b75ea75 - test::run_test::{{closure}}::h2aa798823a438d38
[INFO] [stdout]                                at /rustc/82e1608dfa6e0b5569232559e3d385fea5a93112/library/test/src/lib.rs:574:43
[INFO] [stdout]   33:     0x55a64b726d36 - test::run_test::{{closure}}::h87d231c78fb59832
[INFO] [stdout]                                at /rustc/82e1608dfa6e0b5569232559e3d385fea5a93112/library/test/src/lib.rs:602:41
[INFO] [stdout]   34:     0x55a64b726d36 - std::sys_common::backtrace::__rust_begin_short_backtrace::he6df152596625789
[INFO] [stdout]                                at /rustc/82e1608dfa6e0b5569232559e3d385fea5a93112/library/std/src/sys_common/backtrace.rs:154:18
[INFO] [stdout]   35:     0x55a64b72bde7 - std::thread::Builder::spawn_unchecked_::{{closure}}::{{closure}}::ha94be15d1e0acf36
[INFO] [stdout]                                at /rustc/82e1608dfa6e0b5569232559e3d385fea5a93112/library/std/src/thread/mod.rs:529:17
[INFO] [stdout]   36:     0x55a64b72bde7 - <core::panic::unwind_safe::AssertUnwindSafe<F> as core::ops::function::FnOnce<()>>::call_once::h9dc6bd6372f16606
[INFO] [stdout]                                at /rustc/82e1608dfa6e0b5569232559e3d385fea5a93112/library/core/src/panic/unwind_safe.rs:272:9
[INFO] [stdout]   37:     0x55a64b72bde7 - std::panicking::try::do_call::h9057517f80303cd4
[INFO] [stdout]                                at /rustc/82e1608dfa6e0b5569232559e3d385fea5a93112/library/std/src/panicking.rs:552:40
[INFO] [stdout]   38:     0x55a64b72bde7 - std::panicking::try::he3a30b11ee45340c
[INFO] [stdout]                                at /rustc/82e1608dfa6e0b5569232559e3d385fea5a93112/library/std/src/panicking.rs:516:19
[INFO] [stdout]   39:     0x55a64b72bde7 - std::panic::catch_unwind::h410458cfd3528b8b
[INFO] [stdout]                                at /rustc/82e1608dfa6e0b5569232559e3d385fea5a93112/library/std/src/panic.rs:142:14
[INFO] [stdout]   40:     0x55a64b72bde7 - std::thread::Builder::spawn_unchecked_::{{closure}}::h72ac3bdb567b737b
[INFO] [stdout]                                at /rustc/82e1608dfa6e0b5569232559e3d385fea5a93112/library/std/src/thread/mod.rs:528:30
[INFO] [stdout]   41:     0x55a64b72bde7 - core::ops::function::FnOnce::call_once{{vtable.shim}}::h38f34da3654a8344
[INFO] [stdout]                                at /rustc/82e1608dfa6e0b5569232559e3d385fea5a93112/library/core/src/ops/function.rs:250:5
[INFO] [stdout]   42:     0x55a64b861b45 - <alloc::boxed::Box<F,A> as core::ops::function::FnOnce<Args>>::call_once::hc7eafaff61e32df9
[INFO] [stdout]                                at /rustc/82e1608dfa6e0b5569232559e3d385fea5a93112/library/alloc/src/boxed.rs:2007:9
[INFO] [stdout]   43:     0x55a64b861b45 - <alloc::boxed::Box<F,A> as core::ops::function::FnOnce<Args>>::call_once::h6ba4a5de48dd2304
[INFO] [stdout]                                at /rustc/82e1608dfa6e0b5569232559e3d385fea5a93112/library/alloc/src/boxed.rs:2007:9
[INFO] [stdout]   44:     0x55a64b861b45 - std::sys::unix::thread::Thread::new::thread_start::he469335aef763e45
[INFO] [stdout]                                at /rustc/82e1608dfa6e0b5569232559e3d385fea5a93112/library/std/src/sys/unix/thread.rs:108:17
[INFO] [stdout]   45:     0x7f4e6f565ac3 - <unknown>
[INFO] [stdout]   46:     0x7f4e6f5f6bf4 - __clone
[INFO] [stdout]   47:                0x0 - <unknown>
[INFO] [stdout] 
[INFO] [stdout] 
[INFO] [stdout] failures:
[INFO] [stdout]     contract::tests::buy_token
[INFO] [stdout] 
[INFO] [stdout] test result: FAILED. 0 passed; 1 failed; 0 ignored; 0 measured; 0 filtered out; finished in 0.03s
[INFO] [stdout] 
[INFO] [stderr] error: test failed, to rerun pass `--lib`
[INFO] running `Command { std: "docker" "inspect" "775ad8f6c732aec383c3e73fd916da16cdb38d2e7ec4f11c8a85f666fe2c5d29", kill_on_drop: false }`
[INFO] running `Command { std: "docker" "rm" "-f" "775ad8f6c732aec383c3e73fd916da16cdb38d2e7ec4f11c8a85f666fe2c5d29", kill_on_drop: false }`
[INFO] [stdout] 775ad8f6c732aec383c3e73fd916da16cdb38d2e7ec4f11c8a85f666fe2c5d29
[INFO] testing supersimba888/COSMWASM_TEST_MINT_P against beta-2023-12-22 for beta-1.76-1
[INFO] running `Command { std: "git" "clone" "/workspace/cache/git-repos/https%3A%2F%2Fgithub.com%2Fsupersimba888%2FCOSMWASM_TEST_MINT_P" "/workspace/builds/worker-1-tc2/source", kill_on_drop: false }`
[INFO] [stderr] Cloning into '/workspace/builds/worker-1-tc2/source'...
[INFO] [stderr] done.
[INFO] validating manifest of git repo https://github.com/supersimba888/COSMWASM_TEST_MINT_P on toolchain beta-2023-12-22
[INFO] running `Command { std: CARGO_HOME="/workspace/cargo-home" RUSTUP_HOME="/workspace/rustup-home" "/workspace/cargo-home/bin/cargo" "+beta-2023-12-22" "metadata" "--manifest-path" "Cargo.toml" "--no-deps", kill_on_drop: false }`
[INFO] removed /workspace/builds/worker-1-tc2/source/.cargo/config
[INFO] started tweaking git repo https://github.com/supersimba888/COSMWASM_TEST_MINT_P
[INFO] finished tweaking git repo https://github.com/supersimba888/COSMWASM_TEST_MINT_P
[INFO] tweaked toml for git repo https://github.com/supersimba888/COSMWASM_TEST_MINT_P written to /workspace/builds/worker-1-tc2/source/Cargo.toml
[INFO] crate git repo https://github.com/supersimba888/COSMWASM_TEST_MINT_P already has a lockfile, it will not be regenerated
[INFO] running `Command { std: CARGO_HOME="/workspace/cargo-home" RUSTUP_HOME="/workspace/rustup-home" "/workspace/cargo-home/bin/cargo" "+beta-2023-12-22" "fetch" "--manifest-path" "Cargo.toml", kill_on_drop: false }`
[INFO] running `Command { std: "docker" "create" "-v" "/var/lib/crater-agent-workspace/builds/worker-1-tc2/target:/opt/rustwide/target:rw,Z" "-v" "/var/lib/crater-agent-workspace/builds/worker-1-tc2/source:/opt/rustwide/workdir:ro,Z" "-v" "/var/lib/crater-agent-workspace/cargo-home:/opt/rustwide/cargo-home:ro,Z" "-v" "/var/lib/crater-agent-workspace/rustup-home:/opt/rustwide/rustup-home:ro,Z" "-e" "SOURCE_DIR=/opt/rustwide/workdir" "-e" "CARGO_TARGET_DIR=/opt/rustwide/target" "-e" "CARGO_HOME=/opt/rustwide/cargo-home" "-e" "RUSTUP_HOME=/opt/rustwide/rustup-home" "-w" "/opt/rustwide/workdir" "-m" "1610612736" "--user" "0:0" "--network" "none" "ghcr.io/rust-lang/crates-build-env/linux@sha256:2788e3201cd34a07e3172128adcd8b3090168a8e3bcc40d7c032b9dda1df7d1c" "/opt/rustwide/cargo-home/bin/cargo" "+beta-2023-12-22" "metadata" "--no-deps" "--format-version=1", kill_on_drop: false }`
[INFO] [stdout] 8f18fc2b15affc5e988e8dd70938c858c54e5f2d41d6d6bd0d568a2471e45258
[INFO] running `Command { std: "docker" "start" "-a" "8f18fc2b15affc5e988e8dd70938c858c54e5f2d41d6d6bd0d568a2471e45258", kill_on_drop: false }`
[INFO] running `Command { std: "docker" "inspect" "8f18fc2b15affc5e988e8dd70938c858c54e5f2d41d6d6bd0d568a2471e45258", kill_on_drop: false }`
[INFO] running `Command { std: "docker" "rm" "-f" "8f18fc2b15affc5e988e8dd70938c858c54e5f2d41d6d6bd0d568a2471e45258", kill_on_drop: false }`
[INFO] [stdout] 8f18fc2b15affc5e988e8dd70938c858c54e5f2d41d6d6bd0d568a2471e45258
[INFO] running `Command { std: "docker" "create" "-v" "/var/lib/crater-agent-workspace/builds/worker-1-tc2/target:/opt/rustwide/target:rw,Z" "-v" "/var/lib/crater-agent-workspace/builds/worker-1-tc2/source:/opt/rustwide/workdir:ro,Z" "-v" "/var/lib/crater-agent-workspace/cargo-home:/opt/rustwide/cargo-home:ro,Z" "-v" "/var/lib/crater-agent-workspace/rustup-home:/opt/rustwide/rustup-home:ro,Z" "-e" "SOURCE_DIR=/opt/rustwide/workdir" "-e" "CARGO_TARGET_DIR=/opt/rustwide/target" "-e" "CARGO_INCREMENTAL=0" "-e" "RUST_BACKTRACE=full" "-e" "RUSTFLAGS=--cap-lints=warn" "-e" "RUSTDOCFLAGS=--cap-lints=warn" "-e" "CARGO_HOME=/opt/rustwide/cargo-home" "-e" "RUSTUP_HOME=/opt/rustwide/rustup-home" "-w" "/opt/rustwide/workdir" "-m" "1610612736" "--user" "0:0" "--network" "none" "ghcr.io/rust-lang/crates-build-env/linux@sha256:2788e3201cd34a07e3172128adcd8b3090168a8e3bcc40d7c032b9dda1df7d1c" "/opt/rustwide/cargo-home/bin/cargo" "+beta-2023-12-22" "build" "--frozen" "--message-format=json", kill_on_drop: false }`
[INFO] [stdout] 6608de8dc73523883790cdb8854331f53863cf1179197aed12728c8b32682d75
[INFO] running `Command { std: "docker" "start" "-a" "6608de8dc73523883790cdb8854331f53863cf1179197aed12728c8b32682d75", kill_on_drop: false }`
[INFO] [stderr]    Compiling libc v0.2.82
[INFO] [stderr]    Compiling cfg-if v1.0.0
[INFO] [stderr]    Compiling proc-macro2 v1.0.29
[INFO] [stderr]    Compiling version_check v0.9.2
[INFO] [stderr]    Compiling typenum v1.12.0
[INFO] [stderr]    Compiling unicode-xid v0.2.1
[INFO] [stderr]    Compiling syn v1.0.80
[INFO] [stderr]    Compiling getrandom v0.2.2
[INFO] [stderr]    Compiling subtle v2.4.0
[INFO] [stderr]    Compiling serde_derive v1.0.120
[INFO] [stderr]    Compiling getrandom v0.1.16
[INFO] [stderr]    Compiling zeroize v1.3.0
[INFO] [stderr]    Compiling serde v1.0.120
[INFO] [stderr]    Compiling const-oid v0.6.1
[INFO] [stderr]    Compiling opaque-debug v0.3.0
[INFO] [stderr]    Compiling cpuid-bool v0.1.2
[INFO] [stderr]    Compiling ryu v1.0.5
[INFO] [stderr]    Compiling byteorder v1.4.2
[INFO] [stderr]    Compiling serde_json v1.0.61
[INFO] [stderr]    Compiling hex v0.4.2
[INFO] [stderr]    Compiling der v0.4.4
[INFO] [stderr]    Compiling crunchy v0.2.2
[INFO] [stderr]    Compiling schemars v0.8.6
[INFO] [stderr]    Compiling itoa v0.4.7
[INFO] [stderr]    Compiling static_assertions v1.1.0
[INFO] [stderr]    Compiling dyn-clone v1.0.4
[INFO] [stderr]    Compiling base64 v0.13.0
[INFO] [stderr]    Compiling forward_ref v1.0.0
[INFO] [stderr]    Compiling ppv-lite86 v0.2.10
[INFO] [stderr]    Compiling generic-array v0.14.4
[INFO] [stderr]    Compiling base64 v0.12.3
[INFO] [stderr]    Compiling uint v0.9.1
[INFO] [stderr]    Compiling spki v0.4.1
[INFO] [stderr]    Compiling pkcs8 v0.7.6
[INFO] [stderr]    Compiling quote v1.0.8
[INFO] [stderr]    Compiling rand_core v0.5.1
[INFO] [stderr]    Compiling rand_core v0.6.1
[INFO] [stderr]    Compiling rand_chacha v0.2.2
[INFO] [stderr]    Compiling ff v0.10.1
[INFO] [stderr]    Compiling group v0.10.0
[INFO] [stderr]    Compiling rand v0.7.3
[INFO] [stderr]    Compiling digest v0.9.0
[INFO] [stderr]    Compiling crypto-bigint v0.2.10
[INFO] [stderr]    Compiling block-buffer v0.9.0
[INFO] [stderr]    Compiling crypto-mac v0.11.1
[INFO] [stderr]    Compiling signature v1.3.1
[INFO] [stderr]    Compiling sha2 v0.9.2
[INFO] [stderr]    Compiling curve25519-dalek v3.1.0
[INFO] [stderr]    Compiling hmac v0.11.0
[INFO] [stderr]    Compiling elliptic-curve v0.10.6
[INFO] [stderr]    Compiling ecdsa v0.12.4
[INFO] [stderr]    Compiling k256 v0.9.6
[INFO] [stderr]    Compiling serde_derive_internals v0.25.0
[INFO] [stderr]    Compiling thiserror-impl v1.0.23
[INFO] [stderr]    Compiling schemars_derive v0.8.6
[INFO] [stderr]    Compiling cosmwasm-derive v1.0.0-beta6
[INFO] [stderr]    Compiling thiserror v1.0.23
[INFO] [stderr]    Compiling ed25519-zebra v2.2.0
[INFO] [stderr]    Compiling serde-json-wasm v0.3.2
[INFO] [stderr]    Compiling cosmwasm-crypto v1.0.0-beta6
[INFO] [stderr]    Compiling cosmwasm-std v1.0.0-beta6
[INFO] [stderr]    Compiling cw-utils v0.12.1
[INFO] [stderr]    Compiling cw-storage-plus v0.12.1
[INFO] [stderr]    Compiling cw-utils v0.11.1
[INFO] [stderr]    Compiling cosmwasm-storage v1.0.0-beta
[INFO] [stderr]    Compiling cw721 v0.12.0
[INFO] [stderr]    Compiling cw20 v0.12.1
[INFO] [stderr]    Compiling cw721 v0.11.1
[INFO] [stderr]    Compiling cw2 v0.12.1
[INFO] [stderr]    Compiling cw721-base v0.12.0
[INFO] [stderr]    Compiling Juno_Punks v0.10.0 (/opt/rustwide/workdir)
[INFO] [stdout] warning: unused variable: `info`
[INFO] [stdout]   --> src/contract.rs:19:5
[INFO] [stdout]    |
[INFO] [stdout] 19 |     info: MessageInfo,
[INFO] [stdout]    |     ^^^^ help: if this is intentional, prefix it with an underscore: `_info`
[INFO] [stdout]    |
[INFO] [stdout]    = note: `#[warn(unused_variables)]` on by default
[INFO] [stdout] 
[INFO] [stdout] 
[INFO] [stdout] warning: unused variable: `env`
[INFO] [stdout]   --> src/contract.rs:56:5
[INFO] [stdout]    |
[INFO] [stdout] 56 |     env: Env,
[INFO] [stdout]    |     ^^^ help: if this is intentional, prefix it with an underscore: `_env`
[INFO] [stdout] 
[INFO] [stdout] 
[INFO] [stdout] warning: variable does not need to be mutable
[INFO] [stdout]   --> src/contract.rs:82:14
[INFO] [stdout]    |
[INFO] [stdout] 82 |             |mut user_info|->StdResult<_>{
[INFO] [stdout]    |              ----^^^^^^^^^
[INFO] [stdout]    |              |
[INFO] [stdout]    |              help: remove this `mut`
[INFO] [stdout]    |
[INFO] [stdout]    = note: `#[warn(unused_mut)]` on by default
[INFO] [stdout] 
[INFO] [stdout] 
[INFO] [stdout] warning: crate `Juno_Punks` should have a snake case name
[INFO] [stdout]   |
[INFO] [stdout]   = help: convert the identifier to snake case: `juno_punks`
[INFO] [stdout]   = note: `#[warn(non_snake_case)]` on by default
[INFO] [stdout] 
[INFO] [stdout] 
[INFO] [stdout] warning: 4 warnings emitted
[INFO] [stdout] 
[INFO] [stdout] 
[INFO] [stderr]     Finished dev [unoptimized + debuginfo] target(s) in 15.51s
[INFO] running `Command { std: "docker" "inspect" "6608de8dc73523883790cdb8854331f53863cf1179197aed12728c8b32682d75", kill_on_drop: false }`
[INFO] running `Command { std: "docker" "rm" "-f" "6608de8dc73523883790cdb8854331f53863cf1179197aed12728c8b32682d75", kill_on_drop: false }`
[INFO] [stdout] 6608de8dc73523883790cdb8854331f53863cf1179197aed12728c8b32682d75
[INFO] running `Command { std: "docker" "create" "-v" "/var/lib/crater-agent-workspace/builds/worker-1-tc2/target:/opt/rustwide/target:rw,Z" "-v" "/var/lib/crater-agent-workspace/builds/worker-1-tc2/source:/opt/rustwide/workdir:ro,Z" "-v" "/var/lib/crater-agent-workspace/cargo-home:/opt/rustwide/cargo-home:ro,Z" "-v" "/var/lib/crater-agent-workspace/rustup-home:/opt/rustwide/rustup-home:ro,Z" "-e" "SOURCE_DIR=/opt/rustwide/workdir" "-e" "CARGO_TARGET_DIR=/opt/rustwide/target" "-e" "CARGO_INCREMENTAL=0" "-e" "RUST_BACKTRACE=full" "-e" "RUSTFLAGS=--cap-lints=warn" "-e" "RUSTDOCFLAGS=--cap-lints=warn" "-e" "CARGO_HOME=/opt/rustwide/cargo-home" "-e" "RUSTUP_HOME=/opt/rustwide/rustup-home" "-w" "/opt/rustwide/workdir" "-m" "1610612736" "--user" "0:0" "--network" "none" "ghcr.io/rust-lang/crates-build-env/linux@sha256:2788e3201cd34a07e3172128adcd8b3090168a8e3bcc40d7c032b9dda1df7d1c" "/opt/rustwide/cargo-home/bin/cargo" "+beta-2023-12-22" "test" "--frozen" "--no-run" "--message-format=json", kill_on_drop: false }`
[INFO] [stdout] e73b1c1b27219e10dc76b8721b5e1854800044a1d73a8a2217e8dfd47eec2a60
[INFO] running `Command { std: "docker" "start" "-a" "e73b1c1b27219e10dc76b8721b5e1854800044a1d73a8a2217e8dfd47eec2a60", kill_on_drop: false }`
[INFO] [stderr]    Compiling autocfg v1.0.1
[INFO] [stderr]    Compiling lazy_static v1.4.0
[INFO] [stderr]    Compiling hashbrown v0.9.1
[INFO] [stderr]    Compiling bitflags v1.2.1
[INFO] [stderr]    Compiling strsim v0.10.0
[INFO] [stderr]    Compiling ident_case v1.0.1
[INFO] [stderr]    Compiling fnv v1.0.7
[INFO] [stderr]    Compiling rustversion v1.0.5
[INFO] [stderr]    Compiling ptr_meta_derive v0.1.4
[INFO] [stderr]    Compiling target-lexicon v0.12.2
[INFO] [stderr]    Compiling rkyv v0.6.7
[INFO] [stderr]    Compiling loupe-derive v0.1.3
[INFO] [stderr]    Compiling rkyv_derive v0.6.7
[INFO] [stderr]    Compiling cc v1.0.66
[INFO] [stderr]    Compiling smallvec v1.6.1
[INFO] [stderr]    Compiling gimli v0.23.0
[INFO] [stderr]    Compiling seahash v4.1.0
[INFO] [stderr]    Compiling adler v0.2.3
[INFO] [stderr]    Compiling darling_core v0.12.4
[INFO] [stderr]    Compiling object v0.23.0
[INFO] [stderr]    Compiling rustc-demangle v0.1.18
[INFO] [stderr]    Compiling const_fn v0.4.5
[INFO] [stderr]    Compiling memoffset v0.6.1
[INFO] [stderr]    Compiling indexmap v1.6.1
[INFO] [stderr]    Compiling miniz_oxide v0.4.3
[INFO] [stderr]    Compiling crossbeam-utils v0.8.1
[INFO] [stderr]    Compiling region v2.2.0
[INFO] [stderr]    Compiling ptr_meta v0.1.4
[INFO] [stderr]    Compiling more-asserts v0.2.1
[INFO] [stderr]    Compiling serde_bytes v0.11.5
[INFO] [stderr]    Compiling proc-macro-error-attr v1.0.4
[INFO] [stderr]    Compiling wasmparser v0.78.2
[INFO] [stderr]    Compiling cranelift-entity v0.74.0
[INFO] [stderr]    Compiling proc-macro-error v1.0.4
[INFO] [stderr]    Compiling cranelift-codegen-shared v0.74.0
[INFO] [stderr]    Compiling log v0.4.13
[INFO] [stderr]    Compiling scopeguard v1.1.0
[INFO] [stderr]    Compiling wasmer-vm v2.0.0
[INFO] [stderr]    Compiling rayon-core v1.9.0
[INFO] [stderr]    Compiling cranelift-codegen-meta v0.74.0
[INFO] [stderr]    Compiling memmap2 v0.2.0
[INFO] [stderr]    Compiling crc32fast v1.2.1
[INFO] [stderr]    Compiling memchr v2.4.1
[INFO] [stderr]    Compiling cfg-if v0.1.10
[INFO] [stderr]    Compiling crossbeam-epoch v0.9.1
[INFO] [stderr]    Compiling loupe v0.1.3
[INFO] [stderr]    Compiling crossbeam-channel v0.5.0
[INFO] [stderr]    Compiling rayon v1.5.0
[INFO] [stderr]    Compiling num_cpus v1.13.0
[INFO] [stderr]    Compiling rustc-hash v1.1.0
[INFO] [stderr]    Compiling crossbeam-deque v0.8.0
[INFO] [stderr]    Compiling fallible-iterator v0.2.0
[INFO] [stderr]    Compiling stable_deref_trait v1.2.0
[INFO] [stderr]    Compiling regalloc v0.0.31
[INFO] [stderr]    Compiling cranelift-bforest v0.74.0
[INFO] [stderr]    Compiling rand_chacha v0.3.0
[INFO] [stderr]    Compiling tracing-core v0.1.17
[INFO] [stderr]    Compiling gimli v0.24.0
[INFO] [stderr]    Compiling tracing-attributes v0.1.11
[INFO] [stderr]    Compiling pin-project-lite v0.2.4
[INFO] [stderr]    Compiling either v1.6.1
[INFO] [stderr]    Compiling rand v0.8.2
[INFO] [stderr]    Compiling dynasm v1.0.1
[INFO] [stderr]    Compiling addr2line v0.14.1
[INFO] [stderr]    Compiling object v0.25.3
[INFO] [stderr]    Compiling backtrace v0.3.56
[INFO] [stderr]    Compiling remove_dir_all v0.5.3
[INFO] [stderr]    Compiling wasmer-compiler-cranelift v2.0.0
[INFO] [stderr]    Compiling leb128 v0.2.4
[INFO] [stderr]    Compiling tempfile v3.2.0
[INFO] [stderr]    Compiling which v4.0.2
[INFO] [stderr]    Compiling darling_macro v0.12.4
[INFO] [stderr]    Compiling libloading v0.7.1
[INFO] [stderr]    Compiling wasmer-derive v2.0.0
[INFO] [stderr]    Compiling clru v0.4.0
[INFO] [stderr]    Compiling parity-wasm v0.42.1
[INFO] [stderr]    Compiling cosmwasm-schema v1.0.0-beta
[INFO] [stdout] warning: unused variable: `info`
[INFO] [stdout]   --> src/contract.rs:19:5
[INFO] [stdout]    |
[INFO] [stdout] 19 |     info: MessageInfo,
[INFO] [stdout]    |     ^^^^ help: if this is intentional, prefix it with an underscore: `_info`
[INFO] [stdout]    |
[INFO] [stdout]    = note: `#[warn(unused_variables)]` on by default
[INFO] [stdout] 
[INFO] [stdout] 
[INFO] [stdout] warning: unused variable: `env`
[INFO] [stdout]   --> src/contract.rs:56:5
[INFO] [stdout]    |
[INFO] [stdout] 56 |     env: Env,
[INFO] [stdout]    |     ^^^ help: if this is intentional, prefix it with an underscore: `_env`
[INFO] [stdout] 
[INFO] [stdout] 
[INFO] [stdout] warning: variable does not need to be mutable
[INFO] [stdout]   --> src/contract.rs:82:14
[INFO] [stdout]    |
[INFO] [stdout] 82 |             |mut user_info|->StdResult<_>{
[INFO] [stdout]    |              ----^^^^^^^^^
[INFO] [stdout]    |              |
[INFO] [stdout]    |              help: remove this `mut`
[INFO] [stdout]    |
[INFO] [stdout]    = note: `#[warn(unused_mut)]` on by default
[INFO] [stdout] 
[INFO] [stdout] 
[INFO] [stdout] warning: crate `Juno_Punks` should have a snake case name
[INFO] [stdout]   |
[INFO] [stdout]   = help: convert the identifier to snake case: `juno_punks`
[INFO] [stdout]   = note: `#[warn(non_snake_case)]` on by default
[INFO] [stdout] 
[INFO] [stdout] 
[INFO] [stdout] warning: 4 warnings emitted
[INFO] [stdout] 
[INFO] [stdout] 
[INFO] [stderr]    Compiling tracing v0.1.22
[INFO] [stderr]    Compiling wasmer-types v2.0.0
[INFO] [stderr]    Compiling darling v0.12.4
[INFO] [stderr]    Compiling enumset_derive v0.5.4
[INFO] [stderr]    Compiling enumset v1.0.6
[INFO] [stderr]    Compiling cranelift-codegen v0.74.0
[INFO] [stderr]    Compiling wasmer-compiler v2.0.0
[INFO] [stderr]    Compiling wasmer-engine v2.0.0
[INFO] [stderr]    Compiling wasmer-object v2.0.0
[INFO] [stderr]    Compiling wasmer-engine-universal v2.0.0
[INFO] [stderr]    Compiling wasmer-engine-dylib v2.0.0
[INFO] [stderr]    Compiling dynasmrt v1.0.1
[INFO] [stderr]    Compiling wasmer-compiler-singlepass v2.0.0
[INFO] [stderr]    Compiling cranelift-frontend v0.74.0
[INFO] [stderr]    Compiling wasmer v2.0.0
[INFO] [stderr]    Compiling wasmer-middlewares v2.0.0
[INFO] [stderr]    Compiling cosmwasm-vm v1.0.0-beta
[INFO] [stderr]    Compiling Juno_Punks v0.10.0 (/opt/rustwide/workdir)
[INFO] [stdout] warning: unused variable: `info`
[INFO] [stdout]   --> src/contract.rs:19:5
[INFO] [stdout]    |
[INFO] [stdout] 19 |     info: MessageInfo,
[INFO] [stdout]    |     ^^^^ help: if this is intentional, prefix it with an underscore: `_info`
[INFO] [stdout]    |
[INFO] [stdout]    = note: `#[warn(unused_variables)]` on by default
[INFO] [stdout] 
[INFO] [stdout] 
[INFO] [stdout] warning: unused variable: `env`
[INFO] [stdout]   --> src/contract.rs:56:5
[INFO] [stdout]    |
[INFO] [stdout] 56 |     env: Env,
[INFO] [stdout]    |     ^^^ help: if this is intentional, prefix it with an underscore: `_env`
[INFO] [stdout] 
[INFO] [stdout] 
[INFO] [stdout] warning: variable does not need to be mutable
[INFO] [stdout]   --> src/contract.rs:82:14
[INFO] [stdout]    |
[INFO] [stdout] 82 |             |mut user_info|->StdResult<_>{
[INFO] [stdout]    |              ----^^^^^^^^^
[INFO] [stdout]    |              |
[INFO] [stdout]    |              help: remove this `mut`
[INFO] [stdout]    |
[INFO] [stdout]    = note: `#[warn(unused_mut)]` on by default
[INFO] [stdout] 
[INFO] [stdout] 
[INFO] [stdout] warning: crate `Juno_Punks` should have a snake case name
[INFO] [stdout]   |
[INFO] [stdout]   = help: convert the identifier to snake case: `juno_punks`
[INFO] [stdout]   = note: `#[warn(non_snake_case)]` on by default
[INFO] [stdout] 
[INFO] [stdout] 
[INFO] [stdout] warning: 4 warnings emitted
[INFO] [stdout] 
[INFO] [stdout] 
[INFO] [stderr]     Finished test [unoptimized + debuginfo] target(s) in 23.99s
[INFO] [stderr] warning: the following packages contain code that will be rejected by a future version of Rust: cranelift-codegen-meta v0.74.0, wasmer-compiler-singlepass v2.0.0, wasmparser v0.78.2
[INFO] [stderr] note: to see what the problems were, use the option `--future-incompat-report`, or run `cargo report future-incompatibilities --id 1`
[INFO] running `Command { std: "docker" "inspect" "e73b1c1b27219e10dc76b8721b5e1854800044a1d73a8a2217e8dfd47eec2a60", kill_on_drop: false }`
[INFO] running `Command { std: "docker" "rm" "-f" "e73b1c1b27219e10dc76b8721b5e1854800044a1d73a8a2217e8dfd47eec2a60", kill_on_drop: false }`
[INFO] [stdout] e73b1c1b27219e10dc76b8721b5e1854800044a1d73a8a2217e8dfd47eec2a60
[INFO] running `Command { std: "docker" "create" "-v" "/var/lib/crater-agent-workspace/builds/worker-1-tc2/target:/opt/rustwide/target:rw,Z" "-v" "/var/lib/crater-agent-workspace/builds/worker-1-tc2/source:/opt/rustwide/workdir:ro,Z" "-v" "/var/lib/crater-agent-workspace/cargo-home:/opt/rustwide/cargo-home:ro,Z" "-v" "/var/lib/crater-agent-workspace/rustup-home:/opt/rustwide/rustup-home:ro,Z" "-e" "SOURCE_DIR=/opt/rustwide/workdir" "-e" "CARGO_TARGET_DIR=/opt/rustwide/target" "-e" "CARGO_INCREMENTAL=0" "-e" "RUST_BACKTRACE=full" "-e" "RUSTFLAGS=--cap-lints=warn" "-e" "RUSTDOCFLAGS=--cap-lints=warn" "-e" "CARGO_HOME=/opt/rustwide/cargo-home" "-e" "RUSTUP_HOME=/opt/rustwide/rustup-home" "-w" "/opt/rustwide/workdir" "-m" "1610612736" "--user" "0:0" "--network" "none" "ghcr.io/rust-lang/crates-build-env/linux@sha256:2788e3201cd34a07e3172128adcd8b3090168a8e3bcc40d7c032b9dda1df7d1c" "/opt/rustwide/cargo-home/bin/cargo" "+beta-2023-12-22" "test" "--frozen", kill_on_drop: false }`
[INFO] [stdout] 7a645a548fdbbff1c75a96cc14a6868aa5f8a77fc131766548b5862edacf1907
[INFO] running `Command { std: "docker" "start" "-a" "7a645a548fdbbff1c75a96cc14a6868aa5f8a77fc131766548b5862edacf1907", kill_on_drop: false }`
[INFO] [stderr] warning: unused variable: `info`
[INFO] [stderr]   --> src/contract.rs:19:5
[INFO] [stderr]    |
[INFO] [stderr] 19 |     info: MessageInfo,
[INFO] [stderr]    |     ^^^^ help: if this is intentional, prefix it with an underscore: `_info`
[INFO] [stderr]    |
[INFO] [stderr]    = note: `#[warn(unused_variables)]` on by default
[INFO] [stderr] 
[INFO] [stderr] warning: unused variable: `env`
[INFO] [stderr]   --> src/contract.rs:56:5
[INFO] [stderr]    |
[INFO] [stderr] 56 |     env: Env,
[INFO] [stderr]    |     ^^^ help: if this is intentional, prefix it with an underscore: `_env`
[INFO] [stderr] 
[INFO] [stderr] warning: variable does not need to be mutable
[INFO] [stderr]   --> src/contract.rs:82:14
[INFO] [stderr]    |
[INFO] [stderr] 82 |             |mut user_info|->StdResult<_>{
[INFO] [stderr]    |              ----^^^^^^^^^
[INFO] [stderr]    |              |
[INFO] [stderr]    |              help: remove this `mut`
[INFO] [stderr]    |
[INFO] [stderr]    = note: `#[warn(unused_mut)]` on by default
[INFO] [stderr] 
[INFO] [stderr] warning: crate `Juno_Punks` should have a snake case name
[INFO] [stderr]   |
[INFO] [stderr]   = help: convert the identifier to snake case: `juno_punks`
[INFO] [stderr]   = note: `#[warn(non_snake_case)]` on by default
[INFO] [stderr] 
[INFO] [stderr] warning: `Juno_Punks` (lib) generated 4 warnings (run `cargo fix --lib -p Juno_Punks` to apply 3 suggestions)
[INFO] [stderr] warning: `Juno_Punks` (lib test) generated 4 warnings (4 duplicates)
[INFO] [stderr]     Finished test [unoptimized + debuginfo] target(s) in 0.22s
[INFO] [stderr] warning: the following packages contain code that will be rejected by a future version of Rust: cranelift-codegen-meta v0.74.0, wasmer-compiler-singlepass v2.0.0, wasmparser v0.78.2
[INFO] [stderr] note: to see what the problems were, use the option `--future-incompat-report`, or run `cargo report future-incompatibilities --id 1`
[INFO] [stderr]      Running unittests src/lib.rs (/opt/rustwide/target/debug/deps/Juno_Punks-d184e49a98164925)
[INFO] [stdout] 
[INFO] [stdout] running 1 test
[INFO] [stdout] test contract::tests::buy_token ... FAILED
[INFO] [stdout] 
[INFO] [stdout] failures:
[INFO] [stdout] 
[INFO] [stdout] ---- contract::tests::buy_token stdout ----
[INFO] [stdout] thread 'contract::tests::buy_token' panicked at src/contract.rs:331:9:
[INFO] [stdout] assertion `left == right` failed
[INFO] [stdout]   left: Wasm(Execute { contract_addr: "nft_address1", msg: Binary(7b226d696e74223a7b22746f6b656e5f6964223a224a756e6f50756e6b732e31222c226f776e6572223a2263726561746f72222c22746f6b656e5f757269223a2275726c312e6a736f6e222c22657874656e73696f6e223a7b226e616d65223a2232222c226465736372697074696f6e223a2264657363222c22696d616765223a22696d616765222c22646e61223a22646e61222c2265646974696f6e223a312c2264617465223a3132332c2261747472696275746573223a5b7b2274726169745f74797065223a22313233222c2276616c7565223a22636c61757365227d5d2c22636f6d70696c6572223a22636f6d70696c6572227d7d7d), funds: [] })
[INFO] [stdout]  right: Wasm(Execute { contract_addr: "nft_address1", msg: Binary(7b226d696e74223a7b22746f6b656e5f6964223a224a756e6f50756e6b732e31222c226f776e6572223a2263726561746f72222c22746f6b656e5f757269223a2275726c312e6a736f6e222c22657874656e73696f6e223a7b226e616d65223a6e756c6c2c226465736372697074696f6e223a6e756c6c2c22696d616765223a6e756c6c2c22646e61223a6e756c6c2c2265646974696f6e223a6e756c6c2c2264617465223a6e756c6c2c2261747472696275746573223a5b7b2274726169745f74797065223a6e756c6c2c2276616c7565223a6e756c6c7d5d2c22636f6d70696c6572223a6e756c6c7d7d7d), funds: [] })
[INFO] [stdout] stack backtrace:
[INFO] [stdout]    0:     0x564aa18cbbc6 - std::backtrace_rs::backtrace::libunwind::trace::h261606ad26a499c1
[INFO] [stdout]                                at /rustc/0e09125c6c3c2fd70d7de961bcf0e51575235fad/library/std/src/../../backtrace/src/backtrace/libunwind.rs:104:5
[INFO] [stdout]    1:     0x564aa18cbbc6 - std::backtrace_rs::backtrace::trace_unsynchronized::hd183f0625477fb28
[INFO] [stdout]                                at /rustc/0e09125c6c3c2fd70d7de961bcf0e51575235fad/library/std/src/../../backtrace/src/backtrace/mod.rs:66:5
[INFO] [stdout]    2:     0x564aa18cbbc6 - std::sys_common::backtrace::_print_fmt::hd7f8fef21b4eda67
[INFO] [stdout]                                at /rustc/0e09125c6c3c2fd70d7de961bcf0e51575235fad/library/std/src/sys_common/backtrace.rs:68:5
[INFO] [stdout]    3:     0x564aa18cbbc6 - <std::sys_common::backtrace::_print::DisplayBacktrace as core::fmt::Display>::fmt::h623d9b51f2f453f1
[INFO] [stdout]                                at /rustc/0e09125c6c3c2fd70d7de961bcf0e51575235fad/library/std/src/sys_common/backtrace.rs:44:22
[INFO] [stdout]    4:     0x564aa18f4aa0 - core::fmt::rt::Argument::fmt::h9f417ac76a86f368
[INFO] [stdout]                                at /rustc/0e09125c6c3c2fd70d7de961bcf0e51575235fad/library/core/src/fmt/rt.rs:142:9
[INFO] [stdout]    5:     0x564aa18f4aa0 - core::fmt::write::hc9b6faf4ac2aeff7
[INFO] [stdout]                                at /rustc/0e09125c6c3c2fd70d7de961bcf0e51575235fad/library/core/src/fmt/mod.rs:1120:17
[INFO] [stdout]    6:     0x564aa18c962f - std::io::Write::write_fmt::he04625a3a989fec3
[INFO] [stdout]                                at /rustc/0e09125c6c3c2fd70d7de961bcf0e51575235fad/library/std/src/io/mod.rs:1810:15
[INFO] [stdout]    7:     0x564aa18cb9a4 - std::sys_common::backtrace::_print::hd5d66399c7df88a2
[INFO] [stdout]                                at /rustc/0e09125c6c3c2fd70d7de961bcf0e51575235fad/library/std/src/sys_common/backtrace.rs:47:5
[INFO] [stdout]    8:     0x564aa18cb9a4 - std::sys_common::backtrace::print::he81ed2da642d37e5
[INFO] [stdout]                                at /rustc/0e09125c6c3c2fd70d7de961bcf0e51575235fad/library/std/src/sys_common/backtrace.rs:34:9
[INFO] [stdout]    9:     0x564aa18cd717 - std::panicking::default_hook::{{closure}}::h85773f4fa117163d
[INFO] [stdout]   10:     0x564aa18cd3fd - std::panicking::default_hook::h6a1694a91d09b278
[INFO] [stdout]                                at /rustc/0e09125c6c3c2fd70d7de961bcf0e51575235fad/library/std/src/panicking.rs:289:9
[INFO] [stdout]   11:     0x564aa17cc7c7 - <alloc::boxed::Box<F,A> as core::ops::function::Fn<Args>>::call::h616ac37fa3cd6c8f
[INFO] [stdout]                                at /rustc/0e09125c6c3c2fd70d7de961bcf0e51575235fad/library/alloc/src/boxed.rs:2029:9
[INFO] [stdout]   12:     0x564aa17cc7c7 - test::test_main::{{closure}}::h00d84697cefdcbb6
[INFO] [stdout]                                at /rustc/0e09125c6c3c2fd70d7de961bcf0e51575235fad/library/test/src/lib.rs:138:21
[INFO] [stdout]   13:     0x564aa18cdd36 - <alloc::boxed::Box<F,A> as core::ops::function::Fn<Args>>::call::hcb3fe3b9bb537ba8
[INFO] [stdout]                                at /rustc/0e09125c6c3c2fd70d7de961bcf0e51575235fad/library/alloc/src/boxed.rs:2029:9
[INFO] [stdout]   14:     0x564aa18cdd36 - std::panicking::rust_panic_with_hook::h0a7ad96e90f7145b
[INFO] [stdout]                                at /rustc/0e09125c6c3c2fd70d7de961bcf0e51575235fad/library/std/src/panicking.rs:783:13
[INFO] [stdout]   15:     0x564aa18cda82 - std::panicking::begin_panic_handler::{{closure}}::h7919090525c6485e
[INFO] [stdout]                                at /rustc/0e09125c6c3c2fd70d7de961bcf0e51575235fad/library/std/src/panicking.rs:657:13
[INFO] [stdout]   16:     0x564aa18cc0c6 - std::sys_common::backtrace::__rust_end_short_backtrace::hf3289479464f7dfe
[INFO] [stdout]                                at /rustc/0e09125c6c3c2fd70d7de961bcf0e51575235fad/library/std/src/sys_common/backtrace.rs:171:18
[INFO] [stdout]   17:     0x564aa18cd7e0 - rust_begin_unwind
[INFO] [stdout]                                at /rustc/0e09125c6c3c2fd70d7de961bcf0e51575235fad/library/std/src/panicking.rs:645:5
[INFO] [stdout]   18:     0x564aa1756cd5 - core::panicking::panic_fmt::hcc9f77c5c132af55
[INFO] [stdout]                                at /rustc/0e09125c6c3c2fd70d7de961bcf0e51575235fad/library/core/src/panicking.rs:72:14
[INFO] [stdout]   19:     0x564aa175710b - core::panicking::assert_failed_inner::h9f13e27dd63c3a08
[INFO] [stdout]                                at /rustc/0e09125c6c3c2fd70d7de961bcf0e51575235fad/library/core/src/panicking.rs:342:17
[INFO] [stdout]   20:     0x564aa179103e - core::panicking::assert_failed::h87ff4e76313b2af7
[INFO] [stdout]                                at /rustc/0e09125c6c3c2fd70d7de961bcf0e51575235fad/library/core/src/panicking.rs:297:5
[INFO] [stdout]   21:     0x564aa17949e9 - Juno_Punks::contract::tests::buy_token::h8c65c220b4c01846
[INFO] [stdout]                                at /opt/rustwide/workdir/src/contract.rs:331:9
[INFO] [stdout]   22:     0x564aa1791d27 - Juno_Punks::contract::tests::buy_token::{{closure}}::h7b4b92ca53ddb7cd
[INFO] [stdout]                                at /opt/rustwide/workdir/src/contract.rs:232:19
[INFO] [stdout]   23:     0x564aa175bbf6 - core::ops::function::FnOnce::call_once::he88447d5aa40514a
[INFO] [stdout]                                at /rustc/0e09125c6c3c2fd70d7de961bcf0e51575235fad/library/core/src/ops/function.rs:250:5
[INFO] [stdout]   24:     0x564aa17d209f - core::ops::function::FnOnce::call_once::hd64d26f405258157
[INFO] [stdout]                                at /rustc/0e09125c6c3c2fd70d7de961bcf0e51575235fad/library/core/src/ops/function.rs:250:5
[INFO] [stdout]   25:     0x564aa17d209f - test::__rust_begin_short_backtrace::he21b0b7a6d731bf9
[INFO] [stdout]                                at /rustc/0e09125c6c3c2fd70d7de961bcf0e51575235fad/library/test/src/lib.rs:627:18
[INFO] [stdout]   26:     0x564aa17d0e21 - test::run_test_in_process::{{closure}}::hf5c73986d7bdfde2
[INFO] [stdout]                                at /rustc/0e09125c6c3c2fd70d7de961bcf0e51575235fad/library/test/src/lib.rs:650:60
[INFO] [stdout]   27:     0x564aa17d0e21 - <core::panic::unwind_safe::AssertUnwindSafe<F> as core::ops::function::FnOnce<()>>::call_once::h330011ad032aadc0
[INFO] [stdout]                                at /rustc/0e09125c6c3c2fd70d7de961bcf0e51575235fad/library/core/src/panic/unwind_safe.rs:272:9
[INFO] [stdout]   28:     0x564aa17d0e21 - std::panicking::try::do_call::he61b0a958b795a41
[INFO] [stdout]                                at /rustc/0e09125c6c3c2fd70d7de961bcf0e51575235fad/library/std/src/panicking.rs:552:40
[INFO] [stdout]   29:     0x564aa17d0e21 - std::panicking::try::h7309da130f906eb7
[INFO] [stdout]                                at /rustc/0e09125c6c3c2fd70d7de961bcf0e51575235fad/library/std/src/panicking.rs:516:19
[INFO] [stdout]   30:     0x564aa17d0e21 - std::panic::catch_unwind::hc5c3a06fdaf0a92a
[INFO] [stdout]                                at /rustc/0e09125c6c3c2fd70d7de961bcf0e51575235fad/library/std/src/panic.rs:142:14
[INFO] [stdout]   31:     0x564aa17d0e21 - test::run_test_in_process::h7e7b7c71c3324e0f
[INFO] [stdout]                                at /rustc/0e09125c6c3c2fd70d7de961bcf0e51575235fad/library/test/src/lib.rs:650:27
[INFO] [stdout]   32:     0x564aa17d0e21 - test::run_test::{{closure}}::h1f509f28f5cf20b1
[INFO] [stdout]                                at /rustc/0e09125c6c3c2fd70d7de961bcf0e51575235fad/library/test/src/lib.rs:573:43
[INFO] [stdout]   33:     0x564aa1798156 - test::run_test::{{closure}}::h1754218abf443f6d
[INFO] [stdout]                                at /rustc/0e09125c6c3c2fd70d7de961bcf0e51575235fad/library/test/src/lib.rs:601:41
[INFO] [stdout]   34:     0x564aa1798156 - std::sys_common::backtrace::__rust_begin_short_backtrace::h2ee174b9d5954948
[INFO] [stdout]                                at /rustc/0e09125c6c3c2fd70d7de961bcf0e51575235fad/library/std/src/sys_common/backtrace.rs:155:18
[INFO] [stdout]   35:     0x564aa179d1b7 - std::thread::Builder::spawn_unchecked_::{{closure}}::{{closure}}::hf60bee9c1a17ef09
[INFO] [stdout]                                at /rustc/0e09125c6c3c2fd70d7de961bcf0e51575235fad/library/std/src/thread/mod.rs:529:17
[INFO] [stdout]   36:     0x564aa179d1b7 - <core::panic::unwind_safe::AssertUnwindSafe<F> as core::ops::function::FnOnce<()>>::call_once::h33d0dddec5216160
[INFO] [stdout]                                at /rustc/0e09125c6c3c2fd70d7de961bcf0e51575235fad/library/core/src/panic/unwind_safe.rs:272:9
[INFO] [stdout]   37:     0x564aa179d1b7 - std::panicking::try::do_call::h144b3048b546f835
[INFO] [stdout]                                at /rustc/0e09125c6c3c2fd70d7de961bcf0e51575235fad/library/std/src/panicking.rs:552:40
[INFO] [stdout]   38:     0x564aa179d1b7 - std::panicking::try::h978244d04646189f
[INFO] [stdout]                                at /rustc/0e09125c6c3c2fd70d7de961bcf0e51575235fad/library/std/src/panicking.rs:516:19
[INFO] [stdout]   39:     0x564aa179d1b7 - std::panic::catch_unwind::hdf436369d188fe86
[INFO] [stdout]                                at /rustc/0e09125c6c3c2fd70d7de961bcf0e51575235fad/library/std/src/panic.rs:142:14
[INFO] [stdout]   40:     0x564aa179d1b7 - std::thread::Builder::spawn_unchecked_::{{closure}}::h87329cbdd33c79ec
[INFO] [stdout]                                at /rustc/0e09125c6c3c2fd70d7de961bcf0e51575235fad/library/std/src/thread/mod.rs:528:30
[INFO] [stdout]   41:     0x564aa179d1b7 - core::ops::function::FnOnce::call_once{{vtable.shim}}::h401abbe67897d450
[INFO] [stdout]                                at /rustc/0e09125c6c3c2fd70d7de961bcf0e51575235fad/library/core/src/ops/function.rs:250:5
[INFO] [stdout]   42:     0x564aa18d27e5 - <alloc::boxed::Box<F,A> as core::ops::function::FnOnce<Args>>::call_once::h5d7c8f150ab9c84c
[INFO] [stdout]                                at /rustc/0e09125c6c3c2fd70d7de961bcf0e51575235fad/library/alloc/src/boxed.rs:2015:9
[INFO] [stdout]   43:     0x564aa18d27e5 - <alloc::boxed::Box<F,A> as core::ops::function::FnOnce<Args>>::call_once::h570d5b005c242c15
[INFO] [stdout]                                at /rustc/0e09125c6c3c2fd70d7de961bcf0e51575235fad/library/alloc/src/boxed.rs:2015:9
[INFO] [stdout]   44:     0x564aa18d27e5 - std::sys::unix::thread::Thread::new::thread_start::h36b0a20c0b2361ad
[INFO] [stdout]                                at /rustc/0e09125c6c3c2fd70d7de961bcf0e51575235fad/library/std/src/sys/unix/thread.rs:108:17
[INFO] [stdout]   45:     0x7f8d1e2e7ac3 - <unknown>
[INFO] [stdout]   46:     0x7f8d1e378bf4 - __clone
[INFO] [stdout]   47:                0x0 - <unknown>
[INFO] [stdout] 
[INFO] [stdout] 
[INFO] [stdout] failures:
[INFO] [stdout]     contract::tests::buy_token
[INFO] [stdout] 
[INFO] [stdout] test result: FAILED. 0 passed; 1 failed; 0 ignored; 0 measured; 0 filtered out; finished in 0.02s
[INFO] [stdout] 
[INFO] [stderr] error: test failed, to rerun pass `--lib`
[INFO] running `Command { std: "docker" "inspect" "7a645a548fdbbff1c75a96cc14a6868aa5f8a77fc131766548b5862edacf1907", kill_on_drop: false }`
[INFO] running `Command { std: "docker" "rm" "-f" "7a645a548fdbbff1c75a96cc14a6868aa5f8a77fc131766548b5862edacf1907", kill_on_drop: false }`
[INFO] [stdout] 7a645a548fdbbff1c75a96cc14a6868aa5f8a77fc131766548b5862edacf1907
