[INFO] cloning repository https://github.com/supernomad/rift
[INFO] running `Command { std: "git" "-c" "credential.helper=" "-c" "credential.helper=/workspace/cargo-home/bin/git-credential-null" "clone" "--bare" "https://github.com/supernomad/rift" "/workspace/cache/git-repos/https%3A%2F%2Fgithub.com%2Fsupernomad%2Frift", kill_on_drop: false }`
[INFO] [stderr] Cloning into bare repository '/workspace/cache/git-repos/https%3A%2F%2Fgithub.com%2Fsupernomad%2Frift'...
[INFO] running `Command { std: "git" "rev-parse" "HEAD", kill_on_drop: false }`
[INFO] [stdout] 9136ed086ce288c50c5c161eb2d96af99947bf4e
[INFO] testing supernomad/rift against 1.75.0 for beta-1.76-1
[INFO] running `Command { std: "git" "clone" "/workspace/cache/git-repos/https%3A%2F%2Fgithub.com%2Fsupernomad%2Frift" "/workspace/builds/worker-0-tc1/source", kill_on_drop: false }`
[INFO] [stderr] Cloning into '/workspace/builds/worker-0-tc1/source'...
[INFO] [stderr] done.
[INFO] validating manifest of git repo https://github.com/supernomad/rift on toolchain 1.75.0
[INFO] running `Command { std: CARGO_HOME="/workspace/cargo-home" RUSTUP_HOME="/workspace/rustup-home" "/workspace/cargo-home/bin/cargo" "+1.75.0" "metadata" "--manifest-path" "Cargo.toml" "--no-deps", kill_on_drop: false }`
[INFO] removed /workspace/builds/worker-0-tc1/source/.cargo/config
[INFO] removed /workspace/builds/worker-0-tc1/source/rust-toolchain
[INFO] started tweaking git repo https://github.com/supernomad/rift
[INFO] finished tweaking git repo https://github.com/supernomad/rift
[INFO] tweaked toml for git repo https://github.com/supernomad/rift written to /workspace/builds/worker-0-tc1/source/Cargo.toml
[INFO] crate git repo https://github.com/supernomad/rift already has a lockfile, it will not be regenerated
[INFO] running `Command { std: CARGO_HOME="/workspace/cargo-home" RUSTUP_HOME="/workspace/rustup-home" "/workspace/cargo-home/bin/cargo" "+1.75.0" "fetch" "--manifest-path" "Cargo.toml", kill_on_drop: false }`
[INFO] [stderr]  Downloading crates ...
[INFO] [stderr]   Downloaded tonic-reflection v0.5.0
[INFO] [stderr]   Downloaded prost-build v0.11.2
[INFO] [stderr]   Downloaded prost v0.11.2
[INFO] running `Command { std: "docker" "create" "-v" "/var/lib/crater-agent-workspace/builds/worker-0-tc1/target:/opt/rustwide/target:rw,Z" "-v" "/var/lib/crater-agent-workspace/builds/worker-0-tc1/source:/opt/rustwide/workdir:ro,Z" "-v" "/var/lib/crater-agent-workspace/cargo-home:/opt/rustwide/cargo-home:ro,Z" "-v" "/var/lib/crater-agent-workspace/rustup-home:/opt/rustwide/rustup-home:ro,Z" "-e" "SOURCE_DIR=/opt/rustwide/workdir" "-e" "CARGO_TARGET_DIR=/opt/rustwide/target" "-e" "CARGO_HOME=/opt/rustwide/cargo-home" "-e" "RUSTUP_HOME=/opt/rustwide/rustup-home" "-w" "/opt/rustwide/workdir" "-m" "1610612736" "--user" "0:0" "--network" "none" "ghcr.io/rust-lang/crates-build-env/linux@sha256:2788e3201cd34a07e3172128adcd8b3090168a8e3bcc40d7c032b9dda1df7d1c" "/opt/rustwide/cargo-home/bin/cargo" "+1.75.0" "metadata" "--no-deps" "--format-version=1", kill_on_drop: false }`
[INFO] [stdout] 6d313be2d10c605ba96b707830f00671b6595bc180cff623ec01195c6dd6f745
[INFO] running `Command { std: "docker" "start" "-a" "6d313be2d10c605ba96b707830f00671b6595bc180cff623ec01195c6dd6f745", kill_on_drop: false }`
[INFO] running `Command { std: "docker" "inspect" "6d313be2d10c605ba96b707830f00671b6595bc180cff623ec01195c6dd6f745", kill_on_drop: false }`
[INFO] running `Command { std: "docker" "rm" "-f" "6d313be2d10c605ba96b707830f00671b6595bc180cff623ec01195c6dd6f745", kill_on_drop: false }`
[INFO] [stdout] 6d313be2d10c605ba96b707830f00671b6595bc180cff623ec01195c6dd6f745
[INFO] running `Command { std: "docker" "create" "-v" "/var/lib/crater-agent-workspace/builds/worker-0-tc1/target:/opt/rustwide/target:rw,Z" "-v" "/var/lib/crater-agent-workspace/builds/worker-0-tc1/source:/opt/rustwide/workdir:ro,Z" "-v" "/var/lib/crater-agent-workspace/cargo-home:/opt/rustwide/cargo-home:ro,Z" "-v" "/var/lib/crater-agent-workspace/rustup-home:/opt/rustwide/rustup-home:ro,Z" "-e" "SOURCE_DIR=/opt/rustwide/workdir" "-e" "CARGO_TARGET_DIR=/opt/rustwide/target" "-e" "CARGO_INCREMENTAL=0" "-e" "RUST_BACKTRACE=full" "-e" "RUSTFLAGS=--cap-lints=warn" "-e" "RUSTDOCFLAGS=--cap-lints=warn" "-e" "CARGO_HOME=/opt/rustwide/cargo-home" "-e" "RUSTUP_HOME=/opt/rustwide/rustup-home" "-w" "/opt/rustwide/workdir" "-m" "1610612736" "--user" "0:0" "--network" "none" "ghcr.io/rust-lang/crates-build-env/linux@sha256:2788e3201cd34a07e3172128adcd8b3090168a8e3bcc40d7c032b9dda1df7d1c" "/opt/rustwide/cargo-home/bin/cargo" "+1.75.0" "build" "--frozen" "--message-format=json", kill_on_drop: false }`
[INFO] [stdout] 3fdcb4b08a7894f1d0dec224c17c9f57f3c4c8210361d2c50b74e8027746e5c1
[INFO] running `Command { std: "docker" "start" "-a" "3fdcb4b08a7894f1d0dec224c17c9f57f3c4c8210361d2c50b74e8027746e5c1", kill_on_drop: false }`
[INFO] [stderr]    Compiling proc-macro2 v1.0.47
[INFO] [stderr]    Compiling quote v1.0.21
[INFO] [stderr]    Compiling unicode-ident v1.0.5
[INFO] [stderr]    Compiling cfg-if v1.0.0
[INFO] [stderr]    Compiling libc v0.2.137
[INFO] [stderr]    Compiling syn v1.0.103
[INFO] [stderr]    Compiling autocfg v1.1.0
[INFO] [stderr]    Compiling log v0.4.17
[INFO] [stderr]    Compiling pkg-config v0.3.26
[INFO] [stderr]    Compiling once_cell v1.16.0
[INFO] [stderr]    Compiling memchr v2.5.0
[INFO] [stderr]    Compiling bitflags v1.3.2
[INFO] [stderr]    Compiling version_check v0.9.4
[INFO] [stderr]    Compiling pin-project-lite v0.2.9
[INFO] [stderr]    Compiling lazy_static v1.4.0
[INFO] [stderr]    Compiling xml-rs v0.8.4
[INFO] [stderr]    Compiling memoffset v0.6.5
[INFO] [stderr]    Compiling futures-core v0.3.25
[INFO] [stderr]    Compiling bytes v1.2.1
[INFO] [stderr]    Compiling smallvec v1.10.0
[INFO] [stderr]    Compiling hashbrown v0.12.3
[INFO] [stderr]    Compiling cc v1.0.74
[INFO] [stderr]    Compiling tracing-core v0.1.30
[INFO] [stderr]    Compiling either v1.8.0
[INFO] [stderr]    Compiling cmake v0.1.49
[INFO] [stderr]    Compiling anyhow v1.0.66
[INFO] [stderr]    Compiling wayland-scanner v0.29.5
[INFO] [stderr]    Compiling tokio v1.21.2
[INFO] [stderr]    Compiling mio v0.8.5
[INFO] [stderr]    Compiling getrandom v0.2.8
[INFO] [stderr]    Compiling slab v0.4.7
[INFO] [stderr]    Compiling futures-channel v0.3.25
[INFO] [stderr]    Compiling futures-task v0.3.25
[INFO] [stderr]    Compiling itoa v1.0.4
[INFO] [stderr]    Compiling futures-sink v0.3.25
[INFO] [stderr]    Compiling num_cpus v1.14.0
[INFO] [stderr]    Compiling socket2 v0.4.7
[INFO] [stderr]    Compiling itertools v0.10.5
[INFO] [stderr]    Compiling wayland-sys v0.29.5
[INFO] [stderr]    Compiling libloading v0.7.3
[INFO] [stderr]    Compiling futures-util v0.3.25
[INFO] [stderr]    Compiling dlib v0.5.0
[INFO] [stderr]    Compiling nix v0.24.2
[INFO] [stderr]    Compiling pin-utils v0.1.0
[INFO] [stderr]    Compiling futures-io v0.3.25
[INFO] [stderr]    Compiling freetype-sys v0.13.1
[INFO] [stderr]    Compiling wayland-client v0.29.5
[INFO] [stderr]    Compiling serde v1.0.147
[INFO] [stderr]    Compiling expat-sys v2.1.6
[INFO] [stderr]    Compiling lock_api v0.4.9
[INFO] [stderr]    Compiling indexmap v1.9.1
[INFO] [stderr]    Compiling fnv v1.0.7
[INFO] [stderr]    Compiling percent-encoding v2.2.0
[INFO] [stderr]    Compiling scoped-tls v1.0.1
[INFO] [stderr]    Compiling parking_lot_core v0.9.4
[INFO] [stderr]    Compiling downcast-rs v1.2.0
[INFO] [stderr]    Compiling thiserror v1.0.37
[INFO] [stderr]    Compiling khronos_api v3.1.0
[INFO] [stderr]    Compiling http v0.2.8
[INFO] [stderr]    Compiling slotmap v1.0.6
[INFO] [stderr]    Compiling scopeguard v1.1.0
[INFO] [stderr]    Compiling adler v1.0.2
[INFO] [stderr]    Compiling minimal-lexical v0.2.1
[INFO] [stderr]    Compiling crc32fast v1.3.2
[INFO] [stderr]    Compiling nom v7.1.1
[INFO] [stderr]    Compiling wayland-commons v0.29.5
[INFO] [stderr]    Compiling wayland-protocols v0.29.5
[INFO] [stderr]    Compiling servo-fontconfig-sys v5.1.0
[INFO] [stderr]    Compiling heck v0.4.0
[INFO] [stderr]    Compiling prettyplease v0.1.21
[INFO] [stderr]    Compiling tower-service v0.3.2
[INFO] [stderr]    Compiling parking_lot v0.12.1
[INFO] [stderr]    Compiling http-body v0.4.5
[INFO] [stderr]    Compiling xcursor v0.3.4
[INFO] [stderr]    Compiling gl_generator v0.14.0
[INFO] [stderr]    Compiling miniz_oxide v0.5.4
[INFO] [stderr]    Compiling rand_core v0.6.4
[INFO] [stderr]    Compiling smithay-client-toolkit v0.16.0
[INFO] [stderr]    Compiling fixedbitset v0.4.2
[INFO] [stderr]    Compiling fastrand v1.8.0
[INFO] [stderr]    Compiling regex-syntax v0.6.28
[INFO] [stderr]    Compiling remove_dir_all v0.5.3
[INFO] [stderr]    Compiling ppv-lite86 v0.2.17
[INFO] [stderr]    Compiling vec_map v0.8.2
[INFO] [stderr]    Compiling httparse v1.8.0
[INFO] [stderr]    Compiling tempfile v3.3.0
[INFO] [stderr]    Compiling petgraph v0.6.2
[INFO] [stderr]    Compiling rand_chacha v0.3.1
[INFO] [stderr]    Compiling flate2 v1.0.24
[INFO] [stderr]    Compiling wayland-cursor v0.29.5
[INFO] [stderr]    Compiling which v4.3.0
[INFO] [stderr]    Compiling tracing-attributes v0.1.23
[INFO] [stderr]    Compiling tokio-macros v1.8.0
[INFO] [stderr]    Compiling futures-macro v0.3.25
[INFO] [stderr]    Compiling prost-derive v0.11.2
[INFO] [stderr]    Compiling bytemuck_derive v1.2.1
[INFO] [stderr]    Compiling thiserror-impl v1.0.37
[INFO] [stderr]    Compiling pin-project-internal v1.0.12
[INFO] [stderr]    Compiling bytemuck v1.12.2
[INFO] [stderr]    Compiling tracing v0.1.37
[INFO] [stderr]    Compiling regex v1.7.0
[INFO] [stderr]    Compiling foreign-types-macros v0.2.2
[INFO] [stderr]    Compiling calloop v0.10.1
[INFO] [stderr]    Compiling prost v0.11.2
[INFO] [stderr]    Compiling pin-project v1.0.12
[INFO] [stderr]    Compiling miniz_oxide v0.6.2
[INFO] [stderr]    Compiling memmap2 v0.5.7
[INFO] [stderr]    Compiling prost-types v0.11.2
[INFO] [stderr]    Compiling ahash v0.8.0
[INFO] [stderr]    Compiling x11-dl v2.20.0
[INFO] [stderr]    Compiling crossfont v0.5.1
[INFO] [stderr]    Compiling async-trait v0.1.58
[INFO] [stderr]    Compiling ttf-parser v0.17.1
[INFO] [stderr]    Compiling tinyvec_macros v0.1.0
[INFO] [stderr]    Compiling try-lock v0.2.3
[INFO] [stderr]    Compiling multimap v0.8.3
[INFO] [stderr]    Compiling foreign-types-shared v0.3.1
[INFO] [stderr]    Compiling tower-layer v0.3.2
[INFO] [stderr]    Compiling arrayref v0.3.6
[INFO] [stderr]    Compiling foreign-types v0.5.0
[INFO] [stderr]    Compiling tiny-skia-path v0.7.0
[INFO] [stderr]    Compiling want v0.3.0
[INFO] [stderr]    Compiling tinyvec v1.6.0
[INFO] [stderr]    Compiling png v0.17.7
[INFO] [stderr]    Compiling tokio-util v0.7.4
[INFO] [stderr]    Compiling prost-build v0.11.2
[INFO] [stderr]    Compiling safe_arch v0.5.2
[INFO] [stderr]    Compiling rand v0.8.5
[INFO] [stderr]    Compiling h2 v0.3.15
[INFO] [stderr]    Compiling servo-fontconfig v0.5.1
[INFO] [stderr]    Compiling freetype-rs v0.26.0
[INFO] [stderr]    Compiling owned_ttf_parser v0.17.0
[INFO] [stderr]    Compiling erased-serde v0.3.23
[INFO] [stderr]    Compiling cty v0.2.2
[INFO] [stderr]    Compiling arrayvec v0.5.2
[INFO] [stderr]    Compiling ab_glyph_rasterizer v0.1.7
[INFO] [stderr]    Compiling httpdate v1.0.2
[INFO] [stderr]    Compiling ab_glyph v0.2.18
[INFO] [stderr]    Compiling tiny-skia v0.7.0
[INFO] [stderr]    Compiling tower v0.4.13
[INFO] [stderr]    Compiling tonic-build v0.8.2
[INFO] [stderr]    Compiling unicode-normalization v0.1.22
[INFO] [stderr]    Compiling emath v0.19.0
[INFO] [stderr]    Compiling proc-macro-error-attr v1.0.4
[INFO] [stderr]    Compiling mime v0.3.16
[INFO] [stderr]    Compiling nohash-hasher v0.2.0
[INFO] [stderr]    Compiling unicode-bidi v0.3.8
[INFO] [stderr]    Compiling http-range-header v0.3.0
[INFO] [stderr]    Compiling slog v2.7.0
[INFO] [stderr]    Compiling idna v0.3.0
[INFO] [stderr]    Compiling tower-http v0.3.4
[INFO] [stderr]    Compiling epaint v0.19.0
[INFO] [stderr]    Compiling hyper v0.14.22
[INFO] [stderr]    Compiling axum-core v0.2.9
[INFO] [stderr]    Compiling raw-window-handle v0.5.0
[INFO] [stderr]    Compiling raw-window-handle v0.4.3
[INFO] [stderr]    Compiling tokio-io-timeout v1.2.0
[INFO] [stderr]    Compiling async-stream-impl v0.3.3
[INFO] [stderr]    Compiling glutin_egl_sys v0.1.6
[INFO] [stderr]    Compiling glutin_glx_sys v0.1.8
[INFO] [stderr]    Compiling form_urlencoded v1.1.0
[INFO] [stderr]    Compiling gethostname v0.2.3
[INFO] [stderr]    Compiling nix v0.22.3
[INFO] [stderr]    Compiling proc-macro-error v1.0.4
[INFO] [stderr]    Compiling instant v0.1.12
[INFO] [stderr]    Compiling time-core v0.1.0
[INFO] [stderr]    Compiling crossbeam-utils v0.8.12
[INFO] [stderr]    Compiling matchit v0.5.0
[INFO] [stderr]    Compiling sync_wrapper v0.1.1
[INFO] [stderr]    Compiling serde_json v1.0.87
[INFO] [stderr]    Compiling time-macros v0.2.6
[INFO] [stderr]    Compiling url v2.3.1
[INFO] [stderr]    Compiling async-stream v0.3.3
[INFO] [stderr]    Compiling egui v0.19.0
[INFO] [stderr]    Compiling tokio-stream v0.1.11
[INFO] [stderr]    Compiling tracing-futures v0.2.5
[INFO] [stderr]    Compiling shared_library v0.1.9
[INFO] [stderr]    Compiling dirs-sys-next v0.1.2
[INFO] [stderr]    Compiling signal-hook v0.3.14
[INFO] [stderr]    Compiling base64 v0.13.1
[INFO] [stderr]    Compiling num_threads v0.1.6
[INFO] [stderr]    Compiling ryu v1.0.11
[INFO] [stderr]    Compiling time v0.3.17
[INFO] [stderr]    Compiling dirs-next v2.0.0
[INFO] [stderr]    Compiling osmesa-sys v0.1.2
[INFO] [stderr]    Compiling webbrowser v0.7.1
[INFO] [stderr]    Compiling axum v0.5.17
[INFO] [stderr]    Compiling hyper-timeout v0.4.1
[INFO] [stderr]    Compiling x11rb v0.9.0
[INFO] [stderr]    Compiling tonic-reflection v0.5.0
[INFO] [stderr]    Compiling wayland-egl v0.29.5
[INFO] [stderr]    Compiling atty v0.2.14
[INFO] [stderr]    Compiling signal-hook-registry v1.4.0
[INFO] [stderr]    Compiling thread_local v1.1.4
[INFO] [stderr]    Compiling slog-async v2.7.0
[INFO] [stderr]    Compiling glow v0.11.2
[INFO] [stderr]    Compiling tonic v0.8.2
[INFO] [stderr]    Compiling os_str_bytes v6.3.1
[INFO] [stderr]    Compiling clap_lex v0.3.0
[INFO] [stderr]    Compiling crossbeam-channel v0.5.6
[INFO] [stderr]    Compiling clap_derive v4.0.18
[INFO] [stderr]    Compiling term v0.7.0
[INFO] [stderr]    Compiling egui_glow v0.19.0
[INFO] [stderr]    Compiling rift v0.1.0 (/opt/rustwide/workdir)
[INFO] [stderr]    Compiling arboard v2.1.1
[INFO] [stderr]    Compiling futures-executor v0.3.25
[INFO] [stderr]    Compiling strsim v0.10.0
[INFO] [stderr]    Compiling termcolor v1.1.3
[INFO] [stderr]    Compiling take_mut v0.2.2
[INFO] [stderr]    Compiling clap v4.0.19
[INFO] [stderr]    Compiling futures v0.3.25
[INFO] [stderr]    Compiling tonic-health v0.7.1
[INFO] [stderr]    Compiling slog-term v2.9.0
[INFO] [stderr]    Compiling signal-hook-tokio v0.3.1
[INFO] [stderr]    Compiling slog-json v2.6.1
[INFO] [stderr]    Compiling uuid v1.2.1
[INFO] [stderr]    Compiling exitcode v1.1.2
[INFO] [stderr]    Compiling sctk-adwaita v0.4.3
[INFO] [stderr]    Compiling smithay-clipboard v0.6.6
[INFO] [stderr]    Compiling winit v0.27.5
[INFO] [stderr]    Compiling egui-winit v0.19.0
[INFO] [stderr]    Compiling glutin v0.29.1
[INFO] [stderr]    Compiling eframe v0.19.0
[INFO] [stderr]     Finished dev [unoptimized + debuginfo] target(s) in 57.05s
[INFO] running `Command { std: "docker" "inspect" "3fdcb4b08a7894f1d0dec224c17c9f57f3c4c8210361d2c50b74e8027746e5c1", kill_on_drop: false }`
[INFO] running `Command { std: "docker" "rm" "-f" "3fdcb4b08a7894f1d0dec224c17c9f57f3c4c8210361d2c50b74e8027746e5c1", kill_on_drop: false }`
[INFO] [stdout] 3fdcb4b08a7894f1d0dec224c17c9f57f3c4c8210361d2c50b74e8027746e5c1
[INFO] running `Command { std: "docker" "create" "-v" "/var/lib/crater-agent-workspace/builds/worker-0-tc1/target:/opt/rustwide/target:rw,Z" "-v" "/var/lib/crater-agent-workspace/builds/worker-0-tc1/source:/opt/rustwide/workdir:ro,Z" "-v" "/var/lib/crater-agent-workspace/cargo-home:/opt/rustwide/cargo-home:ro,Z" "-v" "/var/lib/crater-agent-workspace/rustup-home:/opt/rustwide/rustup-home:ro,Z" "-e" "SOURCE_DIR=/opt/rustwide/workdir" "-e" "CARGO_TARGET_DIR=/opt/rustwide/target" "-e" "CARGO_INCREMENTAL=0" "-e" "RUST_BACKTRACE=full" "-e" "RUSTFLAGS=--cap-lints=warn" "-e" "RUSTDOCFLAGS=--cap-lints=warn" "-e" "CARGO_HOME=/opt/rustwide/cargo-home" "-e" "RUSTUP_HOME=/opt/rustwide/rustup-home" "-w" "/opt/rustwide/workdir" "-m" "1610612736" "--user" "0:0" "--network" "none" "ghcr.io/rust-lang/crates-build-env/linux@sha256:2788e3201cd34a07e3172128adcd8b3090168a8e3bcc40d7c032b9dda1df7d1c" "/opt/rustwide/cargo-home/bin/cargo" "+1.75.0" "test" "--frozen" "--no-run" "--message-format=json", kill_on_drop: false }`
[INFO] [stdout] 30fecbb0e4c1f443f47195bcfb9e605fe30b404053a68035de92bc9216ac0665
[INFO] running `Command { std: "docker" "start" "-a" "30fecbb0e4c1f443f47195bcfb9e605fe30b404053a68035de92bc9216ac0665", kill_on_drop: false }`
[INFO] [stderr]    Compiling tokio v1.21.2
[INFO] [stderr]    Compiling semver v1.0.14
[INFO] [stderr]    Compiling futures-timer v3.0.2
[INFO] [stderr]    Compiling rustc_version v0.4.0
[INFO] [stderr]    Compiling rstest_macros v0.14.0
[INFO] [stderr]    Compiling rstest v0.15.0
[INFO] [stderr]    Compiling tokio-util v0.7.4
[INFO] [stderr]    Compiling tokio-io-timeout v1.2.0
[INFO] [stderr]    Compiling tokio-stream v0.1.11
[INFO] [stderr]    Compiling signal-hook-tokio v0.3.1
[INFO] [stderr]    Compiling tokio-test v0.4.2
[INFO] [stderr]    Compiling h2 v0.3.15
[INFO] [stderr]    Compiling tower v0.4.13
[INFO] [stderr]    Compiling tower-http v0.3.4
[INFO] [stderr]    Compiling hyper v0.14.22
[INFO] [stderr]    Compiling hyper-timeout v0.4.1
[INFO] [stderr]    Compiling axum v0.5.17
[INFO] [stderr]    Compiling tonic v0.8.2
[INFO] [stderr]    Compiling tonic-reflection v0.5.0
[INFO] [stderr]    Compiling tonic-health v0.7.1
[INFO] [stderr]    Compiling rift v0.1.0 (/opt/rustwide/workdir)
[INFO] [stderr]     Finished test [unoptimized + debuginfo] target(s) in 20.04s
[INFO] running `Command { std: "docker" "inspect" "30fecbb0e4c1f443f47195bcfb9e605fe30b404053a68035de92bc9216ac0665", kill_on_drop: false }`
[INFO] running `Command { std: "docker" "rm" "-f" "30fecbb0e4c1f443f47195bcfb9e605fe30b404053a68035de92bc9216ac0665", kill_on_drop: false }`
[INFO] [stdout] 30fecbb0e4c1f443f47195bcfb9e605fe30b404053a68035de92bc9216ac0665
[INFO] running `Command { std: "docker" "create" "-v" "/var/lib/crater-agent-workspace/builds/worker-0-tc1/target:/opt/rustwide/target:rw,Z" "-v" "/var/lib/crater-agent-workspace/builds/worker-0-tc1/source:/opt/rustwide/workdir:ro,Z" "-v" "/var/lib/crater-agent-workspace/cargo-home:/opt/rustwide/cargo-home:ro,Z" "-v" "/var/lib/crater-agent-workspace/rustup-home:/opt/rustwide/rustup-home:ro,Z" "-e" "SOURCE_DIR=/opt/rustwide/workdir" "-e" "CARGO_TARGET_DIR=/opt/rustwide/target" "-e" "CARGO_INCREMENTAL=0" "-e" "RUST_BACKTRACE=full" "-e" "RUSTFLAGS=--cap-lints=warn" "-e" "RUSTDOCFLAGS=--cap-lints=warn" "-e" "CARGO_HOME=/opt/rustwide/cargo-home" "-e" "RUSTUP_HOME=/opt/rustwide/rustup-home" "-w" "/opt/rustwide/workdir" "-m" "1610612736" "--user" "0:0" "--network" "none" "ghcr.io/rust-lang/crates-build-env/linux@sha256:2788e3201cd34a07e3172128adcd8b3090168a8e3bcc40d7c032b9dda1df7d1c" "/opt/rustwide/cargo-home/bin/cargo" "+1.75.0" "test" "--frozen", kill_on_drop: false }`
[INFO] [stdout] 27d230e56b095dedbb78c65c8923ef0246e3ddb982bbf1d34fd545a6b3d6de69
[INFO] running `Command { std: "docker" "start" "-a" "27d230e56b095dedbb78c65c8923ef0246e3ddb982bbf1d34fd545a6b3d6de69", kill_on_drop: false }`
[INFO] [stderr]     Finished test [unoptimized + debuginfo] target(s) in 0.34s
[INFO] [stderr]      Running unittests src/lib.rs (/opt/rustwide/target/debug/deps/librift-4edfb252d72c9c67)
[INFO] [stdout] 
[INFO] [stdout] running 24 tests
[INFO] [stdout] test base::tests::test_config::case_1 ... ok
[INFO] [stdout] test base::tests::test_config::case_5 ... ok
[INFO] [stdout] test base::tests::test_config::case_3 ... ok
[INFO] [stdout] test base::tests::test_config::case_4 ... ok
[INFO] [stdout] test base::tests::test_config::case_2 ... ok
[INFO] [stdout] test logging::error::tests::test_error ... ok
[INFO] [stdout] test logging::filter::tests::test_filter ... ok
[INFO] [stdout] test logging::builders::tests::test_new::case_1_with_json ... ok
[INFO] [stdout] test logging::builders::tests::test_new::case_2_with_json ... ok
[INFO] [stdout] test logging::level::tests::test_from_str::case_1_crit ... ok
[INFO] [stdout] test logging::level::tests::test_from_str::case_2_error ... ok
[INFO] [stdout] test logging::level::tests::test_from_str::case_4_info ... ok
[INFO] [stdout] test logging::level::tests::test_derived ... ok
[INFO] [stdout] test logging::level::tests::test_from_str::case_3_warn ... ok
[INFO] [stdout] test logging::level::tests::test_from_str::case_6_fail ... ok
[INFO] [stdout] test logging::level::tests::test_to_slog::case_2_error ... ok
[INFO] [stdout] test logging::level::tests::test_to_slog::case_3_warn ... ok
[INFO] [stdout] test logging::config::tests::test_config ... ok
[INFO] [stdout] test logging::level::tests::test_to_slog::case_1_crit ... ok
[INFO] [stdout] test logging::level::tests::test_to_slog::case_5_debug ... ok
[INFO] [stdout] test logging::level::tests::test_from_str::case_5_debug ... ok
[INFO] [stdout] test logging::level::tests::test_to_slog::case_4_info ... ok
[INFO] [stdout] test rpc::interceptor::tests::test_interceptor ... ok
[INFO] [stdout] test rpc::server::tests::test_server ... ok
[INFO] [stdout] 
[INFO] [stdout] test result: ok. 24 passed; 0 failed; 0 ignored; 0 measured; 0 filtered out; finished in 0.02s
[INFO] [stdout] 
[INFO] [stderr]    Doc-tests librift
[INFO] [stdout] 
[INFO] [stdout] running 3 tests
[INFO] [stdout] test src/logging/builders.rs - logging::builders::new (line 21) ... FAILED
[INFO] [stdout] test src/logging/level.rs - logging::level::Level::from_str (line 31) ... ok
[INFO] [stdout] test src/logging/level.rs - logging::level::Level::to_slog (line 57) ... ok
[INFO] [stdout] 
[INFO] [stdout] failures:
[INFO] [stdout] 
[INFO] [stdout] ---- src/logging/builders.rs - logging::builders::new (line 21) stdout ----
[INFO] [stdout] error: linking with `cc` failed: exit status: 1
[INFO] [stdout]   |
[INFO] [stdout]   = note: LC_ALL="C" PATH="/opt/rustwide/rustup-home/toolchains/1.75.0-x86_64-unknown-linux-gnu/lib/rustlib/x86_64-unknown-linux-gnu/bin:/opt/rustwide/cargo-home/bin:/usr/local/sbin:/usr/local/bin:/usr/sbin:/usr/bin:/sbin:/bin" VSLANG="1033" "cc" "-m64" "/tmp/rustc1EnB7i/symbols.o" "/tmp/rustdoctestzer9Rz/rust_out.rust_out.263fb70ac1c95110-cgu.0.rcgu.o" "/tmp/rustdoctestzer9Rz/rust_out.2uel00cfmdh5ufit.rcgu.o" "-Wl,--as-needed" "-L" "/opt/rustwide/target/debug/deps" "-L" "/opt/rustwide/target/debug/deps" "-L" "/usr/lib/x86_64-linux-gnu" "-L" "/opt/rustwide/rustup-home/toolchains/1.75.0-x86_64-unknown-linux-gnu/lib/rustlib/x86_64-unknown-linux-gnu/lib" "-Wl,-Bstatic" "/opt/rustwide/target/debug/deps/liblibrift-015828ea8e9e52a2.rlib" "/opt/rustwide/target/debug/deps/libtonic_reflection-a49cb60e4345897a.rlib" "/opt/rustwide/target/debug/deps/libprost_types-9bd8a80bbfbe169b.rlib" "/opt/rustwide/target/debug/deps/libtonic_health-7cef1a5957bd6cce.rlib" "/opt/rustwide/target/debug/deps/libasync_stream-8d0bf2ce96b3bddb.rlib" "/opt/rustwide/target/debug/deps/libuuid-17f509ee16f36bd9.rlib" "/opt/rustwide/target/debug/deps/libslog_async-ca6a68bd7053f3b7.rlib" "/opt/rustwide/target/debug/deps/libthread_local-b9eeaaf28e4eeb90.rlib" "/opt/rustwide/target/debug/deps/libtake_mut-158c057afde741f3.rlib" "/opt/rustwide/target/debug/deps/libcrossbeam_channel-edde3c55aad1f5a0.rlib" "/opt/rustwide/target/debug/deps/libcrossbeam_utils-52588aabb3dae1b4.rlib" "/opt/rustwide/target/debug/deps/libslog_term-68797e2d2196f459.rlib" "/opt/rustwide/target/debug/deps/libterm-accb28dab549d3b0.rlib" "/opt/rustwide/target/debug/deps/libdirs_next-521a7ae9a18f6819.rlib" "/opt/rustwide/target/debug/deps/libdirs_sys_next-d444e281ed6e67ce.rlib" "/opt/rustwide/target/debug/deps/libslog_json-2aaa3efb7109532f.rlib" "/opt/rustwide/target/debug/deps/libtime-fae7a8ffc8921621.rlib" "/opt/rustwide/target/debug/deps/libnum_threads-87e76dbb415bce49.rlib" "/opt/rustwide/target/debug/deps/libtime_core-39c8f7012824603d.rlib" "/opt/rustwide/target/debug/deps/libserde_json-99d9ad54ad7c0af3.rlib" "/opt/rustwide/target/debug/deps/libryu-80596ff4214e4d03.rlib" "/opt/rustwide/target/debug/deps/libtonic-f11d19f68c38062a.rlib" "/opt/rustwide/target/debug/deps/libhyper_timeout-16c94e04692f1d7e.rlib" "/opt/rustwide/target/debug/deps/libtokio_io_timeout-455b35db2100b9a7.rlib" "/opt/rustwide/target/debug/deps/libbase64-b09bba5046b087ce.rlib" "/opt/rustwide/target/debug/deps/libaxum-8fc965355fc34f9b.rlib" "/opt/rustwide/target/debug/deps/libmatchit-5643591276b42fd4.rlib" "/opt/rustwide/target/debug/deps/libtower_http-3979f453edcce972.rlib" "/opt/rustwide/target/debug/deps/libsync_wrapper-a17e434c68f0477f.rlib" "/opt/rustwide/target/debug/deps/libaxum_core-fa2359588e09e4a0.rlib" "/opt/rustwide/target/debug/deps/libmime-450b243d21db2a61.rlib" "/opt/rustwide/target/debug/deps/libtokio_stream-85bd9439fbcf3c66.rlib" "/opt/rustwide/target/debug/deps/libhyper-9e8c6a6202a2c20b.rlib" "/opt/rustwide/target/debug/deps/libwant-aba4c5639a11f28a.rlib" "/opt/rustwide/target/debug/deps/libtry_lock-6573df21d991c823.rlib" "/opt/rustwide/target/debug/deps/libhttparse-64f1ffbeda450424.rlib" "/opt/rustwide/target/debug/deps/libh2-d3999baf3370b26b.rlib" "/opt/rustwide/target/debug/deps/libhttpdate-07ccb2bff48c32b9.rlib" "/opt/rustwide/target/debug/deps/libtower-62a16c3ed5cd145c.rlib" "/opt/rustwide/target/debug/deps/libindexmap-4a55c90885f25f25.rlib" "/opt/rustwide/target/debug/deps/libhashbrown-567986452cb9bc94.rlib" "/opt/rustwide/target/debug/deps/libtokio_util-7b3c0a9b27d3d572.rlib" "/opt/rustwide/target/debug/deps/librand-78edc37b1f96cca0.rlib" "/opt/rustwide/target/debug/deps/librand_chacha-f170fdbb66f757cb.rlib" "/opt/rustwide/target/debug/deps/libppv_lite86-9f808eb911999ef2.rlib" "/opt/rustwide/target/debug/deps/librand_core-5bb951ce911b990c.rlib" "/opt/rustwide/target/debug/deps/libtower_layer-294cdac6576ba675.rlib" "/opt/rustwide/target/debug/deps/libprost-8e25c55033b2f8e5.rlib" "/opt/rustwide/target/debug/deps/libpin_project-433ea700d685b013.rlib" "/opt/rustwide/target/debug/deps/libtower_service-104d6e83d5ce383d.rlib" "/opt/rustwide/target/debug/deps/libhttp_body-0bb838eb4610db6a.rlib" "/opt/rustwide/target/debug/deps/libhttp-d4b7370e69236817.rlib" "/opt/rustwide/target/debug/deps/libitoa-a8f958deca0e891c.rlib" "/opt/rustwide/target/debug/deps/libfnv-18bf5144d055e772.rlib" "/opt/rustwide/target/debug/deps/libsignal_hook_tokio-56a1e28249fc197c.rlib" "/opt/rustwide/target/debug/deps/libtokio-360dcad89de02f37.rlib" "/opt/rustwide/target/debug/deps/libnum_cpus-ea9bf11d7411fe82.rlib" "/opt/rustwide/target/debug/deps/libsocket2-bfbdcf88bc933cb8.rlib" "/opt/rustwide/target/debug/deps/libbytes-f5dc1f268a1b4c4c.rlib" "/opt/rustwide/target/debug/deps/libsignal_hook-f6f2a219cff2e20f.rlib" "/opt/rustwide/target/debug/deps/libsignal_hook_registry-c5240ca059cdbe16.rlib" "/opt/rustwide/target/debug/deps/libfutures-7c3618cb60e6bbae.rlib" "/opt/rustwide/target/debug/deps/libfutures_executor-25978aad6e3c3414.rlib" "/opt/rustwide/target/debug/deps/libfutures_util-665442662afa19b0.rlib" "/opt/rustwide/target/debug/deps/libfutures_io-5062be024aa4c585.rlib" "/opt/rustwide/target/debug/deps/libslab-29fe6a49d400343d.rlib" "/opt/rustwide/target/debug/deps/libfutures_channel-dd13644f20ccc956.rlib" "/opt/rustwide/target/debug/deps/libfutures_sink-8ece13312afb8528.rlib" "/opt/rustwide/target/debug/deps/libfutures_task-8ee454208e29f22c.rlib" "/opt/rustwide/target/debug/deps/libpin_utils-741f7d9d160e4a16.rlib" "/opt/rustwide/target/debug/deps/libfutures_core-804d82575990b571.rlib" "/opt/rustwide/target/debug/deps/libexitcode-da0c628341272cb2.rlib" "/opt/rustwide/target/debug/deps/libeframe-89cf41054f687e7c.rlib" "/opt/rustwide/target/debug/deps/libglutin-5f49e571eb5438e8.rlib" "/opt/rustwide/target/debug/deps/libwayland_egl-8430ace4ada70286.rlib" "/opt/rustwide/target/debug/deps/libosmesa_sys-0896edbd073e374d.rlib" "/opt/rustwide/target/debug/deps/libshared_library-8ef810a28615585c.rlib" "/opt/rustwide/target/debug/deps/libglutin_glx_sys-114d52a1d3c4e4aa.rlib" "/opt/rustwide/target/debug/deps/libglutin_egl_sys-276ff058592b7faf.rlib" "/opt/rustwide/target/debug/deps/libegui_winit-375e5533835e8640.rlib" "/opt/rustwide/target/debug/deps/libwebbrowser-8f600c3ab196c0d1.rlib" "/opt/rustwide/target/debug/deps/liburl-766f8fa2770c8650.rlib" "/opt/rustwide/target/debug/deps/libidna-c62e120fb9daafd7.rlib" "/opt/rustwide/target/debug/deps/libunicode_normalization-9a523c060fbda597.rlib" "/opt/rustwide/target/debug/deps/libtinyvec-e78be141da4aa4a4.rlib" "/opt/rustwide/target/debug/deps/libtinyvec_macros-bfeb7a087f0273ce.rlib" "/opt/rustwide/target/debug/deps/libunicode_bidi-6e4d9a1bf3170bfc.rlib" "/opt/rustwide/target/debug/deps/libform_urlencoded-e8c43e838ad28fa4.rlib" "/opt/rustwide/target/debug/deps/libsmithay_clipboard-f4f7973c00fc1382.rlib" "/opt/rustwide/target/debug/deps/libarboard-fdd599a97431a964.rlib" "/opt/rustwide/target/debug/deps/libx11rb-db89927837f4921c.rlib" "/opt/rustwide/target/debug/deps/libgethostname-74f9cc7d83c062c3.rlib" "/opt/rustwide/target/debug/deps/libnix-c4bc710962bd2339.rlib" "/opt/rustwide/target/debug/deps/libwinit-c87daafea5eaa565.rlib" "/opt/rustwide/target/debug/deps/libsctk_adwaita-a70403a57301a3af.rlib" "/opt/rustwide/target/debug/deps/libcrossfont-d753ef04cd2fdbb3.rlib" "/opt/rustwide/target/debug/deps/libfontconfig-f9236d43da6e3fe2.rlib" "/opt/rustwide/target/debug/deps/libfontconfig_sys-dde2ade171f9400e.rlib" "/opt/rustwide/target/debug/deps/libexpat_sys-bbbc815ca5bf5c5a.rlib" "/opt/rustwide/target/debug/deps/libforeign_types-c952897e670a3c4e.rlib" "/opt/rustwide/target/debug/deps/libforeign_types_shared-403826f50c42d7d0.rlib" "/opt/rustwide/target/debug/deps/libfreetype-764ee02dd3398367.rlib" "/opt/rustwide/target/debug/deps/libfreetype_sys-33b1bc8a74331f22.rlib" "/opt/rustwide/target/debug/deps/libtiny_skia-33f53d88a1f6fff6.rlib" "/opt/rustwide/target/debug/deps/libpng-bedf2a8567b6469f.rlib" "/opt/rustwide/target/debug/deps/libflate2-d0fd3d944ada1524.rlib" "/opt/rustwide/target/debug/deps/libminiz_oxide-aa3e9944b2ef3050.rlib" "/opt/rustwide/target/debug/deps/libminiz_oxide-ed183406a720c894.rlib" "/opt/rustwide/target/debug/deps/libadler-c8f2240c56a0abca.rlib" "/opt/rustwide/target/debug/deps/libcrc32fast-664446237529ebff.rlib" "/opt/rustwide/target/debug/deps/libsafe_arch-bb429e5a90221d16.rlib" "/opt/rustwide/target/debug/deps/libarrayvec-a7c9f51e64d46c49.rlib" "/opt/rustwide/target/debug/deps/libtiny_skia_path-c645d19ce92afdb4.rlib" "/opt/rustwide/target/debug/deps/libarrayref-ff686991724e9e8c.rlib" "/opt/rustwide/target/debug/deps/libraw_window_handle-2ed72e61dfa68280.rlib" "/opt/rustwide/target/debug/deps/libmio-71a4613af015de36.rlib" "/opt/rustwide/target/debug/deps/libx11_dl-91ee59dbddcf0034.rlib" "/opt/rustwide/target/debug/deps/libpercent_encoding-c39f6500503dd269.rlib" "/opt/rustwide/target/debug/deps/libsmithay_client_toolkit-a69943f19b0d96c8.rlib" "/opt/rustwide/target/debug/deps/libwayland_cursor-415d0af8f18a07be.rlib" "/opt/rustwide/target/debug/deps/libxcursor-3ad4d10a9e2cc6c9.rlib" "/opt/rustwide/target/debug/deps/libnom-3fab11a9c52cd212.rlib" "/opt/rustwide/target/debug/deps/libmemchr-4fdcfd9ddfba30cb.rlib" "/opt/rustwide/target/debug/deps/libmemmap2-0250e6d7302a8f04.rlib" "/opt/rustwide/target/debug/deps/libwayland_protocols-87aeab5ec1cb630a.rlib" "/opt/rustwide/target/debug/deps/libwayland_client-5ee157e2b0dce6f5.rlib" "/opt/rustwide/target/debug/deps/libscoped_tls-169b605071c9f714.rlib" "/opt/rustwide/target/debug/deps/libwayland_commons-8bc3ebd59cb50549.rlib" "/opt/rustwide/target/debug/deps/libwayland_sys-79aeadfd64748c13.rlib" "/opt/rustwide/target/debug/deps/liblazy_static-591486ebcb9a7ead.rlib" "/opt/rustwide/target/debug/deps/libcalloop-feb37c293322104d.rlib" "/opt/rustwide/target/debug/deps/libslotmap-d9eef6254cc2d81d.rlib" "/opt/rustwide/target/debug/deps/libnix-3f7c099444faebdb.rlib" "/opt/rustwide/target/debug/deps/libvec_map-f4b9763d49b4e0fe.rlib" "/opt/rustwide/target/debug/deps/libdlib-d4ec0ff6b599d90e.rlib" "/opt/rustwide/target/debug/deps/liblibloading-cd36fb2a4b7c56ed.rlib" "/opt/rustwide/target/debug/deps/libraw_window_handle-a08e8604dd364d5a.rlib" "/opt/rustwide/target/debug/deps/libcty-341287eb4d06fa72.rlib" "/opt/rustwide/target/debug/deps/libinstant-d2eacafc3f5b0144.rlib" "/opt/rustwide/target/debug/deps/libegui_glow-efd60cb91b62a6de.rlib" "/opt/rustwide/target/debug/deps/libtracing-caae141beb7acafc.rlib" "/opt/rustwide/target/debug/deps/liblog-3ad322dff60a4fea.rlib" "/opt/rustwide/target/debug/deps/libpin_project_lite-cead9f5d94689600.rlib" "/opt/rustwide/target/debug/deps/libtracing_core-d66917472e6c63d8.rlib" "/opt/rustwide/target/debug/deps/libmemoffset-c7b1b1cc44d01308.rlib" "/opt/rustwide/target/debug/deps/libglow-ea1052e7d0f838d9.rlib" "/opt/rustwide/target/debug/deps/libegui-48903953ec241915.rlib" "/opt/rustwide/target/debug/deps/libepaint-047971ccb081d66a.rlib" "/opt/rustwide/target/debug/deps/libnohash_hasher-0b40e567e2e42bd3.rlib" "/opt/rustwide/target/debug/deps/libahash-7bf6dfd4aada9812.rlib" "/opt/rustwide/target/debug/deps/libgetrandom-59db335680f720dc.rlib" "/opt/rustwide/target/debug/deps/libab_glyph-3fa0642941f98ca0.rlib" "/opt/rustwide/target/debug/deps/libowned_ttf_parser-3cfea93b36a85c96.rlib" "/opt/rustwide/target/debug/deps/libttf_parser-81f6e865c4806da4.rlib" "/opt/rustwide/target/debug/deps/libab_glyph_rasterizer-1eb10dada30ccc2e.rlib" "/opt/rustwide/target/debug/deps/libparking_lot-91548ff2b918679d.rlib" "/opt/rustwide/target/debug/deps/libparking_lot_core-a98d16a0bb7f0c0c.rlib" "/opt/rustwide/target/debug/deps/libcfg_if-61dc7a6799e72b18.rlib" "/opt/rustwide/target/debug/deps/libsmallvec-75a5879a2c4c0c6c.rlib" "/opt/rustwide/target/debug/deps/liblock_api-400daf411a1c055a.rlib" "/opt/rustwide/target/debug/deps/libscopeguard-b35f5c652940acc2.rlib" "/opt/rustwide/target/debug/deps/libemath-93c20063da3517b3.rlib" "/opt/rustwide/target/debug/deps/libbytemuck-a9a704945e319cbc.rlib" "/opt/rustwide/target/debug/deps/libthiserror-2368a24c1e32650f.rlib" "/opt/rustwide/target/debug/deps/libclap-483bea8f9d4be0ed.rlib" "/opt/rustwide/target/debug/deps/libatty-3859750702f8303c.rlib" "/opt/rustwide/target/debug/deps/liblibc-dee312e7bf6bd66c.rlib" "/opt/rustwide/target/debug/deps/libstrsim-dec2701ee913c7f9.rlib" "/opt/rustwide/target/debug/deps/libclap_lex-e4b8c6f625571ab0.rlib" "/opt/rustwide/target/debug/deps/libos_str_bytes-de40ae9756552fdb.rlib" "/opt/rustwide/target/debug/deps/libtermcolor-8398fdf37ae29334.rlib" "/opt/rustwide/target/debug/deps/libbitflags-b7cee2ca4fb438d0.rlib" "/opt/rustwide/target/debug/deps/libonce_cell-56578409178868c6.rlib" "/opt/rustwide/target/debug/deps/libslog-c2583e2a692a611b.rlib" "/opt/rustwide/target/debug/deps/liberased_serde-38305409b775aaa7.rlib" "/opt/rustwide/target/debug/deps/libserde-d498d739ec8fe512.rlib" "/opt/rustwide/rustup-home/toolchains/1.75.0-x86_64-unknown-linux-gnu/lib/rustlib/x86_64-unknown-linux-gnu/lib/libstd-90f6ddbf82de36ec.rlib" "/opt/rustwide/rustup-home/toolchains/1.75.0-x86_64-unknown-linux-gnu/lib/rustlib/x86_64-unknown-linux-gnu/lib/libpanic_unwind-480c41e9d4e1f677.rlib" "/opt/rustwide/rustup-home/toolchains/1.75.0-x86_64-unknown-linux-gnu/lib/rustlib/x86_64-unknown-linux-gnu/lib/libobject-db744c0ca03eed1d.rlib" "/opt/rustwide/rustup-home/toolchains/1.75.0-x86_64-unknown-linux-gnu/lib/rustlib/x86_64-unknown-linux-gnu/lib/libmemchr-8ba652dc7d4b285a.rlib" "/opt/rustwide/rustup-home/toolchains/1.75.0-x86_64-unknown-linux-gnu/lib/rustlib/x86_64-unknown-linux-gnu/lib/libaddr2line-d5f4520a9ebc0d58.rlib" "/opt/rustwide/rustup-home/toolchains/1.75.0-x86_64-unknown-linux-gnu/lib/rustlib/x86_64-unknown-linux-gnu/lib/libgimli-4ad84de58f0cb463.rlib" "/opt/rustwide/rustup-home/toolchains/1.75.0-x86_64-unknown-linux-gnu/lib/rustlib/x86_64-unknown-linux-gnu/lib/librustc_demangle-0d10aae2e0f38735.rlib" "/opt/rustwide/rustup-home/toolchains/1.75.0-x86_64-unknown-linux-gnu/lib/rustlib/x86_64-unknown-linux-gnu/lib/libstd_detect-0c17cff739e6745b.rlib" "/opt/rustwide/rustup-home/toolchains/1.75.0-x86_64-unknown-linux-gnu/lib/rustlib/x86_64-unknown-linux-gnu/lib/libhashbrown-b29e17139dde1aa8.rlib" "/opt/rustwide/rustup-home/toolchains/1.75.0-x86_64-unknown-linux-gnu/lib/rustlib/x86_64-unknown-linux-gnu/lib/librustc_std_workspace_alloc-1f975299829cc7bd.rlib" "/opt/rustwide/rustup-home/toolchains/1.75.0-x86_64-unknown-linux-gnu/lib/rustlib/x86_64-unknown-linux-gnu/lib/libminiz_oxide-86bae3bc3079f89b.rlib" "/opt/rustwide/rustup-home/toolchains/1.75.0-x86_64-unknown-linux-gnu/lib/rustlib/x86_64-unknown-linux-gnu/lib/libadler-321b82c30dffdf5f.rlib" "/opt/rustwide/rustup-home/toolchains/1.75.0-x86_64-unknown-linux-gnu/lib/rustlib/x86_64-unknown-linux-gnu/lib/libunwind-3dd8a6810a0bdfef.rlib" "/opt/rustwide/rustup-home/toolchains/1.75.0-x86_64-unknown-linux-gnu/lib/rustlib/x86_64-unknown-linux-gnu/lib/libcfg_if-eb39a61c0c879984.rlib" "/opt/rustwide/rustup-home/toolchains/1.75.0-x86_64-unknown-linux-gnu/lib/rustlib/x86_64-unknown-linux-gnu/lib/liblibc-aa769569f91c3548.rlib" "/opt/rustwide/rustup-home/toolchains/1.75.0-x86_64-unknown-linux-gnu/lib/rustlib/x86_64-unknown-linux-gnu/lib/liballoc-510a192a50a983ed.rlib" "/opt/rustwide/rustup-home/toolchains/1.75.0-x86_64-unknown-linux-gnu/lib/rustlib/x86_64-unknown-linux-gnu/lib/librustc_std_workspace_core-0577018320f99037.rlib" "/opt/rustwide/rustup-home/toolchains/1.75.0-x86_64-unknown-linux-gnu/lib/rustlib/x86_64-unknown-linux-gnu/lib/libcore-193cf992125ccd4c.rlib" "/opt/rustwide/rustup-home/toolchains/1.75.0-x86_64-unknown-linux-gnu/lib/rustlib/x86_64-unknown-linux-gnu/lib/libcompiler_builtins-8e138eaf26ebb4a8.rlib" "-Wl,-Bdynamic" "-lfreetype" "-lfontconfig" "-lfreetype" "-lexpat" "-lm" "-lfreetype" "-ldl" "-ldl" "-lgcc_s" "-lutil" "-lrt" "-lpthread" "-lm" "-ldl" "-lc" "-Wl,--eh-frame-hdr" "-Wl,-z,noexecstack" "-L" "/opt/rustwide/rustup-home/toolchains/1.75.0-x86_64-unknown-linux-gnu/lib/rustlib/x86_64-unknown-linux-gnu/lib" "-o" "/tmp/rustdoctestzer9Rz/rust_out" "-Wl,--gc-sections" "-pie" "-Wl,-z,relro,-z,now" "-nodefaultlibs"
[INFO] [stdout]   = note: collect2: fatal error: ld terminated with signal 9 [Killed]
[INFO] [stdout]           compilation terminated.
[INFO] [stdout]           
[INFO] [stdout] 
[INFO] [stdout] error: aborting due to previous error
[INFO] [stdout] 
[INFO] [stdout] Couldn't compile the test.
[INFO] [stdout] 
[INFO] [stdout] failures:
[INFO] [stdout]     src/logging/builders.rs - logging::builders::new (line 21)
[INFO] [stdout] 
[INFO] [stdout] test result: FAILED. 2 passed; 1 failed; 0 ignored; 0 measured; 0 filtered out; finished in 5.38s
[INFO] [stdout] 
[INFO] [stderr] error: doctest failed, to rerun pass `--doc`
[INFO] running `Command { std: "docker" "inspect" "27d230e56b095dedbb78c65c8923ef0246e3ddb982bbf1d34fd545a6b3d6de69", kill_on_drop: false }`
[INFO] running `Command { std: "docker" "rm" "-f" "27d230e56b095dedbb78c65c8923ef0246e3ddb982bbf1d34fd545a6b3d6de69", kill_on_drop: false }`
[INFO] [stdout] 27d230e56b095dedbb78c65c8923ef0246e3ddb982bbf1d34fd545a6b3d6de69
