[INFO] cloning repository https://github.com/sun30812/code_mmunity_server
[INFO] running `Command { std: "git" "-c" "credential.helper=" "-c" "credential.helper=/workspace/cargo-home/bin/git-credential-null" "clone" "--bare" "https://github.com/sun30812/code_mmunity_server" "/workspace/cache/git-repos/https%3A%2F%2Fgithub.com%2Fsun30812%2Fcode_mmunity_server", kill_on_drop: false }`
[INFO] [stderr] Cloning into bare repository '/workspace/cache/git-repos/https%3A%2F%2Fgithub.com%2Fsun30812%2Fcode_mmunity_server'...
[INFO] running `Command { std: "git" "rev-parse" "HEAD", kill_on_drop: false }`
[INFO] [stdout] 05bc2611e83dbcb41c9a003a6db9f24759fd9d19
[INFO] testing sun30812/code_mmunity_server against 1.75.0 for beta-1.76-1
[INFO] running `Command { std: "git" "clone" "/workspace/cache/git-repos/https%3A%2F%2Fgithub.com%2Fsun30812%2Fcode_mmunity_server" "/workspace/builds/worker-3-tc1/source", kill_on_drop: false }`
[INFO] [stderr] Cloning into '/workspace/builds/worker-3-tc1/source'...
[INFO] [stderr] done.
[INFO] validating manifest of git repo https://github.com/sun30812/code_mmunity_server on toolchain 1.75.0
[INFO] running `Command { std: CARGO_HOME="/workspace/cargo-home" RUSTUP_HOME="/workspace/rustup-home" "/workspace/cargo-home/bin/cargo" "+1.75.0" "metadata" "--manifest-path" "Cargo.toml" "--no-deps", kill_on_drop: false }`
[INFO] started tweaking git repo https://github.com/sun30812/code_mmunity_server
[INFO] finished tweaking git repo https://github.com/sun30812/code_mmunity_server
[INFO] tweaked toml for git repo https://github.com/sun30812/code_mmunity_server written to /workspace/builds/worker-3-tc1/source/Cargo.toml
[INFO] crate git repo https://github.com/sun30812/code_mmunity_server already has a lockfile, it will not be regenerated
[INFO] running `Command { std: CARGO_HOME="/workspace/cargo-home" RUSTUP_HOME="/workspace/rustup-home" "/workspace/cargo-home/bin/cargo" "+1.75.0" "fetch" "--manifest-path" "Cargo.toml", kill_on_drop: false }`
[INFO] running `Command { std: "docker" "create" "-v" "/var/lib/crater-agent-workspace/builds/worker-3-tc1/target:/opt/rustwide/target:rw,Z" "-v" "/var/lib/crater-agent-workspace/builds/worker-3-tc1/source:/opt/rustwide/workdir:ro,Z" "-v" "/var/lib/crater-agent-workspace/cargo-home:/opt/rustwide/cargo-home:ro,Z" "-v" "/var/lib/crater-agent-workspace/rustup-home:/opt/rustwide/rustup-home:ro,Z" "-e" "SOURCE_DIR=/opt/rustwide/workdir" "-e" "CARGO_TARGET_DIR=/opt/rustwide/target" "-e" "CARGO_HOME=/opt/rustwide/cargo-home" "-e" "RUSTUP_HOME=/opt/rustwide/rustup-home" "-w" "/opt/rustwide/workdir" "-m" "1610612736" "--user" "0:0" "--network" "none" "ghcr.io/rust-lang/crates-build-env/linux@sha256:2788e3201cd34a07e3172128adcd8b3090168a8e3bcc40d7c032b9dda1df7d1c" "/opt/rustwide/cargo-home/bin/cargo" "+1.75.0" "metadata" "--no-deps" "--format-version=1", kill_on_drop: false }`
[INFO] [stdout] 4084e5726cda8ba62a57ad4e600729b4fe09f5b4438281a007964c585633087e
[INFO] running `Command { std: "docker" "start" "-a" "4084e5726cda8ba62a57ad4e600729b4fe09f5b4438281a007964c585633087e", kill_on_drop: false }`
[INFO] running `Command { std: "docker" "inspect" "4084e5726cda8ba62a57ad4e600729b4fe09f5b4438281a007964c585633087e", kill_on_drop: false }`
[INFO] running `Command { std: "docker" "rm" "-f" "4084e5726cda8ba62a57ad4e600729b4fe09f5b4438281a007964c585633087e", kill_on_drop: false }`
[INFO] [stdout] 4084e5726cda8ba62a57ad4e600729b4fe09f5b4438281a007964c585633087e
[INFO] running `Command { std: "docker" "create" "-v" "/var/lib/crater-agent-workspace/builds/worker-3-tc1/target:/opt/rustwide/target:rw,Z" "-v" "/var/lib/crater-agent-workspace/builds/worker-3-tc1/source:/opt/rustwide/workdir:ro,Z" "-v" "/var/lib/crater-agent-workspace/cargo-home:/opt/rustwide/cargo-home:ro,Z" "-v" "/var/lib/crater-agent-workspace/rustup-home:/opt/rustwide/rustup-home:ro,Z" "-e" "SOURCE_DIR=/opt/rustwide/workdir" "-e" "CARGO_TARGET_DIR=/opt/rustwide/target" "-e" "CARGO_INCREMENTAL=0" "-e" "RUST_BACKTRACE=full" "-e" "RUSTFLAGS=--cap-lints=warn" "-e" "RUSTDOCFLAGS=--cap-lints=warn" "-e" "CARGO_HOME=/opt/rustwide/cargo-home" "-e" "RUSTUP_HOME=/opt/rustwide/rustup-home" "-w" "/opt/rustwide/workdir" "-m" "1610612736" "--user" "0:0" "--network" "none" "ghcr.io/rust-lang/crates-build-env/linux@sha256:2788e3201cd34a07e3172128adcd8b3090168a8e3bcc40d7c032b9dda1df7d1c" "/opt/rustwide/cargo-home/bin/cargo" "+1.75.0" "build" "--frozen" "--message-format=json", kill_on_drop: false }`
[INFO] [stdout] 5f05523b990b8f971f005df99d7b186d79bbf905ea7dfb9fe9a9dfd386ea9f12
[INFO] running `Command { std: "docker" "start" "-a" "5f05523b990b8f971f005df99d7b186d79bbf905ea7dfb9fe9a9dfd386ea9f12", kill_on_drop: false }`
[INFO] [stderr]    Compiling libc v0.2.133
[INFO] [stderr]    Compiling cfg-if v1.0.0
[INFO] [stderr]    Compiling autocfg v1.1.0
[INFO] [stderr]    Compiling proc-macro2 v1.0.44
[INFO] [stderr]    Compiling quote v1.0.21
[INFO] [stderr]    Compiling unicode-ident v1.0.4
[INFO] [stderr]    Compiling version_check v0.9.4
[INFO] [stderr]    Compiling syn v1.0.100
[INFO] [stderr]    Compiling memchr v2.5.0
[INFO] [stderr]    Compiling log v0.4.17
[INFO] [stderr]    Compiling pin-project-lite v0.2.9
[INFO] [stderr]    Compiling once_cell v1.15.0
[INFO] [stderr]    Compiling bytes v1.2.1
[INFO] [stderr]    Compiling pkg-config v0.3.25
[INFO] [stderr]    Compiling scopeguard v1.1.0
[INFO] [stderr]    Compiling typenum v1.15.0
[INFO] [stderr]    Compiling itoa v1.0.3
[INFO] [stderr]    Compiling generic-array v0.14.6
[INFO] [stderr]    Compiling futures-core v0.3.24
[INFO] [stderr]    Compiling smallvec v1.9.0
[INFO] [stderr]    Compiling lock_api v0.4.9
[INFO] [stderr]    Compiling parking_lot_core v0.9.3
[INFO] [stderr]    Compiling jobserver v0.1.25
[INFO] [stderr]    Compiling getrandom v0.2.7
[INFO] [stderr]    Compiling cc v1.0.73
[INFO] [stderr]    Compiling aho-corasick v0.7.19
[INFO] [stderr]    Compiling regex-syntax v0.6.27
[INFO] [stderr]    Compiling serde_derive v1.0.145
[INFO] [stderr]    Compiling socket2 v0.4.7
[INFO] [stderr]    Compiling tokio v1.26.0
[INFO] [stderr]    Compiling ahash v0.7.6
[INFO] [stderr]    Compiling serde v1.0.145
[INFO] [stderr]    Compiling parking_lot v0.12.1
[INFO] [stderr]    Compiling rand_core v0.6.4
[INFO] [stderr]    Compiling mio v0.8.4
[INFO] [stderr]    Compiling signal-hook-registry v1.4.0
[INFO] [stderr]    Compiling tracing-core v0.1.29
[INFO] [stderr]    Compiling block-buffer v0.10.3
[INFO] [stderr]    Compiling crypto-common v0.1.6
[INFO] [stderr]    Compiling ppv-lite86 v0.2.16
[INFO] [stderr]    Compiling bitflags v1.3.2
[INFO] [stderr]    Compiling futures-task v0.3.24
[INFO] [stderr]    Compiling static_assertions v1.1.0
[INFO] [stderr]    Compiling digest v0.10.5
[INFO] [stderr]    Compiling tracing v0.1.36
[INFO] [stderr]    Compiling libz-sys v1.1.8
[INFO] [stderr]    Compiling zstd-sys v2.0.1+zstd.1.5.2
[INFO] [stderr]    Compiling regex v1.6.0
[INFO] [stderr]    Compiling rand_chacha v0.3.1
[INFO] [stderr]    Compiling futures-util v0.3.24
[INFO] [stderr]    Compiling crc32fast v1.3.2
[INFO] [stderr]    Compiling glob v0.3.0
[INFO] [stderr]    Compiling cpufeatures v0.2.5
[INFO] [stderr]    Compiling percent-encoding v2.2.0
[INFO] [stderr]    Compiling fnv v1.0.7
[INFO] [stderr]    Compiling http v0.2.8
[INFO] [stderr]    Compiling hashbrown v0.12.3
[INFO] [stderr]    Compiling rand v0.8.5
[INFO] [stderr]    Compiling clang-sys v1.4.0
[INFO] [stderr]    Compiling lexical-util v0.8.5
[INFO] [stderr]    Compiling num-traits v0.2.15
[INFO] [stderr]    Compiling crossbeam-utils v0.8.12
[INFO] [stderr]    Compiling futures-sink v0.3.24
[INFO] [stderr]    Compiling pin-utils v0.1.0
[INFO] [stderr]    Compiling vcpkg v0.2.15
[INFO] [stderr]    Compiling adler v1.0.2
[INFO] [stderr]    Compiling tinyvec_macros v0.1.0
[INFO] [stderr]    Compiling miniz_oxide v0.5.4
[INFO] [stderr]    Compiling tinyvec v1.6.0
[INFO] [stderr]    Compiling openssl-sys v0.9.93
[INFO] [stderr]    Compiling bytestring v1.1.0
[INFO] [stderr]    Compiling slab v0.4.7
[INFO] [stderr]    Compiling indexmap v1.9.1
[INFO] [stderr]    Compiling proc-macro-hack v0.5.19
[INFO] [stderr]    Compiling local-waker v0.1.3
[INFO] [stderr]    Compiling base64 v0.13.0
[INFO] [stderr]    Compiling serde_json v1.0.85
[INFO] [stderr]    Compiling frunk_core v0.4.0
[INFO] [stderr]    Compiling zstd-safe v5.0.2+zstd.1.5.2
[INFO] [stderr]    Compiling minimal-lexical v0.2.1
[INFO] [stderr]    Compiling ryu v1.0.11
[INFO] [stderr]    Compiling alloc-no-stdlib v2.0.4
[INFO] [stderr]    Compiling time-macros v0.2.4
[INFO] [stderr]    Compiling num_threads v0.1.6
[INFO] [stderr]    Compiling alloc-stdlib v0.2.2
[INFO] [stderr]    Compiling nom v7.1.1
[INFO] [stderr]    Compiling tokio-util v0.7.4
[INFO] [stderr]    Compiling flate2 v1.0.24
[INFO] [stderr]    Compiling unicode-normalization v0.1.22
[INFO] [stderr]    Compiling form_urlencoded v1.1.0
[INFO] [stderr]    Compiling memoffset v0.6.5
[INFO] [stderr]    Compiling frunk_proc_macro_helpers v0.1.0
[INFO] [stderr]    Compiling num-integer v0.1.45
[INFO] [stderr]    Compiling unicase v2.6.0
[INFO] [stderr]    Compiling libloading v0.7.3
[INFO] [stderr]    Compiling unicode-bidi v0.3.8
[INFO] [stderr]    Compiling time v0.3.14
[INFO] [stderr]    Compiling bindgen v0.59.2
[INFO] [stderr]    Compiling encoding_rs v0.8.31
[INFO] [stderr]    Compiling paste v1.0.9
[INFO] [stderr]    Compiling httparse v1.8.0
[INFO] [stderr]    Compiling idna v0.3.0
[INFO] [stderr]    Compiling cexpr v0.6.0
[INFO] [stderr]    Compiling actix-service v2.0.2
[INFO] [stderr]    Compiling brotli-decompressor v2.3.2
[INFO] [stderr]    Compiling actix-rt v2.7.0
[INFO] [stderr]    Compiling actix-utils v3.0.0
[INFO] [stderr]    Compiling lexical-parse-integer v0.8.6
[INFO] [stderr]    Compiling lexical-write-integer v0.8.5
[INFO] [stderr]    Compiling num-bigint v0.4.3
[INFO] [stderr]    Compiling crossbeam-epoch v0.9.11
[INFO] [stderr]    Compiling cookie v0.16.0
[INFO] [stderr]    Compiling rustc-hash v1.1.0
[INFO] [stderr]    Compiling mime v0.3.16
[INFO] [stderr]    Compiling radium v0.6.2
[INFO] [stderr]    Compiling lazy_static v1.4.0
[INFO] [stderr]    Compiling peeking_take_while v0.1.2
[INFO] [stderr]    Compiling lazycell v1.3.0
[INFO] [stderr]    Compiling convert_case v0.4.0
[INFO] [stderr]    Compiling shlex v1.1.0
[INFO] [stderr]    Compiling brotli v3.3.4
[INFO] [stderr]    Compiling derive_more v0.99.17
[INFO] [stderr]    Compiling lexical-parse-float v0.8.5
[INFO] [stderr]    Compiling lexical-write-float v0.8.5
[INFO] [stderr]    Compiling frunk_proc_macros_impl v0.1.0
[INFO] [stderr]    Compiling h2 v0.3.14
[INFO] [stderr]    Compiling url v2.3.1
[INFO] [stderr]    Compiling actix-router v0.5.1
[INFO] [stderr]    Compiling actix-codec v0.5.0
[INFO] [stderr]    Compiling local-channel v0.1.3
[INFO] [stderr]    Compiling sha1 v0.10.5
[INFO] [stderr]    Compiling cmake v0.1.48
[INFO] [stderr]    Compiling num_cpus v1.13.1
[INFO] [stderr]    Compiling subprocess v0.2.9
[INFO] [stderr]    Compiling foreign-types-shared v0.1.1
[INFO] [stderr]    Compiling rust_decimal v1.26.1
[INFO] [stderr]    Compiling openssl v0.10.57
[INFO] [stderr]    Compiling tap v1.0.1
[INFO] [stderr]    Compiling language-tags v0.3.2
[INFO] [stderr]    Compiling httpdate v1.0.2
[INFO] [stderr]    Compiling crossbeam-queue v0.3.6
[INFO] [stderr]    Compiling thiserror v1.0.37
[INFO] [stderr]    Compiling wyz v0.4.0
[INFO] [stderr]    Compiling foreign-types v0.3.2
[INFO] [stderr]    Compiling serde_urlencoded v0.7.1
[INFO] [stderr]    Compiling mysql_common v0.28.2
[INFO] [stderr]    Compiling actix-server v2.1.1
[INFO] [stderr]    Compiling frunk_proc_macros v0.1.0
[INFO] [stderr]    Compiling actix-web-codegen v4.1.0
[INFO] [stderr]    Compiling mime_guess v2.0.4
[INFO] [stderr]    Compiling lexical-core v0.8.5
[INFO] [stderr]    Compiling frunk_derives v0.4.0
[INFO] [stderr]    Compiling thiserror-impl v1.0.37
[INFO] [stderr]    Compiling actix-macros v0.2.3
[INFO] [stderr]    Compiling openssl-macros v0.1.0
[INFO] [stderr]    Compiling io-enum v1.0.1
[INFO] [stderr]    Compiling native-tls v0.2.10
[INFO] [stderr]    Compiling funty v1.2.0
[INFO] [stderr]    Compiling arrayvec v0.7.2
[INFO] [stderr]    Compiling bitflags v2.4.1
[INFO] [stderr]    Compiling frunk v0.4.0
[INFO] [stderr]    Compiling lexical v6.1.1
[INFO] [stderr]    Compiling bigdecimal v0.3.0
[INFO] [stderr]    Compiling crossbeam-deque v0.8.2
[INFO] [stderr]    Compiling bitvec v0.22.3
[INFO] [stderr]    Compiling crossbeam-channel v0.5.6
[INFO] [stderr]    Compiling derive_utils v0.11.2
[INFO] [stderr]    Compiling sha2 v0.10.6
[INFO] [stderr]    Compiling sha-1 v0.10.0
[INFO] [stderr]    Compiling uuid v0.8.2
[INFO] [stderr]    Compiling mysql v22.2.0
[INFO] [stderr]    Compiling byteorder v1.4.3
[INFO] [stderr]    Compiling saturating v0.1.0
[INFO] [stderr]    Compiling openssl-probe v0.1.5
[INFO] [stderr]    Compiling crossbeam v0.8.2
[INFO] [stderr]    Compiling uuid-macro-internal v1.1.2
[INFO] [stderr]    Compiling pem v1.1.0
[INFO] [stderr]    Compiling twox-hash v1.6.3
[INFO] [stderr]    Compiling lru v0.7.8
[INFO] [stderr]    Compiling askama_escape v0.10.3
[INFO] [stderr]    Compiling bufstream v0.1.4
[INFO] [stderr]    Compiling http-range v0.1.5
[INFO] [stderr]    Compiling uuid v1.1.2
[INFO] [stderr]    Compiling zstd v0.11.2+zstd.1.5.2
[INFO] [stderr]    Compiling actix-http v3.2.2
[INFO] [stderr]    Compiling actix-web v4.2.1
[INFO] [stderr]    Compiling actix-files v0.6.2
[INFO] [stderr]    Compiling actix-cors v0.6.3
[INFO] [stderr]    Compiling code_mmunity_server v0.1.0 (/opt/rustwide/workdir)
[INFO] [stderr]     Finished dev [unoptimized + debuginfo] target(s) in 42.15s
[INFO] running `Command { std: "docker" "inspect" "5f05523b990b8f971f005df99d7b186d79bbf905ea7dfb9fe9a9dfd386ea9f12", kill_on_drop: false }`
[INFO] running `Command { std: "docker" "rm" "-f" "5f05523b990b8f971f005df99d7b186d79bbf905ea7dfb9fe9a9dfd386ea9f12", kill_on_drop: false }`
[INFO] [stdout] 5f05523b990b8f971f005df99d7b186d79bbf905ea7dfb9fe9a9dfd386ea9f12
[INFO] running `Command { std: "docker" "create" "-v" "/var/lib/crater-agent-workspace/builds/worker-3-tc1/target:/opt/rustwide/target:rw,Z" "-v" "/var/lib/crater-agent-workspace/builds/worker-3-tc1/source:/opt/rustwide/workdir:ro,Z" "-v" "/var/lib/crater-agent-workspace/cargo-home:/opt/rustwide/cargo-home:ro,Z" "-v" "/var/lib/crater-agent-workspace/rustup-home:/opt/rustwide/rustup-home:ro,Z" "-e" "SOURCE_DIR=/opt/rustwide/workdir" "-e" "CARGO_TARGET_DIR=/opt/rustwide/target" "-e" "CARGO_INCREMENTAL=0" "-e" "RUST_BACKTRACE=full" "-e" "RUSTFLAGS=--cap-lints=warn" "-e" "RUSTDOCFLAGS=--cap-lints=warn" "-e" "CARGO_HOME=/opt/rustwide/cargo-home" "-e" "RUSTUP_HOME=/opt/rustwide/rustup-home" "-w" "/opt/rustwide/workdir" "-m" "1610612736" "--user" "0:0" "--network" "none" "ghcr.io/rust-lang/crates-build-env/linux@sha256:2788e3201cd34a07e3172128adcd8b3090168a8e3bcc40d7c032b9dda1df7d1c" "/opt/rustwide/cargo-home/bin/cargo" "+1.75.0" "test" "--frozen" "--no-run" "--message-format=json", kill_on_drop: false }`
[INFO] [stdout] f7d4f1105461891e5be4f65b6ceceaf685178d8919ac6f479166158528062c91
[INFO] running `Command { std: "docker" "start" "-a" "f7d4f1105461891e5be4f65b6ceceaf685178d8919ac6f479166158528062c91", kill_on_drop: false }`
[INFO] [stderr]    Compiling code_mmunity_server v0.1.0 (/opt/rustwide/workdir)
[INFO] [stderr]     Finished test [unoptimized + debuginfo] target(s) in 0.73s
[INFO] running `Command { std: "docker" "inspect" "f7d4f1105461891e5be4f65b6ceceaf685178d8919ac6f479166158528062c91", kill_on_drop: false }`
[INFO] running `Command { std: "docker" "rm" "-f" "f7d4f1105461891e5be4f65b6ceceaf685178d8919ac6f479166158528062c91", kill_on_drop: false }`
[INFO] [stdout] f7d4f1105461891e5be4f65b6ceceaf685178d8919ac6f479166158528062c91
[INFO] running `Command { std: "docker" "create" "-v" "/var/lib/crater-agent-workspace/builds/worker-3-tc1/target:/opt/rustwide/target:rw,Z" "-v" "/var/lib/crater-agent-workspace/builds/worker-3-tc1/source:/opt/rustwide/workdir:ro,Z" "-v" "/var/lib/crater-agent-workspace/cargo-home:/opt/rustwide/cargo-home:ro,Z" "-v" "/var/lib/crater-agent-workspace/rustup-home:/opt/rustwide/rustup-home:ro,Z" "-e" "SOURCE_DIR=/opt/rustwide/workdir" "-e" "CARGO_TARGET_DIR=/opt/rustwide/target" "-e" "CARGO_INCREMENTAL=0" "-e" "RUST_BACKTRACE=full" "-e" "RUSTFLAGS=--cap-lints=warn" "-e" "RUSTDOCFLAGS=--cap-lints=warn" "-e" "CARGO_HOME=/opt/rustwide/cargo-home" "-e" "RUSTUP_HOME=/opt/rustwide/rustup-home" "-w" "/opt/rustwide/workdir" "-m" "1610612736" "--user" "0:0" "--network" "none" "ghcr.io/rust-lang/crates-build-env/linux@sha256:2788e3201cd34a07e3172128adcd8b3090168a8e3bcc40d7c032b9dda1df7d1c" "/opt/rustwide/cargo-home/bin/cargo" "+1.75.0" "test" "--frozen", kill_on_drop: false }`
[INFO] [stdout] cb93cd088cb286c85fa158b8021c9e161f91bb99dbf5bbdd5a8bc3db4a7d8a50
[INFO] running `Command { std: "docker" "start" "-a" "cb93cd088cb286c85fa158b8021c9e161f91bb99dbf5bbdd5a8bc3db4a7d8a50", kill_on_drop: false }`
[INFO] [stderr]     Finished test [unoptimized + debuginfo] target(s) in 0.10s
[INFO] [stderr]      Running unittests src/lib.rs (/opt/rustwide/target/debug/deps/code_mmunity_server-e01c09db182648b6)
[INFO] [stdout] 
[INFO] [stdout] running 0 tests
[INFO] [stdout] 
[INFO] [stdout] test result: ok. 0 passed; 0 failed; 0 ignored; 0 measured; 0 filtered out; finished in 0.00s
[INFO] [stdout] 
[INFO] [stderr]      Running unittests src/main.rs (/opt/rustwide/target/debug/deps/code_mmunity_server-2c1190b1366244e0)
[INFO] [stdout] 
[INFO] [stdout] running 0 tests
[INFO] [stdout] 
[INFO] [stdout] test result: ok. 0 passed; 0 failed; 0 ignored; 0 measured; 0 filtered out; finished in 0.00s
[INFO] [stdout] 
[INFO] [stderr]    Doc-tests code_mmunity_server
[INFO] [stdout] 
[INFO] [stdout] running 13 tests
[INFO] [stdout] test src/post.rs - post::Post::get_posts (line 133) ... FAILED
[INFO] [stdout] test src/post.rs - post::Post::get_post (line 191) ... FAILED
[INFO] [stdout] test src/likes.rs - likes::LikeRequest::modify_likes (line 44) ... FAILED
[INFO] [stdout] test src/post.rs - post::Post::from_db (line 83) ... FAILED
[INFO] [stdout] test src/comment.rs - comment::Comment::insert_db (line 99) ... FAILED
[INFO] [stdout] test src/post.rs - post::Post::delete_post (line 326) ... FAILED
[INFO] [stdout] test src/user.rs - user::User::get_user (line 39) ... FAILED
[INFO] [stdout] test src/user.rs - user::User (line 20) ... FAILED
[INFO] [stdout] test src/user.rs - user::User::new_user (line 98) ... FAILED
[INFO] [stdout] test src/user.rs - user::User::delete_user (line 231) ... FAILED
[INFO] [stdout] test src/user.rs - user::User::update_user (line 164) ... FAILED
[INFO] [stdout] test src/post.rs - post::Post::insert_db (line 259) ... FAILED
[INFO] [stdout] test src/post.rs - post::Post::new (line 53) ... FAILED
[INFO] [stdout] 
[INFO] [stdout] failures:
[INFO] [stdout] 
[INFO] [stdout] ---- src/post.rs - post::Post::get_posts (line 133) stdout ----
[INFO] [stdout] error[E0433]: failed to resolve: use of undeclared type `Post`
[INFO] [stdout]  --> src/post.rs:134:13
[INFO] [stdout]   |
[INFO] [stdout] 3 | let posts = Post::get_posts(PostOrder::Recent);
[INFO] [stdout]   |             ^^^^ use of undeclared type `Post`
[INFO] [stdout]   |
[INFO] [stdout] help: consider importing this struct
[INFO] [stdout]   |
[INFO] [stdout] 2 + use code_mmunity_server::post::Post;
[INFO] [stdout]   |
[INFO] [stdout] 
[INFO] [stdout] error[E0433]: failed to resolve: use of undeclared type `PostOrder`
[INFO] [stdout]  --> src/post.rs:134:29
[INFO] [stdout]   |
[INFO] [stdout] 3 | let posts = Post::get_posts(PostOrder::Recent);
[INFO] [stdout]   |                             ^^^^^^^^^ use of undeclared type `PostOrder`
[INFO] [stdout] 
[INFO] [stdout] error: aborting due to 2 previous errors
[INFO] [stdout] 
[INFO] [stdout] For more information about this error, try `rustc --explain E0433`.
[INFO] [stdout] Couldn't compile the test.
[INFO] [stdout] ---- src/post.rs - post::Post::get_post (line 191) stdout ----
[INFO] [stdout] error[E0433]: failed to resolve: use of undeclared type `Post`
[INFO] [stdout]  --> src/post.rs:192:12
[INFO] [stdout]   |
[INFO] [stdout] 3 | let post = Post::get_post(post_id);
[INFO] [stdout]   |            ^^^^ use of undeclared type `Post`
[INFO] [stdout]   |
[INFO] [stdout] help: consider importing this struct
[INFO] [stdout]   |
[INFO] [stdout] 2 + use code_mmunity_server::post::Post;
[INFO] [stdout]   |
[INFO] [stdout] 
[INFO] [stdout] error[E0425]: cannot find value `post_id` in this scope
[INFO] [stdout]  --> src/post.rs:192:27
[INFO] [stdout]   |
[INFO] [stdout] 3 | let post = Post::get_post(post_id);
[INFO] [stdout]   |                           ^^^^^^^ not found in this scope
[INFO] [stdout] 
[INFO] [stdout] error: aborting due to 2 previous errors
[INFO] [stdout] 
[INFO] [stdout] Some errors have detailed explanations: E0425, E0433.
[INFO] [stdout] For more information about an error, try `rustc --explain E0425`.
[INFO] [stdout] Couldn't compile the test.
[INFO] [stdout] ---- src/likes.rs - likes::LikeRequest::modify_likes (line 44) stdout ----
[INFO] [stdout] error: format argument must be a string literal
[INFO] [stdout]  --> src/likes.rs:47:26
[INFO] [stdout]   |
[INFO] [stdout] 5 |     Err(error) => panic!(error)
[INFO] [stdout]   |                          ^^^^^
[INFO] [stdout]   |
[INFO] [stdout] help: you might be missing a string literal to format with
[INFO] [stdout]   |
[INFO] [stdout] 5 |     Err(error) => panic!("{}", error)
[INFO] [stdout]   |                          +++++
[INFO] [stdout] 
[INFO] [stdout] error[E0433]: failed to resolve: use of undeclared type `LikeRequest`
[INFO] [stdout]  --> src/likes.rs:45:7
[INFO] [stdout]   |
[INFO] [stdout] 3 | match LikeRequest::modify_likes(info) {
[INFO] [stdout]   |       ^^^^^^^^^^^ use of undeclared type `LikeRequest`
[INFO] [stdout]   |
[INFO] [stdout] help: consider importing this struct
[INFO] [stdout]   |
[INFO] [stdout] 2 + use code_mmunity_server::likes::LikeRequest;
[INFO] [stdout]   |
[INFO] [stdout] 
[INFO] [stdout] error[E0425]: cannot find value `info` in this scope
[INFO] [stdout]  --> src/likes.rs:45:33
[INFO] [stdout]   |
[INFO] [stdout] 3 | match LikeRequest::modify_likes(info) {
[INFO] [stdout]   |                                 ^^^^ not found in this scope
[INFO] [stdout] 
[INFO] [stdout] error: aborting due to 3 previous errors
[INFO] [stdout] 
[INFO] [stdout] Some errors have detailed explanations: E0425, E0433.
[INFO] [stdout] For more information about an error, try `rustc --explain E0425`.
[INFO] [stdout] Couldn't compile the test.
[INFO] [stdout] ---- src/post.rs - post::Post::from_db (line 83) stdout ----
[INFO] [stdout] error[E0425]: cannot find value `conn` in this scope
[INFO] [stdout]  --> src/post.rs:84:14
[INFO] [stdout]   |
[INFO] [stdout] 3 | let result = conn
[INFO] [stdout]   |              ^^^^ not found in this scope
[INFO] [stdout] 
[INFO] [stdout] error[E0425]: cannot find value `post_id` in this scope
[INFO] [stdout]  --> src/post.rs:85:61
[INFO] [stdout]   |
[INFO] [stdout] 4 | .query_first(format!("select * from post where post_id={}", post_id))
[INFO] [stdout]   |                                                             ^^^^^^^ not found in this scope
[INFO] [stdout] 
[INFO] [stdout] error[E0433]: failed to resolve: use of undeclared type `Post`
[INFO] [stdout]  --> src/post.rs:89:10
[INFO] [stdout]   |
[INFO] [stdout] 8 |          Post::from_db(
[INFO] [stdout]   |          ^^^^ use of undeclared type `Post`
[INFO] [stdout]   |
[INFO] [stdout] help: consider importing this struct
[INFO] [stdout]   |
[INFO] [stdout] 2 + use code_mmunity_server::post::Post;
[INFO] [stdout]   |
[INFO] [stdout] 
[INFO] [stdout] error: aborting due to 3 previous errors
[INFO] [stdout] 
[INFO] [stdout] Some errors have detailed explanations: E0425, E0433.
[INFO] [stdout] For more information about an error, try `rustc --explain E0425`.
[INFO] [stdout] Couldn't compile the test.
[INFO] [stdout] ---- src/comment.rs - comment::Comment::insert_db (line 99) stdout ----
[INFO] [stdout] error[E0425]: cannot find value `new_comment` in this scope
[INFO] [stdout]  --> src/comment.rs:103:1
[INFO] [stdout]   |
[INFO] [stdout] 7 | new_comment.insert_db().expect("Sql작업 중 문제가 발생하였습니다.")
[INFO] [stdout]   | ^^^^^^^^^^^ not found in this scope
[INFO] [stdout] 
[INFO] [stdout] error: aborting due to previous error
[INFO] [stdout] 
[INFO] [stdout] For more information about this error, try `rustc --explain E0425`.
[INFO] [stdout] Couldn't compile the test.
[INFO] [stdout] ---- src/post.rs - post::Post::delete_post (line 326) stdout ----
[INFO] [stdout] error[E0422]: cannot find struct, variant or union type `DeletePostRequest` in this scope
[INFO] [stdout]   --> src/post.rs:335:26
[INFO] [stdout]    |
[INFO] [stdout] 12 | let trash_post_request = DeletePostRequest { user_id: "unique_user_id".to_string(), post_id: "unique_post_id".to_string() };
[INFO] [stdout]    |                          ^^^^^^^^^^^^^^^^^ not found in this scope
[INFO] [stdout]    |
[INFO] [stdout] help: consider importing this struct
[INFO] [stdout]    |
[INFO] [stdout] 2  + use code_mmunity_server::post::DeletePostRequest;
[INFO] [stdout]    |
[INFO] [stdout] 
[INFO] [stdout] error: aborting due to previous error
[INFO] [stdout] 
[INFO] [stdout] For more information about this error, try `rustc --explain E0422`.
[INFO] [stdout] Couldn't compile the test.
[INFO] [stdout] ---- src/user.rs - user::User::get_user (line 39) stdout ----
[INFO] [stdout] error[E0433]: failed to resolve: use of undeclared type `User`
[INFO] [stdout]  --> src/user.rs:40:17
[INFO] [stdout]   |
[INFO] [stdout] 3 | let find_user = User::get_user("unique_id_for_user".to_string());
[INFO] [stdout]   |                 ^^^^ use of undeclared type `User`
[INFO] [stdout]   |
[INFO] [stdout] help: consider importing this struct
[INFO] [stdout]   |
[INFO] [stdout] 2 + use code_mmunity_server::user::User;
[INFO] [stdout]   |
[INFO] [stdout] 
[INFO] [stdout] error: aborting due to previous error
[INFO] [stdout] 
[INFO] [stdout] For more information about this error, try `rustc --explain E0433`.
[INFO] [stdout] Couldn't compile the test.
[INFO] [stdout] ---- src/user.rs - user::User (line 20) stdout ----
[INFO] [stdout] error: expected identifier, found `"unique_id_for_user"`
[INFO] [stdout]  --> src/user.rs:21:21
[INFO] [stdout]   |
[INFO] [stdout] 3 | let new_user = Post{"unique_id_for_user".to_string(), "sun30812".to_string()}
[INFO] [stdout]   |                ---- ^^^^^^^^^^^^^^^^^^^^ expected identifier
[INFO] [stdout]   |                |
[INFO] [stdout]   |                while parsing this struct
[INFO] [stdout] 
[INFO] [stdout] error: expected identifier, found `"sun30812"`
[INFO] [stdout]  --> src/user.rs:21:55
[INFO] [stdout]   |
[INFO] [stdout] 3 | let new_user = Post{"unique_id_for_user".to_string(), "sun30812".to_string()}
[INFO] [stdout]   |                ---- while parsing this struct         ^^^^^^^^^^ expected identifier
[INFO] [stdout] 
[INFO] [stdout] error: expected `;`, found `}`
[INFO] [stdout]  --> src/user.rs:21:78
[INFO] [stdout]   |
[INFO] [stdout] 3 | let new_user = Post{"unique_id_for_user".to_string(), "sun30812".to_string()}
[INFO] [stdout]   |                                                                              ^ help: add `;` here
[INFO] [stdout] 4 | } _doctest_main_src_user_rs_20_0() }
[INFO] [stdout]   | - unexpected token
[INFO] [stdout] 
[INFO] [stdout] error[E0422]: cannot find struct, variant or union type `Post` in this scope
[INFO] [stdout]  --> src/user.rs:21:16
[INFO] [stdout]   |
[INFO] [stdout] 3 | let new_user = Post{"unique_id_for_user".to_string(), "sun30812".to_string()}
[INFO] [stdout]   |                ^^^^ not found in this scope
[INFO] [stdout]   |
[INFO] [stdout] help: consider importing this struct
[INFO] [stdout]   |
[INFO] [stdout] 2 + use code_mmunity_server::post::Post;
[INFO] [stdout]   |
[INFO] [stdout] 
[INFO] [stdout] error: aborting due to 4 previous errors
[INFO] [stdout] 
[INFO] [stdout] For more information about this error, try `rustc --explain E0422`.
[INFO] [stdout] Couldn't compile the test.
[INFO] [stdout] ---- src/user.rs - user::User::new_user (line 98) stdout ----
[INFO] [stdout] error[E0422]: cannot find struct, variant or union type `User` in this scope
[INFO] [stdout]  --> src/user.rs:99:16
[INFO] [stdout]   |
[INFO] [stdout] 3 | let new_user = User {
[INFO] [stdout]   |                ^^^^ not found in this scope
[INFO] [stdout]   |
[INFO] [stdout] help: consider importing this struct
[INFO] [stdout]   |
[INFO] [stdout] 2 + use code_mmunity_server::user::User;
[INFO] [stdout]   |
[INFO] [stdout] 
[INFO] [stdout] error[E0433]: failed to resolve: use of undeclared type `User`
[INFO] [stdout]  --> src/user.rs:103:7
[INFO] [stdout]   |
[INFO] [stdout] 7 | match User::new_user(new_user) {
[INFO] [stdout]   |       ^^^^ use of undeclared type `User`
[INFO] [stdout]   |
[INFO] [stdout] help: consider importing this struct
[INFO] [stdout]   |
[INFO] [stdout] 2 + use code_mmunity_server::user::User;
[INFO] [stdout]   |
[INFO] [stdout] 
[INFO] [stdout] error[E0433]: failed to resolve: use of undeclared type `HttpResponse`
[INFO] [stdout]  --> src/user.rs:104:14
[INFO] [stdout]   |
[INFO] [stdout] 8 |     Ok(_) => HttpResponse::Created(),
[INFO] [stdout]   |              ^^^^^^^^^^^^ use of undeclared type `HttpResponse`
[INFO] [stdout]   |
[INFO] [stdout] help: consider importing this struct
[INFO] [stdout]   |
[INFO] [stdout] 2 + use actix_web::HttpResponse;
[INFO] [stdout]   |
[INFO] [stdout] 
[INFO] [stdout] error[E0433]: failed to resolve: use of undeclared type `HttpResponse`
[INFO] [stdout]  --> src/user.rs:105:15
[INFO] [stdout]   |
[INFO] [stdout] 9 |     Err(_) => HttpResponse::BadRequest(),
[INFO] [stdout]   |               ^^^^^^^^^^^^ use of undeclared type `HttpResponse`
[INFO] [stdout]   |
[INFO] [stdout] help: consider importing this struct
[INFO] [stdout]   |
[INFO] [stdout] 2 + use actix_web::HttpResponse;
[INFO] [stdout]   |
[INFO] [stdout] 
[INFO] [stdout] error: aborting due to 4 previous errors
[INFO] [stdout] 
[INFO] [stdout] Some errors have detailed explanations: E0422, E0433.
[INFO] [stdout] For more information about an error, try `rustc --explain E0422`.
[INFO] [stdout] Couldn't compile the test.
[INFO] [stdout] ---- src/user.rs - user::User::delete_user (line 231) stdout ----
[INFO] [stdout] error[E0422]: cannot find struct, variant or union type `User` in this scope
[INFO] [stdout]  --> src/user.rs:232:20
[INFO] [stdout]   |
[INFO] [stdout] 3 | let deleted_user = User {
[INFO] [stdout]   |                    ^^^^ not found in this scope
[INFO] [stdout]   |
[INFO] [stdout] help: consider importing this struct
[INFO] [stdout]   |
[INFO] [stdout] 2 + use code_mmunity_server::user::User;
[INFO] [stdout]   |
[INFO] [stdout] 
[INFO] [stdout] error[E0433]: failed to resolve: use of undeclared type `User`
[INFO] [stdout]  --> src/user.rs:236:7
[INFO] [stdout]   |
[INFO] [stdout] 7 | match User::delete_user(deleted_user) {
[INFO] [stdout]   |       ^^^^ use of undeclared type `User`
[INFO] [stdout]   |
[INFO] [stdout] help: consider importing this struct
[INFO] [stdout]   |
[INFO] [stdout] 2 + use code_mmunity_server::user::User;
[INFO] [stdout]   |
[INFO] [stdout] 
[INFO] [stdout] error[E0433]: failed to resolve: use of undeclared type `HttpResponse`
[INFO] [stdout]  --> src/user.rs:237:14
[INFO] [stdout]   |
[INFO] [stdout] 8 |     Ok(_) => HttpResponse::Created(),
[INFO] [stdout]   |              ^^^^^^^^^^^^ use of undeclared type `HttpResponse`
[INFO] [stdout]   |
[INFO] [stdout] help: consider importing this struct
[INFO] [stdout]   |
[INFO] [stdout] 2 + use actix_web::HttpResponse;
[INFO] [stdout]   |
[INFO] [stdout] 
[INFO] [stdout] error[E0433]: failed to resolve: use of undeclared type `HttpResponse`
[INFO] [stdout]  --> src/user.rs:238:15
[INFO] [stdout]   |
[INFO] [stdout] 9 |     Err(_) => HttpResponse::BadRequest(),
[INFO] [stdout]   |               ^^^^^^^^^^^^ use of undeclared type `HttpResponse`
[INFO] [stdout]   |
[INFO] [stdout] help: consider importing this struct
[INFO] [stdout]   |
[INFO] [stdout] 2 + use actix_web::HttpResponse;
[INFO] [stdout]   |
[INFO] [stdout] 
[INFO] [stdout] error: aborting due to 4 previous errors
[INFO] [stdout] 
[INFO] [stdout] Some errors have detailed explanations: E0422, E0433.
[INFO] [stdout] For more information about an error, try `rustc --explain E0422`.
[INFO] [stdout] Couldn't compile the test.
[INFO] [stdout] ---- src/user.rs - user::User::update_user (line 164) stdout ----
[INFO] [stdout] error[E0422]: cannot find struct, variant or union type `User` in this scope
[INFO] [stdout]  --> src/user.rs:165:21
[INFO] [stdout]   |
[INFO] [stdout] 3 | let modified_user = User {
[INFO] [stdout]   |                     ^^^^ not found in this scope
[INFO] [stdout]   |
[INFO] [stdout] help: consider importing this struct
[INFO] [stdout]   |
[INFO] [stdout] 2 + use code_mmunity_server::user::User;
[INFO] [stdout]   |
[INFO] [stdout] 
[INFO] [stdout] error[E0433]: failed to resolve: use of undeclared type `User`
[INFO] [stdout]  --> src/user.rs:169:7
[INFO] [stdout]   |
[INFO] [stdout] 7 | match User::update_user(modified_user) {
[INFO] [stdout]   |       ^^^^ use of undeclared type `User`
[INFO] [stdout]   |
[INFO] [stdout] help: consider importing this struct
[INFO] [stdout]   |
[INFO] [stdout] 2 + use code_mmunity_server::user::User;
[INFO] [stdout]   |
[INFO] [stdout] 
[INFO] [stdout] error[E0433]: failed to resolve: use of undeclared type `HttpResponse`
[INFO] [stdout]  --> src/user.rs:170:14
[INFO] [stdout]   |
[INFO] [stdout] 8 |     Ok(_) => HttpResponse::Created(),
[INFO] [stdout]   |              ^^^^^^^^^^^^ use of undeclared type `HttpResponse`
[INFO] [stdout]   |
[INFO] [stdout] help: consider importing this struct
[INFO] [stdout]   |
[INFO] [stdout] 2 + use actix_web::HttpResponse;
[INFO] [stdout]   |
[INFO] [stdout] 
[INFO] [stdout] error[E0433]: failed to resolve: use of undeclared type `HttpResponse`
[INFO] [stdout]  --> src/user.rs:171:15
[INFO] [stdout]   |
[INFO] [stdout] 9 |     Err(_) => HttpResponse::BadRequest(),
[INFO] [stdout]   |               ^^^^^^^^^^^^ use of undeclared type `HttpResponse`
[INFO] [stdout]   |
[INFO] [stdout] help: consider importing this struct
[INFO] [stdout]   |
[INFO] [stdout] 2 + use actix_web::HttpResponse;
[INFO] [stdout]   |
[INFO] [stdout] 
[INFO] [stdout] error: aborting due to 4 previous errors
[INFO] [stdout] 
[INFO] [stdout] Some errors have detailed explanations: E0422, E0433.
[INFO] [stdout] For more information about an error, try `rustc --explain E0422`.
[INFO] [stdout] Couldn't compile the test.
[INFO] [stdout] ---- src/post.rs - post::Post::insert_db (line 259) stdout ----
[INFO] [stdout] error[E0599]: no method named `insert_post` found for struct `Post` in the current scope
[INFO] [stdout]   --> src/post.rs:268:10
[INFO] [stdout]    |
[INFO] [stdout] 12 | new_post.insert_post().expect("Sql작업 중 문제가 발생하였습니다.")
[INFO] [stdout]    |          ^^^^^^^^^^^ help: there is a method with a similar name: `insert_db`
[INFO] [stdout] 
[INFO] [stdout] error: aborting due to previous error
[INFO] [stdout] 
[INFO] [stdout] For more information about this error, try `rustc --explain E0599`.
[INFO] [stdout] Couldn't compile the test.
[INFO] [stdout] ---- src/post.rs - post::Post::new (line 53) stdout ----
[INFO] [stdout] Test executable failed (exit status: 101).
[INFO] [stdout] 
[INFO] [stdout] stderr:
[INFO] [stdout] thread 'main' panicked at src/user.rs:68:39:
[INFO] [stdout] DB_SERVER가 설정되지 않음: NotPresent
[INFO] [stdout] stack backtrace:
[INFO] [stdout]    0:     0x564b85ea4eac - std::backtrace_rs::backtrace::libunwind::trace::ha637c64ce894333a
[INFO] [stdout]                                at /rustc/82e1608dfa6e0b5569232559e3d385fea5a93112/library/std/src/../../backtrace/src/backtrace/libunwind.rs:104:5
[INFO] [stdout]    1:     0x564b85ea4eac - std::backtrace_rs::backtrace::trace_unsynchronized::h47f62dea28e0c88d
[INFO] [stdout]                                at /rustc/82e1608dfa6e0b5569232559e3d385fea5a93112/library/std/src/../../backtrace/src/backtrace/mod.rs:66:5
[INFO] [stdout]    2:     0x564b85ea4eac - std::sys_common::backtrace::_print_fmt::h9eef0abe20ede486
[INFO] [stdout]                                at /rustc/82e1608dfa6e0b5569232559e3d385fea5a93112/library/std/src/sys_common/backtrace.rs:67:5
[INFO] [stdout]    3:     0x564b85ea4eac - <std::sys_common::backtrace::_print::DisplayBacktrace as core::fmt::Display>::fmt::hed7f999df88cc644
[INFO] [stdout]                                at /rustc/82e1608dfa6e0b5569232559e3d385fea5a93112/library/std/src/sys_common/backtrace.rs:44:22
[INFO] [stdout]    4:     0x564b85eccea0 - core::fmt::rt::Argument::fmt::h1539a9308b8d058d
[INFO] [stdout]                                at /rustc/82e1608dfa6e0b5569232559e3d385fea5a93112/library/core/src/fmt/rt.rs:142:9
[INFO] [stdout]    5:     0x564b85eccea0 - core::fmt::write::h3a39390d8560d9c9
[INFO] [stdout]                                at /rustc/82e1608dfa6e0b5569232559e3d385fea5a93112/library/core/src/fmt/mod.rs:1120:17
[INFO] [stdout]    6:     0x564b85ea28af - std::io::Write::write_fmt::h5fc9997dfe05f882
[INFO] [stdout]                                at /rustc/82e1608dfa6e0b5569232559e3d385fea5a93112/library/std/src/io/mod.rs:1762:15
[INFO] [stdout]    7:     0x564b85ea4c94 - std::sys_common::backtrace::_print::h894006fb5c6f3d45
[INFO] [stdout]                                at /rustc/82e1608dfa6e0b5569232559e3d385fea5a93112/library/std/src/sys_common/backtrace.rs:47:5
[INFO] [stdout]    8:     0x564b85ea4c94 - std::sys_common::backtrace::print::h23a2d212c6fff936
[INFO] [stdout]                                at /rustc/82e1608dfa6e0b5569232559e3d385fea5a93112/library/std/src/sys_common/backtrace.rs:34:9
[INFO] [stdout]    9:     0x564b85ea61a7 - std::panicking::default_hook::{{closure}}::h8a1d2ee00185001a
[INFO] [stdout]   10:     0x564b85ea5f0f - std::panicking::default_hook::h6038f2eba384e475
[INFO] [stdout]                                at /rustc/82e1608dfa6e0b5569232559e3d385fea5a93112/library/std/src/panicking.rs:292:9
[INFO] [stdout]   11:     0x564b85ea6628 - std::panicking::rust_panic_with_hook::h2b5517d590cab22e
[INFO] [stdout]                                at /rustc/82e1608dfa6e0b5569232559e3d385fea5a93112/library/std/src/panicking.rs:779:13
[INFO] [stdout]   12:     0x564b85ea650e - std::panicking::begin_panic_handler::{{closure}}::h233112c06e0ef43e
[INFO] [stdout]                                at /rustc/82e1608dfa6e0b5569232559e3d385fea5a93112/library/std/src/panicking.rs:657:13
[INFO] [stdout]   13:     0x564b85ea5376 - std::sys_common::backtrace::__rust_end_short_backtrace::h6e893f24d7ebbff8
[INFO] [stdout]                                at /rustc/82e1608dfa6e0b5569232559e3d385fea5a93112/library/std/src/sys_common/backtrace.rs:170:18
[INFO] [stdout]   14:     0x564b85ea6272 - rust_begin_unwind
[INFO] [stdout]                                at /rustc/82e1608dfa6e0b5569232559e3d385fea5a93112/library/std/src/panicking.rs:645:5
[INFO] [stdout]   15:     0x564b85bc7915 - core::panicking::panic_fmt::hbf0e066aabfa482c
[INFO] [stdout]                                at /rustc/82e1608dfa6e0b5569232559e3d385fea5a93112/library/core/src/panicking.rs:72:14
[INFO] [stdout]   16:     0x564b85bc7ee3 - core::result::unwrap_failed::hddb4fea594200c52
[INFO] [stdout]                                at /rustc/82e1608dfa6e0b5569232559e3d385fea5a93112/library/core/src/result.rs:1653:5
[INFO] [stdout]   17:     0x564b85bcafe6 - core::result::Result<T,E>::expect::h3ef7be98f7f955cb
[INFO] [stdout]                                at /rustc/82e1608dfa6e0b5569232559e3d385fea5a93112/library/core/src/result.rs:1034:23
[INFO] [stdout]   18:     0x564b85bcc3be - code_mmunity_server::user::User::get_user::h7eb60a02eac71f43
[INFO] [stdout]                                at /opt/rustwide/workdir/src/user.rs:68:17
[INFO] [stdout]   19:     0x564b85bc87ba - code_mmunity_server::post::Post::new::h0d5ba1c36fdb7cee
[INFO] [stdout]                                at /opt/rustwide/workdir/src/post.rs:68:24
[INFO] [stdout]   20:     0x564b85bc854c - rust_out::main::_doctest_main_src_post_rs_53_0::h20d42967822855bc
[INFO] [stdout]   21:     0x564b85bc83e6 - rust_out::main::hc20c0d07e2402830
[INFO] [stdout]   22:     0x564b85bc8373 - core::ops::function::FnOnce::call_once::hbc459743598298c4
[INFO] [stdout]   23:     0x564b85bc82b6 - std::sys_common::backtrace::__rust_begin_short_backtrace::h62debe7d3058b76a
[INFO] [stdout]   24:     0x564b85bc8309 - std::rt::lang_start::{{closure}}::h8f486f3e1e6418b2
[INFO] [stdout]   25:     0x564b85e9f267 - core::ops::function::impls::<impl core::ops::function::FnOnce<A> for &F>::call_once::hd95060ecd5e1ca24
[INFO] [stdout]                                at /rustc/82e1608dfa6e0b5569232559e3d385fea5a93112/library/core/src/ops/function.rs:284:13
[INFO] [stdout]   26:     0x564b85e9f267 - std::panicking::try::do_call::h6e8cf51db32a6e4b
[INFO] [stdout]                                at /rustc/82e1608dfa6e0b5569232559e3d385fea5a93112/library/std/src/panicking.rs:552:40
[INFO] [stdout]   27:     0x564b85e9f267 - std::panicking::try::h3a52eefe24fe3c29
[INFO] [stdout]                                at /rustc/82e1608dfa6e0b5569232559e3d385fea5a93112/library/std/src/panicking.rs:516:19
[INFO] [stdout]   28:     0x564b85e9f267 - std::panic::catch_unwind::h24c28c23c02c3841
[INFO] [stdout]                                at /rustc/82e1608dfa6e0b5569232559e3d385fea5a93112/library/std/src/panic.rs:142:14
[INFO] [stdout]   29:     0x564b85e9f267 - std::rt::lang_start_internal::{{closure}}::h705d3c9cbc06ef47
[INFO] [stdout]                                at /rustc/82e1608dfa6e0b5569232559e3d385fea5a93112/library/std/src/rt.rs:148:48
[INFO] [stdout]   30:     0x564b85e9f267 - std::panicking::try::do_call::ha21f52ba13158470
[INFO] [stdout]                                at /rustc/82e1608dfa6e0b5569232559e3d385fea5a93112/library/std/src/panicking.rs:552:40
[INFO] [stdout]   31:     0x564b85e9f267 - std::panicking::try::h5581346bf6aeb1f8
[INFO] [stdout]                                at /rustc/82e1608dfa6e0b5569232559e3d385fea5a93112/library/std/src/panicking.rs:516:19
[INFO] [stdout]   32:     0x564b85e9f267 - std::panic::catch_unwind::h7919645a6b72e25b
[INFO] [stdout]                                at /rustc/82e1608dfa6e0b5569232559e3d385fea5a93112/library/std/src/panic.rs:142:14
[INFO] [stdout]   33:     0x564b85e9f267 - std::rt::lang_start_internal::h12de51168669836e
[INFO] [stdout]                                at /rustc/82e1608dfa6e0b5569232559e3d385fea5a93112/library/std/src/rt.rs:148:20
[INFO] [stdout]   34:     0x564b85bc82e7 - std::rt::lang_start::h2c48f91a7bf85629
[INFO] [stdout]   35:     0x564b85bc85f5 - main
[INFO] [stdout]   36:     0x7f36267d4d90 - <unknown>
[INFO] [stdout]   37:     0x7f36267d4e40 - __libc_start_main
[INFO] [stdout]   38:     0x564b85bc81e5 - _start
[INFO] [stdout]   39:                0x0 - <unknown>
[INFO] [stdout] 
[INFO] [stdout] 
[INFO] [stdout] 
[INFO] [stdout] failures:
[INFO] [stdout]     src/comment.rs - comment::Comment::insert_db (line 99)
[INFO] [stdout]     src/likes.rs - likes::LikeRequest::modify_likes (line 44)
[INFO] [stdout]     src/post.rs - post::Post::delete_post (line 326)
[INFO] [stdout]     src/post.rs - post::Post::from_db (line 83)
[INFO] [stdout]     src/post.rs - post::Post::get_post (line 191)
[INFO] [stdout]     src/post.rs - post::Post::get_posts (line 133)
[INFO] [stdout]     src/post.rs - post::Post::insert_db (line 259)
[INFO] [stdout]     src/post.rs - post::Post::new (line 53)
[INFO] [stdout]     src/user.rs - user::User (line 20)
[INFO] [stdout]     src/user.rs - user::User::delete_user (line 231)
[INFO] [stdout]     src/user.rs - user::User::get_user (line 39)
[INFO] [stdout]     src/user.rs - user::User::new_user (line 98)
[INFO] [stdout]     src/user.rs - user::User::update_user (line 164)
[INFO] [stdout] 
[INFO] [stdout] test result: FAILED. 0 passed; 13 failed; 0 ignored; 0 measured; 0 filtered out; finished in 2.11s
[INFO] [stdout] 
[INFO] [stderr] error: doctest failed, to rerun pass `--doc`
[INFO] running `Command { std: "docker" "inspect" "cb93cd088cb286c85fa158b8021c9e161f91bb99dbf5bbdd5a8bc3db4a7d8a50", kill_on_drop: false }`
[INFO] running `Command { std: "docker" "rm" "-f" "cb93cd088cb286c85fa158b8021c9e161f91bb99dbf5bbdd5a8bc3db4a7d8a50", kill_on_drop: false }`
[INFO] [stdout] cb93cd088cb286c85fa158b8021c9e161f91bb99dbf5bbdd5a8bc3db4a7d8a50
[INFO] testing sun30812/code_mmunity_server against beta-2023-12-22 for beta-1.76-1
[INFO] running `Command { std: "git" "clone" "/workspace/cache/git-repos/https%3A%2F%2Fgithub.com%2Fsun30812%2Fcode_mmunity_server" "/workspace/builds/worker-3-tc2/source", kill_on_drop: false }`
[INFO] [stderr] Cloning into '/workspace/builds/worker-3-tc2/source'...
[INFO] [stderr] done.
[INFO] validating manifest of git repo https://github.com/sun30812/code_mmunity_server on toolchain beta-2023-12-22
[INFO] running `Command { std: CARGO_HOME="/workspace/cargo-home" RUSTUP_HOME="/workspace/rustup-home" "/workspace/cargo-home/bin/cargo" "+beta-2023-12-22" "metadata" "--manifest-path" "Cargo.toml" "--no-deps", kill_on_drop: false }`
[INFO] started tweaking git repo https://github.com/sun30812/code_mmunity_server
[INFO] finished tweaking git repo https://github.com/sun30812/code_mmunity_server
[INFO] tweaked toml for git repo https://github.com/sun30812/code_mmunity_server written to /workspace/builds/worker-3-tc2/source/Cargo.toml
[INFO] crate git repo https://github.com/sun30812/code_mmunity_server already has a lockfile, it will not be regenerated
[INFO] running `Command { std: CARGO_HOME="/workspace/cargo-home" RUSTUP_HOME="/workspace/rustup-home" "/workspace/cargo-home/bin/cargo" "+beta-2023-12-22" "fetch" "--manifest-path" "Cargo.toml", kill_on_drop: false }`
[INFO] running `Command { std: "docker" "create" "-v" "/var/lib/crater-agent-workspace/builds/worker-3-tc2/target:/opt/rustwide/target:rw,Z" "-v" "/var/lib/crater-agent-workspace/builds/worker-3-tc2/source:/opt/rustwide/workdir:ro,Z" "-v" "/var/lib/crater-agent-workspace/cargo-home:/opt/rustwide/cargo-home:ro,Z" "-v" "/var/lib/crater-agent-workspace/rustup-home:/opt/rustwide/rustup-home:ro,Z" "-e" "SOURCE_DIR=/opt/rustwide/workdir" "-e" "CARGO_TARGET_DIR=/opt/rustwide/target" "-e" "CARGO_HOME=/opt/rustwide/cargo-home" "-e" "RUSTUP_HOME=/opt/rustwide/rustup-home" "-w" "/opt/rustwide/workdir" "-m" "1610612736" "--user" "0:0" "--network" "none" "ghcr.io/rust-lang/crates-build-env/linux@sha256:2788e3201cd34a07e3172128adcd8b3090168a8e3bcc40d7c032b9dda1df7d1c" "/opt/rustwide/cargo-home/bin/cargo" "+beta-2023-12-22" "metadata" "--no-deps" "--format-version=1", kill_on_drop: false }`
[INFO] [stdout] 1f977aaf49a86e8a62647161f48c5f6c1973b7185c4f5316638739f2fdb28a71
[INFO] running `Command { std: "docker" "start" "-a" "1f977aaf49a86e8a62647161f48c5f6c1973b7185c4f5316638739f2fdb28a71", kill_on_drop: false }`
[INFO] running `Command { std: "docker" "inspect" "1f977aaf49a86e8a62647161f48c5f6c1973b7185c4f5316638739f2fdb28a71", kill_on_drop: false }`
[INFO] running `Command { std: "docker" "rm" "-f" "1f977aaf49a86e8a62647161f48c5f6c1973b7185c4f5316638739f2fdb28a71", kill_on_drop: false }`
[INFO] [stdout] 1f977aaf49a86e8a62647161f48c5f6c1973b7185c4f5316638739f2fdb28a71
[INFO] running `Command { std: "docker" "create" "-v" "/var/lib/crater-agent-workspace/builds/worker-3-tc2/target:/opt/rustwide/target:rw,Z" "-v" "/var/lib/crater-agent-workspace/builds/worker-3-tc2/source:/opt/rustwide/workdir:ro,Z" "-v" "/var/lib/crater-agent-workspace/cargo-home:/opt/rustwide/cargo-home:ro,Z" "-v" "/var/lib/crater-agent-workspace/rustup-home:/opt/rustwide/rustup-home:ro,Z" "-e" "SOURCE_DIR=/opt/rustwide/workdir" "-e" "CARGO_TARGET_DIR=/opt/rustwide/target" "-e" "CARGO_INCREMENTAL=0" "-e" "RUST_BACKTRACE=full" "-e" "RUSTFLAGS=--cap-lints=warn" "-e" "RUSTDOCFLAGS=--cap-lints=warn" "-e" "CARGO_HOME=/opt/rustwide/cargo-home" "-e" "RUSTUP_HOME=/opt/rustwide/rustup-home" "-w" "/opt/rustwide/workdir" "-m" "1610612736" "--user" "0:0" "--network" "none" "ghcr.io/rust-lang/crates-build-env/linux@sha256:2788e3201cd34a07e3172128adcd8b3090168a8e3bcc40d7c032b9dda1df7d1c" "/opt/rustwide/cargo-home/bin/cargo" "+beta-2023-12-22" "build" "--frozen" "--message-format=json", kill_on_drop: false }`
[INFO] [stdout] fd2ffae10a0de72ba2fe1f5945d12ab99c4299796137996b271fbb248b291620
[INFO] running `Command { std: "docker" "start" "-a" "fd2ffae10a0de72ba2fe1f5945d12ab99c4299796137996b271fbb248b291620", kill_on_drop: false }`
[INFO] [stderr]    Compiling libc v0.2.133
[INFO] [stderr]    Compiling cfg-if v1.0.0
[INFO] [stderr]    Compiling autocfg v1.1.0
[INFO] [stderr]    Compiling proc-macro2 v1.0.44
[INFO] [stderr]    Compiling unicode-ident v1.0.4
[INFO] [stderr]    Compiling quote v1.0.21
[INFO] [stderr]    Compiling syn v1.0.100
[INFO] [stderr]    Compiling version_check v0.9.4
[INFO] [stderr]    Compiling memchr v2.5.0
[INFO] [stderr]    Compiling log v0.4.17
[INFO] [stderr]    Compiling pin-project-lite v0.2.9
[INFO] [stderr]    Compiling once_cell v1.15.0
[INFO] [stderr]    Compiling bytes v1.2.1
[INFO] [stderr]    Compiling pkg-config v0.3.25
[INFO] [stderr]    Compiling scopeguard v1.1.0
[INFO] [stderr]    Compiling typenum v1.15.0
[INFO] [stderr]    Compiling itoa v1.0.3
[INFO] [stderr]    Compiling generic-array v0.14.6
[INFO] [stderr]    Compiling smallvec v1.9.0
[INFO] [stderr]    Compiling futures-core v0.3.24
[INFO] [stderr]    Compiling jobserver v0.1.25
[INFO] [stderr]    Compiling getrandom v0.2.7
[INFO] [stderr]    Compiling lock_api v0.4.9
[INFO] [stderr]    Compiling cc v1.0.73
[INFO] [stderr]    Compiling parking_lot_core v0.9.3
[INFO] [stderr]    Compiling aho-corasick v0.7.19
[INFO] [stderr]    Compiling serde_derive v1.0.145
[INFO] [stderr]    Compiling regex-syntax v0.6.27
[INFO] [stderr]    Compiling socket2 v0.4.7
[INFO] [stderr]    Compiling tokio v1.26.0
[INFO] [stderr]    Compiling ahash v0.7.6
[INFO] [stderr]    Compiling serde v1.0.145
[INFO] [stderr]    Compiling parking_lot v0.12.1
[INFO] [stderr]    Compiling rand_core v0.6.4
[INFO] [stderr]    Compiling mio v0.8.4
[INFO] [stderr]    Compiling signal-hook-registry v1.4.0
[INFO] [stderr]    Compiling tracing-core v0.1.29
[INFO] [stderr]    Compiling block-buffer v0.10.3
[INFO] [stderr]    Compiling crypto-common v0.1.6
[INFO] [stderr]    Compiling static_assertions v1.1.0
[INFO] [stderr]    Compiling ppv-lite86 v0.2.16
[INFO] [stderr]    Compiling bitflags v1.3.2
[INFO] [stderr]    Compiling futures-task v0.3.24
[INFO] [stderr]    Compiling tracing v0.1.36
[INFO] [stderr]    Compiling digest v0.10.5
[INFO] [stderr]    Compiling libz-sys v1.1.8
[INFO] [stderr]    Compiling rand_chacha v0.3.1
[INFO] [stderr]    Compiling zstd-sys v2.0.1+zstd.1.5.2
[INFO] [stderr]    Compiling fnv v1.0.7
[INFO] [stderr]    Compiling regex v1.6.0
[INFO] [stderr]    Compiling cpufeatures v0.2.5
[INFO] [stderr]    Compiling crc32fast v1.3.2
[INFO] [stderr]    Compiling percent-encoding v2.2.0
[INFO] [stderr]    Compiling glob v0.3.0
[INFO] [stderr]    Compiling futures-util v0.3.24
[INFO] [stderr]    Compiling hashbrown v0.12.3
[INFO] [stderr]    Compiling rand v0.8.5
[INFO] [stderr]    Compiling http v0.2.8
[INFO] [stderr]    Compiling clang-sys v1.4.0
[INFO] [stderr]    Compiling lexical-util v0.8.5
[INFO] [stderr]    Compiling num-traits v0.2.15
[INFO] [stderr]    Compiling pin-utils v0.1.0
[INFO] [stderr]    Compiling crossbeam-utils v0.8.12
[INFO] [stderr]    Compiling adler v1.0.2
[INFO] [stderr]    Compiling tinyvec_macros v0.1.0
[INFO] [stderr]    Compiling futures-sink v0.3.24
[INFO] [stderr]    Compiling vcpkg v0.2.15
[INFO] [stderr]    Compiling tinyvec v1.6.0
[INFO] [stderr]    Compiling miniz_oxide v0.5.4
[INFO] [stderr]    Compiling openssl-sys v0.9.93
[INFO] [stderr]    Compiling bytestring v1.1.0
[INFO] [stderr]    Compiling slab v0.4.7
[INFO] [stderr]    Compiling indexmap v1.9.1
[INFO] [stderr]    Compiling base64 v0.13.0
[INFO] [stderr]    Compiling num_threads v0.1.6
[INFO] [stderr]    Compiling proc-macro-hack v0.5.19
[INFO] [stderr]    Compiling local-waker v0.1.3
[INFO] [stderr]    Compiling alloc-no-stdlib v2.0.4
[INFO] [stderr]    Compiling frunk_core v0.4.0
[INFO] [stderr]    Compiling serde_json v1.0.85
[INFO] [stderr]    Compiling zstd-safe v5.0.2+zstd.1.5.2
[INFO] [stderr]    Compiling ryu v1.0.11
[INFO] [stderr]    Compiling minimal-lexical v0.2.1
[INFO] [stderr]    Compiling time-macros v0.2.4
[INFO] [stderr]    Compiling tokio-util v0.7.4
[INFO] [stderr]    Compiling nom v7.1.1
[INFO] [stderr]    Compiling alloc-stdlib v0.2.2
[INFO] [stderr]    Compiling flate2 v1.0.24
[INFO] [stderr]    Compiling unicode-normalization v0.1.22
[INFO] [stderr]    Compiling form_urlencoded v1.1.0
[INFO] [stderr]    Compiling memoffset v0.6.5
[INFO] [stderr]    Compiling frunk_proc_macro_helpers v0.1.0
[INFO] [stderr]    Compiling num-integer v0.1.45
[INFO] [stderr]    Compiling unicase v2.6.0
[INFO] [stderr]    Compiling time v0.3.14
[INFO] [stderr]    Compiling libloading v0.7.3
[INFO] [stderr]    Compiling httparse v1.8.0
[INFO] [stderr]    Compiling paste v1.0.9
[INFO] [stderr]    Compiling bindgen v0.59.2
[INFO] [stderr]    Compiling encoding_rs v0.8.31
[INFO] [stderr]    Compiling unicode-bidi v0.3.8
[INFO] [stderr]    Compiling cexpr v0.6.0
[INFO] [stderr]    Compiling actix-service v2.0.2
[INFO] [stderr]    Compiling idna v0.3.0
[INFO] [stderr]    Compiling brotli-decompressor v2.3.2
[INFO] [stderr]    Compiling actix-rt v2.7.0
[INFO] [stderr]    Compiling actix-utils v3.0.0
[INFO] [stderr]    Compiling lexical-write-integer v0.8.5
[INFO] [stderr]    Compiling lexical-parse-integer v0.8.6
[INFO] [stderr]    Compiling crossbeam-epoch v0.9.11
[INFO] [stderr]    Compiling num-bigint v0.4.3
[INFO] [stderr]    Compiling cookie v0.16.0
[INFO] [stderr]    Compiling radium v0.6.2
[INFO] [stderr]    Compiling rustc-hash v1.1.0
[INFO] [stderr]    Compiling convert_case v0.4.0
[INFO] [stderr]    Compiling shlex v1.1.0
[INFO] [stderr]    Compiling peeking_take_while v0.1.2
[INFO] [stderr]    Compiling lazycell v1.3.0
[INFO] [stderr]    Compiling lazy_static v1.4.0
[INFO] [stderr]    Compiling mime v0.3.16
[INFO] [stderr]    Compiling derive_more v0.99.17
[INFO] [stderr]    Compiling lexical-write-float v0.8.5
[INFO] [stderr]    Compiling lexical-parse-float v0.8.5
[INFO] [stderr]    Compiling brotli v3.3.4
[INFO] [stderr]    Compiling frunk_proc_macros_impl v0.1.0
[INFO] [stderr]    Compiling url v2.3.1
[INFO] [stderr]    Compiling h2 v0.3.14
[INFO] [stderr]    Compiling actix-router v0.5.1
[INFO] [stderr]    Compiling actix-codec v0.5.0
[INFO] [stderr]    Compiling local-channel v0.1.3
[INFO] [stderr]    Compiling sha1 v0.10.5
[INFO] [stderr]    Compiling cmake v0.1.48
[INFO] [stderr]    Compiling subprocess v0.2.9
[INFO] [stderr]    Compiling num_cpus v1.13.1
[INFO] [stderr]    Compiling foreign-types-shared v0.1.1
[INFO] [stderr]    Compiling language-tags v0.3.2
[INFO] [stderr]    Compiling rust_decimal v1.26.1
[INFO] [stderr]    Compiling tap v1.0.1
[INFO] [stderr]    Compiling openssl v0.10.57
[INFO] [stderr]    Compiling httpdate v1.0.2
[INFO] [stderr]    Compiling thiserror v1.0.37
[INFO] [stderr]    Compiling crossbeam-queue v0.3.6
[INFO] [stderr]    Compiling wyz v0.4.0
[INFO] [stderr]    Compiling foreign-types v0.3.2
[INFO] [stderr]    Compiling serde_urlencoded v0.7.1
[INFO] [stderr]    Compiling actix-server v2.1.1
[INFO] [stderr]    Compiling actix-web-codegen v4.1.0
[INFO] [stderr]    Compiling mysql_common v0.28.2
[INFO] [stderr]    Compiling frunk_proc_macros v0.1.0
[INFO] [stderr]    Compiling mime_guess v2.0.4
[INFO] [stderr]    Compiling lexical-core v0.8.5
[INFO] [stderr]    Compiling frunk_derives v0.4.0
[INFO] [stderr]    Compiling openssl-macros v0.1.0
[INFO] [stderr]    Compiling actix-macros v0.2.3
[INFO] [stderr]    Compiling thiserror-impl v1.0.37
[INFO] [stderr]    Compiling io-enum v1.0.1
[INFO] [stderr]    Compiling funty v1.2.0
[INFO] [stderr]    Compiling native-tls v0.2.10
[INFO] [stderr]    Compiling arrayvec v0.7.2
[INFO] [stderr]    Compiling bitflags v2.4.1
[INFO] [stderr]    Compiling bitvec v0.22.3
[INFO] [stderr]    Compiling frunk v0.4.0
[INFO] [stderr]    Compiling lexical v6.1.1
[INFO] [stderr]    Compiling bigdecimal v0.3.0
[INFO] [stderr]    Compiling crossbeam-deque v0.8.2
[INFO] [stderr]    Compiling crossbeam-channel v0.5.6
[INFO] [stderr]    Compiling derive_utils v0.11.2
[INFO] [stderr]    Compiling sha2 v0.10.6
[INFO] [stderr]    Compiling sha-1 v0.10.0
[INFO] [stderr]    Compiling uuid v0.8.2
[INFO] [stderr]    Compiling openssl-probe v0.1.5
[INFO] [stderr]    Compiling mysql v22.2.0
[INFO] [stderr]    Compiling byteorder v1.4.3
[INFO] [stderr]    Compiling saturating v0.1.0
[INFO] [stderr]    Compiling crossbeam v0.8.2
[INFO] [stderr]    Compiling uuid-macro-internal v1.1.2
[INFO] [stderr]    Compiling pem v1.1.0
[INFO] [stderr]    Compiling twox-hash v1.6.3
[INFO] [stderr]    Compiling lru v0.7.8
[INFO] [stderr]    Compiling http-range v0.1.5
[INFO] [stderr]    Compiling bufstream v0.1.4
[INFO] [stderr]    Compiling askama_escape v0.10.3
[INFO] [stderr]    Compiling uuid v1.1.2
[INFO] [stderr]    Compiling zstd v0.11.2+zstd.1.5.2
[INFO] [stderr]    Compiling actix-http v3.2.2
[INFO] [stderr]    Compiling actix-web v4.2.1
[INFO] [stderr]    Compiling actix-cors v0.6.3
[INFO] [stderr]    Compiling actix-files v0.6.2
[INFO] [stderr]    Compiling code_mmunity_server v0.1.0 (/opt/rustwide/workdir)
[INFO] [stderr]     Finished dev [unoptimized + debuginfo] target(s) in 57.54s
[INFO] running `Command { std: "docker" "inspect" "fd2ffae10a0de72ba2fe1f5945d12ab99c4299796137996b271fbb248b291620", kill_on_drop: false }`
[INFO] running `Command { std: "docker" "rm" "-f" "fd2ffae10a0de72ba2fe1f5945d12ab99c4299796137996b271fbb248b291620", kill_on_drop: false }`
[INFO] [stdout] fd2ffae10a0de72ba2fe1f5945d12ab99c4299796137996b271fbb248b291620
[INFO] running `Command { std: "docker" "create" "-v" "/var/lib/crater-agent-workspace/builds/worker-3-tc2/target:/opt/rustwide/target:rw,Z" "-v" "/var/lib/crater-agent-workspace/builds/worker-3-tc2/source:/opt/rustwide/workdir:ro,Z" "-v" "/var/lib/crater-agent-workspace/cargo-home:/opt/rustwide/cargo-home:ro,Z" "-v" "/var/lib/crater-agent-workspace/rustup-home:/opt/rustwide/rustup-home:ro,Z" "-e" "SOURCE_DIR=/opt/rustwide/workdir" "-e" "CARGO_TARGET_DIR=/opt/rustwide/target" "-e" "CARGO_INCREMENTAL=0" "-e" "RUST_BACKTRACE=full" "-e" "RUSTFLAGS=--cap-lints=warn" "-e" "RUSTDOCFLAGS=--cap-lints=warn" "-e" "CARGO_HOME=/opt/rustwide/cargo-home" "-e" "RUSTUP_HOME=/opt/rustwide/rustup-home" "-w" "/opt/rustwide/workdir" "-m" "1610612736" "--user" "0:0" "--network" "none" "ghcr.io/rust-lang/crates-build-env/linux@sha256:2788e3201cd34a07e3172128adcd8b3090168a8e3bcc40d7c032b9dda1df7d1c" "/opt/rustwide/cargo-home/bin/cargo" "+beta-2023-12-22" "test" "--frozen" "--no-run" "--message-format=json", kill_on_drop: false }`
[INFO] [stdout] 50f9b80bfc5ea0d189be37f97bc809b8297d63d9496391f7e4b052c34bdc0044
[INFO] running `Command { std: "docker" "start" "-a" "50f9b80bfc5ea0d189be37f97bc809b8297d63d9496391f7e4b052c34bdc0044", kill_on_drop: false }`
[INFO] [stderr]    Compiling code_mmunity_server v0.1.0 (/opt/rustwide/workdir)
[INFO] [stderr]     Finished test [unoptimized + debuginfo] target(s) in 1.30s
[INFO] running `Command { std: "docker" "inspect" "50f9b80bfc5ea0d189be37f97bc809b8297d63d9496391f7e4b052c34bdc0044", kill_on_drop: false }`
[INFO] running `Command { std: "docker" "rm" "-f" "50f9b80bfc5ea0d189be37f97bc809b8297d63d9496391f7e4b052c34bdc0044", kill_on_drop: false }`
[INFO] [stdout] 50f9b80bfc5ea0d189be37f97bc809b8297d63d9496391f7e4b052c34bdc0044
[INFO] running `Command { std: "docker" "create" "-v" "/var/lib/crater-agent-workspace/builds/worker-3-tc2/target:/opt/rustwide/target:rw,Z" "-v" "/var/lib/crater-agent-workspace/builds/worker-3-tc2/source:/opt/rustwide/workdir:ro,Z" "-v" "/var/lib/crater-agent-workspace/cargo-home:/opt/rustwide/cargo-home:ro,Z" "-v" "/var/lib/crater-agent-workspace/rustup-home:/opt/rustwide/rustup-home:ro,Z" "-e" "SOURCE_DIR=/opt/rustwide/workdir" "-e" "CARGO_TARGET_DIR=/opt/rustwide/target" "-e" "CARGO_INCREMENTAL=0" "-e" "RUST_BACKTRACE=full" "-e" "RUSTFLAGS=--cap-lints=warn" "-e" "RUSTDOCFLAGS=--cap-lints=warn" "-e" "CARGO_HOME=/opt/rustwide/cargo-home" "-e" "RUSTUP_HOME=/opt/rustwide/rustup-home" "-w" "/opt/rustwide/workdir" "-m" "1610612736" "--user" "0:0" "--network" "none" "ghcr.io/rust-lang/crates-build-env/linux@sha256:2788e3201cd34a07e3172128adcd8b3090168a8e3bcc40d7c032b9dda1df7d1c" "/opt/rustwide/cargo-home/bin/cargo" "+beta-2023-12-22" "test" "--frozen", kill_on_drop: false }`
[INFO] [stdout] b9e4fba21e30c6079392e6c5b7ba9198dd860baac4208240fd9579b209b78436
[INFO] running `Command { std: "docker" "start" "-a" "b9e4fba21e30c6079392e6c5b7ba9198dd860baac4208240fd9579b209b78436", kill_on_drop: false }`
[INFO] [stderr]     Finished test [unoptimized + debuginfo] target(s) in 0.17s
[INFO] [stderr]      Running unittests src/lib.rs (/opt/rustwide/target/debug/deps/code_mmunity_server-0e925b271639d94c)
[INFO] [stdout] 
[INFO] [stdout] running 0 tests
[INFO] [stdout] 
[INFO] [stdout] test result: ok. 0 passed; 0 failed; 0 ignored; 0 measured; 0 filtered out; finished in 0.00s
[INFO] [stdout] 
[INFO] [stderr]      Running unittests src/main.rs (/opt/rustwide/target/debug/deps/code_mmunity_server-347b2340af3e49fc)
[INFO] [stdout] 
[INFO] [stdout] running 0 tests
[INFO] [stdout] 
[INFO] [stdout] test result: ok. 0 passed; 0 failed; 0 ignored; 0 measured; 0 filtered out; finished in 0.00s
[INFO] [stdout] 
[INFO] [stderr]    Doc-tests code_mmunity_server
[INFO] [stdout] 
[INFO] [stdout] running 13 tests
[INFO] [stdout] test src/post.rs - post::Post::delete_post (line 326) ... FAILED
[INFO] [stdout] test src/comment.rs - comment::Comment::insert_db (line 99) ... FAILED
[INFO] [stdout] test src/post.rs - post::Post::get_posts (line 133) ... FAILED
[INFO] [stdout] test src/post.rs - post::Post::from_db (line 83) ... FAILED
[INFO] [stdout] test src/likes.rs - likes::LikeRequest::modify_likes (line 44) ... FAILED
[INFO] [stdout] test src/post.rs - post::Post::get_post (line 191) ... FAILED
[INFO] [stdout] test src/user.rs - user::User (line 20) ... FAILED
[INFO] [stdout] test src/user.rs - user::User::delete_user (line 231) ... FAILED
[INFO] [stdout] test src/user.rs - user::User::get_user (line 39) ... FAILED
[INFO] [stdout] test src/post.rs - post::Post::insert_db (line 259) ... FAILED
[INFO] [stdout] test src/user.rs - user::User::new_user (line 98) ... FAILED
[INFO] [stdout] test src/user.rs - user::User::update_user (line 164) ... FAILED
[INFO] [stdout] test src/post.rs - post::Post::new (line 53) ... FAILED
[INFO] [stderr] error: doctest failed, to rerun pass `--doc`
[INFO] [stdout] 
[INFO] [stdout] failures:
[INFO] [stdout] 
[INFO] [stdout] ---- src/post.rs - post::Post::delete_post (line 326) stdout ----
[INFO] [stdout] error[E0422]: cannot find struct, variant or union type `DeletePostRequest` in this scope
[INFO] [stdout]   --> src/post.rs:335:26
[INFO] [stdout]    |
[INFO] [stdout] 12 | let trash_post_request = DeletePostRequest { user_id: "unique_user_id".to_string(), post_id: "unique_post_id".to_string() };
[INFO] [stdout]    |                          ^^^^^^^^^^^^^^^^^ not found in this scope
[INFO] [stdout]    |
[INFO] [stdout] help: consider importing this struct
[INFO] [stdout]    |
[INFO] [stdout] 2  + use code_mmunity_server::post::DeletePostRequest;
[INFO] [stdout]    |
[INFO] [stdout] 
[INFO] [stdout] error: aborting due to 1 previous error
[INFO] [stdout] 
[INFO] [stdout] For more information about this error, try `rustc --explain E0422`.
[INFO] [stdout] Couldn't compile the test.
[INFO] [stdout] ---- src/comment.rs - comment::Comment::insert_db (line 99) stdout ----
[INFO] [stdout] error[E0425]: cannot find value `new_comment` in this scope
[INFO] [stdout]  --> src/comment.rs:103:1
[INFO] [stdout]   |
[INFO] [stdout] 7 | new_comment.insert_db().expect("Sql작업 중 문제가 발생하였습니다.")
[INFO] [stdout]   | ^^^^^^^^^^^ not found in this scope
[INFO] [stdout] 
[INFO] [stdout] error: aborting due to 1 previous error
[INFO] [stdout] 
[INFO] [stdout] For more information about this error, try `rustc --explain E0425`.
[INFO] [stdout] Couldn't compile the test.
[INFO] [stdout] ---- src/post.rs - post::Post::get_posts (line 133) stdout ----
[INFO] [stdout] error[E0433]: failed to resolve: use of undeclared type `Post`
[INFO] [stdout]  --> src/post.rs:134:13
[INFO] [stdout]   |
[INFO] [stdout] 3 | let posts = Post::get_posts(PostOrder::Recent);
[INFO] [stdout]   |             ^^^^ use of undeclared type `Post`
[INFO] [stdout]   |
[INFO] [stdout] help: consider importing this struct
[INFO] [stdout]   |
[INFO] [stdout] 2 + use code_mmunity_server::post::Post;
[INFO] [stdout]   |
[INFO] [stdout] 
[INFO] [stdout] error[E0433]: failed to resolve: use of undeclared type `PostOrder`
[INFO] [stdout]  --> src/post.rs:134:29
[INFO] [stdout]   |
[INFO] [stdout] 3 | let posts = Post::get_posts(PostOrder::Recent);
[INFO] [stdout]   |                             ^^^^^^^^^ use of undeclared type `PostOrder`
[INFO] [stdout] 
[INFO] [stdout] error: aborting due to 2 previous errors
[INFO] [stdout] 
[INFO] [stdout] For more information about this error, try `rustc --explain E0433`.
[INFO] [stdout] Couldn't compile the test.
[INFO] [stdout] ---- src/post.rs - post::Post::from_db (line 83) stdout ----
[INFO] [stdout] error[E0425]: cannot find value `conn` in this scope
[INFO] [stdout]  --> src/post.rs:84:14
[INFO] [stdout]   |
[INFO] [stdout] 3 | let result = conn
[INFO] [stdout]   |              ^^^^ not found in this scope
[INFO] [stdout] 
[INFO] [stdout] error[E0425]: cannot find value `post_id` in this scope
[INFO] [stdout]  --> src/post.rs:85:61
[INFO] [stdout]   |
[INFO] [stdout] 4 | .query_first(format!("select * from post where post_id={}", post_id))
[INFO] [stdout]   |                                                             ^^^^^^^ not found in this scope
[INFO] [stdout] 
[INFO] [stdout] error[E0433]: failed to resolve: use of undeclared type `Post`
[INFO] [stdout]  --> src/post.rs:89:10
[INFO] [stdout]   |
[INFO] [stdout] 8 |          Post::from_db(
[INFO] [stdout]   |          ^^^^ use of undeclared type `Post`
[INFO] [stdout]   |
[INFO] [stdout] help: consider importing this struct
[INFO] [stdout]   |
[INFO] [stdout] 2 + use code_mmunity_server::post::Post;
[INFO] [stdout]   |
[INFO] [stdout] 
[INFO] [stdout] error: aborting due to 3 previous errors
[INFO] [stdout] 
[INFO] [stdout] Some errors have detailed explanations: E0425, E0433.
[INFO] [stdout] For more information about an error, try `rustc --explain E0425`.
[INFO] [stdout] Couldn't compile the test.
[INFO] [stdout] ---- src/likes.rs - likes::LikeRequest::modify_likes (line 44) stdout ----
[INFO] [stdout] error: format argument must be a string literal
[INFO] [stdout]  --> src/likes.rs:47:26
[INFO] [stdout]   |
[INFO] [stdout] 5 |     Err(error) => panic!(error)
[INFO] [stdout]   |                          ^^^^^
[INFO] [stdout]   |
[INFO] [stdout] help: you might be missing a string literal to format with
[INFO] [stdout]   |
[INFO] [stdout] 5 |     Err(error) => panic!("{}", error)
[INFO] [stdout]   |                          +++++
[INFO] [stdout] 
[INFO] [stdout] error[E0433]: failed to resolve: use of undeclared type `LikeRequest`
[INFO] [stdout]  --> src/likes.rs:45:7
[INFO] [stdout]   |
[INFO] [stdout] 3 | match LikeRequest::modify_likes(info) {
[INFO] [stdout]   |       ^^^^^^^^^^^ use of undeclared type `LikeRequest`
[INFO] [stdout]   |
[INFO] [stdout] help: consider importing this struct
[INFO] [stdout]   |
[INFO] [stdout] 2 + use code_mmunity_server::likes::LikeRequest;
[INFO] [stdout]   |
[INFO] [stdout] 
[INFO] [stdout] error[E0425]: cannot find value `info` in this scope
[INFO] [stdout]  --> src/likes.rs:45:33
[INFO] [stdout]   |
[INFO] [stdout] 3 | match LikeRequest::modify_likes(info) {
[INFO] [stdout]   |                                 ^^^^ not found in this scope
[INFO] [stdout] 
[INFO] [stdout] error: aborting due to 3 previous errors
[INFO] [stdout] 
[INFO] [stdout] Some errors have detailed explanations: E0425, E0433.
[INFO] [stdout] For more information about an error, try `rustc --explain E0425`.
[INFO] [stdout] Couldn't compile the test.
[INFO] [stdout] ---- src/post.rs - post::Post::get_post (line 191) stdout ----
[INFO] [stdout] error[E0433]: failed to resolve: use of undeclared type `Post`
[INFO] [stdout]  --> src/post.rs:192:12
[INFO] [stdout]   |
[INFO] [stdout] 3 | let post = Post::get_post(post_id);
[INFO] [stdout]   |            ^^^^ use of undeclared type `Post`
[INFO] [stdout]   |
[INFO] [stdout] help: consider importing this struct
[INFO] [stdout]   |
[INFO] [stdout] 2 + use code_mmunity_server::post::Post;
[INFO] [stdout]   |
[INFO] [stdout] 
[INFO] [stdout] error[E0425]: cannot find value `post_id` in this scope
[INFO] [stdout]  --> src/post.rs:192:27
[INFO] [stdout]   |
[INFO] [stdout] 3 | let post = Post::get_post(post_id);
[INFO] [stdout]   |                           ^^^^^^^ not found in this scope
[INFO] [stdout] 
[INFO] [stdout] error: aborting due to 2 previous errors
[INFO] [stdout] 
[INFO] [stdout] Some errors have detailed explanations: E0425, E0433.
[INFO] [stdout] For more information about an error, try `rustc --explain E0425`.
[INFO] [stdout] Couldn't compile the test.
[INFO] [stdout] ---- src/user.rs - user::User (line 20) stdout ----
[INFO] [stdout] error: expected identifier, found `"unique_id_for_user"`
[INFO] [stdout]  --> src/user.rs:21:21
[INFO] [stdout]   |
[INFO] [stdout] 3 | let new_user = Post{"unique_id_for_user".to_string(), "sun30812".to_string()}
[INFO] [stdout]   |                ---- ^^^^^^^^^^^^^^^^^^^^ expected identifier
[INFO] [stdout]   |                |
[INFO] [stdout]   |                while parsing this struct
[INFO] [stdout] 
[INFO] [stdout] error: expected identifier, found `"sun30812"`
[INFO] [stdout]  --> src/user.rs:21:55
[INFO] [stdout]   |
[INFO] [stdout] 3 | let new_user = Post{"unique_id_for_user".to_string(), "sun30812".to_string()}
[INFO] [stdout]   |                ---- while parsing this struct         ^^^^^^^^^^ expected identifier
[INFO] [stdout] 
[INFO] [stdout] error: expected `;`, found `}`
[INFO] [stdout]  --> src/user.rs:21:78
[INFO] [stdout]   |
[INFO] [stdout] 3 | let new_user = Post{"unique_id_for_user".to_string(), "sun30812".to_string()}
[INFO] [stdout]   |                                                                              ^ help: add `;` here
[INFO] [stdout] 4 | } _doctest_main_src_user_rs_20_0() }
[INFO] [stdout]   | - unexpected token
[INFO] [stdout] 
[INFO] [stdout] error[E0422]: cannot find struct, variant or union type `Post` in this scope
[INFO] [stdout]  --> src/user.rs:21:16
[INFO] [stdout]   |
[INFO] [stdout] 3 | let new_user = Post{"unique_id_for_user".to_string(), "sun30812".to_string()}
[INFO] [stdout]   |                ^^^^ not found in this scope
[INFO] [stdout]   |
[INFO] [stdout] help: consider importing this struct
[INFO] [stdout]   |
[INFO] [stdout] 2 + use code_mmunity_server::post::Post;
[INFO] [stdout]   |
[INFO] [stdout] 
[INFO] [stdout] error: aborting due to 4 previous errors
[INFO] [stdout] 
[INFO] [stdout] For more information about this error, try `rustc --explain E0422`.
[INFO] [stdout] Couldn't compile the test.
[INFO] [stdout] ---- src/user.rs - user::User::delete_user (line 231) stdout ----
[INFO] [stdout] error[E0422]: cannot find struct, variant or union type `User` in this scope
[INFO] [stdout]  --> src/user.rs:232:20
[INFO] [stdout]   |
[INFO] [stdout] 3 | let deleted_user = User {
[INFO] [stdout]   |                    ^^^^ not found in this scope
[INFO] [stdout]   |
[INFO] [stdout] help: consider importing this struct
[INFO] [stdout]   |
[INFO] [stdout] 2 + use code_mmunity_server::user::User;
[INFO] [stdout]   |
[INFO] [stdout] 
[INFO] [stdout] error[E0433]: failed to resolve: use of undeclared type `User`
[INFO] [stdout]  --> src/user.rs:236:7
[INFO] [stdout]   |
[INFO] [stdout] 7 | match User::delete_user(deleted_user) {
[INFO] [stdout]   |       ^^^^ use of undeclared type `User`
[INFO] [stdout]   |
[INFO] [stdout] help: consider importing this struct
[INFO] [stdout]   |
[INFO] [stdout] 2 + use code_mmunity_server::user::User;
[INFO] [stdout]   |
[INFO] [stdout] 
[INFO] [stdout] error[E0433]: failed to resolve: use of undeclared type `HttpResponse`
[INFO] [stdout]  --> src/user.rs:237:14
[INFO] [stdout]   |
[INFO] [stdout] 8 |     Ok(_) => HttpResponse::Created(),
[INFO] [stdout]   |              ^^^^^^^^^^^^ use of undeclared type `HttpResponse`
[INFO] [stdout]   |
[INFO] [stdout] help: consider importing this struct
[INFO] [stdout]   |
[INFO] [stdout] 2 + use actix_web::HttpResponse;
[INFO] [stdout]   |
[INFO] [stdout] 
[INFO] [stdout] error[E0433]: failed to resolve: use of undeclared type `HttpResponse`
[INFO] [stdout]  --> src/user.rs:238:15
[INFO] [stdout]   |
[INFO] [stdout] 9 |     Err(_) => HttpResponse::BadRequest(),
[INFO] [stdout]   |               ^^^^^^^^^^^^ use of undeclared type `HttpResponse`
[INFO] [stdout]   |
[INFO] [stdout] help: consider importing this struct
[INFO] [stdout]   |
[INFO] [stdout] 2 + use actix_web::HttpResponse;
[INFO] [stdout]   |
[INFO] [stdout] 
[INFO] [stdout] error: aborting due to 4 previous errors
[INFO] [stdout] 
[INFO] [stdout] Some errors have detailed explanations: E0422, E0433.
[INFO] [stdout] For more information about an error, try `rustc --explain E0422`.
[INFO] [stdout] Couldn't compile the test.
[INFO] [stdout] ---- src/user.rs - user::User::get_user (line 39) stdout ----
[INFO] [stdout] error[E0433]: failed to resolve: use of undeclared type `User`
[INFO] [stdout]  --> src/user.rs:40:17
[INFO] [stdout]   |
[INFO] [stdout] 3 | let find_user = User::get_user("unique_id_for_user".to_string());
[INFO] [stdout]   |                 ^^^^ use of undeclared type `User`
[INFO] [stdout]   |
[INFO] [stdout] help: consider importing this struct
[INFO] [stdout]   |
[INFO] [stdout] 2 + use code_mmunity_server::user::User;
[INFO] [stdout]   |
[INFO] [stdout] 
[INFO] [stdout] error: aborting due to 1 previous error
[INFO] [stdout] 
[INFO] [stdout] For more information about this error, try `rustc --explain E0433`.
[INFO] [stdout] Couldn't compile the test.
[INFO] [stdout] ---- src/post.rs - post::Post::insert_db (line 259) stdout ----
[INFO] [stdout] error[E0599]: no method named `insert_post` found for struct `Post` in the current scope
[INFO] [stdout]   --> src/post.rs:268:10
[INFO] [stdout]    |
[INFO] [stdout] 12 | new_post.insert_post().expect("Sql작업 중 문제가 발생하였습니다.")
[INFO] [stdout]    |          ^^^^^^^^^^^ help: there is a method with a similar name: `insert_db`
[INFO] [stdout] 
[INFO] [stdout] error: aborting due to 1 previous error
[INFO] [stdout] 
[INFO] [stdout] For more information about this error, try `rustc --explain E0599`.
[INFO] [stdout] Couldn't compile the test.
[INFO] [stdout] ---- src/user.rs - user::User::new_user (line 98) stdout ----
[INFO] [stdout] error[E0422]: cannot find struct, variant or union type `User` in this scope
[INFO] [stdout]  --> src/user.rs:99:16
[INFO] [stdout]   |
[INFO] [stdout] 3 | let new_user = User {
[INFO] [stdout]   |                ^^^^ not found in this scope
[INFO] [stdout]   |
[INFO] [stdout] help: consider importing this struct
[INFO] [stdout]   |
[INFO] [stdout] 2 + use code_mmunity_server::user::User;
[INFO] [stdout]   |
[INFO] [stdout] 
[INFO] [stdout] error[E0433]: failed to resolve: use of undeclared type `User`
[INFO] [stdout]  --> src/user.rs:103:7
[INFO] [stdout]   |
[INFO] [stdout] 7 | match User::new_user(new_user) {
[INFO] [stdout]   |       ^^^^ use of undeclared type `User`
[INFO] [stdout]   |
[INFO] [stdout] help: consider importing this struct
[INFO] [stdout]   |
[INFO] [stdout] 2 + use code_mmunity_server::user::User;
[INFO] [stdout]   |
[INFO] [stdout] 
[INFO] [stdout] error[E0433]: failed to resolve: use of undeclared type `HttpResponse`
[INFO] [stdout]  --> src/user.rs:104:14
[INFO] [stdout]   |
[INFO] [stdout] 8 |     Ok(_) => HttpResponse::Created(),
[INFO] [stdout]   |              ^^^^^^^^^^^^ use of undeclared type `HttpResponse`
[INFO] [stdout]   |
[INFO] [stdout] help: consider importing this struct
[INFO] [stdout]   |
[INFO] [stdout] 2 + use actix_web::HttpResponse;
[INFO] [stdout]   |
[INFO] [stdout] 
[INFO] [stdout] error[E0433]: failed to resolve: use of undeclared type `HttpResponse`
[INFO] [stdout]  --> src/user.rs:105:15
[INFO] [stdout]   |
[INFO] [stdout] 9 |     Err(_) => HttpResponse::BadRequest(),
[INFO] [stdout]   |               ^^^^^^^^^^^^ use of undeclared type `HttpResponse`
[INFO] [stdout]   |
[INFO] [stdout] help: consider importing this struct
[INFO] [stdout]   |
[INFO] [stdout] 2 + use actix_web::HttpResponse;
[INFO] [stdout]   |
[INFO] [stdout] 
[INFO] [stdout] error: aborting due to 4 previous errors
[INFO] [stdout] 
[INFO] [stdout] Some errors have detailed explanations: E0422, E0433.
[INFO] [stdout] For more information about an error, try `rustc --explain E0422`.
[INFO] [stdout] Couldn't compile the test.
[INFO] [stdout] ---- src/user.rs - user::User::update_user (line 164) stdout ----
[INFO] [stdout] error[E0422]: cannot find struct, variant or union type `User` in this scope
[INFO] [stdout]  --> src/user.rs:165:21
[INFO] [stdout]   |
[INFO] [stdout] 3 | let modified_user = User {
[INFO] [stdout]   |                     ^^^^ not found in this scope
[INFO] [stdout]   |
[INFO] [stdout] help: consider importing this struct
[INFO] [stdout]   |
[INFO] [stdout] 2 + use code_mmunity_server::user::User;
[INFO] [stdout]   |
[INFO] [stdout] 
[INFO] [stdout] error[E0433]: failed to resolve: use of undeclared type `User`
[INFO] [stdout]  --> src/user.rs:169:7
[INFO] [stdout]   |
[INFO] [stdout] 7 | match User::update_user(modified_user) {
[INFO] [stdout]   |       ^^^^ use of undeclared type `User`
[INFO] [stdout]   |
[INFO] [stdout] help: consider importing this struct
[INFO] [stdout]   |
[INFO] [stdout] 2 + use code_mmunity_server::user::User;
[INFO] [stdout]   |
[INFO] [stdout] 
[INFO] [stdout] error[E0433]: failed to resolve: use of undeclared type `HttpResponse`
[INFO] [stdout]  --> src/user.rs:170:14
[INFO] [stdout]   |
[INFO] [stdout] 8 |     Ok(_) => HttpResponse::Created(),
[INFO] [stdout]   |              ^^^^^^^^^^^^ use of undeclared type `HttpResponse`
[INFO] [stdout]   |
[INFO] [stdout] help: consider importing this struct
[INFO] [stdout]   |
[INFO] [stdout] 2 + use actix_web::HttpResponse;
[INFO] [stdout]   |
[INFO] [stdout] 
[INFO] [stdout] error[E0433]: failed to resolve: use of undeclared type `HttpResponse`
[INFO] [stdout]  --> src/user.rs:171:15
[INFO] [stdout]   |
[INFO] [stdout] 9 |     Err(_) => HttpResponse::BadRequest(),
[INFO] [stdout]   |               ^^^^^^^^^^^^ use of undeclared type `HttpResponse`
[INFO] [stdout]   |
[INFO] [stdout] help: consider importing this struct
[INFO] [stdout]   |
[INFO] [stdout] 2 + use actix_web::HttpResponse;
[INFO] [stdout]   |
[INFO] [stdout] 
[INFO] [stdout] error: aborting due to 4 previous errors
[INFO] [stdout] 
[INFO] [stdout] Some errors have detailed explanations: E0422, E0433.
[INFO] [stdout] For more information about an error, try `rustc --explain E0422`.
[INFO] [stdout] Couldn't compile the test.
[INFO] [stdout] ---- src/post.rs - post::Post::new (line 53) stdout ----
[INFO] [stdout] Test executable failed (exit status: 101).
[INFO] [stdout] 
[INFO] [stdout] stderr:
[INFO] [stdout] thread 'main' panicked at src/user.rs:68:39:
[INFO] [stdout] DB_SERVER가 설정되지 않음: NotPresent
[INFO] [stdout] stack backtrace:
[INFO] [stdout]    0:     0x56502e159456 - std::backtrace_rs::backtrace::libunwind::trace::h261606ad26a499c1
[INFO] [stdout]                                at /rustc/0e09125c6c3c2fd70d7de961bcf0e51575235fad/library/std/src/../../backtrace/src/backtrace/libunwind.rs:104:5
[INFO] [stdout]    1:     0x56502e159456 - std::backtrace_rs::backtrace::trace_unsynchronized::hd183f0625477fb28
[INFO] [stdout]                                at /rustc/0e09125c6c3c2fd70d7de961bcf0e51575235fad/library/std/src/../../backtrace/src/backtrace/mod.rs:66:5
[INFO] [stdout]    2:     0x56502e159456 - std::sys_common::backtrace::_print_fmt::hd7f8fef21b4eda67
[INFO] [stdout]                                at /rustc/0e09125c6c3c2fd70d7de961bcf0e51575235fad/library/std/src/sys_common/backtrace.rs:68:5
[INFO] [stdout]    3:     0x56502e159456 - <std::sys_common::backtrace::_print::DisplayBacktrace as core::fmt::Display>::fmt::h623d9b51f2f453f1
[INFO] [stdout]                                at /rustc/0e09125c6c3c2fd70d7de961bcf0e51575235fad/library/std/src/sys_common/backtrace.rs:44:22
[INFO] [stdout]    4:     0x56502e1804b0 - core::fmt::rt::Argument::fmt::h9f417ac76a86f368
[INFO] [stdout]                                at /rustc/0e09125c6c3c2fd70d7de961bcf0e51575235fad/library/core/src/fmt/rt.rs:142:9
[INFO] [stdout]    5:     0x56502e1804b0 - core::fmt::write::hc9b6faf4ac2aeff7
[INFO] [stdout]                                at /rustc/0e09125c6c3c2fd70d7de961bcf0e51575235fad/library/core/src/fmt/mod.rs:1120:17
[INFO] [stdout]    6:     0x56502e156e7f - std::io::Write::write_fmt::hfead1eee52c2e65e
[INFO] [stdout]                                at /rustc/0e09125c6c3c2fd70d7de961bcf0e51575235fad/library/std/src/io/mod.rs:1810:15
[INFO] [stdout]    7:     0x56502e159234 - std::sys_common::backtrace::_print::hd5d66399c7df88a2
[INFO] [stdout]                                at /rustc/0e09125c6c3c2fd70d7de961bcf0e51575235fad/library/std/src/sys_common/backtrace.rs:47:5
[INFO] [stdout]    8:     0x56502e159234 - std::sys_common::backtrace::print::he81ed2da642d37e5
[INFO] [stdout]                                at /rustc/0e09125c6c3c2fd70d7de961bcf0e51575235fad/library/std/src/sys_common/backtrace.rs:34:9
[INFO] [stdout]    9:     0x56502e15a797 - std::panicking::default_hook::{{closure}}::h85773f4fa117163d
[INFO] [stdout]   10:     0x56502e15a4f9 - std::panicking::default_hook::h6a1694a91d09b278
[INFO] [stdout]                                at /rustc/0e09125c6c3c2fd70d7de961bcf0e51575235fad/library/std/src/panicking.rs:292:9
[INFO] [stdout]   11:     0x56502e15ac28 - std::panicking::rust_panic_with_hook::h0a7ad96e90f7145b
[INFO] [stdout]                                at /rustc/0e09125c6c3c2fd70d7de961bcf0e51575235fad/library/std/src/panicking.rs:779:13
[INFO] [stdout]   12:     0x56502e15ab02 - std::panicking::begin_panic_handler::{{closure}}::h7919090525c6485e
[INFO] [stdout]                                at /rustc/0e09125c6c3c2fd70d7de961bcf0e51575235fad/library/std/src/panicking.rs:657:13
[INFO] [stdout]   13:     0x56502e159956 - std::sys_common::backtrace::__rust_end_short_backtrace::hf3289479464f7dfe
[INFO] [stdout]                                at /rustc/0e09125c6c3c2fd70d7de961bcf0e51575235fad/library/std/src/sys_common/backtrace.rs:171:18
[INFO] [stdout]   14:     0x56502e15a860 - rust_begin_unwind
[INFO] [stdout]                                at /rustc/0e09125c6c3c2fd70d7de961bcf0e51575235fad/library/std/src/panicking.rs:645:5
[INFO] [stdout]   15:     0x56502de7d915 - core::panicking::panic_fmt::hcc9f77c5c132af55
[INFO] [stdout]                                at /rustc/0e09125c6c3c2fd70d7de961bcf0e51575235fad/library/core/src/panicking.rs:72:14
[INFO] [stdout]   16:     0x56502de7def3 - core::result::unwrap_failed::hbe14f498be1452f9
[INFO] [stdout]                                at /rustc/0e09125c6c3c2fd70d7de961bcf0e51575235fad/library/core/src/result.rs:1649:5
[INFO] [stdout]   17:     0x56502de80936 - core::result::Result<T,E>::expect::h459c4d530218f8bb
[INFO] [stdout]                                at /rustc/0e09125c6c3c2fd70d7de961bcf0e51575235fad/library/core/src/result.rs:1030:23
[INFO] [stdout]   18:     0x56502de82308 - code_mmunity_server::user::User::get_user::hb7dd308924f20ad6
[INFO] [stdout]                                at /opt/rustwide/workdir/src/user.rs:68:17
[INFO] [stdout]   19:     0x56502de7f46a - code_mmunity_server::post::Post::new::h67effa15e8d601ad
[INFO] [stdout]                                at /opt/rustwide/workdir/src/post.rs:68:24
[INFO] [stdout]   20:     0x56502de7e55c - rust_out::main::_doctest_main_src_post_rs_53_0::h93afa51c489497ef
[INFO] [stdout]   21:     0x56502de7e3f6 - rust_out::main::h71185a25be64b52e
[INFO] [stdout]   22:     0x56502de7e383 - core::ops::function::FnOnce::call_once::h0a5e8bc522cf7e26
[INFO] [stdout]   23:     0x56502de7e2c6 - std::sys_common::backtrace::__rust_begin_short_backtrace::h904992c6a2208b49
[INFO] [stdout]   24:     0x56502de7e319 - std::rt::lang_start::{{closure}}::h95a4dad7805b7c7c
[INFO] [stdout]   25:     0x56502e1535c1 - core::ops::function::impls::<impl core::ops::function::FnOnce<A> for &F>::call_once::h4eb4c5e1620f29b0
[INFO] [stdout]                                at /rustc/0e09125c6c3c2fd70d7de961bcf0e51575235fad/library/core/src/ops/function.rs:284:13
[INFO] [stdout]   26:     0x56502e1535c1 - std::panicking::try::do_call::h73fd26535faffcdf
[INFO] [stdout]                                at /rustc/0e09125c6c3c2fd70d7de961bcf0e51575235fad/library/std/src/panicking.rs:552:40
[INFO] [stdout]   27:     0x56502e1535c1 - std::panicking::try::h77ff1d98f0fb9f39
[INFO] [stdout]                                at /rustc/0e09125c6c3c2fd70d7de961bcf0e51575235fad/library/std/src/panicking.rs:516:19
[INFO] [stdout]   28:     0x56502e1535c1 - std::panic::catch_unwind::hab3caf2448b95e37
[INFO] [stdout]                                at /rustc/0e09125c6c3c2fd70d7de961bcf0e51575235fad/library/std/src/panic.rs:142:14
[INFO] [stdout]   29:     0x56502e1535c1 - std::rt::lang_start_internal::{{closure}}::h8086711f9c783f78
[INFO] [stdout]                                at /rustc/0e09125c6c3c2fd70d7de961bcf0e51575235fad/library/std/src/rt.rs:148:48
[INFO] [stdout]   30:     0x56502e1535c1 - std::panicking::try::do_call::hf920d4dc291cd6ca
[INFO] [stdout]                                at /rustc/0e09125c6c3c2fd70d7de961bcf0e51575235fad/library/std/src/panicking.rs:552:40
[INFO] [stdout]   31:     0x56502e1535c1 - std::panicking::try::h2b806ccc0a85db74
[INFO] [stdout]                                at /rustc/0e09125c6c3c2fd70d7de961bcf0e51575235fad/library/std/src/panicking.rs:516:19
[INFO] [stdout]   32:     0x56502e1535c1 - std::panic::catch_unwind::h038489539c507df2
[INFO] [stdout]                                at /rustc/0e09125c6c3c2fd70d7de961bcf0e51575235fad/library/std/src/panic.rs:142:14
[INFO] [stdout]   33:     0x56502e1535c1 - std::rt::lang_start_internal::h28503b88912e8a5c
[INFO] [stdout]                                at /rustc/0e09125c6c3c2fd70d7de961bcf0e51575235fad/library/std/src/rt.rs:148:20
[INFO] [stdout]   34:     0x56502de7e2f7 - std::rt::lang_start::h9942cc54b4d5350a
[INFO] [stdout]   35:     0x56502de7e5f5 - main
[INFO] [stdout]   36:     0x7f4019427d90 - <unknown>
[INFO] [stdout]   37:     0x7f4019427e40 - __libc_start_main
[INFO] [stdout]   38:     0x56502de7e1f5 - _start
[INFO] [stdout]   39:                0x0 - <unknown>
[INFO] [stdout] 
[INFO] [stdout] 
[INFO] [stdout] 
[INFO] [stdout] failures:
[INFO] [stdout]     src/comment.rs - comment::Comment::insert_db (line 99)
[INFO] [stdout]     src/likes.rs - likes::LikeRequest::modify_likes (line 44)
[INFO] [stdout]     src/post.rs - post::Post::delete_post (line 326)
[INFO] [stdout]     src/post.rs - post::Post::from_db (line 83)
[INFO] [stdout]     src/post.rs - post::Post::get_post (line 191)
[INFO] [stdout]     src/post.rs - post::Post::get_posts (line 133)
[INFO] [stdout]     src/post.rs - post::Post::insert_db (line 259)
[INFO] [stdout]     src/post.rs - post::Post::new (line 53)
[INFO] [stdout]     src/user.rs - user::User (line 20)
[INFO] [stdout]     src/user.rs - user::User::delete_user (line 231)
[INFO] [stdout]     src/user.rs - user::User::get_user (line 39)
[INFO] [stdout]     src/user.rs - user::User::new_user (line 98)
[INFO] [stdout]     src/user.rs - user::User::update_user (line 164)
[INFO] [stdout] 
[INFO] [stdout] test result: FAILED. 0 passed; 13 failed; 0 ignored; 0 measured; 0 filtered out; finished in 3.89s
[INFO] [stdout] 
[INFO] running `Command { std: "docker" "inspect" "b9e4fba21e30c6079392e6c5b7ba9198dd860baac4208240fd9579b209b78436", kill_on_drop: false }`
[INFO] running `Command { std: "docker" "rm" "-f" "b9e4fba21e30c6079392e6c5b7ba9198dd860baac4208240fd9579b209b78436", kill_on_drop: false }`
[INFO] [stdout] b9e4fba21e30c6079392e6c5b7ba9198dd860baac4208240fd9579b209b78436
