[INFO] cloning repository https://github.com/suhanyujie/excel2json-rs
[INFO] running `Command { std: "git" "-c" "credential.helper=" "-c" "credential.helper=/workspace/cargo-home/bin/git-credential-null" "clone" "--bare" "https://github.com/suhanyujie/excel2json-rs" "/workspace/cache/git-repos/https%3A%2F%2Fgithub.com%2Fsuhanyujie%2Fexcel2json-rs", kill_on_drop: false }`
[INFO] [stderr] Cloning into bare repository '/workspace/cache/git-repos/https%3A%2F%2Fgithub.com%2Fsuhanyujie%2Fexcel2json-rs'...
[INFO] running `Command { std: "git" "rev-parse" "HEAD", kill_on_drop: false }`
[INFO] [stdout] 3c4427bc6781828495809e4d04737be96c0693d9
[INFO] testing suhanyujie/excel2json-rs against 1.75.0 for beta-1.76-1
[INFO] running `Command { std: "git" "clone" "/workspace/cache/git-repos/https%3A%2F%2Fgithub.com%2Fsuhanyujie%2Fexcel2json-rs" "/workspace/builds/worker-4-tc1/source", kill_on_drop: false }`
[INFO] [stderr] Cloning into '/workspace/builds/worker-4-tc1/source'...
[INFO] [stderr] done.
[INFO] validating manifest of git repo https://github.com/suhanyujie/excel2json-rs on toolchain 1.75.0
[INFO] running `Command { std: CARGO_HOME="/workspace/cargo-home" RUSTUP_HOME="/workspace/rustup-home" "/workspace/cargo-home/bin/cargo" "+1.75.0" "metadata" "--manifest-path" "Cargo.toml" "--no-deps", kill_on_drop: false }`
[INFO] started tweaking git repo https://github.com/suhanyujie/excel2json-rs
[INFO] finished tweaking git repo https://github.com/suhanyujie/excel2json-rs
[INFO] tweaked toml for git repo https://github.com/suhanyujie/excel2json-rs written to /workspace/builds/worker-4-tc1/source/Cargo.toml
[INFO] crate git repo https://github.com/suhanyujie/excel2json-rs already has a lockfile, it will not be regenerated
[INFO] running `Command { std: CARGO_HOME="/workspace/cargo-home" RUSTUP_HOME="/workspace/rustup-home" "/workspace/cargo-home/bin/cargo" "+1.75.0" "fetch" "--manifest-path" "Cargo.toml", kill_on_drop: false }`
[INFO] [stderr]  Downloading crates ...
[INFO] [stderr]   Downloaded slint-build v1.0.1
[INFO] [stderr]   Downloaded usvg-parser v0.30.0
[INFO] [stderr]   Downloaded usvg v0.30.0
[INFO] [stderr]   Downloaded usvg-tree v0.30.0
[INFO] [stderr]   Downloaded calamine v0.20.0
[INFO] [stderr]   Downloaded rosvgtree v0.2.0
[INFO] [stderr]   Downloaded slint v1.0.1
[INFO] [stderr]   Downloaded resvg v0.30.0
[INFO] [stderr]   Downloaded i-slint-backend-winit v1.0.1
[INFO] [stderr]   Downloaded slint-macros v1.0.1
[INFO] [stderr]   Downloaded i-slint-renderer-skia v1.0.1
[INFO] [stderr]   Downloaded i-slint-common v1.0.1
[INFO] [stderr]   Downloaded i-slint-backend-selector v1.0.1
[INFO] [stderr]   Downloaded i-slint-core-macros v1.0.1
[INFO] [stderr]   Downloaded i-slint-backend-qt v1.0.1
[INFO] [stderr]   Downloaded i-slint-core v1.0.1
[INFO] [stderr]   Downloaded i-slint-renderer-femtovg v1.0.1
[INFO] [stderr]   Downloaded i-slint-compiler v1.0.1
[INFO] running `Command { std: "docker" "create" "-v" "/var/lib/crater-agent-workspace/builds/worker-4-tc1/target:/opt/rustwide/target:rw,Z" "-v" "/var/lib/crater-agent-workspace/builds/worker-4-tc1/source:/opt/rustwide/workdir:ro,Z" "-v" "/var/lib/crater-agent-workspace/cargo-home:/opt/rustwide/cargo-home:ro,Z" "-v" "/var/lib/crater-agent-workspace/rustup-home:/opt/rustwide/rustup-home:ro,Z" "-e" "SOURCE_DIR=/opt/rustwide/workdir" "-e" "CARGO_TARGET_DIR=/opt/rustwide/target" "-e" "CARGO_HOME=/opt/rustwide/cargo-home" "-e" "RUSTUP_HOME=/opt/rustwide/rustup-home" "-w" "/opt/rustwide/workdir" "-m" "1610612736" "--user" "0:0" "--network" "none" "ghcr.io/rust-lang/crates-build-env/linux@sha256:2788e3201cd34a07e3172128adcd8b3090168a8e3bcc40d7c032b9dda1df7d1c" "/opt/rustwide/cargo-home/bin/cargo" "+1.75.0" "metadata" "--no-deps" "--format-version=1", kill_on_drop: false }`
[INFO] [stdout] ca0ae868739d65e36bdf599bc078915b8a583ac2a567771d36e45cedb0b8f924
[INFO] running `Command { std: "docker" "start" "-a" "ca0ae868739d65e36bdf599bc078915b8a583ac2a567771d36e45cedb0b8f924", kill_on_drop: false }`
[INFO] running `Command { std: "docker" "inspect" "ca0ae868739d65e36bdf599bc078915b8a583ac2a567771d36e45cedb0b8f924", kill_on_drop: false }`
[INFO] running `Command { std: "docker" "rm" "-f" "ca0ae868739d65e36bdf599bc078915b8a583ac2a567771d36e45cedb0b8f924", kill_on_drop: false }`
[INFO] [stdout] ca0ae868739d65e36bdf599bc078915b8a583ac2a567771d36e45cedb0b8f924
[INFO] running `Command { std: "docker" "create" "-v" "/var/lib/crater-agent-workspace/builds/worker-4-tc1/target:/opt/rustwide/target:rw,Z" "-v" "/var/lib/crater-agent-workspace/builds/worker-4-tc1/source:/opt/rustwide/workdir:ro,Z" "-v" "/var/lib/crater-agent-workspace/cargo-home:/opt/rustwide/cargo-home:ro,Z" "-v" "/var/lib/crater-agent-workspace/rustup-home:/opt/rustwide/rustup-home:ro,Z" "-e" "SOURCE_DIR=/opt/rustwide/workdir" "-e" "CARGO_TARGET_DIR=/opt/rustwide/target" "-e" "CARGO_INCREMENTAL=0" "-e" "RUST_BACKTRACE=full" "-e" "RUSTFLAGS=--cap-lints=warn" "-e" "RUSTDOCFLAGS=--cap-lints=warn" "-e" "CARGO_HOME=/opt/rustwide/cargo-home" "-e" "RUSTUP_HOME=/opt/rustwide/rustup-home" "-w" "/opt/rustwide/workdir" "-m" "1610612736" "--user" "0:0" "--network" "none" "ghcr.io/rust-lang/crates-build-env/linux@sha256:2788e3201cd34a07e3172128adcd8b3090168a8e3bcc40d7c032b9dda1df7d1c" "/opt/rustwide/cargo-home/bin/cargo" "+1.75.0" "build" "--frozen" "--message-format=json", kill_on_drop: false }`
[INFO] [stdout] 41298b3d9c638abd2d2215637ebd1c462ea2a79453aceecc60806c590086b76e
[INFO] running `Command { std: "docker" "start" "-a" "41298b3d9c638abd2d2215637ebd1c462ea2a79453aceecc60806c590086b76e", kill_on_drop: false }`
[INFO] [stderr]    Compiling cfg-if v1.0.0
[INFO] [stderr]    Compiling autocfg v1.1.0
[INFO] [stderr]    Compiling version_check v0.9.4
[INFO] [stderr]    Compiling proc-macro2 v1.0.56
[INFO] [stderr]    Compiling unicode-ident v1.0.8
[INFO] [stderr]    Compiling quote v1.0.26
[INFO] [stderr]    Compiling libc v0.2.142
[INFO] [stderr]    Compiling pkg-config v0.3.26
[INFO] [stderr]    Compiling smallvec v1.10.0
[INFO] [stderr]    Compiling once_cell v1.17.1
[INFO] [stderr]    Compiling serde v1.0.160
[INFO] [stderr]    Compiling log v0.4.17
[INFO] [stderr]    Compiling indexmap v1.9.3
[INFO] [stderr]    Compiling ahash v0.7.6
[INFO] [stderr]    Compiling heck v0.4.1
[INFO] [stderr]    Compiling bitflags v1.3.2
[INFO] [stderr]    Compiling winnow v0.4.1
[INFO] [stderr]    Compiling memchr v2.5.0
[INFO] [stderr]    Compiling adler v1.0.2
[INFO] [stderr]    Compiling crc32fast v1.3.2
[INFO] [stderr]    Compiling syn v2.0.15
[INFO] [stderr]    Compiling arrayvec v0.7.2
[INFO] [stderr]    Compiling target-lexicon v0.12.6
[INFO] [stderr]    Compiling lazy_static v1.4.0
[INFO] [stderr]    Compiling getrandom v0.2.9
[INFO] [stderr]    Compiling version-compare v0.1.1
[INFO] [stderr]    Compiling libm v0.2.6
[INFO] [stderr]    Compiling hashbrown v0.12.3
[INFO] [stderr]    Compiling num-traits v0.2.15
[INFO] [stderr]    Compiling simd-adler32 v0.3.5
[INFO] [stderr]    Compiling syn v1.0.109
[INFO] [stderr]    Compiling xml-rs v0.8.4
[INFO] [stderr]    Compiling cfg-expr v0.15.1
[INFO] [stderr]    Compiling memoffset v0.8.0
[INFO] [stderr]    Compiling libloading v0.7.4
[INFO] [stderr]    Compiling bytemuck v1.13.1
[INFO] [stderr]    Compiling float-cmp v0.9.0
[INFO] [stderr]    Compiling strict-num v0.1.0
[INFO] [stderr]    Compiling dlib v0.5.0
[INFO] [stderr]    Compiling atomic-polyfill v1.0.2
[INFO] [stderr]    Compiling scopeguard v1.1.0
[INFO] [stderr]    Compiling miniz_oxide v0.7.1
[INFO] [stderr]    Compiling fdeflate v0.3.0
[INFO] [stderr]    Compiling critical-section v1.1.1
[INFO] [stderr]    Compiling xmlparser v0.13.5
[INFO] [stderr]    Compiling memoffset v0.6.5
[INFO] [stderr]    Compiling roxmltree v0.18.0
[INFO] [stderr]    Compiling kurbo v0.9.3
[INFO] [stderr]    Compiling siphasher v0.3.10
[INFO] [stderr]    Compiling miniz_oxide v0.6.2
[INFO] [stderr]    Compiling semver v1.0.17
[INFO] [stderr]    Compiling byteorder v1.4.3
[INFO] [stderr]    Compiling svgtypes v0.11.0
[INFO] [stderr]    Compiling arrayref v0.3.7
[INFO] [stderr]    Compiling toml_datetime v0.6.1
[INFO] [stderr]    Compiling serde_spanned v0.6.1
[INFO] [stderr]    Compiling flate2 v1.0.25
[INFO] [stderr]    Compiling toml_edit v0.19.8
[INFO] [stderr]    Compiling tiny-skia-path v0.8.4
[INFO] [stderr]    Compiling euclid v0.22.9
[INFO] [stderr]    Compiling wayland-scanner v0.29.5
[INFO] [stderr]    Compiling simplecss v0.2.1
[INFO] [stderr]    Compiling rctree v0.5.0
[INFO] [stderr]    Compiling usvg-tree v0.30.0
[INFO] [stderr]    Compiling rosvgtree v0.2.0
[INFO] [stderr]    Compiling aho-corasick v1.0.1
[INFO] [stderr]    Compiling num-integer v0.1.45
[INFO] [stderr]    Compiling data-url v0.2.0
[INFO] [stderr]    Compiling regex-syntax v0.7.1
[INFO] [stderr]    Compiling imagesize v0.11.0
[INFO] [stderr]    Compiling thiserror v1.0.40
[INFO] [stderr]    Compiling toml v0.7.3
[INFO] [stderr]    Compiling crossbeam-utils v0.8.15
[INFO] [stderr]    Compiling nix v0.24.3
[INFO] [stderr]    Compiling num-rational v0.4.1
[INFO] [stderr]    Compiling system-deps v6.0.5
[INFO] [stderr]    Compiling wayland-sys v0.29.5
[INFO] [stderr]    Compiling crossbeam-epoch v0.9.14
[INFO] [stderr]    Compiling pico-args v0.5.0
[INFO] [stderr]    Compiling thiserror-impl v1.0.40
[INFO] [stderr]    Compiling regex v1.8.1
[INFO] [stderr]    Compiling rustversion v1.0.12
[INFO] [stderr]    Compiling base64 v0.21.0
[INFO] [stderr]    Compiling color_quant v1.1.0
[INFO] [stderr]    Compiling xmlwriter v0.1.0
[INFO] [stderr]    Compiling rgb v0.8.36
[INFO] [stderr]    Compiling pin-project-internal v1.0.12
[INFO] [stderr]    Compiling lock_api v0.4.9
[INFO] [stderr]    Compiling khronos_api v3.1.0
[INFO] [stderr]    Compiling cfg_aliases v0.1.1
[INFO] [stderr]    Compiling wayland-client v0.29.5
[INFO] [stderr]    Compiling png v0.17.8
[INFO] [stderr]    Compiling yeslogic-fontconfig-sys v3.2.0
[INFO] [stderr]    Compiling slab v0.4.8
[INFO] [stderr]    Compiling rayon-core v1.11.0
[INFO] [stderr]    Compiling strum_macros v0.24.3
[INFO] [stderr]    Compiling crossbeam-deque v0.8.3
[INFO] [stderr]    Compiling crossbeam-channel v0.5.8
[INFO] [stderr]    Compiling pin-project v1.0.12
[INFO] [stderr]    Compiling cpp_common v0.5.8
[INFO] [stderr]    Compiling num_cpus v1.15.0
[INFO] [stderr]    Compiling wayland-commons v0.29.5
[INFO] [stderr]    Compiling slotmap v1.0.6
[INFO] [stderr]    Compiling scoped-tls v1.0.1
[INFO] [stderr]    Compiling unicode-bidi v0.3.13
[INFO] [stderr]    Compiling convert_case v0.4.0
[INFO] [stderr]    Compiling downcast-rs v1.2.0
[INFO] [stderr]    Compiling minimal-lexical v0.2.1
[INFO] [stderr]    Compiling percent-encoding v2.2.0
[INFO] [stderr]    Compiling nom v7.1.3
[INFO] [stderr]    Compiling derive_more v0.99.17
[INFO] [stderr]    Compiling gl_generator v0.14.0
[INFO] [stderr]    Compiling wayland-protocols v0.29.5
[INFO] [stderr]    Compiling rustc_version v0.4.0
[INFO] [stderr]    Compiling fontconfig-parser v0.5.2
[INFO] [stderr]    Compiling memmap2 v0.5.10
[INFO] [stderr]    Compiling futures-core v0.3.28
[INFO] [stderr]    Compiling strum v0.24.1
[INFO] [stderr]    Compiling const-cstr v0.3.0
[INFO] [stderr]    Compiling i-slint-common v1.0.1
[INFO] [stderr]    Compiling either v1.8.1
[INFO] [stderr]    Compiling field-offset v0.3.5
[INFO] [stderr]    Compiling tiny-skia v0.8.4
[INFO] [stderr]    Compiling glib-sys v0.16.3
[INFO] [stderr]    Compiling nix v0.25.1
[INFO] [stderr]    Compiling smithay-client-toolkit v0.16.0
[INFO] [stderr]    Compiling proc-macro-error-attr v1.0.4
[INFO] [stderr]    Compiling ahash v0.8.3
[INFO] [stderr]    Compiling vec_map v0.8.2
[INFO] [stderr]    Compiling cc v1.0.79
[INFO] [stderr]    Compiling xcursor v0.3.4
[INFO] [stderr]    Compiling pin-utils v0.1.0
[INFO] [stderr]    Compiling unicode-xid v0.2.4
[INFO] [stderr]    Compiling tinyvec_macros v0.1.1
[INFO] [stderr]    Compiling tinyvec v1.6.0
[INFO] [stderr]    Compiling wayland-cursor v0.29.5
[INFO] [stderr]    Compiling cpp_build v0.5.8
[INFO] [stderr]    Compiling calloop v0.10.5
[INFO] [stderr]    Compiling rayon v1.7.0
[INFO] [stderr]    Compiling spin v0.9.8
[INFO] [stderr]    Compiling gobject-sys v0.16.3
[INFO] [stderr]    Compiling lyon_geom v1.0.4
[INFO] [stderr]    Compiling nanorand v0.7.0
[INFO] [stderr]    Compiling x11-dl v2.21.0
[INFO] [stderr]    Compiling proc-macro-error v1.0.4
[INFO] [stderr]    Compiling futures-sink v0.3.28
[INFO] [stderr]    Compiling weezl v0.1.7
[INFO] [stderr]    Compiling flume v0.10.14
[INFO] [stderr]    Compiling lyon_path v1.0.3
[INFO] [stderr]    Compiling unicode-normalization v0.1.22
[INFO] [stderr]    Compiling unicode-linebreak v0.1.4
[INFO] [stderr]    Compiling usvg-parser v0.30.0
[INFO] [stderr]    Compiling const-field-offset-macro v0.1.3
[INFO] [stderr]    Compiling proc-macro-crate v1.3.1
[INFO] [stderr]    Compiling jpeg-decoder v0.3.0
[INFO] [stderr]    Compiling zune-inflate v0.2.53
[INFO] [stderr]    Compiling instant v0.1.12
[INFO] [stderr]    Compiling raw-window-handle v0.5.2
[INFO] [stderr]    Compiling unicode-script v0.5.5
[INFO] [stderr]    Compiling ttf-parser v0.19.0
[INFO] [stderr]    Compiling auto_enums v0.8.0
[INFO] [stderr]    Compiling unicode-general-category v0.6.0
[INFO] [stderr]    Compiling half v2.2.1
[INFO] [stderr]    Compiling lebe v0.5.2
[INFO] [stderr]    Compiling bit_field v0.10.2
[INFO] [stderr]    Compiling image v0.24.6
[INFO] [stderr]    Compiling exr v1.6.3
[INFO] [stderr]    Compiling tiff v0.8.1
[INFO] [stderr]    Compiling const-field-offset v0.1.3
[INFO] [stderr]    Compiling usvg v0.30.0
[INFO] [stderr]    Compiling num_enum_derive v0.6.1
[INFO] [stderr]    Compiling idna v0.3.0
[INFO] [stderr]    Compiling owned_ttf_parser v0.19.0
[INFO] [stderr]    Compiling hashbrown v0.13.2
[INFO] [stderr]    Compiling gif v0.12.0
[INFO] [stderr]    Compiling qttypes v0.2.8
[INFO] [stderr]    Compiling glutin_glx_sys v0.4.0
[INFO] [stderr]    Compiling glutin_egl_sys v0.4.0
[INFO] [stderr]    Compiling form_urlencoded v1.1.0
[INFO] [stderr]    Compiling vtable-macro v0.1.10
[INFO] [stderr]    Compiling derive_utils v0.12.0
[INFO] [stderr]    Compiling qoi v0.4.1
[INFO] [stderr]    Compiling atty v0.2.14
[INFO] [stderr]    Compiling wayland-sys v0.30.1
[INFO] [stderr]    Compiling ab_glyph_rasterizer v0.1.8
[INFO] [stderr]    Compiling ttf-parser v0.15.2
[INFO] [stderr]    Compiling termcolor v1.2.0
[INFO] [stderr]    Compiling text-size v1.1.0
[INFO] [stderr]    Compiling rustc-hash v1.1.0
[INFO] [stderr]    Compiling pin-project-lite v0.2.9
[INFO] [stderr]    Compiling unicode-segmentation v1.10.1
[INFO] [stderr]    Compiling codemap v0.1.3
[INFO] [stderr]    Compiling ttf-parser v0.18.1
[INFO] [stderr]    Compiling Inflector v0.11.4
[INFO] [stderr]    Compiling stable_deref_trait v1.2.0
[INFO] [stderr]    Compiling linked-hash-map v0.5.6
[INFO] [stderr]    Compiling countme v3.0.1
[INFO] [stderr]    Compiling i-slint-compiler v1.0.1
[INFO] [stderr]    Compiling rowan v0.15.11
[INFO] [stderr]    Compiling linked_hash_set v0.1.4
[INFO] [stderr]    Compiling fontdue v0.7.3
[INFO] [stderr]    Compiling ouroboros_macro v0.15.6
[INFO] [stderr]    Compiling vtable v0.1.10
[INFO] [stderr]    Compiling codemap-diagnostic v0.1.1
[INFO] [stderr]    Compiling ab_glyph v0.2.21
[INFO] [stderr]    Compiling resvg v0.30.0
[INFO] [stderr]    Compiling url v2.3.1
[INFO] [stderr]    Compiling fontdb v0.13.1
[INFO] [stderr]    Compiling num_enum v0.6.1
[INFO] [stderr]    Compiling lyon_extra v1.0.1
[INFO] [stderr]    Compiling lyon_algorithms v1.0.3
[INFO] [stderr]    Compiling itertools v0.10.5
[INFO] [stderr]    Compiling x11rb-protocol v0.10.0
[INFO] [stderr]    Compiling winit v0.28.3
[INFO] [stderr]    Compiling glutin v0.30.7
[INFO] [stderr]    Compiling atk-sys v0.16.0
[INFO] [stderr]    Compiling gio-sys v0.16.3
[INFO] [stderr]    Compiling gdk-sys v0.16.0
[INFO] [stderr]    Compiling i-slint-core-macros v1.0.1
[INFO] [stderr]    Compiling integer-sqrt v0.1.5
[INFO] [stderr]    Compiling mio v0.8.6
[INFO] [stderr]    Compiling gethostname v0.2.3
[INFO] [stderr]    Compiling css-color-parser2 v1.0.1
[INFO] [stderr]    Compiling aho-corasick v0.7.20
[INFO] [stderr]    Compiling scoped-tls-hkt v0.1.2
[INFO] [stderr]    Compiling aliasable v0.1.3
[INFO] [stderr]    Compiling smol_str v0.2.0
[INFO] [stderr]    Compiling by_address v1.1.0
[INFO] [stderr]    Compiling futures-task v0.3.28
[INFO] [stderr]    Compiling pin-weak v1.1.0
[INFO] [stderr]    Compiling unicode-ccc v0.1.2
[INFO] [stderr]    Compiling cfg-if v0.1.10
[INFO] [stderr]    Compiling unicode-bidi-mirroring v0.1.0
[INFO] [stderr]    Compiling static_assertions v1.1.0
[INFO] [stderr]    Compiling clru v0.6.1
[INFO] [stderr]    Compiling futures-channel v0.3.28
[INFO] [stderr]    Compiling dunce v1.0.4
[INFO] [stderr]    Compiling futures-io v0.3.28
[INFO] [stderr]    Compiling rustybuzz v0.7.0
[INFO] [stderr]    Compiling i-slint-core v1.0.1
[INFO] [stderr]    Compiling generational-arena v0.2.8
[INFO] [stderr]    Compiling ouroboros v0.15.6
[INFO] [stderr]    Compiling cpp_macros v0.5.8
[INFO] [stderr]    Compiling i-slint-backend-qt v1.0.1
[INFO] [stderr]    Compiling spin_on v0.1.1
[INFO] [stderr]    Compiling glutin-winit v0.3.0
[INFO] [stderr]    Compiling pango-sys v0.16.3
[INFO] [stderr]    Compiling gdk-pixbuf-sys v0.16.3
[INFO] [stderr]    Compiling cairo-sys-rs v0.16.3
[INFO] [stderr]    Compiling io-lifetimes v1.0.10
[INFO] [stderr]    Compiling futures-util v0.3.28
[INFO] [stderr]    Compiling glow v0.12.1
[INFO] [stderr]    Compiling lru v0.9.0
[INFO] [stderr]    Compiling fnv v1.0.7
[INFO] [stderr]    Compiling imgref v1.9.4
[INFO] [stderr]    Compiling x11rb v0.10.1
[INFO] [stderr]    Compiling femtovg v0.6.0
[INFO] [stderr]    Compiling cpp v0.5.8
[INFO] [stderr]    Compiling fontdb v0.12.0
[INFO] [stderr]    Compiling x11-clipboard v0.7.1
[INFO] [stderr]    Compiling i-slint-backend-winit v1.0.1
[INFO] [stderr]    Compiling gtk-sys v0.16.0
[INFO] [stderr]    Compiling futures-macro v0.3.28
[INFO] [stderr]    Compiling polling v2.8.0
[INFO] [stderr]    Compiling rustix v0.37.14
[INFO] [stderr]    Compiling parking_lot_core v0.9.7
[INFO] [stderr]    Compiling i-slint-renderer-femtovg v1.0.1
[INFO] [stderr]    Compiling socket2 v0.4.9
[INFO] [stderr]    Compiling async-io v1.13.0
[INFO] [stderr]    Compiling encoding_rs v0.8.32
[INFO] [stderr]    Compiling linux-raw-sys v0.3.4
[INFO] [stderr]    Compiling parking v2.1.0
[INFO] [stderr]    Compiling waker-fn v1.1.0
[INFO] [stderr]    Compiling event-listener v2.5.3
[INFO] [stderr]    Compiling i-slint-backend-selector v1.0.1
[INFO] [stderr]    Compiling fastrand v1.9.0
[INFO] [stderr]    Compiling futures-lite v1.13.0
[INFO] [stderr]    Compiling async-lock v2.7.0
[INFO] [stderr]    Compiling concurrent-queue v2.2.0
[INFO] [stderr]    Compiling slint-build v1.0.1
[INFO] [stderr]    Compiling tokio v1.27.0
[INFO] [stderr]    Compiling rfd v0.11.3
[INFO] [stderr]    Compiling futures-executor v0.3.28
[INFO] [stderr]    Compiling parking_lot v0.12.1
[INFO] [stderr]    Compiling quick-xml v0.28.2
[INFO] [stderr]    Compiling codepage v0.1.1
[INFO] [stderr]    Compiling tokio-macros v2.0.0
[INFO] [stderr]    Compiling zip v0.6.6
[INFO] [stderr]    Compiling signal-hook-registry v1.4.1
[INFO] [stderr]    Compiling bytes v1.4.0
[INFO] [stderr]    Compiling calamine v0.20.0
[INFO] [stderr]    Compiling futures v0.3.28
[INFO] [stderr]    Compiling excel2json-rs v0.1.0 (/opt/rustwide/workdir)
[INFO] [stderr]    Compiling slint-macros v1.0.1
[INFO] [stderr]    Compiling sctk-adwaita v0.5.4
[INFO] [stderr]    Compiling smithay-clipboard v0.6.6
[INFO] [stderr]    Compiling copypasta v0.8.2
[INFO] [stderr]    Compiling slint v1.0.1
[INFO] [stdout] warning: unused import: `runtime::Handle`
[INFO] [stdout]  --> src/worker.rs:7:5
[INFO] [stdout]   |
[INFO] [stdout] 7 |     runtime::Handle,
[INFO] [stdout]   |     ^^^^^^^^^^^^^^^
[INFO] [stdout]   |
[INFO] [stdout]   = note: `#[warn(unused_imports)]` on by default
[INFO] [stdout] 
[INFO] [stdout] 
[INFO] [stdout] warning: unreachable expression
[INFO] [stdout]    --> src/worker.rs:113:5
[INFO] [stdout]     |
[INFO] [stdout] 53  | /     loop {
[INFO] [stdout] 54  | |         let m = futures::select! {
[INFO] [stdout] 55  | |             m = r.recv().fuse() => {
[INFO] [stdout] 56  | |                 match m {
[INFO] [stdout] ...   |
[INFO] [stdout] 110 | |         }
[INFO] [stdout] 111 | |     }
[INFO] [stdout]     | |_____- any code following this expression is unreachable
[INFO] [stdout] 112 |
[INFO] [stdout] 113 |       Ok(())
[INFO] [stdout]     |       ^^^^^^ unreachable expression
[INFO] [stdout]     |
[INFO] [stdout]     = note: `#[warn(unreachable_code)]` on by default
[INFO] [stdout] 
[INFO] [stdout] 
[INFO] [stdout] warning: unused variable: `default_str`
[INFO] [stdout]  --> src/convert.rs:4:9
[INFO] [stdout]   |
[INFO] [stdout] 4 |     let default_str = "";
[INFO] [stdout]   |         ^^^^^^^^^^^ help: if this is intentional, prefix it with an underscore: `_default_str`
[INFO] [stdout]   |
[INFO] [stdout]   = note: `#[warn(unused_variables)]` on by default
[INFO] [stdout] 
[INFO] [stdout] 
[INFO] [stdout] warning: unused variable: `ui_handle`
[INFO] [stdout]   --> src/main.rs:13:9
[INFO] [stdout]    |
[INFO] [stdout] 13 |     let ui_handle = ui.as_weak();
[INFO] [stdout]    |         ^^^^^^^^^ help: if this is intentional, prefix it with an underscore: `_ui_handle`
[INFO] [stdout] 
[INFO] [stdout] 
[INFO] [stdout] warning: function `convert_to_json_file` is never used
[INFO] [stdout]  --> src/convert.rs:3:4
[INFO] [stdout]   |
[INFO] [stdout] 3 | fn convert_to_json_file() {
[INFO] [stdout]   |    ^^^^^^^^^^^^^^^^^^^^
[INFO] [stdout]   |
[INFO] [stdout]   = note: `#[warn(dead_code)]` on by default
[INFO] [stdout] 
[INFO] [stdout] 
[INFO] [stdout] warning: variants `Quit`, `ShowOpenDialogForOutput`, `StartConvert`, and `PackageSelected` are never constructed
[INFO] [stdout]   --> src/worker.rs:13:5
[INFO] [stdout]    |
[INFO] [stdout] 12 | pub enum Message {
[INFO] [stdout]    |          ------- variants in this enum
[INFO] [stdout] 13 |     Quit,
[INFO] [stdout]    |     ^^^^
[INFO] [stdout] 14 |     ShowOpenDialog,
[INFO] [stdout] 15 |     ShowOpenDialogForOutput,
[INFO] [stdout]    |     ^^^^^^^^^^^^^^^^^^^^^^^
[INFO] [stdout] 16 |     StartConvert,
[INFO] [stdout]    |     ^^^^^^^^^^^^
[INFO] [stdout] 17 |     PackageSelected(SharedString),
[INFO] [stdout]    |     ^^^^^^^^^^^^^^^
[INFO] [stdout]    |
[INFO] [stdout]    = note: `Message` has a derived impl for the trait `Debug`, but this is intentionally ignored during dead code analysis
[INFO] [stdout] 
[INFO] [stdout] 
[INFO] [stdout] warning: field `worker_thread` is never read
[INFO] [stdout]   --> src/worker.rs:22:5
[INFO] [stdout]    |
[INFO] [stdout] 20 | pub struct Worker {
[INFO] [stdout]    |            ------ field in this struct
[INFO] [stdout] 21 |     pub channel: UnboundedSender<Message>,
[INFO] [stdout] 22 |     worker_thread: std::thread::JoinHandle<()>,
[INFO] [stdout]    |     ^^^^^^^^^^^^^
[INFO] [stdout] 
[INFO] [stdout] 
[INFO] [stdout] warning: method `join` is never used
[INFO] [stdout]   --> src/worker.rs:43:12
[INFO] [stdout]    |
[INFO] [stdout] 25 | impl Worker {
[INFO] [stdout]    | ----------- method in this implementation
[INFO] [stdout] ...
[INFO] [stdout] 43 |     pub fn join(self) -> std::thread::Result<()> {
[INFO] [stdout]    |            ^^^^
[INFO] [stdout] 
[INFO] [stdout] 
[INFO] [stdout] warning: 8 warnings emitted
[INFO] [stdout] 
[INFO] [stdout] 
[INFO] [stderr]     Finished dev [unoptimized + debuginfo] target(s) in 4m 35s
[INFO] running `Command { std: "docker" "inspect" "41298b3d9c638abd2d2215637ebd1c462ea2a79453aceecc60806c590086b76e", kill_on_drop: false }`
[INFO] running `Command { std: "docker" "rm" "-f" "41298b3d9c638abd2d2215637ebd1c462ea2a79453aceecc60806c590086b76e", kill_on_drop: false }`
[INFO] [stdout] 41298b3d9c638abd2d2215637ebd1c462ea2a79453aceecc60806c590086b76e
[INFO] running `Command { std: "docker" "create" "-v" "/var/lib/crater-agent-workspace/builds/worker-4-tc1/target:/opt/rustwide/target:rw,Z" "-v" "/var/lib/crater-agent-workspace/builds/worker-4-tc1/source:/opt/rustwide/workdir:ro,Z" "-v" "/var/lib/crater-agent-workspace/cargo-home:/opt/rustwide/cargo-home:ro,Z" "-v" "/var/lib/crater-agent-workspace/rustup-home:/opt/rustwide/rustup-home:ro,Z" "-e" "SOURCE_DIR=/opt/rustwide/workdir" "-e" "CARGO_TARGET_DIR=/opt/rustwide/target" "-e" "CARGO_INCREMENTAL=0" "-e" "RUST_BACKTRACE=full" "-e" "RUSTFLAGS=--cap-lints=warn" "-e" "RUSTDOCFLAGS=--cap-lints=warn" "-e" "CARGO_HOME=/opt/rustwide/cargo-home" "-e" "RUSTUP_HOME=/opt/rustwide/rustup-home" "-w" "/opt/rustwide/workdir" "-m" "1610612736" "--user" "0:0" "--network" "none" "ghcr.io/rust-lang/crates-build-env/linux@sha256:2788e3201cd34a07e3172128adcd8b3090168a8e3bcc40d7c032b9dda1df7d1c" "/opt/rustwide/cargo-home/bin/cargo" "+1.75.0" "test" "--frozen" "--no-run" "--message-format=json", kill_on_drop: false }`
[INFO] [stdout] f047354ed170f8fdaa9a8325ca3d0c8ef1ed9582fb9a70c3fdec7d9bb0824265
[INFO] running `Command { std: "docker" "start" "-a" "f047354ed170f8fdaa9a8325ca3d0c8ef1ed9582fb9a70c3fdec7d9bb0824265", kill_on_drop: false }`
[INFO] [stderr]    Compiling excel2json-rs v0.1.0 (/opt/rustwide/workdir)
[INFO] [stdout] warning: unused import: `runtime::Handle`
[INFO] [stdout]  --> src/worker.rs:7:5
[INFO] [stdout]   |
[INFO] [stdout] 7 |     runtime::Handle,
[INFO] [stdout]   |     ^^^^^^^^^^^^^^^
[INFO] [stdout]   |
[INFO] [stdout]   = note: `#[warn(unused_imports)]` on by default
[INFO] [stdout] 
[INFO] [stdout] 
[INFO] [stdout] warning: unreachable expression
[INFO] [stdout]    --> src/worker.rs:113:5
[INFO] [stdout]     |
[INFO] [stdout] 53  | /     loop {
[INFO] [stdout] 54  | |         let m = futures::select! {
[INFO] [stdout] 55  | |             m = r.recv().fuse() => {
[INFO] [stdout] 56  | |                 match m {
[INFO] [stdout] ...   |
[INFO] [stdout] 110 | |         }
[INFO] [stdout] 111 | |     }
[INFO] [stdout]     | |_____- any code following this expression is unreachable
[INFO] [stdout] 112 |
[INFO] [stdout] 113 |       Ok(())
[INFO] [stdout]     |       ^^^^^^ unreachable expression
[INFO] [stdout]     |
[INFO] [stdout]     = note: `#[warn(unreachable_code)]` on by default
[INFO] [stdout] 
[INFO] [stdout] 
[INFO] [stdout] warning: unused variable: `default_str`
[INFO] [stdout]  --> src/convert.rs:4:9
[INFO] [stdout]   |
[INFO] [stdout] 4 |     let default_str = "";
[INFO] [stdout]   |         ^^^^^^^^^^^ help: if this is intentional, prefix it with an underscore: `_default_str`
[INFO] [stdout]   |
[INFO] [stdout]   = note: `#[warn(unused_variables)]` on by default
[INFO] [stdout] 
[INFO] [stdout] 
[INFO] [stdout] warning: unused variable: `ui_handle`
[INFO] [stdout]   --> src/main.rs:13:9
[INFO] [stdout]    |
[INFO] [stdout] 13 |     let ui_handle = ui.as_weak();
[INFO] [stdout]    |         ^^^^^^^^^ help: if this is intentional, prefix it with an underscore: `_ui_handle`
[INFO] [stdout] 
[INFO] [stdout] 
[INFO] [stdout] warning: variants `Quit`, `ShowOpenDialogForOutput`, `StartConvert`, and `PackageSelected` are never constructed
[INFO] [stdout]   --> src/worker.rs:13:5
[INFO] [stdout]    |
[INFO] [stdout] 12 | pub enum Message {
[INFO] [stdout]    |          ------- variants in this enum
[INFO] [stdout] 13 |     Quit,
[INFO] [stdout]    |     ^^^^
[INFO] [stdout] 14 |     ShowOpenDialog,
[INFO] [stdout] 15 |     ShowOpenDialogForOutput,
[INFO] [stdout]    |     ^^^^^^^^^^^^^^^^^^^^^^^
[INFO] [stdout] 16 |     StartConvert,
[INFO] [stdout]    |     ^^^^^^^^^^^^
[INFO] [stdout] 17 |     PackageSelected(SharedString),
[INFO] [stdout]    |     ^^^^^^^^^^^^^^^
[INFO] [stdout]    |
[INFO] [stdout]    = note: `Message` has a derived impl for the trait `Debug`, but this is intentionally ignored during dead code analysis
[INFO] [stdout]    = note: `#[warn(dead_code)]` on by default
[INFO] [stdout] 
[INFO] [stdout] 
[INFO] [stdout] warning: field `worker_thread` is never read
[INFO] [stdout]   --> src/worker.rs:22:5
[INFO] [stdout]    |
[INFO] [stdout] 20 | pub struct Worker {
[INFO] [stdout]    |            ------ field in this struct
[INFO] [stdout] 21 |     pub channel: UnboundedSender<Message>,
[INFO] [stdout] 22 |     worker_thread: std::thread::JoinHandle<()>,
[INFO] [stdout]    |     ^^^^^^^^^^^^^
[INFO] [stdout] 
[INFO] [stdout] 
[INFO] [stdout] warning: method `join` is never used
[INFO] [stdout]   --> src/worker.rs:43:12
[INFO] [stdout]    |
[INFO] [stdout] 25 | impl Worker {
[INFO] [stdout]    | ----------- method in this implementation
[INFO] [stdout] ...
[INFO] [stdout] 43 |     pub fn join(self) -> std::thread::Result<()> {
[INFO] [stdout]    |            ^^^^
[INFO] [stdout] 
[INFO] [stdout] 
[INFO] [stdout] warning: 7 warnings emitted
[INFO] [stdout] 
[INFO] [stdout] 
[INFO] [stderr]     Finished test [unoptimized + debuginfo] target(s) in 11.69s
[INFO] running `Command { std: "docker" "inspect" "f047354ed170f8fdaa9a8325ca3d0c8ef1ed9582fb9a70c3fdec7d9bb0824265", kill_on_drop: false }`
[INFO] running `Command { std: "docker" "rm" "-f" "f047354ed170f8fdaa9a8325ca3d0c8ef1ed9582fb9a70c3fdec7d9bb0824265", kill_on_drop: false }`
[INFO] [stdout] f047354ed170f8fdaa9a8325ca3d0c8ef1ed9582fb9a70c3fdec7d9bb0824265
[INFO] running `Command { std: "docker" "create" "-v" "/var/lib/crater-agent-workspace/builds/worker-4-tc1/target:/opt/rustwide/target:rw,Z" "-v" "/var/lib/crater-agent-workspace/builds/worker-4-tc1/source:/opt/rustwide/workdir:ro,Z" "-v" "/var/lib/crater-agent-workspace/cargo-home:/opt/rustwide/cargo-home:ro,Z" "-v" "/var/lib/crater-agent-workspace/rustup-home:/opt/rustwide/rustup-home:ro,Z" "-e" "SOURCE_DIR=/opt/rustwide/workdir" "-e" "CARGO_TARGET_DIR=/opt/rustwide/target" "-e" "CARGO_INCREMENTAL=0" "-e" "RUST_BACKTRACE=full" "-e" "RUSTFLAGS=--cap-lints=warn" "-e" "RUSTDOCFLAGS=--cap-lints=warn" "-e" "CARGO_HOME=/opt/rustwide/cargo-home" "-e" "RUSTUP_HOME=/opt/rustwide/rustup-home" "-w" "/opt/rustwide/workdir" "-m" "1610612736" "--user" "0:0" "--network" "none" "ghcr.io/rust-lang/crates-build-env/linux@sha256:2788e3201cd34a07e3172128adcd8b3090168a8e3bcc40d7c032b9dda1df7d1c" "/opt/rustwide/cargo-home/bin/cargo" "+1.75.0" "test" "--frozen", kill_on_drop: false }`
[INFO] [stdout] 06bc2ebd7f51dc866b59df08cf23621f532f7955aeffc761b010965746c98398
[INFO] running `Command { std: "docker" "start" "-a" "06bc2ebd7f51dc866b59df08cf23621f532f7955aeffc761b010965746c98398", kill_on_drop: false }`
[INFO] [stderr] warning: unused import: `runtime::Handle`
[INFO] [stderr]  --> src/worker.rs:7:5
[INFO] [stderr]   |
[INFO] [stderr] 7 |     runtime::Handle,
[INFO] [stderr]   |     ^^^^^^^^^^^^^^^
[INFO] [stderr]   |
[INFO] [stderr]   = note: `#[warn(unused_imports)]` on by default
[INFO] [stderr] 
[INFO] [stderr] warning: unreachable expression
[INFO] [stderr]    --> src/worker.rs:113:5
[INFO] [stderr]     |
[INFO] [stderr] 53  | /     loop {
[INFO] [stderr] 54  | |         let m = futures::select! {
[INFO] [stderr] 55  | |             m = r.recv().fuse() => {
[INFO] [stderr] 56  | |                 match m {
[INFO] [stderr] ...   |
[INFO] [stderr] 110 | |         }
[INFO] [stderr] 111 | |     }
[INFO] [stderr]     | |_____- any code following this expression is unreachable
[INFO] [stderr] 112 |
[INFO] [stderr] 113 |       Ok(())
[INFO] [stderr]     |       ^^^^^^ unreachable expression
[INFO] [stderr]     |
[INFO] [stderr]     = note: `#[warn(unreachable_code)]` on by default
[INFO] [stderr] 
[INFO] [stderr] warning: unused variable: `default_str`
[INFO] [stderr]  --> src/convert.rs:4:9
[INFO] [stderr]   |
[INFO] [stderr] 4 |     let default_str = "";
[INFO] [stderr]   |         ^^^^^^^^^^^ help: if this is intentional, prefix it with an underscore: `_default_str`
[INFO] [stderr]   |
[INFO] [stderr]   = note: `#[warn(unused_variables)]` on by default
[INFO] [stderr] 
[INFO] [stderr] warning: unused variable: `ui_handle`
[INFO] [stderr]   --> src/main.rs:13:9
[INFO] [stderr]    |
[INFO] [stderr] 13 |     let ui_handle = ui.as_weak();
[INFO] [stderr]    |         ^^^^^^^^^ help: if this is intentional, prefix it with an underscore: `_ui_handle`
[INFO] [stderr] 
[INFO] [stderr] warning: variants `Quit`, `ShowOpenDialogForOutput`, `StartConvert`, and `PackageSelected` are never constructed
[INFO] [stderr]   --> src/worker.rs:13:5
[INFO] [stderr]    |
[INFO] [stderr] 12 | pub enum Message {
[INFO] [stderr]    |          ------- variants in this enum
[INFO] [stderr] 13 |     Quit,
[INFO] [stderr]    |     ^^^^
[INFO] [stderr] 14 |     ShowOpenDialog,
[INFO] [stderr] 15 |     ShowOpenDialogForOutput,
[INFO] [stderr]    |     ^^^^^^^^^^^^^^^^^^^^^^^
[INFO] [stderr] 16 |     StartConvert,
[INFO] [stderr]    |     ^^^^^^^^^^^^
[INFO] [stderr] 17 |     PackageSelected(SharedString),
[INFO] [stderr]    |     ^^^^^^^^^^^^^^^
[INFO] [stderr]    |
[INFO] [stderr]    = note: `Message` has a derived impl for the trait `Debug`, but this is intentionally ignored during dead code analysis
[INFO] [stderr]    = note: `#[warn(dead_code)]` on by default
[INFO] [stderr] 
[INFO] [stderr] warning: field `worker_thread` is never read
[INFO] [stderr]   --> src/worker.rs:22:5
[INFO] [stderr]    |
[INFO] [stderr] 20 | pub struct Worker {
[INFO] [stderr]    |            ------ field in this struct
[INFO] [stderr] 21 |     pub channel: UnboundedSender<Message>,
[INFO] [stderr] 22 |     worker_thread: std::thread::JoinHandle<()>,
[INFO] [stderr]    |     ^^^^^^^^^^^^^
[INFO] [stderr] 
[INFO] [stderr] warning: method `join` is never used
[INFO] [stderr]   --> src/worker.rs:43:12
[INFO] [stderr]    |
[INFO] [stderr] 25 | impl Worker {
[INFO] [stderr]    | ----------- method in this implementation
[INFO] [stderr] ...
[INFO] [stderr] 43 |     pub fn join(self) -> std::thread::Result<()> {
[INFO] [stderr]    |            ^^^^
[INFO] [stderr] 
[INFO] [stderr] warning: `excel2json-rs` (bin "excel2json-rs" test) generated 7 warnings (run `cargo fix --bin "excel2json-rs" --tests` to apply 3 suggestions)
[INFO] [stderr]     Finished test [unoptimized + debuginfo] target(s) in 0.68s
[INFO] [stderr]      Running unittests src/main.rs (/opt/rustwide/target/debug/deps/excel2json_rs-11e08a82e663553f)
[INFO] [stdout] 
[INFO] [stdout] running 2 tests
[INFO] [stdout] test worker::tests::test_default_dir1 ... ok
[INFO] [stdout] test convert::tests::test_convert_to_json_file1 ... FAILED
[INFO] [stdout] 
[INFO] [stdout] failures:
[INFO] [stdout] 
[INFO] [stdout] ---- convert::tests::test_convert_to_json_file1 stdout ----
[INFO] [stdout] thread 'convert::tests::test_convert_to_json_file1' panicked at src/convert.rs:16:55:
[INFO] [stdout] called `Option::unwrap()` on a `None` value
[INFO] [stdout] stack backtrace:
[INFO] [stdout]    0:     0x55c95d86211c - std::backtrace_rs::backtrace::libunwind::trace::ha637c64ce894333a
[INFO] [stdout]                                at /rustc/82e1608dfa6e0b5569232559e3d385fea5a93112/library/std/src/../../backtrace/src/backtrace/libunwind.rs:104:5
[INFO] [stdout]    1:     0x55c95d86211c - std::backtrace_rs::backtrace::trace_unsynchronized::h47f62dea28e0c88d
[INFO] [stdout]                                at /rustc/82e1608dfa6e0b5569232559e3d385fea5a93112/library/std/src/../../backtrace/src/backtrace/mod.rs:66:5
[INFO] [stdout]    2:     0x55c95d86211c - std::sys_common::backtrace::_print_fmt::h9eef0abe20ede486
[INFO] [stdout]                                at /rustc/82e1608dfa6e0b5569232559e3d385fea5a93112/library/std/src/sys_common/backtrace.rs:67:5
[INFO] [stdout]    3:     0x55c95d86211c - <std::sys_common::backtrace::_print::DisplayBacktrace as core::fmt::Display>::fmt::hed7f999df88cc644
[INFO] [stdout]                                at /rustc/82e1608dfa6e0b5569232559e3d385fea5a93112/library/std/src/sys_common/backtrace.rs:44:22
[INFO] [stdout]    4:     0x55c95d88ceb0 - core::fmt::rt::Argument::fmt::h1539a9308b8d058d
[INFO] [stdout]                                at /rustc/82e1608dfa6e0b5569232559e3d385fea5a93112/library/core/src/fmt/rt.rs:142:9
[INFO] [stdout]    5:     0x55c95d88ceb0 - core::fmt::write::h3a39390d8560d9c9
[INFO] [stdout]                                at /rustc/82e1608dfa6e0b5569232559e3d385fea5a93112/library/core/src/fmt/mod.rs:1120:17
[INFO] [stdout]    6:     0x55c95d85facf - std::io::Write::write_fmt::h040b369f3a0f9cbc
[INFO] [stdout]                                at /rustc/82e1608dfa6e0b5569232559e3d385fea5a93112/library/std/src/io/mod.rs:1762:15
[INFO] [stdout]    7:     0x55c95d861f04 - std::sys_common::backtrace::_print::h894006fb5c6f3d45
[INFO] [stdout]                                at /rustc/82e1608dfa6e0b5569232559e3d385fea5a93112/library/std/src/sys_common/backtrace.rs:47:5
[INFO] [stdout]    8:     0x55c95d861f04 - std::sys_common::backtrace::print::h23a2d212c6fff936
[INFO] [stdout]                                at /rustc/82e1608dfa6e0b5569232559e3d385fea5a93112/library/std/src/sys_common/backtrace.rs:34:9
[INFO] [stdout]    9:     0x55c95d863bc7 - std::panicking::default_hook::{{closure}}::h8a1d2ee00185001a
[INFO] [stdout]   10:     0x55c95d8638b3 - std::panicking::default_hook::h6038f2eba384e475
[INFO] [stdout]                                at /rustc/82e1608dfa6e0b5569232559e3d385fea5a93112/library/std/src/panicking.rs:289:9
[INFO] [stdout]   11:     0x55c95d785c27 - <alloc::boxed::Box<F,A> as core::ops::function::Fn<Args>>::call::h0ad024c9bdc6d768
[INFO] [stdout]                                at /rustc/82e1608dfa6e0b5569232559e3d385fea5a93112/library/alloc/src/boxed.rs:2021:9
[INFO] [stdout]   12:     0x55c95d785c27 - test::test_main::{{closure}}::h7500b54257359db6
[INFO] [stdout]                                at /rustc/82e1608dfa6e0b5569232559e3d385fea5a93112/library/test/src/lib.rs:138:21
[INFO] [stdout]   13:     0x55c95d8641d8 - <alloc::boxed::Box<F,A> as core::ops::function::Fn<Args>>::call::h1f8f335eaa9cfaee
[INFO] [stdout]                                at /rustc/82e1608dfa6e0b5569232559e3d385fea5a93112/library/alloc/src/boxed.rs:2021:9
[INFO] [stdout]   14:     0x55c95d8641d8 - std::panicking::rust_panic_with_hook::h2b5517d590cab22e
[INFO] [stdout]                                at /rustc/82e1608dfa6e0b5569232559e3d385fea5a93112/library/std/src/panicking.rs:783:13
[INFO] [stdout]   15:     0x55c95d863ef9 - std::panicking::begin_panic_handler::{{closure}}::h233112c06e0ef43e
[INFO] [stdout]                                at /rustc/82e1608dfa6e0b5569232559e3d385fea5a93112/library/std/src/panicking.rs:649:13
[INFO] [stdout]   16:     0x55c95d8625e6 - std::sys_common::backtrace::__rust_end_short_backtrace::h6e893f24d7ebbff8
[INFO] [stdout]                                at /rustc/82e1608dfa6e0b5569232559e3d385fea5a93112/library/std/src/sys_common/backtrace.rs:170:18
[INFO] [stdout]   17:     0x55c95d863c92 - rust_begin_unwind
[INFO] [stdout]                                at /rustc/82e1608dfa6e0b5569232559e3d385fea5a93112/library/std/src/panicking.rs:645:5
[INFO] [stdout]   18:     0x55c95d72b1c5 - core::panicking::panic_fmt::hbf0e066aabfa482c
[INFO] [stdout]                                at /rustc/82e1608dfa6e0b5569232559e3d385fea5a93112/library/core/src/panicking.rs:72:14
[INFO] [stdout]   19:     0x55c95d72b263 - core::panicking::panic::h195fc2a96298d4c3
[INFO] [stdout]                                at /rustc/82e1608dfa6e0b5569232559e3d385fea5a93112/library/core/src/panicking.rs:127:5
[INFO] [stdout]   20:     0x55c95d7443aa - core::option::Option<T>::unwrap::h3880f4098837bff3
[INFO] [stdout]                                at /rustc/82e1608dfa6e0b5569232559e3d385fea5a93112/library/core/src/option.rs:931:21
[INFO] [stdout]   21:     0x55c95d747879 - excel2json_rs::convert::convert_to_json_file::h2ed82fef317e5f10
[INFO] [stdout]                                at /opt/rustwide/workdir/src/convert.rs:16:38
[INFO] [stdout]   22:     0x55c95d74ac06 - excel2json_rs::convert::tests::test_convert_to_json_file1::h99ebcb69a2e79b4e
[INFO] [stdout]                                at /opt/rustwide/workdir/src/convert.rs:53:9
[INFO] [stdout]   23:     0x55c95d74abe7 - excel2json_rs::convert::tests::test_convert_to_json_file1::{{closure}}::hbba713846bc47936
[INFO] [stdout]                                at /opt/rustwide/workdir/src/convert.rs:52:36
[INFO] [stdout]   24:     0x55c95d750126 - core::ops::function::FnOnce::call_once::h00fce5f520d8327d
[INFO] [stdout]                                at /rustc/82e1608dfa6e0b5569232559e3d385fea5a93112/library/core/src/ops/function.rs:250:5
[INFO] [stdout]   25:     0x55c95d78b27f - core::ops::function::FnOnce::call_once::h2b5d431d5046312d
[INFO] [stdout]                                at /rustc/82e1608dfa6e0b5569232559e3d385fea5a93112/library/core/src/ops/function.rs:250:5
[INFO] [stdout]   26:     0x55c95d78b27f - test::__rust_begin_short_backtrace::h7714669af176e207
[INFO] [stdout]                                at /rustc/82e1608dfa6e0b5569232559e3d385fea5a93112/library/test/src/lib.rs:628:18
[INFO] [stdout]   27:     0x55c95d78a295 - test::run_test_in_process::{{closure}}::h85218797dcbcec12
[INFO] [stdout]                                at /rustc/82e1608dfa6e0b5569232559e3d385fea5a93112/library/test/src/lib.rs:651:60
[INFO] [stdout]   28:     0x55c95d78a295 - <core::panic::unwind_safe::AssertUnwindSafe<F> as core::ops::function::FnOnce<()>>::call_once::h76c106ea31c14d7b
[INFO] [stdout]                                at /rustc/82e1608dfa6e0b5569232559e3d385fea5a93112/library/core/src/panic/unwind_safe.rs:272:9
[INFO] [stdout]   29:     0x55c95d78a295 - std::panicking::try::do_call::h3bd5d0f6620ee946
[INFO] [stdout]                                at /rustc/82e1608dfa6e0b5569232559e3d385fea5a93112/library/std/src/panicking.rs:552:40
[INFO] [stdout]   30:     0x55c95d78a295 - std::panicking::try::h232e535e4744fe31
[INFO] [stdout]                                at /rustc/82e1608dfa6e0b5569232559e3d385fea5a93112/library/std/src/panicking.rs:516:19
[INFO] [stdout]   31:     0x55c95d78a295 - std::panic::catch_unwind::h3ce3bd6ca8dbac68
[INFO] [stdout]                                at /rustc/82e1608dfa6e0b5569232559e3d385fea5a93112/library/std/src/panic.rs:142:14
[INFO] [stdout]   32:     0x55c95d78a295 - test::run_test_in_process::hc97b257c9621286a
[INFO] [stdout]                                at /rustc/82e1608dfa6e0b5569232559e3d385fea5a93112/library/test/src/lib.rs:651:27
[INFO] [stdout]   33:     0x55c95d78a295 - test::run_test::{{closure}}::h2aa798823a438d38
[INFO] [stdout]                                at /rustc/82e1608dfa6e0b5569232559e3d385fea5a93112/library/test/src/lib.rs:574:43
[INFO] [stdout]   34:     0x55c95d752556 - test::run_test::{{closure}}::h87d231c78fb59832
[INFO] [stdout]                                at /rustc/82e1608dfa6e0b5569232559e3d385fea5a93112/library/test/src/lib.rs:602:41
[INFO] [stdout]   35:     0x55c95d752556 - std::sys_common::backtrace::__rust_begin_short_backtrace::he6df152596625789
[INFO] [stdout]                                at /rustc/82e1608dfa6e0b5569232559e3d385fea5a93112/library/std/src/sys_common/backtrace.rs:154:18
[INFO] [stdout]   36:     0x55c95d757607 - std::thread::Builder::spawn_unchecked_::{{closure}}::{{closure}}::ha94be15d1e0acf36
[INFO] [stdout]                                at /rustc/82e1608dfa6e0b5569232559e3d385fea5a93112/library/std/src/thread/mod.rs:529:17
[INFO] [stdout]   37:     0x55c95d757607 - <core::panic::unwind_safe::AssertUnwindSafe<F> as core::ops::function::FnOnce<()>>::call_once::h9dc6bd6372f16606
[INFO] [stdout]                                at /rustc/82e1608dfa6e0b5569232559e3d385fea5a93112/library/core/src/panic/unwind_safe.rs:272:9
[INFO] [stdout]   38:     0x55c95d757607 - std::panicking::try::do_call::h9057517f80303cd4
[INFO] [stdout]                                at /rustc/82e1608dfa6e0b5569232559e3d385fea5a93112/library/std/src/panicking.rs:552:40
[INFO] [stdout]   39:     0x55c95d757607 - std::panicking::try::he3a30b11ee45340c
[INFO] [stdout]                                at /rustc/82e1608dfa6e0b5569232559e3d385fea5a93112/library/std/src/panicking.rs:516:19
[INFO] [stdout]   40:     0x55c95d757607 - std::panic::catch_unwind::h410458cfd3528b8b
[INFO] [stdout]                                at /rustc/82e1608dfa6e0b5569232559e3d385fea5a93112/library/std/src/panic.rs:142:14
[INFO] [stdout]   41:     0x55c95d757607 - std::thread::Builder::spawn_unchecked_::{{closure}}::h72ac3bdb567b737b
[INFO] [stdout]                                at /rustc/82e1608dfa6e0b5569232559e3d385fea5a93112/library/std/src/thread/mod.rs:528:30
[INFO] [stdout]   42:     0x55c95d757607 - core::ops::function::FnOnce::call_once{{vtable.shim}}::h38f34da3654a8344
[INFO] [stdout]                                at /rustc/82e1608dfa6e0b5569232559e3d385fea5a93112/library/core/src/ops/function.rs:250:5
[INFO] [stdout]   43:     0x55c95d868c65 - <alloc::boxed::Box<F,A> as core::ops::function::FnOnce<Args>>::call_once::hc7eafaff61e32df9
[INFO] [stdout]                                at /rustc/82e1608dfa6e0b5569232559e3d385fea5a93112/library/alloc/src/boxed.rs:2007:9
[INFO] [stdout]   44:     0x55c95d868c65 - <alloc::boxed::Box<F,A> as core::ops::function::FnOnce<Args>>::call_once::h6ba4a5de48dd2304
[INFO] [stdout]                                at /rustc/82e1608dfa6e0b5569232559e3d385fea5a93112/library/alloc/src/boxed.rs:2007:9
[INFO] [stdout]   45:     0x55c95d868c65 - std::sys::unix::thread::Thread::new::thread_start::he469335aef763e45
[INFO] [stdout]                                at /rustc/82e1608dfa6e0b5569232559e3d385fea5a93112/library/std/src/sys/unix/thread.rs:108:17
[INFO] [stdout]   46:     0x7f85496fdac3 - <unknown>
[INFO] [stdout]   47:     0x7f854978ebf4 - __clone
[INFO] [stdout]   48:                0x0 - <unknown>
[INFO] [stdout] 
[INFO] [stdout] 
[INFO] [stdout] failures:
[INFO] [stdout]     convert::tests::test_convert_to_json_file1
[INFO] [stdout] 
[INFO] [stdout] test result: FAILED. 1 passed; 1 failed; 0 ignored; 0 measured; 0 filtered out; finished in 0.23s
[INFO] [stdout] 
[INFO] [stderr] error: test failed, to rerun pass `--bin excel2json-rs`
[INFO] running `Command { std: "docker" "inspect" "06bc2ebd7f51dc866b59df08cf23621f532f7955aeffc761b010965746c98398", kill_on_drop: false }`
[INFO] running `Command { std: "docker" "rm" "-f" "06bc2ebd7f51dc866b59df08cf23621f532f7955aeffc761b010965746c98398", kill_on_drop: false }`
[INFO] [stdout] 06bc2ebd7f51dc866b59df08cf23621f532f7955aeffc761b010965746c98398
