[INFO] cloning repository https://github.com/sudipghimire533/new.ytui-music
[INFO] running `Command { std: "git" "-c" "credential.helper=" "-c" "credential.helper=/workspace/cargo-home/bin/git-credential-null" "clone" "--bare" "https://github.com/sudipghimire533/new.ytui-music" "/workspace/cache/git-repos/https%3A%2F%2Fgithub.com%2Fsudipghimire533%2Fnew.ytui-music", kill_on_drop: false }`
[INFO] [stderr] Cloning into bare repository '/workspace/cache/git-repos/https%3A%2F%2Fgithub.com%2Fsudipghimire533%2Fnew.ytui-music'...
[INFO] running `Command { std: "git" "rev-parse" "HEAD", kill_on_drop: false }`
[INFO] [stdout] d871112a328ce546f7dceed2ea7bd05bb7c07fe2
[INFO] testing sudipghimire533/new.ytui-music against 1.75.0 for beta-1.76-1
[INFO] running `Command { std: "git" "clone" "/workspace/cache/git-repos/https%3A%2F%2Fgithub.com%2Fsudipghimire533%2Fnew.ytui-music" "/workspace/builds/worker-6-tc1/source", kill_on_drop: false }`
[INFO] [stderr] Cloning into '/workspace/builds/worker-6-tc1/source'...
[INFO] [stderr] done.
[INFO] validating manifest of git repo https://github.com/sudipghimire533/new.ytui-music on toolchain 1.75.0
[INFO] running `Command { std: CARGO_HOME="/workspace/cargo-home" RUSTUP_HOME="/workspace/rustup-home" "/workspace/cargo-home/bin/cargo" "+1.75.0" "metadata" "--manifest-path" "Cargo.toml" "--no-deps", kill_on_drop: false }`
[INFO] started tweaking git repo https://github.com/sudipghimire533/new.ytui-music
[INFO] finished tweaking git repo https://github.com/sudipghimire533/new.ytui-music
[INFO] tweaked toml for git repo https://github.com/sudipghimire533/new.ytui-music written to /workspace/builds/worker-6-tc1/source/Cargo.toml
[INFO] crate git repo https://github.com/sudipghimire533/new.ytui-music already has a lockfile, it will not be regenerated
[INFO] running `Command { std: CARGO_HOME="/workspace/cargo-home" RUSTUP_HOME="/workspace/rustup-home" "/workspace/cargo-home/bin/cargo" "+1.75.0" "fetch" "--manifest-path" "Cargo.toml", kill_on_drop: false }`
[INFO] [stderr] warning: virtual workspace defaulting to `resolver = "1"` despite one or more workspace members being on edition 2021 which implies `resolver = "2"`
[INFO] [stderr] note: to keep the current resolver, specify `workspace.resolver = "1"` in the workspace root's manifest
[INFO] [stderr] note: to use the edition 2021 resolver, specify `workspace.resolver = "2"` in the workspace root's manifest
[INFO] [stderr] note: for more details see https://doc.rust-lang.org/cargo/reference/resolver.html#resolver-versions
[INFO] [stderr] warning: /workspace/builds/worker-6-tc1/source/drawer/Cargo.toml: file `/workspace/builds/worker-6-tc1/source/drawer/src/main.rs` found to be present in multiple build targets:
[INFO] [stderr]   * `lib` target `drawer`
[INFO] [stderr]   * `bin` target `drawer`
[INFO] running `Command { std: "docker" "create" "-v" "/var/lib/crater-agent-workspace/builds/worker-6-tc1/target:/opt/rustwide/target:rw,Z" "-v" "/var/lib/crater-agent-workspace/builds/worker-6-tc1/source:/opt/rustwide/workdir:ro,Z" "-v" "/var/lib/crater-agent-workspace/cargo-home:/opt/rustwide/cargo-home:ro,Z" "-v" "/var/lib/crater-agent-workspace/rustup-home:/opt/rustwide/rustup-home:ro,Z" "-e" "SOURCE_DIR=/opt/rustwide/workdir" "-e" "CARGO_TARGET_DIR=/opt/rustwide/target" "-e" "CARGO_HOME=/opt/rustwide/cargo-home" "-e" "RUSTUP_HOME=/opt/rustwide/rustup-home" "-w" "/opt/rustwide/workdir" "-m" "1610612736" "--user" "0:0" "--network" "none" "ghcr.io/rust-lang/crates-build-env/linux@sha256:2788e3201cd34a07e3172128adcd8b3090168a8e3bcc40d7c032b9dda1df7d1c" "/opt/rustwide/cargo-home/bin/cargo" "+1.75.0" "metadata" "--no-deps" "--format-version=1", kill_on_drop: false }`
[INFO] [stdout] d7ef3b74968e02d861905d4df5ef86882c50d7a71338c28c5f3d92a958e43db1
[INFO] running `Command { std: "docker" "start" "-a" "d7ef3b74968e02d861905d4df5ef86882c50d7a71338c28c5f3d92a958e43db1", kill_on_drop: false }`
[INFO] running `Command { std: "docker" "inspect" "d7ef3b74968e02d861905d4df5ef86882c50d7a71338c28c5f3d92a958e43db1", kill_on_drop: false }`
[INFO] running `Command { std: "docker" "rm" "-f" "d7ef3b74968e02d861905d4df5ef86882c50d7a71338c28c5f3d92a958e43db1", kill_on_drop: false }`
[INFO] [stdout] d7ef3b74968e02d861905d4df5ef86882c50d7a71338c28c5f3d92a958e43db1
[INFO] running `Command { std: "docker" "create" "-v" "/var/lib/crater-agent-workspace/builds/worker-6-tc1/target:/opt/rustwide/target:rw,Z" "-v" "/var/lib/crater-agent-workspace/builds/worker-6-tc1/source:/opt/rustwide/workdir:ro,Z" "-v" "/var/lib/crater-agent-workspace/cargo-home:/opt/rustwide/cargo-home:ro,Z" "-v" "/var/lib/crater-agent-workspace/rustup-home:/opt/rustwide/rustup-home:ro,Z" "-e" "SOURCE_DIR=/opt/rustwide/workdir" "-e" "CARGO_TARGET_DIR=/opt/rustwide/target" "-e" "CARGO_INCREMENTAL=0" "-e" "RUST_BACKTRACE=full" "-e" "RUSTFLAGS=--cap-lints=warn" "-e" "RUSTDOCFLAGS=--cap-lints=warn" "-e" "CARGO_HOME=/opt/rustwide/cargo-home" "-e" "RUSTUP_HOME=/opt/rustwide/rustup-home" "-w" "/opt/rustwide/workdir" "-m" "1610612736" "--user" "0:0" "--network" "none" "ghcr.io/rust-lang/crates-build-env/linux@sha256:2788e3201cd34a07e3172128adcd8b3090168a8e3bcc40d7c032b9dda1df7d1c" "/opt/rustwide/cargo-home/bin/cargo" "+1.75.0" "build" "--frozen" "--message-format=json", kill_on_drop: false }`
[INFO] [stdout] 5b401a87569b492715bbbf5d5da8c4489cfc93b1d380b3cb8b031a73ab20bffe
[INFO] running `Command { std: "docker" "start" "-a" "5b401a87569b492715bbbf5d5da8c4489cfc93b1d380b3cb8b031a73ab20bffe", kill_on_drop: false }`
[INFO] [stderr] warning: virtual workspace defaulting to `resolver = "1"` despite one or more workspace members being on edition 2021 which implies `resolver = "2"`
[INFO] [stderr] note: to keep the current resolver, specify `workspace.resolver = "1"` in the workspace root's manifest
[INFO] [stderr] note: to use the edition 2021 resolver, specify `workspace.resolver = "2"` in the workspace root's manifest
[INFO] [stderr] note: for more details see https://doc.rust-lang.org/cargo/reference/resolver.html#resolver-versions
[INFO] [stderr] warning: /opt/rustwide/workdir/drawer/Cargo.toml: file `/opt/rustwide/workdir/drawer/src/main.rs` found to be present in multiple build targets:
[INFO] [stderr]   * `lib` target `drawer`
[INFO] [stderr]   * `bin` target `drawer`
[INFO] [stderr]    Compiling libc v0.2.126
[INFO] [stderr]    Compiling proc-macro2 v1.0.40
[INFO] [stderr]    Compiling quote v1.0.20
[INFO] [stderr]    Compiling unicode-ident v1.0.2
[INFO] [stderr]    Compiling syn v1.0.98
[INFO] [stderr]    Compiling cfg-if v1.0.0
[INFO] [stderr]    Compiling serde_derive v1.0.140
[INFO] [stderr]    Compiling autocfg v1.1.0
[INFO] [stderr]    Compiling log v0.4.17
[INFO] [stderr]    Compiling serde v1.0.140
[INFO] [stderr]    Compiling parking_lot_core v0.8.5
[INFO] [stderr]    Compiling signal-hook v0.3.14
[INFO] [stderr]    Compiling serde_json v1.0.82
[INFO] [stderr]    Compiling smallvec v1.9.0
[INFO] [stderr]    Compiling futures-core v0.3.21
[INFO] [stderr]    Compiling ryu v1.0.10
[INFO] [stderr]    Compiling instant v0.1.12
[INFO] [stderr]    Compiling itoa v1.0.2
[INFO] [stderr]    Compiling scopeguard v1.1.0
[INFO] [stderr]    Compiling numtoa v0.1.0
[INFO] [stderr]    Compiling bitflags v1.3.2
[INFO] [stderr]    Compiling unicode-segmentation v1.9.0
[INFO] [stderr]    Compiling unicode-width v0.1.9
[INFO] [stderr]    Compiling cassowary v0.3.0
[INFO] [stderr]    Compiling lock_api v0.4.7
[INFO] [stderr]    Compiling signal-hook-registry v1.4.0
[INFO] [stderr]    Compiling mio v0.7.14
[INFO] [stderr]    Compiling termion v1.5.6
[INFO] [stderr]    Compiling dirs-sys v0.3.7
[INFO] [stderr]    Compiling dirs v4.0.0
[INFO] [stderr]    Compiling parking_lot v0.11.2
[INFO] [stderr]    Compiling signal-hook-mio v0.2.3
[INFO] [stderr]    Compiling crossterm v0.20.0
[INFO] [stderr]    Compiling tui v0.16.0
[INFO] [stderr]    Compiling layout-config v0.1.0 (/opt/rustwide/workdir/layout-config)
[INFO] [stderr]    Compiling layout v0.1.0 (/opt/rustwide/workdir/layout)
[INFO] [stderr]    Compiling user-config v0.1.0 (/opt/rustwide/workdir/user-config)
[INFO] [stderr]    Compiling drawer v0.1.0 (/opt/rustwide/workdir/drawer)
[INFO] [stdout] warning: unreachable statement
[INFO] [stdout]   --> drawer/src/init/config.rs:29:5
[INFO] [stdout]    |
[INFO] [stdout] 26 |         return Ok(user_config::default_config());
[INFO] [stdout]    |         ---------------------------------------- any code following this expression is unreachable
[INFO] [stdout] ...
[INFO] [stdout] 29 |     let reader = config_source().map_err(|e| format!("While getting config source: {e:?}"))?;
[INFO] [stdout]    |     ^^^^^^^^^^^^^^^^^^^^^^^^^^^^^^^^^^^^^^^^^^^^^^^^^^^^^^^^^^^^^^^^^^^^^^^^^^^^^^^^^^^^^^^^^ unreachable statement
[INFO] [stdout]    |
[INFO] [stdout]    = note: `#[warn(unreachable_code)]` on by default
[INFO] [stdout] 
[INFO] [stdout] 
[INFO] [stdout] warning: unused variable: `config_source`
[INFO] [stdout]   --> drawer/src/init/config.rs:18:25
[INFO] [stdout]    |
[INFO] [stdout] 18 | pub fn get_config<F, R>(config_source: F) -> Result<Config, String>
[INFO] [stdout]    |                         ^^^^^^^^^^^^^ help: if this is intentional, prefix it with an underscore: `_config_source`
[INFO] [stdout]    |
[INFO] [stdout]    = note: `#[warn(unused_variables)]` on by default
[INFO] [stdout] 
[INFO] [stdout] 
[INFO] [stdout] warning: 2 warnings emitted
[INFO] [stdout] 
[INFO] [stdout] 
[INFO] [stdout] warning: unreachable statement
[INFO] [stdout]   --> drawer/src/init/config.rs:29:5
[INFO] [stdout]    |
[INFO] [stdout] 26 |         return Ok(user_config::default_config());
[INFO] [stdout]    |         ---------------------------------------- any code following this expression is unreachable
[INFO] [stdout] ...
[INFO] [stdout] 29 |     let reader = config_source().map_err(|e| format!("While getting config source: {e:?}"))?;
[INFO] [stdout]    |     ^^^^^^^^^^^^^^^^^^^^^^^^^^^^^^^^^^^^^^^^^^^^^^^^^^^^^^^^^^^^^^^^^^^^^^^^^^^^^^^^^^^^^^^^^ unreachable statement
[INFO] [stdout]    |
[INFO] [stdout]    = note: `#[warn(unreachable_code)]` on by default
[INFO] [stdout] 
[INFO] [stdout] 
[INFO] [stdout] warning: unused variable: `config_source`
[INFO] [stdout]   --> drawer/src/init/config.rs:18:25
[INFO] [stdout]    |
[INFO] [stdout] 18 | pub fn get_config<F, R>(config_source: F) -> Result<Config, String>
[INFO] [stdout]    |                         ^^^^^^^^^^^^^ help: if this is intentional, prefix it with an underscore: `_config_source`
[INFO] [stdout]    |
[INFO] [stdout]    = note: `#[warn(unused_variables)]` on by default
[INFO] [stdout] 
[INFO] [stdout] 
[INFO] [stdout] warning: 2 warnings emitted
[INFO] [stdout] 
[INFO] [stdout] 
[INFO] [stderr]     Finished dev [unoptimized + debuginfo] target(s) in 6.77s
[INFO] running `Command { std: "docker" "inspect" "5b401a87569b492715bbbf5d5da8c4489cfc93b1d380b3cb8b031a73ab20bffe", kill_on_drop: false }`
[INFO] running `Command { std: "docker" "rm" "-f" "5b401a87569b492715bbbf5d5da8c4489cfc93b1d380b3cb8b031a73ab20bffe", kill_on_drop: false }`
[INFO] [stdout] 5b401a87569b492715bbbf5d5da8c4489cfc93b1d380b3cb8b031a73ab20bffe
[INFO] running `Command { std: "docker" "create" "-v" "/var/lib/crater-agent-workspace/builds/worker-6-tc1/target:/opt/rustwide/target:rw,Z" "-v" "/var/lib/crater-agent-workspace/builds/worker-6-tc1/source:/opt/rustwide/workdir:ro,Z" "-v" "/var/lib/crater-agent-workspace/cargo-home:/opt/rustwide/cargo-home:ro,Z" "-v" "/var/lib/crater-agent-workspace/rustup-home:/opt/rustwide/rustup-home:ro,Z" "-e" "SOURCE_DIR=/opt/rustwide/workdir" "-e" "CARGO_TARGET_DIR=/opt/rustwide/target" "-e" "CARGO_INCREMENTAL=0" "-e" "RUST_BACKTRACE=full" "-e" "RUSTFLAGS=--cap-lints=warn" "-e" "RUSTDOCFLAGS=--cap-lints=warn" "-e" "CARGO_HOME=/opt/rustwide/cargo-home" "-e" "RUSTUP_HOME=/opt/rustwide/rustup-home" "-w" "/opt/rustwide/workdir" "-m" "1610612736" "--user" "0:0" "--network" "none" "ghcr.io/rust-lang/crates-build-env/linux@sha256:2788e3201cd34a07e3172128adcd8b3090168a8e3bcc40d7c032b9dda1df7d1c" "/opt/rustwide/cargo-home/bin/cargo" "+1.75.0" "test" "--frozen" "--no-run" "--message-format=json", kill_on_drop: false }`
[INFO] [stdout] d18a0e9f88f7e4ed1301b126e4dbd03a9861ce4079d57dc5568736435e232d22
[INFO] running `Command { std: "docker" "start" "-a" "d18a0e9f88f7e4ed1301b126e4dbd03a9861ce4079d57dc5568736435e232d22", kill_on_drop: false }`
[INFO] [stderr] warning: virtual workspace defaulting to `resolver = "1"` despite one or more workspace members being on edition 2021 which implies `resolver = "2"`
[INFO] [stderr] note: to keep the current resolver, specify `workspace.resolver = "1"` in the workspace root's manifest
[INFO] [stderr] note: to use the edition 2021 resolver, specify `workspace.resolver = "2"` in the workspace root's manifest
[INFO] [stderr] note: for more details see https://doc.rust-lang.org/cargo/reference/resolver.html#resolver-versions
[INFO] [stderr] warning: /opt/rustwide/workdir/drawer/Cargo.toml: file `/opt/rustwide/workdir/drawer/src/main.rs` found to be present in multiple build targets:
[INFO] [stderr]   * `lib` target `drawer`
[INFO] [stderr]   * `bin` target `drawer`
[INFO] [stderr]    Compiling layout-config v0.1.0 (/opt/rustwide/workdir/layout-config)
[INFO] [stderr]    Compiling user-config v0.1.0 (/opt/rustwide/workdir/user-config)
[INFO] [stderr]    Compiling drawer v0.1.0 (/opt/rustwide/workdir/drawer)
[INFO] [stdout] warning: unreachable statement
[INFO] [stdout]   --> drawer/src/init/config.rs:29:5
[INFO] [stdout]    |
[INFO] [stdout] 26 |         return Ok(user_config::default_config());
[INFO] [stdout]    |         ---------------------------------------- any code following this expression is unreachable
[INFO] [stdout] ...
[INFO] [stdout] 29 |     let reader = config_source().map_err(|e| format!("While getting config source: {e:?}"))?;
[INFO] [stdout]    |     ^^^^^^^^^^^^^^^^^^^^^^^^^^^^^^^^^^^^^^^^^^^^^^^^^^^^^^^^^^^^^^^^^^^^^^^^^^^^^^^^^^^^^^^^^ unreachable statement
[INFO] [stdout]    |
[INFO] [stdout]    = note: `#[warn(unreachable_code)]` on by default
[INFO] [stdout] 
[INFO] [stdout] 
[INFO] [stderr]    Compiling layout v0.1.0 (/opt/rustwide/workdir/layout)
[INFO] [stdout] warning: unused variable: `config_source`
[INFO] [stdout]   --> drawer/src/init/config.rs:18:25
[INFO] [stdout]    |
[INFO] [stdout] 18 | pub fn get_config<F, R>(config_source: F) -> Result<Config, String>
[INFO] [stdout]    |                         ^^^^^^^^^^^^^ help: if this is intentional, prefix it with an underscore: `_config_source`
[INFO] [stdout]    |
[INFO] [stdout]    = note: `#[warn(unused_variables)]` on by default
[INFO] [stdout] 
[INFO] [stdout] 
[INFO] [stdout] warning: 2 warnings emitted
[INFO] [stdout] 
[INFO] [stdout] 
[INFO] [stderr]    Compiling examples v0.1.0 (/opt/rustwide/workdir/examples)
[INFO] [stdout] warning: unused imports: `Block`, `Borders`, `Direction`, `Layout`
[INFO] [stdout]   --> examples/gadgets/common.rs:9:26
[INFO] [stdout]    |
[INFO] [stdout] 9  |     layout::{Constraint, Direction, Layout},
[INFO] [stdout]    |                          ^^^^^^^^^  ^^^^^^
[INFO] [stdout] 10 |     widgets::{Block, Borders},
[INFO] [stdout]    |               ^^^^^  ^^^^^^^
[INFO] [stdout]    |
[INFO] [stdout]    = note: `#[warn(unused_imports)]` on by default
[INFO] [stdout] 
[INFO] [stdout] 
[INFO] [stdout] warning: unused imports: `Block`, `Borders`, `Constraint`, `Direction`, `Layout`
[INFO] [stdout]   --> examples/gadgets/common.rs:9:14
[INFO] [stdout]    |
[INFO] [stdout] 9  |     layout::{Constraint, Direction, Layout},
[INFO] [stdout]    |              ^^^^^^^^^^  ^^^^^^^^^  ^^^^^^
[INFO] [stdout] 10 |     widgets::{Block, Borders},
[INFO] [stdout]    |               ^^^^^  ^^^^^^^
[INFO] [stdout]    |
[INFO] [stdout]    = note: `#[warn(unused_imports)]` on by default
[INFO] [stdout] 
[INFO] [stdout] 
[INFO] [stdout] warning: unused imports: `Block`, `Borders`, `Constraint`, `Direction`, `Layout`
[INFO] [stdout]   --> examples/gadgets/common.rs:9:14
[INFO] [stdout]    |
[INFO] [stdout] 9  |     layout::{Constraint, Direction, Layout},
[INFO] [stdout]    |              ^^^^^^^^^^  ^^^^^^^^^  ^^^^^^
[INFO] [stdout] 10 |     widgets::{Block, Borders},
[INFO] [stdout]    |               ^^^^^  ^^^^^^^
[INFO] [stdout]    |
[INFO] [stdout]    = note: `#[warn(unused_imports)]` on by default
[INFO] [stdout] 
[INFO] [stdout] 
[INFO] [stdout] warning: unused imports: `Block`, `Borders`, `Constraint`, `Direction`, `Frame`, `Layout`
[INFO] [stdout]   --> examples/gadgets/common.rs:9:14
[INFO] [stdout]    |
[INFO] [stdout] 9  |     layout::{Constraint, Direction, Layout},
[INFO] [stdout]    |              ^^^^^^^^^^  ^^^^^^^^^  ^^^^^^
[INFO] [stdout] 10 |     widgets::{Block, Borders},
[INFO] [stdout]    |               ^^^^^  ^^^^^^^
[INFO] [stdout] 11 |     Frame, Terminal,
[INFO] [stdout]    |     ^^^^^
[INFO] [stdout]    |
[INFO] [stdout]    = note: `#[warn(unused_imports)]` on by default
[INFO] [stdout] 
[INFO] [stdout] 
[INFO] [stdout] warning: unused imports: `Block`, `Borders`, `Constraint`, `Direction`, `Layout`
[INFO] [stdout]   --> examples/gadgets/common.rs:9:14
[INFO] [stdout]    |
[INFO] [stdout] 9  |     layout::{Constraint, Direction, Layout},
[INFO] [stdout]    |              ^^^^^^^^^^  ^^^^^^^^^  ^^^^^^
[INFO] [stdout] 10 |     widgets::{Block, Borders},
[INFO] [stdout]    |               ^^^^^  ^^^^^^^
[INFO] [stdout]    |
[INFO] [stdout]    = note: `#[warn(unused_imports)]` on by default
[INFO] [stdout] 
[INFO] [stdout] 
[INFO] [stdout] warning: unused imports: `Block`, `Borders`, `Constraint`, `Direction`, `Layout`
[INFO] [stdout]   --> examples/gadgets/common.rs:9:14
[INFO] [stdout]    |
[INFO] [stdout] 9  |     layout::{Constraint, Direction, Layout},
[INFO] [stdout]    |              ^^^^^^^^^^  ^^^^^^^^^  ^^^^^^
[INFO] [stdout] 10 |     widgets::{Block, Borders},
[INFO] [stdout]    |               ^^^^^  ^^^^^^^
[INFO] [stdout]    |
[INFO] [stdout]    = note: `#[warn(unused_imports)]` on by default
[INFO] [stdout] 
[INFO] [stdout] 
[INFO] [stdout] warning: unused imports: `Block`, `Borders`, `Direction`, `Layout`
[INFO] [stdout]   --> examples/gadgets/common.rs:9:26
[INFO] [stdout]    |
[INFO] [stdout] 9  |     layout::{Constraint, Direction, Layout},
[INFO] [stdout]    |                          ^^^^^^^^^  ^^^^^^
[INFO] [stdout] 10 |     widgets::{Block, Borders},
[INFO] [stdout]    |               ^^^^^  ^^^^^^^
[INFO] [stdout]    |
[INFO] [stdout]    = note: `#[warn(unused_imports)]` on by default
[INFO] [stdout] 
[INFO] [stdout] 
[INFO] [stdout] warning: function `get_default_theme` is never used
[INFO] [stdout]   --> examples/gadgets/common.rs:16:8
[INFO] [stdout]    |
[INFO] [stdout] 16 | pub fn get_default_theme() -> Theme {
[INFO] [stdout]    |        ^^^^^^^^^^^^^^^^^
[INFO] [stdout]    |
[INFO] [stdout]    = note: `#[warn(dead_code)]` on by default
[INFO] [stdout] 
[INFO] [stdout] 
[INFO] [stdout] warning: unreachable statement
[INFO] [stdout]   --> drawer/src/init/config.rs:29:5
[INFO] [stdout]    |
[INFO] [stdout] 26 |         return Ok(user_config::default_config());
[INFO] [stdout]    |         ---------------------------------------- any code following this expression is unreachable
[INFO] [stdout] ...
[INFO] [stdout] 29 |     let reader = config_source().map_err(|e| format!("While getting config source: {e:?}"))?;
[INFO] [stdout]    |     ^^^^^^^^^^^^^^^^^^^^^^^^^^^^^^^^^^^^^^^^^^^^^^^^^^^^^^^^^^^^^^^^^^^^^^^^^^^^^^^^^^^^^^^^^ unreachable statement
[INFO] [stdout]    |
[INFO] [stdout]    = note: `#[warn(unreachable_code)]` on by default
[INFO] [stdout] 
[INFO] [stdout] 
[INFO] [stdout] warning: unreachable statement
[INFO] [stdout]   --> drawer/src/init/config.rs:29:5
[INFO] [stdout]    |
[INFO] [stdout] 26 |         return Ok(user_config::default_config());
[INFO] [stdout]    |         ---------------------------------------- any code following this expression is unreachable
[INFO] [stdout] ...
[INFO] [stdout] 29 |     let reader = config_source().map_err(|e| format!("While getting config source: {e:?}"))?;
[INFO] [stdout]    |     ^^^^^^^^^^^^^^^^^^^^^^^^^^^^^^^^^^^^^^^^^^^^^^^^^^^^^^^^^^^^^^^^^^^^^^^^^^^^^^^^^^^^^^^^^ unreachable statement
[INFO] [stdout]    |
[INFO] [stdout]    = note: `#[warn(unreachable_code)]` on by default
[INFO] [stdout] 
[INFO] [stdout] 
[INFO] [stdout] warning: unused variable: `config_source`
[INFO] [stdout]   --> drawer/src/init/config.rs:18:25
[INFO] [stdout]    |
[INFO] [stdout] 18 | pub fn get_config<F, R>(config_source: F) -> Result<Config, String>
[INFO] [stdout]    |                         ^^^^^^^^^^^^^ help: if this is intentional, prefix it with an underscore: `_config_source`
[INFO] [stdout]    |
[INFO] [stdout]    = note: `#[warn(unused_variables)]` on by default
[INFO] [stdout] 
[INFO] [stdout] 
[INFO] [stdout] warning: unused variable: `config_source`
[INFO] [stdout]   --> drawer/src/init/config.rs:18:25
[INFO] [stdout]    |
[INFO] [stdout] 18 | pub fn get_config<F, R>(config_source: F) -> Result<Config, String>
[INFO] [stdout]    |                         ^^^^^^^^^^^^^ help: if this is intentional, prefix it with an underscore: `_config_source`
[INFO] [stdout]    |
[INFO] [stdout]    = note: `#[warn(unused_variables)]` on by default
[INFO] [stdout] 
[INFO] [stdout] 
[INFO] [stdout] warning: 1 warning emitted
[INFO] [stdout] 
[INFO] [stdout] 
[INFO] [stdout] warning: 1 warning emitted
[INFO] [stdout] 
[INFO] [stdout] 
[INFO] [stdout] warning: 1 warning emitted
[INFO] [stdout] 
[INFO] [stdout] 
[INFO] [stdout] warning: 1 warning emitted
[INFO] [stdout] 
[INFO] [stdout] 
[INFO] [stdout] warning: 1 warning emitted
[INFO] [stdout] 
[INFO] [stdout] 
[INFO] [stdout] warning: 2 warnings emitted
[INFO] [stdout] 
[INFO] [stdout] 
[INFO] [stdout] warning: 2 warnings emitted
[INFO] [stdout] 
[INFO] [stdout] 
[INFO] [stdout] warning: 2 warnings emitted
[INFO] [stdout] 
[INFO] [stdout] 
[INFO] [stdout] warning: 1 warning emitted
[INFO] [stdout] 
[INFO] [stdout] 
[INFO] [stderr]     Finished test [unoptimized + debuginfo] target(s) in 1.43s
[INFO] running `Command { std: "docker" "inspect" "d18a0e9f88f7e4ed1301b126e4dbd03a9861ce4079d57dc5568736435e232d22", kill_on_drop: false }`
[INFO] running `Command { std: "docker" "rm" "-f" "d18a0e9f88f7e4ed1301b126e4dbd03a9861ce4079d57dc5568736435e232d22", kill_on_drop: false }`
[INFO] [stdout] d18a0e9f88f7e4ed1301b126e4dbd03a9861ce4079d57dc5568736435e232d22
[INFO] running `Command { std: "docker" "create" "-v" "/var/lib/crater-agent-workspace/builds/worker-6-tc1/target:/opt/rustwide/target:rw,Z" "-v" "/var/lib/crater-agent-workspace/builds/worker-6-tc1/source:/opt/rustwide/workdir:ro,Z" "-v" "/var/lib/crater-agent-workspace/cargo-home:/opt/rustwide/cargo-home:ro,Z" "-v" "/var/lib/crater-agent-workspace/rustup-home:/opt/rustwide/rustup-home:ro,Z" "-e" "SOURCE_DIR=/opt/rustwide/workdir" "-e" "CARGO_TARGET_DIR=/opt/rustwide/target" "-e" "CARGO_INCREMENTAL=0" "-e" "RUST_BACKTRACE=full" "-e" "RUSTFLAGS=--cap-lints=warn" "-e" "RUSTDOCFLAGS=--cap-lints=warn" "-e" "CARGO_HOME=/opt/rustwide/cargo-home" "-e" "RUSTUP_HOME=/opt/rustwide/rustup-home" "-w" "/opt/rustwide/workdir" "-m" "1610612736" "--user" "0:0" "--network" "none" "ghcr.io/rust-lang/crates-build-env/linux@sha256:2788e3201cd34a07e3172128adcd8b3090168a8e3bcc40d7c032b9dda1df7d1c" "/opt/rustwide/cargo-home/bin/cargo" "+1.75.0" "test" "--frozen", kill_on_drop: false }`
[INFO] [stdout] 79d1a7bf87d193dc8a8bf1af27fab09e8c427bef51bf22a0a7177f7fbd703f7b
[INFO] running `Command { std: "docker" "start" "-a" "79d1a7bf87d193dc8a8bf1af27fab09e8c427bef51bf22a0a7177f7fbd703f7b", kill_on_drop: false }`
[INFO] [stderr] warning: virtual workspace defaulting to `resolver = "1"` despite one or more workspace members being on edition 2021 which implies `resolver = "2"`
[INFO] [stderr] note: to keep the current resolver, specify `workspace.resolver = "1"` in the workspace root's manifest
[INFO] [stderr] note: to use the edition 2021 resolver, specify `workspace.resolver = "2"` in the workspace root's manifest
[INFO] [stderr] note: for more details see https://doc.rust-lang.org/cargo/reference/resolver.html#resolver-versions
[INFO] [stderr] warning: /opt/rustwide/workdir/drawer/Cargo.toml: file `/opt/rustwide/workdir/drawer/src/main.rs` found to be present in multiple build targets:
[INFO] [stderr]   * `lib` target `drawer`
[INFO] [stderr]   * `bin` target `drawer`
[INFO] [stderr] warning: unreachable statement
[INFO] [stderr]   --> drawer/src/init/config.rs:29:5
[INFO] [stderr]    |
[INFO] [stderr] 26 |         return Ok(user_config::default_config());
[INFO] [stderr]    |         ---------------------------------------- any code following this expression is unreachable
[INFO] [stderr] ...
[INFO] [stderr] 29 |     let reader = config_source().map_err(|e| format!("While getting config source: {e:?}"))?;
[INFO] [stderr]    |     ^^^^^^^^^^^^^^^^^^^^^^^^^^^^^^^^^^^^^^^^^^^^^^^^^^^^^^^^^^^^^^^^^^^^^^^^^^^^^^^^^^^^^^^^^ unreachable statement
[INFO] [stderr]    |
[INFO] [stderr]    = note: `#[warn(unreachable_code)]` on by default
[INFO] [stderr] 
[INFO] [stderr] warning: unused variable: `config_source`
[INFO] [stderr]   --> drawer/src/init/config.rs:18:25
[INFO] [stderr]    |
[INFO] [stderr] 18 | pub fn get_config<F, R>(config_source: F) -> Result<Config, String>
[INFO] [stderr]    |                         ^^^^^^^^^^^^^ help: if this is intentional, prefix it with an underscore: `_config_source`
[INFO] [stderr]    |
[INFO] [stderr]    = note: `#[warn(unused_variables)]` on by default
[INFO] [stderr] 
[INFO] [stderr] warning: `drawer` (lib) generated 2 warnings (run `cargo fix --lib -p drawer` to apply 1 suggestion)
[INFO] [stderr] warning: `drawer` (lib test) generated 2 warnings (2 duplicates)
[INFO] [stderr] warning: unused imports: `Block`, `Borders`, `Constraint`, `Direction`, `Layout`
[INFO] [stderr]   --> examples/gadgets/common.rs:9:14
[INFO] [stderr]    |
[INFO] [stderr] 9  |     layout::{Constraint, Direction, Layout},
[INFO] [stderr]    |              ^^^^^^^^^^  ^^^^^^^^^  ^^^^^^
[INFO] [stderr] 10 |     widgets::{Block, Borders},
[INFO] [stderr]    |               ^^^^^  ^^^^^^^
[INFO] [stderr]    |
[INFO] [stderr]    = note: `#[warn(unused_imports)]` on by default
[INFO] [stderr] 
[INFO] [stderr] warning: unused imports: `Block`, `Borders`, `Constraint`, `Direction`, `Frame`, `Layout`
[INFO] [stderr]   --> examples/gadgets/common.rs:9:14
[INFO] [stderr]    |
[INFO] [stderr] 9  |     layout::{Constraint, Direction, Layout},
[INFO] [stderr]    |              ^^^^^^^^^^  ^^^^^^^^^  ^^^^^^
[INFO] [stderr] 10 |     widgets::{Block, Borders},
[INFO] [stderr]    |               ^^^^^  ^^^^^^^
[INFO] [stderr] 11 |     Frame, Terminal,
[INFO] [stderr]    |     ^^^^^
[INFO] [stderr]    |
[INFO] [stderr]    = note: `#[warn(unused_imports)]` on by default
[INFO] [stderr] 
[INFO] [stderr] warning: function `get_default_theme` is never used
[INFO] [stderr]   --> examples/gadgets/common.rs:16:8
[INFO] [stderr]    |
[INFO] [stderr] 16 | pub fn get_default_theme() -> Theme {
[INFO] [stderr]    |        ^^^^^^^^^^^^^^^^^
[INFO] [stderr]    |
[INFO] [stderr]    = note: `#[warn(dead_code)]` on by default
[INFO] [stderr] 
[INFO] [stderr] warning: unused imports: `Block`, `Borders`, `Direction`, `Layout`
[INFO] [stderr]   --> examples/gadgets/common.rs:9:26
[INFO] [stderr]    |
[INFO] [stderr] 9  |     layout::{Constraint, Direction, Layout},
[INFO] [stderr]    |                          ^^^^^^^^^  ^^^^^^
[INFO] [stderr] 10 |     widgets::{Block, Borders},
[INFO] [stderr]    |               ^^^^^  ^^^^^^^
[INFO] [stderr]    |
[INFO] [stderr]    = note: `#[warn(unused_imports)]` on by default
[INFO] [stderr] 
[INFO] [stderr] warning: `examples` (example "shortcut") generated 1 warning (run `cargo fix --example "shortcut"` to apply 1 suggestion)
[INFO] [stderr] warning: `examples` (example "gauge") generated 1 warning (1 duplicate)
[INFO] [stderr] warning: `examples` (example "ui") generated 2 warnings (run `cargo fix --example "ui"` to apply 1 suggestion)
[INFO] [stderr] warning: `drawer` (bin "drawer" test) generated 2 warnings (2 duplicates)
[INFO] [stderr] warning: `examples` (example "playlistpane") generated 1 warning (run `cargo fix --example "playlistpane"` to apply 1 suggestion)
[INFO] [stderr] warning: `examples` (example "searchbar") generated 1 warning (1 duplicate)
[INFO] [stderr] warning: `examples` (example "tabpane") generated 1 warning (1 duplicate)
[INFO] [stderr] warning: `examples` (example "musicpane") generated 1 warning (1 duplicate)
[INFO] [stderr]     Finished test [unoptimized + debuginfo] target(s) in 0.02s
[INFO] [stderr]      Running unittests src/main.rs (/opt/rustwide/target/debug/deps/drawer-00c841f503055abf)
[INFO] [stdout] 
[INFO] [stdout] running 1 test
[INFO] [stdout] test types::utils::tests::check_consume_and_get_geometry ... ok
[INFO] [stdout] 
[INFO] [stdout] test result: ok. 1 passed; 0 failed; 0 ignored; 0 measured; 0 filtered out; finished in 0.00s
[INFO] [stdout] 
[INFO] [stderr]      Running unittests src/main.rs (/opt/rustwide/target/debug/deps/drawer-103b5a7638e359cf)
[INFO] [stdout] 
[INFO] [stdout] running 1 test
[INFO] [stdout] test types::utils::tests::check_consume_and_get_geometry ... ok
[INFO] [stdout] 
[INFO] [stdout] test result: ok. 1 passed; 0 failed; 0 ignored; 0 measured; 0 filtered out; finished in 0.00s
[INFO] [stdout] 
[INFO] [stderr]      Running unittests src/lib.rs (/opt/rustwide/target/debug/deps/layout-c23b3bda3f3f6b91)
[INFO] [stdout] 
[INFO] [stdout] running 4 tests
[INFO] [stdout] test rect_computation::tests::duplicate_element_in_tree ... ok
[INFO] [stdout] test rect_computation::tests::start_for_root ... ok
[INFO] [stdout] test rect_computation::tests::test_rect_for_layout_file ... ok
[INFO] [stdout] test rect_computation::tests::default_config_rect_computation ... FAILED
[INFO] [stdout] 
[INFO] [stdout] failures:
[INFO] [stdout] 
[INFO] [stdout] ---- rect_computation::tests::default_config_rect_computation stdout ----
[INFO] [stdout] thread 'rect_computation::tests::default_config_rect_computation' panicked at layout/src/rect_computation.rs:191:65:
[INFO] [stdout] called `Result::unwrap()` on an `Err` value: Error("unknown variant `MoveUp`, expected one of `StartSearching`, `PausePlay`, `GotoNextWindow`, `GotoPrviousWindow`, `Execute`, `ShuffleToggle`, `RepeatSwitch`, `VolumeUp`, `VolumeDown`, `Expand`, `Escape`, `Quit`, `ForceQuit`, `NextTrack`, `PreviousTrack`, `ClearResult`, `ShowDetails`, `AppDetails`, `Nothing`, `SeekForward`, `SeekBackward`, `PushSearchQuery`, `PopSearchQuery`, `MoveInPaneWindow`, `MoveInShortcuts`, `MoveInMusicList`, `MoveInPlaylistList`, `MoveInArtistList`", line: 82, column: 20)
[INFO] [stdout] stack backtrace:
[INFO] [stdout]    0:     0x55946755aafc - std::backtrace_rs::backtrace::libunwind::trace::ha637c64ce894333a
[INFO] [stdout]                                at /rustc/82e1608dfa6e0b5569232559e3d385fea5a93112/library/std/src/../../backtrace/src/backtrace/libunwind.rs:104:5
[INFO] [stdout]    1:     0x55946755aafc - std::backtrace_rs::backtrace::trace_unsynchronized::h47f62dea28e0c88d
[INFO] [stdout]                                at /rustc/82e1608dfa6e0b5569232559e3d385fea5a93112/library/std/src/../../backtrace/src/backtrace/mod.rs:66:5
[INFO] [stdout]    2:     0x55946755aafc - std::sys_common::backtrace::_print_fmt::h9eef0abe20ede486
[INFO] [stdout]                                at /rustc/82e1608dfa6e0b5569232559e3d385fea5a93112/library/std/src/sys_common/backtrace.rs:67:5
[INFO] [stdout]    3:     0x55946755aafc - <std::sys_common::backtrace::_print::DisplayBacktrace as core::fmt::Display>::fmt::hed7f999df88cc644
[INFO] [stdout]                                at /rustc/82e1608dfa6e0b5569232559e3d385fea5a93112/library/std/src/sys_common/backtrace.rs:44:22
[INFO] [stdout]    4:     0x559467584830 - core::fmt::rt::Argument::fmt::h1539a9308b8d058d
[INFO] [stdout]                                at /rustc/82e1608dfa6e0b5569232559e3d385fea5a93112/library/core/src/fmt/rt.rs:142:9
[INFO] [stdout]    5:     0x559467584830 - core::fmt::write::h3a39390d8560d9c9
[INFO] [stdout]                                at /rustc/82e1608dfa6e0b5569232559e3d385fea5a93112/library/core/src/fmt/mod.rs:1120:17
[INFO] [stdout]    6:     0x5594675584af - std::io::Write::write_fmt::h040b369f3a0f9cbc
[INFO] [stdout]                                at /rustc/82e1608dfa6e0b5569232559e3d385fea5a93112/library/std/src/io/mod.rs:1762:15
[INFO] [stdout]    7:     0x55946755a8e4 - std::sys_common::backtrace::_print::h894006fb5c6f3d45
[INFO] [stdout]                                at /rustc/82e1608dfa6e0b5569232559e3d385fea5a93112/library/std/src/sys_common/backtrace.rs:47:5
[INFO] [stdout]    8:     0x55946755a8e4 - std::sys_common::backtrace::print::h23a2d212c6fff936
[INFO] [stdout]                                at /rustc/82e1608dfa6e0b5569232559e3d385fea5a93112/library/std/src/sys_common/backtrace.rs:34:9
[INFO] [stdout]    9:     0x55946755c5a7 - std::panicking::default_hook::{{closure}}::h8a1d2ee00185001a
[INFO] [stdout]   10:     0x55946755c293 - std::panicking::default_hook::h6038f2eba384e475
[INFO] [stdout]                                at /rustc/82e1608dfa6e0b5569232559e3d385fea5a93112/library/std/src/panicking.rs:289:9
[INFO] [stdout]   11:     0x5594674fa897 - <alloc::boxed::Box<F,A> as core::ops::function::Fn<Args>>::call::h0ad024c9bdc6d768
[INFO] [stdout]                                at /rustc/82e1608dfa6e0b5569232559e3d385fea5a93112/library/alloc/src/boxed.rs:2021:9
[INFO] [stdout]   12:     0x5594674fa897 - test::test_main::{{closure}}::h7500b54257359db6
[INFO] [stdout]                                at /rustc/82e1608dfa6e0b5569232559e3d385fea5a93112/library/test/src/lib.rs:138:21
[INFO] [stdout]   13:     0x55946755cbb8 - <alloc::boxed::Box<F,A> as core::ops::function::Fn<Args>>::call::h1f8f335eaa9cfaee
[INFO] [stdout]                                at /rustc/82e1608dfa6e0b5569232559e3d385fea5a93112/library/alloc/src/boxed.rs:2021:9
[INFO] [stdout]   14:     0x55946755cbb8 - std::panicking::rust_panic_with_hook::h2b5517d590cab22e
[INFO] [stdout]                                at /rustc/82e1608dfa6e0b5569232559e3d385fea5a93112/library/std/src/panicking.rs:783:13
[INFO] [stdout]   15:     0x55946755c90e - std::panicking::begin_panic_handler::{{closure}}::h233112c06e0ef43e
[INFO] [stdout]                                at /rustc/82e1608dfa6e0b5569232559e3d385fea5a93112/library/std/src/panicking.rs:657:13
[INFO] [stdout]   16:     0x55946755afc6 - std::sys_common::backtrace::__rust_end_short_backtrace::h6e893f24d7ebbff8
[INFO] [stdout]                                at /rustc/82e1608dfa6e0b5569232559e3d385fea5a93112/library/std/src/sys_common/backtrace.rs:170:18
[INFO] [stdout]   17:     0x55946755c672 - rust_begin_unwind
[INFO] [stdout]                                at /rustc/82e1608dfa6e0b5569232559e3d385fea5a93112/library/std/src/panicking.rs:645:5
[INFO] [stdout]   18:     0x5594674a1cf5 - core::panicking::panic_fmt::hbf0e066aabfa482c
[INFO] [stdout]                                at /rustc/82e1608dfa6e0b5569232559e3d385fea5a93112/library/core/src/panicking.rs:72:14
[INFO] [stdout]   19:     0x5594674a2283 - core::result::unwrap_failed::hddb4fea594200c52
[INFO] [stdout]                                at /rustc/82e1608dfa6e0b5569232559e3d385fea5a93112/library/core/src/result.rs:1653:5
[INFO] [stdout]   20:     0x5594674b33cd - core::result::Result<T,E>::unwrap::h7734432e44d09811
[INFO] [stdout]                                at /rustc/82e1608dfa6e0b5569232559e3d385fea5a93112/library/core/src/result.rs:1077:23
[INFO] [stdout]   21:     0x5594674b5a88 - layout::rect_computation::tests::default_config_rect_computation::hf915afa205037287
[INFO] [stdout]                                at /opt/rustwide/workdir/layout/src/rect_computation.rs:191:18
[INFO] [stdout]   22:     0x5594674b5a17 - layout::rect_computation::tests::default_config_rect_computation::{{closure}}::h4e779d0d11b09319
[INFO] [stdout]                                at /opt/rustwide/workdir/layout/src/rect_computation.rs:187:41
[INFO] [stdout]   23:     0x5594674b1b46 - core::ops::function::FnOnce::call_once::haf857c3c02f3ba7b
[INFO] [stdout]                                at /rustc/82e1608dfa6e0b5569232559e3d385fea5a93112/library/core/src/ops/function.rs:250:5
[INFO] [stdout]   24:     0x5594674ffeef - core::ops::function::FnOnce::call_once::h2b5d431d5046312d
[INFO] [stdout]                                at /rustc/82e1608dfa6e0b5569232559e3d385fea5a93112/library/core/src/ops/function.rs:250:5
[INFO] [stdout]   25:     0x5594674ffeef - test::__rust_begin_short_backtrace::h7714669af176e207
[INFO] [stdout]                                at /rustc/82e1608dfa6e0b5569232559e3d385fea5a93112/library/test/src/lib.rs:628:18
[INFO] [stdout]   26:     0x5594674fef05 - test::run_test_in_process::{{closure}}::h85218797dcbcec12
[INFO] [stdout]                                at /rustc/82e1608dfa6e0b5569232559e3d385fea5a93112/library/test/src/lib.rs:651:60
[INFO] [stdout]   27:     0x5594674fef05 - <core::panic::unwind_safe::AssertUnwindSafe<F> as core::ops::function::FnOnce<()>>::call_once::h76c106ea31c14d7b
[INFO] [stdout]                                at /rustc/82e1608dfa6e0b5569232559e3d385fea5a93112/library/core/src/panic/unwind_safe.rs:272:9
[INFO] [stdout]   28:     0x5594674fef05 - std::panicking::try::do_call::h3bd5d0f6620ee946
[INFO] [stdout]                                at /rustc/82e1608dfa6e0b5569232559e3d385fea5a93112/library/std/src/panicking.rs:552:40
[INFO] [stdout]   29:     0x5594674fef05 - std::panicking::try::h232e535e4744fe31
[INFO] [stdout]                                at /rustc/82e1608dfa6e0b5569232559e3d385fea5a93112/library/std/src/panicking.rs:516:19
[INFO] [stdout]   30:     0x5594674fef05 - std::panic::catch_unwind::h3ce3bd6ca8dbac68
[INFO] [stdout]                                at /rustc/82e1608dfa6e0b5569232559e3d385fea5a93112/library/std/src/panic.rs:142:14
[INFO] [stdout]   31:     0x5594674fef05 - test::run_test_in_process::hc97b257c9621286a
[INFO] [stdout]                                at /rustc/82e1608dfa6e0b5569232559e3d385fea5a93112/library/test/src/lib.rs:651:27
[INFO] [stdout]   32:     0x5594674fef05 - test::run_test::{{closure}}::h2aa798823a438d38
[INFO] [stdout]                                at /rustc/82e1608dfa6e0b5569232559e3d385fea5a93112/library/test/src/lib.rs:574:43
[INFO] [stdout]   33:     0x5594674c71c6 - test::run_test::{{closure}}::h87d231c78fb59832
[INFO] [stdout]                                at /rustc/82e1608dfa6e0b5569232559e3d385fea5a93112/library/test/src/lib.rs:602:41
[INFO] [stdout]   34:     0x5594674c71c6 - std::sys_common::backtrace::__rust_begin_short_backtrace::he6df152596625789
[INFO] [stdout]                                at /rustc/82e1608dfa6e0b5569232559e3d385fea5a93112/library/std/src/sys_common/backtrace.rs:154:18
[INFO] [stdout]   35:     0x5594674cc277 - std::thread::Builder::spawn_unchecked_::{{closure}}::{{closure}}::ha94be15d1e0acf36
[INFO] [stdout]                                at /rustc/82e1608dfa6e0b5569232559e3d385fea5a93112/library/std/src/thread/mod.rs:529:17
[INFO] [stdout]   36:     0x5594674cc277 - <core::panic::unwind_safe::AssertUnwindSafe<F> as core::ops::function::FnOnce<()>>::call_once::h9dc6bd6372f16606
[INFO] [stdout]                                at /rustc/82e1608dfa6e0b5569232559e3d385fea5a93112/library/core/src/panic/unwind_safe.rs:272:9
[INFO] [stdout]   37:     0x5594674cc277 - std::panicking::try::do_call::h9057517f80303cd4
[INFO] [stdout]                                at /rustc/82e1608dfa6e0b5569232559e3d385fea5a93112/library/std/src/panicking.rs:552:40
[INFO] [stdout]   38:     0x5594674cc277 - std::panicking::try::he3a30b11ee45340c
[INFO] [stdout]                                at /rustc/82e1608dfa6e0b5569232559e3d385fea5a93112/library/std/src/panicking.rs:516:19
[INFO] [stdout]   39:     0x5594674cc277 - std::panic::catch_unwind::h410458cfd3528b8b
[INFO] [stdout]                                at /rustc/82e1608dfa6e0b5569232559e3d385fea5a93112/library/std/src/panic.rs:142:14
[INFO] [stdout]   40:     0x5594674cc277 - std::thread::Builder::spawn_unchecked_::{{closure}}::h72ac3bdb567b737b
[INFO] [stdout]                                at /rustc/82e1608dfa6e0b5569232559e3d385fea5a93112/library/std/src/thread/mod.rs:528:30
[INFO] [stdout]   41:     0x5594674cc277 - core::ops::function::FnOnce::call_once{{vtable.shim}}::h38f34da3654a8344
[INFO] [stdout]                                at /rustc/82e1608dfa6e0b5569232559e3d385fea5a93112/library/core/src/ops/function.rs:250:5
[INFO] [stdout]   42:     0x559467561645 - <alloc::boxed::Box<F,A> as core::ops::function::FnOnce<Args>>::call_once::hc7eafaff61e32df9
[INFO] [stdout]                                at /rustc/82e1608dfa6e0b5569232559e3d385fea5a93112/library/alloc/src/boxed.rs:2007:9
[INFO] [stdout]   43:     0x559467561645 - <alloc::boxed::Box<F,A> as core::ops::function::FnOnce<Args>>::call_once::h6ba4a5de48dd2304
[INFO] [stdout]                                at /rustc/82e1608dfa6e0b5569232559e3d385fea5a93112/library/alloc/src/boxed.rs:2007:9
[INFO] [stdout]   44:     0x559467561645 - std::sys::unix::thread::Thread::new::thread_start::he469335aef763e45
[INFO] [stdout]                                at /rustc/82e1608dfa6e0b5569232559e3d385fea5a93112/library/std/src/sys/unix/thread.rs:108:17
[INFO] [stdout]   45:     0x7ff7e9909ac3 - <unknown>
[INFO] [stdout]   46:     0x7ff7e999abf4 - __clone
[INFO] [stdout]   47:                0x0 - <unknown>
[INFO] [stdout] 
[INFO] [stdout] 
[INFO] [stdout] failures:
[INFO] [stdout]     rect_computation::tests::default_config_rect_computation
[INFO] [stdout] 
[INFO] [stdout] test result: FAILED. 3 passed; 1 failed; 0 ignored; 0 measured; 0 filtered out; finished in 0.02s
[INFO] [stdout] 
[INFO] [stderr] error: test failed, to rerun pass `-p layout --lib`
[INFO] running `Command { std: "docker" "inspect" "79d1a7bf87d193dc8a8bf1af27fab09e8c427bef51bf22a0a7177f7fbd703f7b", kill_on_drop: false }`
[INFO] running `Command { std: "docker" "rm" "-f" "79d1a7bf87d193dc8a8bf1af27fab09e8c427bef51bf22a0a7177f7fbd703f7b", kill_on_drop: false }`
[INFO] [stdout] 79d1a7bf87d193dc8a8bf1af27fab09e8c427bef51bf22a0a7177f7fbd703f7b
