[INFO] cloning repository https://github.com/standvpmnt/web_server_rs
[INFO] running `Command { std: "git" "-c" "credential.helper=" "-c" "credential.helper=/workspace/cargo-home/bin/git-credential-null" "clone" "--bare" "https://github.com/standvpmnt/web_server_rs" "/workspace/cache/git-repos/https%3A%2F%2Fgithub.com%2Fstandvpmnt%2Fweb_server_rs", kill_on_drop: false }`
[INFO] [stderr] Cloning into bare repository '/workspace/cache/git-repos/https%3A%2F%2Fgithub.com%2Fstandvpmnt%2Fweb_server_rs'...
[INFO] running `Command { std: "git" "rev-parse" "HEAD", kill_on_drop: false }`
[INFO] [stdout] be1e5133308eeb18ed628bef67322dea9af6835a
[INFO] testing standvpmnt/web_server_rs against 1.75.0 for beta-1.76-1
[INFO] running `Command { std: "git" "clone" "/workspace/cache/git-repos/https%3A%2F%2Fgithub.com%2Fstandvpmnt%2Fweb_server_rs" "/workspace/builds/worker-0-tc1/source", kill_on_drop: false }`
[INFO] [stderr] Cloning into '/workspace/builds/worker-0-tc1/source'...
[INFO] [stderr] done.
[INFO] validating manifest of git repo https://github.com/standvpmnt/web_server_rs on toolchain 1.75.0
[INFO] running `Command { std: CARGO_HOME="/workspace/cargo-home" RUSTUP_HOME="/workspace/rustup-home" "/workspace/cargo-home/bin/cargo" "+1.75.0" "metadata" "--manifest-path" "Cargo.toml" "--no-deps", kill_on_drop: false }`
[INFO] removed /workspace/builds/worker-0-tc1/source/.cargo/config.toml
[INFO] started tweaking git repo https://github.com/standvpmnt/web_server_rs
[INFO] finished tweaking git repo https://github.com/standvpmnt/web_server_rs
[INFO] tweaked toml for git repo https://github.com/standvpmnt/web_server_rs written to /workspace/builds/worker-0-tc1/source/Cargo.toml
[INFO] crate git repo https://github.com/standvpmnt/web_server_rs already has a lockfile, it will not be regenerated
[INFO] running `Command { std: CARGO_HOME="/workspace/cargo-home" RUSTUP_HOME="/workspace/rustup-home" "/workspace/cargo-home/bin/cargo" "+1.75.0" "fetch" "--manifest-path" "Cargo.toml", kill_on_drop: false }`
[INFO] [stderr]     Blocking waiting for file lock on package cache
[INFO] [stderr]     Updating crates.io index
[INFO] [stderr]     Blocking waiting for file lock on package cache
[INFO] [stderr]  Downloading crates ...
[INFO] [stderr]   Downloaded tracing-actix-web v0.7.9
[INFO] [stderr]   Downloaded fake v2.9.1
[INFO] [stderr]   Downloaded mutually_exclusive_features v0.0.3
[INFO] [stderr]   Downloaded serde-aux v4.3.1
[INFO] [stderr]   Downloaded wiremock v0.5.22
[INFO] [stderr]   Downloaded tracing-bunyan-formatter v0.3.9
[INFO] [stderr]   Downloaded linkify v0.10.0
[INFO] running `Command { std: "docker" "create" "-v" "/var/lib/crater-agent-workspace/builds/worker-0-tc1/target:/opt/rustwide/target:rw,Z" "-v" "/var/lib/crater-agent-workspace/builds/worker-0-tc1/source:/opt/rustwide/workdir:ro,Z" "-v" "/var/lib/crater-agent-workspace/cargo-home:/opt/rustwide/cargo-home:ro,Z" "-v" "/var/lib/crater-agent-workspace/rustup-home:/opt/rustwide/rustup-home:ro,Z" "-e" "SOURCE_DIR=/opt/rustwide/workdir" "-e" "CARGO_TARGET_DIR=/opt/rustwide/target" "-e" "CARGO_HOME=/opt/rustwide/cargo-home" "-e" "RUSTUP_HOME=/opt/rustwide/rustup-home" "-w" "/opt/rustwide/workdir" "-m" "1610612736" "--user" "0:0" "--network" "none" "ghcr.io/rust-lang/crates-build-env/linux@sha256:2788e3201cd34a07e3172128adcd8b3090168a8e3bcc40d7c032b9dda1df7d1c" "/opt/rustwide/cargo-home/bin/cargo" "+1.75.0" "metadata" "--no-deps" "--format-version=1", kill_on_drop: false }`
[INFO] [stdout] 1fb7310e572c044c00618d676e0283401a1d1018c44d813d811469bccf760722
[INFO] running `Command { std: "docker" "start" "-a" "1fb7310e572c044c00618d676e0283401a1d1018c44d813d811469bccf760722", kill_on_drop: false }`
[INFO] running `Command { std: "docker" "inspect" "1fb7310e572c044c00618d676e0283401a1d1018c44d813d811469bccf760722", kill_on_drop: false }`
[INFO] running `Command { std: "docker" "rm" "-f" "1fb7310e572c044c00618d676e0283401a1d1018c44d813d811469bccf760722", kill_on_drop: false }`
[INFO] [stdout] 1fb7310e572c044c00618d676e0283401a1d1018c44d813d811469bccf760722
[INFO] running `Command { std: "docker" "create" "-v" "/var/lib/crater-agent-workspace/builds/worker-0-tc1/target:/opt/rustwide/target:rw,Z" "-v" "/var/lib/crater-agent-workspace/builds/worker-0-tc1/source:/opt/rustwide/workdir:ro,Z" "-v" "/var/lib/crater-agent-workspace/cargo-home:/opt/rustwide/cargo-home:ro,Z" "-v" "/var/lib/crater-agent-workspace/rustup-home:/opt/rustwide/rustup-home:ro,Z" "-e" "SOURCE_DIR=/opt/rustwide/workdir" "-e" "CARGO_TARGET_DIR=/opt/rustwide/target" "-e" "CARGO_INCREMENTAL=0" "-e" "RUST_BACKTRACE=full" "-e" "RUSTFLAGS=--cap-lints=warn" "-e" "RUSTDOCFLAGS=--cap-lints=warn" "-e" "CARGO_HOME=/opt/rustwide/cargo-home" "-e" "RUSTUP_HOME=/opt/rustwide/rustup-home" "-w" "/opt/rustwide/workdir" "-m" "1610612736" "--user" "0:0" "--network" "none" "ghcr.io/rust-lang/crates-build-env/linux@sha256:2788e3201cd34a07e3172128adcd8b3090168a8e3bcc40d7c032b9dda1df7d1c" "/opt/rustwide/cargo-home/bin/cargo" "+1.75.0" "build" "--frozen" "--message-format=json", kill_on_drop: false }`
[INFO] [stdout] a184b4a14fed9438a7935832a8b87f300e1425963609a69666dfe84e56588ac1
[INFO] running `Command { std: "docker" "start" "-a" "a184b4a14fed9438a7935832a8b87f300e1425963609a69666dfe84e56588ac1", kill_on_drop: false }`
[INFO] [stderr]    Compiling cfg-if v1.0.0
[INFO] [stderr]    Compiling proc-macro2 v1.0.70
[INFO] [stderr]    Compiling unicode-ident v1.0.12
[INFO] [stderr]    Compiling libc v0.2.151
[INFO] [stderr]    Compiling version_check v0.9.4
[INFO] [stderr]    Compiling once_cell v1.19.0
[INFO] [stderr]    Compiling pin-project-lite v0.2.13
[INFO] [stderr]    Compiling memchr v2.6.4
[INFO] [stderr]    Compiling autocfg v1.0.1
[INFO] [stderr]    Compiling futures-core v0.3.29
[INFO] [stderr]    Compiling smallvec v1.11.2
[INFO] [stderr]    Compiling bytes v1.5.0
[INFO] [stderr]    Compiling parking_lot_core v0.9.9
[INFO] [stderr]    Compiling serde v1.0.193
[INFO] [stderr]    Compiling log v0.4.20
[INFO] [stderr]    Compiling itoa v1.0.10
[INFO] [stderr]    Compiling scopeguard v1.2.0
[INFO] [stderr]    Compiling quote v1.0.33
[INFO] [stderr]    Compiling lock_api v0.4.6
[INFO] [stderr]    Compiling ahash v0.8.6
[INFO] [stderr]    Compiling syn v2.0.41
[INFO] [stderr]    Compiling typenum v1.17.0
[INFO] [stderr]    Compiling generic-array v0.14.7
[INFO] [stderr]    Compiling zerocopy v0.7.31
[INFO] [stderr]    Compiling allocator-api2 v0.2.16
[INFO] [stderr]    Compiling subtle v2.5.0
[INFO] [stderr]    Compiling slab v0.4.9
[INFO] [stderr]    Compiling getrandom v0.2.11
[INFO] [stderr]    Compiling tracing-core v0.1.32
[INFO] [stderr]    Compiling futures-task v0.3.29
[INFO] [stderr]    Compiling parking_lot v0.12.1
[INFO] [stderr]    Compiling socket2 v0.5.5
[INFO] [stderr]    Compiling mio v0.8.10
[INFO] [stderr]    Compiling num_cpus v1.16.0
[INFO] [stderr]    Compiling jobserver v0.1.27
[INFO] [stderr]    Compiling signal-hook-registry v1.4.1
[INFO] [stderr]    Compiling pkg-config v0.3.27
[INFO] [stderr]    Compiling futures-util v0.3.29
[INFO] [stderr]    Compiling cc v1.0.83
[INFO] [stderr]    Compiling spin v0.9.8
[INFO] [stderr]    Compiling futures-io v0.3.29
[INFO] [stderr]    Compiling pin-utils v0.1.0
[INFO] [stderr]    Compiling tinyvec_macros v0.1.1
[INFO] [stderr]    Compiling untrusted v0.9.0
[INFO] [stderr]    Compiling tinyvec v1.6.0
[INFO] [stderr]    Compiling percent-encoding v2.3.1
[INFO] [stderr]    Compiling futures-sink v0.3.29
[INFO] [stderr]    Compiling equivalent v1.0.1
[INFO] [stderr]    Compiling unicode-bidi v0.3.14
[INFO] [stderr]    Compiling serde_json v1.0.108
[INFO] [stderr]    Compiling ryu v1.0.16
[INFO] [stderr]    Compiling cpufeatures v0.2.11
[INFO] [stderr]    Compiling thiserror v1.0.51
[INFO] [stderr]    Compiling form_urlencoded v1.2.1
[INFO] [stderr]    Compiling paste v1.0.14
[INFO] [stderr]    Compiling crypto-common v0.1.6
[INFO] [stderr]    Compiling block-buffer v0.10.4
[INFO] [stderr]    Compiling hashbrown v0.14.3
[INFO] [stderr]    Compiling digest v0.10.7
[INFO] [stderr]    Compiling num-traits v0.2.17
[INFO] [stderr]    Compiling unicode-normalization v0.1.22
[INFO] [stderr]    Compiling fnv v1.0.7
[INFO] [stderr]    Compiling ppv-lite86 v0.2.17
[INFO] [stderr]    Compiling http v0.2.11
[INFO] [stderr]    Compiling ring v0.17.7
[INFO] [stderr]    Compiling idna v0.5.0
[INFO] [stderr]    Compiling base64 v0.21.5
[INFO] [stderr]    Compiling indexmap v2.1.0
[INFO] [stderr]    Compiling aho-corasick v1.1.2
[INFO] [stderr]    Compiling bitflags v2.4.1
[INFO] [stderr]    Compiling regex-syntax v0.8.2
[INFO] [stderr]    Compiling vcpkg v0.2.15
[INFO] [stderr]    Compiling crossbeam-utils v0.8.17
[INFO] [stderr]    Compiling iana-time-zone v0.1.58
[INFO] [stderr]    Compiling minimal-lexical v0.2.1
[INFO] [stderr]    Compiling nom v7.1.3
[INFO] [stderr]    Compiling rand_core v0.6.4
[INFO] [stderr]    Compiling httparse v1.8.0
[INFO] [stderr]    Compiling syn v1.0.109
[INFO] [stderr]    Compiling futures-channel v0.3.29
[INFO] [stderr]    Compiling openssl-sys v0.9.97
[INFO] [stderr]    Compiling rustls-pemfile v1.0.4
[INFO] [stderr]    Compiling zstd-sys v2.0.9+zstd.1.5.5
[INFO] [stderr]    Compiling rustls v0.21.10
[INFO] [stderr]    Compiling unicode_categories v0.1.1
[INFO] [stderr]    Compiling crc-catalog v2.4.0
[INFO] [stderr]    Compiling webpki-roots v0.25.3
[INFO] [stderr]    Compiling regex-automata v0.4.3
[INFO] [stderr]    Compiling crc v3.0.1
[INFO] [stderr]    Compiling crossbeam-queue v0.3.9
[INFO] [stderr]    Compiling atoi v2.0.0
[INFO] [stderr]    Compiling url v2.5.0
[INFO] [stderr]    Compiling serde_derive v1.0.193
[INFO] [stderr]    Compiling tracing-attributes v0.1.27
[INFO] [stderr]    Compiling tokio-macros v2.2.0
[INFO] [stderr]    Compiling thiserror-impl v1.0.51
[INFO] [stderr]    Compiling tokio v1.35.0
[INFO] [stderr]    Compiling regex v1.10.2
[INFO] [stderr]    Compiling tracing v0.1.40
[INFO] [stderr]    Compiling dotenvy v0.15.7
[INFO] [stderr]    Compiling httpdate v1.0.3
[INFO] [stderr]    Compiling event-listener v2.5.3
[INFO] [stderr]    Compiling byteorder v1.5.0
[INFO] [stderr]    Compiling hex v0.4.3
[INFO] [stderr]    Compiling rand_chacha v0.3.1
[INFO] [stderr]    Compiling hmac v0.12.1
[INFO] [stderr]    Compiling bytestring v1.3.1
[INFO] [stderr]    Compiling ahash v0.7.7
[INFO] [stderr]    Compiling ucd-trie v0.1.6
[INFO] [stderr]    Compiling bitflags v1.3.2
[INFO] [stderr]    Compiling rustix v0.38.28
[INFO] [stderr]    Compiling crc32fast v1.3.2
[INFO] [stderr]    Compiling foreign-types-shared v0.1.1
[INFO] [stderr]    Compiling time-core v0.1.2
[INFO] [stderr]    Compiling local-waker v0.1.4
[INFO] [stderr]    Compiling zstd-safe v6.0.6
[INFO] [stderr]    Compiling openssl v0.10.61
[INFO] [stderr]    Compiling alloc-no-stdlib v2.0.4
[INFO] [stderr]    Compiling powerfmt v0.2.0
[INFO] [stderr]    Compiling finl_unicode v1.2.0
[INFO] [stderr]    Compiling alloc-stdlib v0.2.2
[INFO] [stderr]    Compiling deranged v0.3.10
[INFO] [stderr]    Compiling time-macros v0.2.15
[INFO] [stderr]    Compiling stringprep v0.1.4
[INFO] [stderr]    Compiling foreign-types v0.3.2
[INFO] [stderr]    Compiling pest v2.7.5
[INFO] [stderr]    Compiling hkdf v0.12.4
[INFO] [stderr]    Compiling rand v0.8.5
[INFO] [stderr]    Compiling tokio-util v0.7.10
[INFO] [stderr]    Compiling futures-intrusive v0.5.0
[INFO] [stderr]    Compiling hashlink v0.8.4
[INFO] [stderr]    Compiling h2 v0.3.22
[INFO] [stderr]    Compiling openssl-macros v0.1.1
[INFO] [stderr]    Compiling tokio-stream v0.1.14
[INFO] [stderr]    Compiling chrono v0.4.31
[INFO] [stderr]    Compiling either v1.9.0
[INFO] [stderr]    Compiling itertools v0.12.0
[INFO] [stderr]    Compiling sha2 v0.10.8
[INFO] [stderr]    Compiling md-5 v0.10.6
[INFO] [stderr]    Compiling sha1 v0.10.6
[INFO] [stderr]    Compiling linux-raw-sys v0.4.12
[INFO] [stderr]    Compiling lazy_static v1.4.0
[INFO] [stderr]    Compiling whoami v1.4.1
[INFO] [stderr]    Compiling try-lock v0.2.5
[INFO] [stderr]    Compiling uuid v1.6.1
[INFO] [stderr]    Compiling home v0.5.9
[INFO] [stderr]    Compiling sqlformat v0.2.3
[INFO] [stderr]    Compiling adler v1.0.2
[INFO] [stderr]    Compiling native-tls v0.2.11
[INFO] [stderr]    Compiling want v0.3.1
[INFO] [stderr]    Compiling miniz_oxide v0.7.1
[INFO] [stderr]    Compiling pest_meta v2.7.5
[INFO] [stderr]    Compiling time v0.3.30
[INFO] [stderr]    Compiling actix-rt v2.9.0
[INFO] [stderr]    Compiling brotli-decompressor v2.5.1
[INFO] [stderr]    Compiling actix-utils v3.0.1
[INFO] [stderr]    Compiling nix v0.27.1
[INFO] [stderr]    Compiling actix-service v2.0.2
[INFO] [stderr]    Compiling http-body v0.4.6
[INFO] [stderr]    Compiling socket2 v0.4.10
[INFO] [stderr]    Compiling cookie v0.16.2
[INFO] [stderr]    Compiling encoding_rs v0.8.33
[INFO] [stderr]    Compiling mime v0.3.17
[INFO] [stderr]    Compiling fastrand v2.0.1
[INFO] [stderr]    Compiling regex-syntax v0.6.29
[INFO] [stderr]    Compiling tower-service v0.3.2
[INFO] [stderr]    Compiling convert_case v0.4.0
[INFO] [stderr]    Compiling openssl-probe v0.1.5
[INFO] [stderr]    Compiling unicode-segmentation v1.10.1
[INFO] [stderr]    Compiling tempfile v3.8.1
[INFO] [stderr]    Compiling derive_more v0.99.17
[INFO] [stderr]    Compiling heck v0.4.1
[INFO] [stderr]    Compiling hyper v0.14.27
[INFO] [stderr]    Compiling atomic-write-file v0.1.2
[INFO] [stderr]    Compiling brotli v3.4.0
[INFO] [stderr]    Compiling flate2 v1.0.28
[INFO] [stderr]    Compiling hashbrown v0.12.3
[INFO] [stderr]    Compiling pest_generator v2.7.5
[INFO] [stderr]    Compiling actix-router v0.5.1
[INFO] [stderr]    Compiling regex-automata v0.1.10
[INFO] [stderr]    Compiling serde_urlencoded v0.7.1
[INFO] [stderr]    Compiling actix-codec v0.5.1
[INFO] [stderr]    Compiling local-channel v0.1.5
[INFO] [stderr]    Compiling async-trait v0.1.74
[INFO] [stderr]    Compiling language-tags v0.3.2
[INFO] [stderr]    Compiling overload v0.1.1
[INFO] [stderr]    Compiling dlv-list v0.3.0
[INFO] [stderr]    Compiling nu-ansi-term v0.46.0
[INFO] [stderr]    Compiling actix-web-codegen v4.2.2
[INFO] [stderr]    Compiling pest_derive v2.7.5
[INFO] [stderr]    Compiling ordered-multimap v0.4.3
[INFO] [stderr]    Compiling matchers v0.1.0
[INFO] [stderr]    Compiling tokio-native-tls v0.3.1
[INFO] [stderr]    Compiling actix-server v2.3.0
[INFO] [stderr]    Compiling sharded-slab v0.1.7
[INFO] [stderr]    Compiling actix-macros v0.2.4
[INFO] [stderr]    Compiling pin-project-internal v1.1.3
[INFO] [stderr]    Compiling tracing-log v0.2.0
[INFO] [stderr]    Compiling claim v0.5.0
[INFO] [stderr]    Compiling thread_local v1.1.7
[INFO] [stderr]    Compiling linked-hash-map v0.5.6
[INFO] [stderr]    Compiling base64ct v1.6.0
[INFO] [stderr]    Compiling anyhow v1.0.75
[INFO] [stderr]    Compiling base64 v0.13.1
[INFO] [stderr]    Compiling yaml-rust v0.4.5
[INFO] [stderr]    Compiling password-hash v0.5.0
[INFO] [stderr]    Compiling ron v0.7.1
[INFO] [stderr]    Compiling tracing-subscriber v0.3.18
[INFO] [stderr]    Compiling json5 v0.4.1
[INFO] [stderr]    Compiling hyper-tls v0.5.0
[INFO] [stderr]    Compiling pin-project v1.1.3
[INFO] [stderr]    Compiling rust-ini v0.18.0
[INFO] [stderr]    Compiling toml v0.5.11
[INFO] [stderr]    Compiling idna v0.4.0
[INFO] [stderr]    Compiling blake2 v0.10.6
[INFO] [stderr]    Compiling tracing-log v0.1.4
[INFO] [stderr]    Compiling gethostname v0.2.3
[INFO] [stderr]    Compiling zeroize v1.7.0
[INFO] [stderr]    Compiling ipnet v2.9.0
[INFO] [stderr]    Compiling pathdiff v0.2.1
[INFO] [stderr]    Compiling mutually_exclusive_features v0.0.3
[INFO] [stderr]    Compiling config v0.13.4
[INFO] [stderr]    Compiling secrecy v0.8.0
[INFO] [stderr]    Compiling tracing-bunyan-formatter v0.3.9
[INFO] [stderr]    Compiling argon2 v0.5.2
[INFO] [stderr]    Compiling validator v0.16.1
[INFO] [stderr]    Compiling serde-aux v4.3.1
[INFO] [stderr]    Compiling rustls-webpki v0.101.7
[INFO] [stderr]    Compiling sct v0.7.1
[INFO] [stderr]    Compiling zstd v0.12.4
[INFO] [stderr]    Compiling actix-http v3.4.0
[INFO] [stderr]    Compiling tokio-rustls v0.24.1
[INFO] [stderr]    Compiling sqlx-core v0.7.3
[INFO] [stderr]    Compiling hyper-rustls v0.24.2
[INFO] [stderr]    Compiling reqwest v0.11.22
[INFO] [stderr]    Compiling sqlx-postgres v0.7.3
[INFO] [stderr]    Compiling actix-web v4.4.0
[INFO] [stderr]    Compiling tracing-actix-web v0.7.9
[INFO] [stderr]    Compiling sqlx-macros-core v0.7.3
[INFO] [stderr]    Compiling sqlx-macros v0.7.3
[INFO] [stderr]    Compiling sqlx v0.7.3
[INFO] [stderr]    Compiling web_server_template v0.1.0 (/opt/rustwide/workdir)
[INFO] [stderr]     Finished dev [unoptimized + debuginfo] target(s) in 2m 04s
[INFO] running `Command { std: "docker" "inspect" "a184b4a14fed9438a7935832a8b87f300e1425963609a69666dfe84e56588ac1", kill_on_drop: false }`
[INFO] running `Command { std: "docker" "rm" "-f" "a184b4a14fed9438a7935832a8b87f300e1425963609a69666dfe84e56588ac1", kill_on_drop: false }`
[INFO] [stdout] a184b4a14fed9438a7935832a8b87f300e1425963609a69666dfe84e56588ac1
[INFO] running `Command { std: "docker" "create" "-v" "/var/lib/crater-agent-workspace/builds/worker-0-tc1/target:/opt/rustwide/target:rw,Z" "-v" "/var/lib/crater-agent-workspace/builds/worker-0-tc1/source:/opt/rustwide/workdir:ro,Z" "-v" "/var/lib/crater-agent-workspace/cargo-home:/opt/rustwide/cargo-home:ro,Z" "-v" "/var/lib/crater-agent-workspace/rustup-home:/opt/rustwide/rustup-home:ro,Z" "-e" "SOURCE_DIR=/opt/rustwide/workdir" "-e" "CARGO_TARGET_DIR=/opt/rustwide/target" "-e" "CARGO_INCREMENTAL=0" "-e" "RUST_BACKTRACE=full" "-e" "RUSTFLAGS=--cap-lints=warn" "-e" "RUSTDOCFLAGS=--cap-lints=warn" "-e" "CARGO_HOME=/opt/rustwide/cargo-home" "-e" "RUSTUP_HOME=/opt/rustwide/rustup-home" "-w" "/opt/rustwide/workdir" "-m" "1610612736" "--user" "0:0" "--network" "none" "ghcr.io/rust-lang/crates-build-env/linux@sha256:2788e3201cd34a07e3172128adcd8b3090168a8e3bcc40d7c032b9dda1df7d1c" "/opt/rustwide/cargo-home/bin/cargo" "+1.75.0" "test" "--frozen" "--no-run" "--message-format=json", kill_on_drop: false }`
[INFO] [stdout] 251cec626c7b6f003221a0b0eddbf25f7d4389497cb4eed2555080c0c5e675b9
[INFO] running `Command { std: "docker" "start" "-a" "251cec626c7b6f003221a0b0eddbf25f7d4389497cb4eed2555080c0c5e675b9", kill_on_drop: false }`
[INFO] [stderr]    Compiling futures-util v0.3.29
[INFO] [stderr]    Compiling futures-macro v0.3.29
[INFO] [stderr]    Compiling url v2.5.0
[INFO] [stderr]    Compiling rand v0.8.5
[INFO] [stderr]    Compiling getrandom v0.1.16
[INFO] [stderr]    Compiling concurrent-queue v2.4.0
[INFO] [stderr]    Compiling fastrand v1.9.0
[INFO] [stderr]    Compiling waker-fn v1.1.1
[INFO] [stderr]    Compiling parking v2.2.0
[INFO] [stderr]    Compiling rand_core v0.5.1
[INFO] [stderr]    Compiling http-types v2.12.0
[INFO] [stderr]    Compiling futures-lite v1.13.0
[INFO] [stderr]    Compiling rand_chacha v0.2.2
[INFO] [stderr]    Compiling atomic-write-file v0.1.2
[INFO] [stderr]    Compiling rand v0.7.3
[INFO] [stderr]    Compiling validator v0.16.1
[INFO] [stderr]    Compiling async-channel v1.9.0
[INFO] [stderr]    Compiling serde_qs v0.8.5
[INFO] [stderr]    Compiling infer v0.2.3
[INFO] [stderr]    Compiling deadpool-runtime v0.1.3
[INFO] [stderr]    Compiling retain_mut v0.1.9
[INFO] [stderr]    Compiling deadpool v0.9.5
[INFO] [stderr]    Compiling env_logger v0.8.4
[INFO] [stderr]    Compiling assert-json-diff v2.0.2
[INFO] [stderr]    Compiling deunicode v1.4.2
[INFO] [stderr]    Compiling futures-timer v3.0.2
[INFO] [stderr]    Compiling fake v2.9.1
[INFO] [stderr]    Compiling quickcheck v1.0.3
[INFO] [stderr]    Compiling quickcheck_macros v1.0.0
[INFO] [stderr]    Compiling linkify v0.10.0
[INFO] [stderr]    Compiling sqlx-core v0.7.3
[INFO] [stderr]    Compiling h2 v0.3.22
[INFO] [stderr]    Compiling actix-server v2.3.0
[INFO] [stderr]    Compiling futures-executor v0.3.29
[INFO] [stderr]    Compiling futures v0.3.29
[INFO] [stderr]    Compiling sqlx-postgres v0.7.3
[INFO] [stderr]    Compiling sqlx-macros-core v0.7.3
[INFO] [stderr]    Compiling hyper v0.14.27
[INFO] [stderr]    Compiling actix-http v3.4.0
[INFO] [stderr]    Compiling sqlx-macros v0.7.3
[INFO] [stderr]    Compiling actix-web v4.4.0
[INFO] [stderr]    Compiling hyper-rustls v0.24.2
[INFO] [stderr]    Compiling hyper-tls v0.5.0
[INFO] [stderr]    Compiling wiremock v0.5.22
[INFO] [stderr]    Compiling reqwest v0.11.22
[INFO] [stderr]    Compiling sqlx v0.7.3
[INFO] [stderr]    Compiling tracing-actix-web v0.7.9
[INFO] [stderr]    Compiling web_server_template v0.1.0 (/opt/rustwide/workdir)
[INFO] [stdout] warning: struct `ConfirmationLinks` is never constructed
[INFO] [stdout]   --> tests/api/helpers.rs:26:12
[INFO] [stdout]    |
[INFO] [stdout] 26 | pub struct ConfirmationLinks {
[INFO] [stdout]    |            ^^^^^^^^^^^^^^^^^
[INFO] [stdout]    |
[INFO] [stdout]    = note: `#[warn(dead_code)]` on by default
[INFO] [stdout] 
[INFO] [stdout] 
[INFO] [stdout] warning: methods `post_subscriptions`, `get_confirmation_links`, and `post_newsletters` are never used
[INFO] [stdout]   --> tests/api/helpers.rs:40:18
[INFO] [stdout]    |
[INFO] [stdout] 39 | impl TestApp {
[INFO] [stdout]    | ------------ methods in this implementation
[INFO] [stdout] 40 |     pub async fn post_subscriptions(&self, body: String) -> reqwest::Response {
[INFO] [stdout]    |                  ^^^^^^^^^^^^^^^^^^
[INFO] [stdout] ...
[INFO] [stdout] 50 |     pub fn get_confirmation_links(&self, email_request: &wiremock::Request) -> ConfirmationLinks {
[INFO] [stdout]    |            ^^^^^^^^^^^^^^^^^^^^^^
[INFO] [stdout] ...
[INFO] [stdout] 70 |     pub async fn post_newsletters(&self, body: serde_json::Value) -> reqwest::Response {
[INFO] [stdout]    |                  ^^^^^^^^^^^^^^^^
[INFO] [stdout] 
[INFO] [stdout] 
[INFO] [stdout] warning: 2 warnings emitted
[INFO] [stdout] 
[INFO] [stdout] 
[INFO] [stderr]     Finished test [unoptimized + debuginfo] target(s) in 28.71s
[INFO] running `Command { std: "docker" "inspect" "251cec626c7b6f003221a0b0eddbf25f7d4389497cb4eed2555080c0c5e675b9", kill_on_drop: false }`
[INFO] running `Command { std: "docker" "rm" "-f" "251cec626c7b6f003221a0b0eddbf25f7d4389497cb4eed2555080c0c5e675b9", kill_on_drop: false }`
[INFO] [stdout] 251cec626c7b6f003221a0b0eddbf25f7d4389497cb4eed2555080c0c5e675b9
[INFO] running `Command { std: "docker" "create" "-v" "/var/lib/crater-agent-workspace/builds/worker-0-tc1/target:/opt/rustwide/target:rw,Z" "-v" "/var/lib/crater-agent-workspace/builds/worker-0-tc1/source:/opt/rustwide/workdir:ro,Z" "-v" "/var/lib/crater-agent-workspace/cargo-home:/opt/rustwide/cargo-home:ro,Z" "-v" "/var/lib/crater-agent-workspace/rustup-home:/opt/rustwide/rustup-home:ro,Z" "-e" "SOURCE_DIR=/opt/rustwide/workdir" "-e" "CARGO_TARGET_DIR=/opt/rustwide/target" "-e" "CARGO_INCREMENTAL=0" "-e" "RUST_BACKTRACE=full" "-e" "RUSTFLAGS=--cap-lints=warn" "-e" "RUSTDOCFLAGS=--cap-lints=warn" "-e" "CARGO_HOME=/opt/rustwide/cargo-home" "-e" "RUSTUP_HOME=/opt/rustwide/rustup-home" "-w" "/opt/rustwide/workdir" "-m" "1610612736" "--user" "0:0" "--network" "none" "ghcr.io/rust-lang/crates-build-env/linux@sha256:2788e3201cd34a07e3172128adcd8b3090168a8e3bcc40d7c032b9dda1df7d1c" "/opt/rustwide/cargo-home/bin/cargo" "+1.75.0" "test" "--frozen", kill_on_drop: false }`
[INFO] [stdout] d7050c8fbe70ea19c4e16ef27eb4c7bd01e4f3435160665aac14c1b84c86e4bb
[INFO] running `Command { std: "docker" "start" "-a" "d7050c8fbe70ea19c4e16ef27eb4c7bd01e4f3435160665aac14c1b84c86e4bb", kill_on_drop: false }`
[INFO] [stderr] warning: struct `ConfirmationLinks` is never constructed
[INFO] [stderr]   --> tests/api/helpers.rs:26:12
[INFO] [stderr]    |
[INFO] [stderr] 26 | pub struct ConfirmationLinks {
[INFO] [stderr]    |            ^^^^^^^^^^^^^^^^^
[INFO] [stderr]    |
[INFO] [stderr]    = note: `#[warn(dead_code)]` on by default
[INFO] [stderr] 
[INFO] [stderr] warning: methods `post_subscriptions`, `get_confirmation_links`, and `post_newsletters` are never used
[INFO] [stderr]   --> tests/api/helpers.rs:40:18
[INFO] [stderr]    |
[INFO] [stderr] 39 | impl TestApp {
[INFO] [stderr]    | ------------ methods in this implementation
[INFO] [stderr] 40 |     pub async fn post_subscriptions(&self, body: String) -> reqwest::Response {
[INFO] [stderr]    |                  ^^^^^^^^^^^^^^^^^^
[INFO] [stderr] ...
[INFO] [stderr] 50 |     pub fn get_confirmation_links(&self, email_request: &wiremock::Request) -> ConfirmationLinks {
[INFO] [stderr]    |            ^^^^^^^^^^^^^^^^^^^^^^
[INFO] [stderr] ...
[INFO] [stderr] 70 |     pub async fn post_newsletters(&self, body: serde_json::Value) -> reqwest::Response {
[INFO] [stderr]    |                  ^^^^^^^^^^^^^^^^
[INFO] [stderr] 
[INFO] [stderr] warning: `web_server_template` (test "api") generated 2 warnings
[INFO] [stderr]     Finished test [unoptimized + debuginfo] target(s) in 0.47s
[INFO] [stderr]      Running unittests src/lib.rs (/opt/rustwide/target/debug/deps/web_server_template-0d27612f1a19176f)
[INFO] [stdout] 
[INFO] [stdout] running 1 test
[INFO] [stdout] test domain::tests::it_works ... ok
[INFO] [stdout] 
[INFO] [stdout] test result: ok. 1 passed; 0 failed; 0 ignored; 0 measured; 0 filtered out; finished in 0.00s
[INFO] [stdout] 
[INFO] [stderr]      Running unittests src/main.rs (/opt/rustwide/target/debug/deps/webserver-7b5300c87d66ee56)
[INFO] [stdout] 
[INFO] [stdout] running 0 tests
[INFO] [stdout] 
[INFO] [stdout] test result: ok. 0 passed; 0 failed; 0 ignored; 0 measured; 0 filtered out; finished in 0.00s
[INFO] [stdout] 
[INFO] [stderr]      Running tests/api/main.rs (/opt/rustwide/target/debug/deps/api-f49d91080adc1e3a)
[INFO] [stdout] 
[INFO] [stdout] running 1 test
[INFO] [stdout] test health_check::health_check_works ... FAILED
[INFO] [stdout] 
[INFO] [stdout] failures:
[INFO] [stdout] 
[INFO] [stdout] ---- health_check::health_check_works stdout ----
[INFO] [stdout] thread 'health_check::health_check_works' panicked at tests/api/helpers.rs:180:10:
[INFO] [stdout] Failed to connect to Postgres: Io(Os { code: 99, kind: AddrNotAvailable, message: "Cannot assign requested address" })
[INFO] [stdout] stack backtrace:
[INFO] [stdout]    0:     0x55ea2cc0e39c - std::backtrace_rs::backtrace::libunwind::trace::ha637c64ce894333a
[INFO] [stdout]                                at /rustc/82e1608dfa6e0b5569232559e3d385fea5a93112/library/std/src/../../backtrace/src/backtrace/libunwind.rs:104:5
[INFO] [stdout]    1:     0x55ea2cc0e39c - std::backtrace_rs::backtrace::trace_unsynchronized::h47f62dea28e0c88d
[INFO] [stdout]                                at /rustc/82e1608dfa6e0b5569232559e3d385fea5a93112/library/std/src/../../backtrace/src/backtrace/mod.rs:66:5
[INFO] [stdout]    2:     0x55ea2cc0e39c - std::sys_common::backtrace::_print_fmt::h9eef0abe20ede486
[INFO] [stdout]                                at /rustc/82e1608dfa6e0b5569232559e3d385fea5a93112/library/std/src/sys_common/backtrace.rs:67:5
[INFO] [stdout]    3:     0x55ea2cc0e39c - <std::sys_common::backtrace::_print::DisplayBacktrace as core::fmt::Display>::fmt::hed7f999df88cc644
[INFO] [stdout]                                at /rustc/82e1608dfa6e0b5569232559e3d385fea5a93112/library/std/src/sys_common/backtrace.rs:44:22
[INFO] [stdout]    4:     0x55ea2cc3e640 - core::fmt::rt::Argument::fmt::h1539a9308b8d058d
[INFO] [stdout]                                at /rustc/82e1608dfa6e0b5569232559e3d385fea5a93112/library/core/src/fmt/rt.rs:142:9
[INFO] [stdout]    5:     0x55ea2cc3e640 - core::fmt::write::h3a39390d8560d9c9
[INFO] [stdout]                                at /rustc/82e1608dfa6e0b5569232559e3d385fea5a93112/library/core/src/fmt/mod.rs:1120:17
[INFO] [stdout]    6:     0x55ea2cc0abdf - std::io::Write::write_fmt::h040b369f3a0f9cbc
[INFO] [stdout]                                at /rustc/82e1608dfa6e0b5569232559e3d385fea5a93112/library/std/src/io/mod.rs:1762:15
[INFO] [stdout]    7:     0x55ea2cc0e184 - std::sys_common::backtrace::_print::h894006fb5c6f3d45
[INFO] [stdout]                                at /rustc/82e1608dfa6e0b5569232559e3d385fea5a93112/library/std/src/sys_common/backtrace.rs:47:5
[INFO] [stdout]    8:     0x55ea2cc0e184 - std::sys_common::backtrace::print::h23a2d212c6fff936
[INFO] [stdout]                                at /rustc/82e1608dfa6e0b5569232559e3d385fea5a93112/library/std/src/sys_common/backtrace.rs:34:9
[INFO] [stdout]    9:     0x55ea2cc0fe47 - std::panicking::default_hook::{{closure}}::h8a1d2ee00185001a
[INFO] [stdout]   10:     0x55ea2cc0fb33 - std::panicking::default_hook::h6038f2eba384e475
[INFO] [stdout]                                at /rustc/82e1608dfa6e0b5569232559e3d385fea5a93112/library/std/src/panicking.rs:289:9
[INFO] [stdout]   11:     0x55ea2bb10bd7 - <alloc::boxed::Box<F,A> as core::ops::function::Fn<Args>>::call::h0ad024c9bdc6d768
[INFO] [stdout]                                at /rustc/82e1608dfa6e0b5569232559e3d385fea5a93112/library/alloc/src/boxed.rs:2021:9
[INFO] [stdout]   12:     0x55ea2bb10bd7 - test::test_main::{{closure}}::h7500b54257359db6
[INFO] [stdout]                                at /rustc/82e1608dfa6e0b5569232559e3d385fea5a93112/library/test/src/lib.rs:138:21
[INFO] [stdout]   13:     0x55ea2cc10458 - <alloc::boxed::Box<F,A> as core::ops::function::Fn<Args>>::call::h1f8f335eaa9cfaee
[INFO] [stdout]                                at /rustc/82e1608dfa6e0b5569232559e3d385fea5a93112/library/alloc/src/boxed.rs:2021:9
[INFO] [stdout]   14:     0x55ea2cc10458 - std::panicking::rust_panic_with_hook::h2b5517d590cab22e
[INFO] [stdout]                                at /rustc/82e1608dfa6e0b5569232559e3d385fea5a93112/library/std/src/panicking.rs:783:13
[INFO] [stdout]   15:     0x55ea2cc101ae - std::panicking::begin_panic_handler::{{closure}}::h233112c06e0ef43e
[INFO] [stdout]                                at /rustc/82e1608dfa6e0b5569232559e3d385fea5a93112/library/std/src/panicking.rs:657:13
[INFO] [stdout]   16:     0x55ea2cc0e866 - std::sys_common::backtrace::__rust_end_short_backtrace::h6e893f24d7ebbff8
[INFO] [stdout]                                at /rustc/82e1608dfa6e0b5569232559e3d385fea5a93112/library/std/src/sys_common/backtrace.rs:170:18
[INFO] [stdout]   17:     0x55ea2cc0ff12 - rust_begin_unwind
[INFO] [stdout]                                at /rustc/82e1608dfa6e0b5569232559e3d385fea5a93112/library/std/src/panicking.rs:645:5
[INFO] [stdout]   18:     0x55ea2b862775 - core::panicking::panic_fmt::hbf0e066aabfa482c
[INFO] [stdout]                                at /rustc/82e1608dfa6e0b5569232559e3d385fea5a93112/library/core/src/panicking.rs:72:14
[INFO] [stdout]   19:     0x55ea2b862da3 - core::result::unwrap_failed::hddb4fea594200c52
[INFO] [stdout]                                at /rustc/82e1608dfa6e0b5569232559e3d385fea5a93112/library/core/src/result.rs:1653:5
[INFO] [stdout]   20:     0x55ea2b893367 - core::result::Result<T,E>::expect::hec9d00f6283b99eb
[INFO] [stdout]                                at /rustc/82e1608dfa6e0b5569232559e3d385fea5a93112/library/core/src/result.rs:1034:23
[INFO] [stdout]   21:     0x55ea2b86eaf1 - api::helpers::configure_database::{{closure}}::h3cc1e2c90b4c8ab5
[INFO] [stdout]                                at /opt/rustwide/workdir/tests/api/helpers.rs:178:26
[INFO] [stdout]   22:     0x55ea2b86de6b - api::helpers::spawn_app::{{closure}}::hf0261e75b2b903a8
[INFO] [stdout]                                at /opt/rustwide/workdir/tests/api/helpers.rs:142:49
[INFO] [stdout]   23:     0x55ea2b87d407 - api::health_check::health_check_works::{{closure}}::hc337e274c5c1f6d3
[INFO] [stdout]                                at /opt/rustwide/workdir/tests/api/health_check.rs:5:31
[INFO] [stdout]   24:     0x55ea2b8977f8 - <core::pin::Pin<P> as core::future::future::Future>::poll::h871fc3676c3565fd
[INFO] [stdout]                                at /rustc/82e1608dfa6e0b5569232559e3d385fea5a93112/library/core/src/future/future.rs:125:9
[INFO] [stdout]   25:     0x55ea2b89772b - <core::pin::Pin<P> as core::future::future::Future>::poll::h6b36010a5a05fe21
[INFO] [stdout]                                at /rustc/82e1608dfa6e0b5569232559e3d385fea5a93112/library/core/src/future/future.rs:125:9
[INFO] [stdout]   26:     0x55ea2b897234 - tokio::runtime::scheduler::current_thread::CoreGuard::block_on::{{closure}}::{{closure}}::{{closure}}::he8415d61fe1d2ffd
[INFO] [stdout]                                at /opt/rustwide/cargo-home/registry/src/index.crates.io-6f17d22bba15001f/tokio-1.35.0/src/runtime/scheduler/current_thread/mod.rs:665:57
[INFO] [stdout]   27:     0x55ea2b89716a - tokio::runtime::coop::with_budget::h4cbdfa6b06b3c6f5
[INFO] [stdout]                                at /opt/rustwide/cargo-home/registry/src/index.crates.io-6f17d22bba15001f/tokio-1.35.0/src/runtime/coop.rs:107:5
[INFO] [stdout]   28:     0x55ea2b89716a - tokio::runtime::coop::budget::h2d29f5f52cd1b777
[INFO] [stdout]                                at /opt/rustwide/cargo-home/registry/src/index.crates.io-6f17d22bba15001f/tokio-1.35.0/src/runtime/coop.rs:73:5
[INFO] [stdout]   29:     0x55ea2b89716a - tokio::runtime::scheduler::current_thread::CoreGuard::block_on::{{closure}}::{{closure}}::hff03d2a654141cbc
[INFO] [stdout]                                at /opt/rustwide/cargo-home/registry/src/index.crates.io-6f17d22bba15001f/tokio-1.35.0/src/runtime/scheduler/current_thread/mod.rs:665:25
[INFO] [stdout]   30:     0x55ea2b895aec - tokio::runtime::scheduler::current_thread::Context::enter::h3f770d56c489214f
[INFO] [stdout]                                at /opt/rustwide/cargo-home/registry/src/index.crates.io-6f17d22bba15001f/tokio-1.35.0/src/runtime/scheduler/current_thread/mod.rs:410:19
[INFO] [stdout]   31:     0x55ea2b89695e - tokio::runtime::scheduler::current_thread::CoreGuard::block_on::{{closure}}::h74092fea95c4d445
[INFO] [stdout]                                at /opt/rustwide/cargo-home/registry/src/index.crates.io-6f17d22bba15001f/tokio-1.35.0/src/runtime/scheduler/current_thread/mod.rs:664:36
[INFO] [stdout]   32:     0x55ea2b89666b - tokio::runtime::scheduler::current_thread::CoreGuard::enter::{{closure}}::hd553c48ef248141c
[INFO] [stdout]                                at /opt/rustwide/cargo-home/registry/src/index.crates.io-6f17d22bba15001f/tokio-1.35.0/src/runtime/scheduler/current_thread/mod.rs:743:68
[INFO] [stdout]   33:     0x55ea2b872cfb - tokio::runtime::context::scoped::Scoped<T>::set::h150df9a03d0f202a
[INFO] [stdout]                                at /opt/rustwide/cargo-home/registry/src/index.crates.io-6f17d22bba15001f/tokio-1.35.0/src/runtime/context/scoped.rs:40:9
[INFO] [stdout]   34:     0x55ea2b86b589 - tokio::runtime::context::set_scheduler::{{closure}}::hb48a28d2e5462b16
[INFO] [stdout]                                at /opt/rustwide/cargo-home/registry/src/index.crates.io-6f17d22bba15001f/tokio-1.35.0/src/runtime/context.rs:176:26
[INFO] [stdout]   35:     0x55ea2b877d76 - std::thread::local::LocalKey<T>::try_with::h054461f68035f68a
[INFO] [stdout]                                at /rustc/82e1608dfa6e0b5569232559e3d385fea5a93112/library/std/src/thread/local.rs:270:16
[INFO] [stdout]   36:     0x55ea2b877b4a - std::thread::local::LocalKey<T>::with::h083abf13bd6ab6da
[INFO] [stdout]                                at /rustc/82e1608dfa6e0b5569232559e3d385fea5a93112/library/std/src/thread/local.rs:246:9
[INFO] [stdout]   37:     0x55ea2b86b53d - tokio::runtime::context::set_scheduler::h64e89d5c310e7a08
[INFO] [stdout]                                at /opt/rustwide/cargo-home/registry/src/index.crates.io-6f17d22bba15001f/tokio-1.35.0/src/runtime/context.rs:176:9
[INFO] [stdout]   38:     0x55ea2b896400 - tokio::runtime::scheduler::current_thread::CoreGuard::enter::hf90b024b2743bbb6
[INFO] [stdout]                                at /opt/rustwide/cargo-home/registry/src/index.crates.io-6f17d22bba15001f/tokio-1.35.0/src/runtime/scheduler/current_thread/mod.rs:743:27
[INFO] [stdout]   39:     0x55ea2b89669d - tokio::runtime::scheduler::current_thread::CoreGuard::block_on::hf64cae89dd78688b
[INFO] [stdout]                                at /opt/rustwide/cargo-home/registry/src/index.crates.io-6f17d22bba15001f/tokio-1.35.0/src/runtime/scheduler/current_thread/mod.rs:652:19
[INFO] [stdout]   40:     0x55ea2b89509d - tokio::runtime::scheduler::current_thread::CurrentThread::block_on::{{closure}}::hd3c9d30ef41c1f3f
[INFO] [stdout]                                at /opt/rustwide/cargo-home/registry/src/index.crates.io-6f17d22bba15001f/tokio-1.35.0/src/runtime/scheduler/current_thread/mod.rs:175:28
[INFO] [stdout]   41:     0x55ea2b8a36ba - tokio::runtime::context::runtime::enter_runtime::hdf975bfb817f5c48
[INFO] [stdout]                                at /opt/rustwide/cargo-home/registry/src/index.crates.io-6f17d22bba15001f/tokio-1.35.0/src/runtime/context/runtime.rs:65:16
[INFO] [stdout]   42:     0x55ea2b894fb0 - tokio::runtime::scheduler::current_thread::CurrentThread::block_on::hdaec985417aaa25b
[INFO] [stdout]                                at /opt/rustwide/cargo-home/registry/src/index.crates.io-6f17d22bba15001f/tokio-1.35.0/src/runtime/scheduler/current_thread/mod.rs:167:9
[INFO] [stdout]   43:     0x55ea2b8a3ddd - tokio::runtime::runtime::Runtime::block_on::h8a00274dea16a8c8
[INFO] [stdout]                                at /opt/rustwide/cargo-home/registry/src/index.crates.io-6f17d22bba15001f/tokio-1.35.0/src/runtime/runtime.rs:348:47
[INFO] [stdout]   44:     0x55ea2b87d196 - api::health_check::health_check_works::hf92432638b54f868
[INFO] [stdout]                                at /opt/rustwide/workdir/tests/api/health_check.rs:15:5
[INFO] [stdout]   45:     0x55ea2b87cff7 - api::health_check::health_check_works::{{closure}}::hcb625965c3337135
[INFO] [stdout]                                at /opt/rustwide/workdir/tests/api/health_check.rs:4:30
[INFO] [stdout]   46:     0x55ea2b8a4af6 - core::ops::function::FnOnce::call_once::h593c3f0e76597c71
[INFO] [stdout]                                at /rustc/82e1608dfa6e0b5569232559e3d385fea5a93112/library/core/src/ops/function.rs:250:5
[INFO] [stdout]   47:     0x55ea2bb1622f - core::ops::function::FnOnce::call_once::h2b5d431d5046312d
[INFO] [stdout]                                at /rustc/82e1608dfa6e0b5569232559e3d385fea5a93112/library/core/src/ops/function.rs:250:5
[INFO] [stdout]   48:     0x55ea2bb1622f - test::__rust_begin_short_backtrace::h7714669af176e207
[INFO] [stdout]                                at /rustc/82e1608dfa6e0b5569232559e3d385fea5a93112/library/test/src/lib.rs:628:18
[INFO] [stdout]   49:     0x55ea2bb15245 - test::run_test_in_process::{{closure}}::h85218797dcbcec12
[INFO] [stdout]                                at /rustc/82e1608dfa6e0b5569232559e3d385fea5a93112/library/test/src/lib.rs:651:60
[INFO] [stdout]   50:     0x55ea2bb15245 - <core::panic::unwind_safe::AssertUnwindSafe<F> as core::ops::function::FnOnce<()>>::call_once::h76c106ea31c14d7b
[INFO] [stdout]                                at /rustc/82e1608dfa6e0b5569232559e3d385fea5a93112/library/core/src/panic/unwind_safe.rs:272:9
[INFO] [stdout]   51:     0x55ea2bb15245 - std::panicking::try::do_call::h3bd5d0f6620ee946
[INFO] [stdout]                                at /rustc/82e1608dfa6e0b5569232559e3d385fea5a93112/library/std/src/panicking.rs:552:40
[INFO] [stdout]   52:     0x55ea2bb15245 - std::panicking::try::h232e535e4744fe31
[INFO] [stdout]                                at /rustc/82e1608dfa6e0b5569232559e3d385fea5a93112/library/std/src/panicking.rs:516:19
[INFO] [stdout]   53:     0x55ea2bb15245 - std::panic::catch_unwind::h3ce3bd6ca8dbac68
[INFO] [stdout]                                at /rustc/82e1608dfa6e0b5569232559e3d385fea5a93112/library/std/src/panic.rs:142:14
[INFO] [stdout]   54:     0x55ea2bb15245 - test::run_test_in_process::hc97b257c9621286a
[INFO] [stdout]                                at /rustc/82e1608dfa6e0b5569232559e3d385fea5a93112/library/test/src/lib.rs:651:27
[INFO] [stdout]   55:     0x55ea2bb15245 - test::run_test::{{closure}}::h2aa798823a438d38
[INFO] [stdout]                                at /rustc/82e1608dfa6e0b5569232559e3d385fea5a93112/library/test/src/lib.rs:574:43
[INFO] [stdout]   56:     0x55ea2badd506 - test::run_test::{{closure}}::h87d231c78fb59832
[INFO] [stdout]                                at /rustc/82e1608dfa6e0b5569232559e3d385fea5a93112/library/test/src/lib.rs:602:41
[INFO] [stdout]   57:     0x55ea2badd506 - std::sys_common::backtrace::__rust_begin_short_backtrace::he6df152596625789
[INFO] [stdout]                                at /rustc/82e1608dfa6e0b5569232559e3d385fea5a93112/library/std/src/sys_common/backtrace.rs:154:18
[INFO] [stdout]   58:     0x55ea2bae25b7 - std::thread::Builder::spawn_unchecked_::{{closure}}::{{closure}}::ha94be15d1e0acf36
[INFO] [stdout]                                at /rustc/82e1608dfa6e0b5569232559e3d385fea5a93112/library/std/src/thread/mod.rs:529:17
[INFO] [stdout]   59:     0x55ea2bae25b7 - <core::panic::unwind_safe::AssertUnwindSafe<F> as core::ops::function::FnOnce<()>>::call_once::h9dc6bd6372f16606
[INFO] [stdout]                                at /rustc/82e1608dfa6e0b5569232559e3d385fea5a93112/library/core/src/panic/unwind_safe.rs:272:9
[INFO] [stdout]   60:     0x55ea2bae25b7 - std::panicking::try::do_call::h9057517f80303cd4
[INFO] [stdout]                                at /rustc/82e1608dfa6e0b5569232559e3d385fea5a93112/library/std/src/panicking.rs:552:40
[INFO] [stdout]   61:     0x55ea2bae25b7 - std::panicking::try::he3a30b11ee45340c
[INFO] [stdout]                                at /rustc/82e1608dfa6e0b5569232559e3d385fea5a93112/library/std/src/panicking.rs:516:19
[INFO] [stdout]   62:     0x55ea2bae25b7 - std::panic::catch_unwind::h410458cfd3528b8b
[INFO] [stdout]                                at /rustc/82e1608dfa6e0b5569232559e3d385fea5a93112/library/std/src/panic.rs:142:14
[INFO] [stdout]   63:     0x55ea2bae25b7 - std::thread::Builder::spawn_unchecked_::{{closure}}::h72ac3bdb567b737b
[INFO] [stdout]                                at /rustc/82e1608dfa6e0b5569232559e3d385fea5a93112/library/std/src/thread/mod.rs:528:30
[INFO] [stdout]   64:     0x55ea2bae25b7 - core::ops::function::FnOnce::call_once{{vtable.shim}}::h38f34da3654a8344
[INFO] [stdout]                                at /rustc/82e1608dfa6e0b5569232559e3d385fea5a93112/library/core/src/ops/function.rs:250:5
[INFO] [stdout]   65:     0x55ea2cc15315 - <alloc::boxed::Box<F,A> as core::ops::function::FnOnce<Args>>::call_once::hc7eafaff61e32df9
[INFO] [stdout]                                at /rustc/82e1608dfa6e0b5569232559e3d385fea5a93112/library/alloc/src/boxed.rs:2007:9
[INFO] [stdout]   66:     0x55ea2cc15315 - <alloc::boxed::Box<F,A> as core::ops::function::FnOnce<Args>>::call_once::h6ba4a5de48dd2304
[INFO] [stdout]                                at /rustc/82e1608dfa6e0b5569232559e3d385fea5a93112/library/alloc/src/boxed.rs:2007:9
[INFO] [stdout]   67:     0x55ea2cc15315 - std::sys::unix::thread::Thread::new::thread_start::he469335aef763e45
[INFO] [stdout]                                at /rustc/82e1608dfa6e0b5569232559e3d385fea5a93112/library/std/src/sys/unix/thread.rs:108:17
[INFO] [stdout]   68:     0x7f1f34aaaac3 - <unknown>
[INFO] [stdout]   69:     0x7f1f34b3bbf4 - __clone
[INFO] [stdout]   70:                0x0 - <unknown>
[INFO] [stdout] 
[INFO] [stdout] 
[INFO] [stdout] failures:
[INFO] [stdout]     health_check::health_check_works
[INFO] [stdout] 
[INFO] [stdout] test result: FAILED. 0 passed; 1 failed; 0 ignored; 0 measured; 0 filtered out; finished in 0.08s
[INFO] [stdout] 
[INFO] [stderr] error: test failed, to rerun pass `--test api`
[INFO] running `Command { std: "docker" "inspect" "d7050c8fbe70ea19c4e16ef27eb4c7bd01e4f3435160665aac14c1b84c86e4bb", kill_on_drop: false }`
[INFO] running `Command { std: "docker" "rm" "-f" "d7050c8fbe70ea19c4e16ef27eb4c7bd01e4f3435160665aac14c1b84c86e4bb", kill_on_drop: false }`
[INFO] [stdout] d7050c8fbe70ea19c4e16ef27eb4c7bd01e4f3435160665aac14c1b84c86e4bb
[INFO] testing standvpmnt/web_server_rs against beta-2023-12-22 for beta-1.76-1
[INFO] running `Command { std: "git" "clone" "/workspace/cache/git-repos/https%3A%2F%2Fgithub.com%2Fstandvpmnt%2Fweb_server_rs" "/workspace/builds/worker-0-tc2/source", kill_on_drop: false }`
[INFO] [stderr] Cloning into '/workspace/builds/worker-0-tc2/source'...
[INFO] [stderr] done.
[INFO] validating manifest of git repo https://github.com/standvpmnt/web_server_rs on toolchain beta-2023-12-22
[INFO] running `Command { std: CARGO_HOME="/workspace/cargo-home" RUSTUP_HOME="/workspace/rustup-home" "/workspace/cargo-home/bin/cargo" "+beta-2023-12-22" "metadata" "--manifest-path" "Cargo.toml" "--no-deps", kill_on_drop: false }`
[INFO] removed /workspace/builds/worker-0-tc2/source/.cargo/config.toml
[INFO] started tweaking git repo https://github.com/standvpmnt/web_server_rs
[INFO] finished tweaking git repo https://github.com/standvpmnt/web_server_rs
[INFO] tweaked toml for git repo https://github.com/standvpmnt/web_server_rs written to /workspace/builds/worker-0-tc2/source/Cargo.toml
[INFO] crate git repo https://github.com/standvpmnt/web_server_rs already has a lockfile, it will not be regenerated
[INFO] running `Command { std: CARGO_HOME="/workspace/cargo-home" RUSTUP_HOME="/workspace/rustup-home" "/workspace/cargo-home/bin/cargo" "+beta-2023-12-22" "fetch" "--manifest-path" "Cargo.toml", kill_on_drop: false }`
[INFO] [stderr]     Blocking waiting for file lock on package cache
[INFO] running `Command { std: "docker" "create" "-v" "/var/lib/crater-agent-workspace/builds/worker-0-tc2/target:/opt/rustwide/target:rw,Z" "-v" "/var/lib/crater-agent-workspace/builds/worker-0-tc2/source:/opt/rustwide/workdir:ro,Z" "-v" "/var/lib/crater-agent-workspace/cargo-home:/opt/rustwide/cargo-home:ro,Z" "-v" "/var/lib/crater-agent-workspace/rustup-home:/opt/rustwide/rustup-home:ro,Z" "-e" "SOURCE_DIR=/opt/rustwide/workdir" "-e" "CARGO_TARGET_DIR=/opt/rustwide/target" "-e" "CARGO_HOME=/opt/rustwide/cargo-home" "-e" "RUSTUP_HOME=/opt/rustwide/rustup-home" "-w" "/opt/rustwide/workdir" "-m" "1610612736" "--user" "0:0" "--network" "none" "ghcr.io/rust-lang/crates-build-env/linux@sha256:2788e3201cd34a07e3172128adcd8b3090168a8e3bcc40d7c032b9dda1df7d1c" "/opt/rustwide/cargo-home/bin/cargo" "+beta-2023-12-22" "metadata" "--no-deps" "--format-version=1", kill_on_drop: false }`
[INFO] [stdout] dfeff6fa73b6356674e35f8e25c2f17f035175c22b3d4659118ab27c2e7e7641
[INFO] running `Command { std: "docker" "start" "-a" "dfeff6fa73b6356674e35f8e25c2f17f035175c22b3d4659118ab27c2e7e7641", kill_on_drop: false }`
[INFO] running `Command { std: "docker" "inspect" "dfeff6fa73b6356674e35f8e25c2f17f035175c22b3d4659118ab27c2e7e7641", kill_on_drop: false }`
[INFO] running `Command { std: "docker" "rm" "-f" "dfeff6fa73b6356674e35f8e25c2f17f035175c22b3d4659118ab27c2e7e7641", kill_on_drop: false }`
[INFO] [stdout] dfeff6fa73b6356674e35f8e25c2f17f035175c22b3d4659118ab27c2e7e7641
[INFO] running `Command { std: "docker" "create" "-v" "/var/lib/crater-agent-workspace/builds/worker-0-tc2/target:/opt/rustwide/target:rw,Z" "-v" "/var/lib/crater-agent-workspace/builds/worker-0-tc2/source:/opt/rustwide/workdir:ro,Z" "-v" "/var/lib/crater-agent-workspace/cargo-home:/opt/rustwide/cargo-home:ro,Z" "-v" "/var/lib/crater-agent-workspace/rustup-home:/opt/rustwide/rustup-home:ro,Z" "-e" "SOURCE_DIR=/opt/rustwide/workdir" "-e" "CARGO_TARGET_DIR=/opt/rustwide/target" "-e" "CARGO_INCREMENTAL=0" "-e" "RUST_BACKTRACE=full" "-e" "RUSTFLAGS=--cap-lints=warn" "-e" "RUSTDOCFLAGS=--cap-lints=warn" "-e" "CARGO_HOME=/opt/rustwide/cargo-home" "-e" "RUSTUP_HOME=/opt/rustwide/rustup-home" "-w" "/opt/rustwide/workdir" "-m" "1610612736" "--user" "0:0" "--network" "none" "ghcr.io/rust-lang/crates-build-env/linux@sha256:2788e3201cd34a07e3172128adcd8b3090168a8e3bcc40d7c032b9dda1df7d1c" "/opt/rustwide/cargo-home/bin/cargo" "+beta-2023-12-22" "build" "--frozen" "--message-format=json", kill_on_drop: false }`
[INFO] [stdout] cba3a1fef2d9b9b4d2aa6b937505bfc44fc2b58a59b20e7f253b4843a48d4a1b
[INFO] running `Command { std: "docker" "start" "-a" "cba3a1fef2d9b9b4d2aa6b937505bfc44fc2b58a59b20e7f253b4843a48d4a1b", kill_on_drop: false }`
[INFO] [stderr]    Compiling cfg-if v1.0.0
[INFO] [stderr]    Compiling proc-macro2 v1.0.70
[INFO] [stderr]    Compiling unicode-ident v1.0.12
[INFO] [stderr]    Compiling libc v0.2.151
[INFO] [stderr]    Compiling version_check v0.9.4
[INFO] [stderr]    Compiling once_cell v1.19.0
[INFO] [stderr]    Compiling pin-project-lite v0.2.13
[INFO] [stderr]    Compiling memchr v2.6.4
[INFO] [stderr]    Compiling smallvec v1.11.2
[INFO] [stderr]    Compiling autocfg v1.0.1
[INFO] [stderr]    Compiling futures-core v0.3.29
[INFO] [stderr]    Compiling bytes v1.5.0
[INFO] [stderr]    Compiling parking_lot_core v0.9.9
[INFO] [stderr]    Compiling serde v1.0.193
[INFO] [stderr]    Compiling scopeguard v1.2.0
[INFO] [stderr]    Compiling log v0.4.20
[INFO] [stderr]    Compiling itoa v1.0.10
[INFO] [stderr]    Compiling lock_api v0.4.6
[INFO] [stderr]    Compiling quote v1.0.33
[INFO] [stderr]    Compiling ahash v0.8.6
[INFO] [stderr]    Compiling typenum v1.17.0
[INFO] [stderr]    Compiling syn v2.0.41
[INFO] [stderr]    Compiling generic-array v0.14.7
[INFO] [stderr]    Compiling zerocopy v0.7.31
[INFO] [stderr]    Compiling subtle v2.5.0
[INFO] [stderr]    Compiling allocator-api2 v0.2.16
[INFO] [stderr]    Compiling getrandom v0.2.11
[INFO] [stderr]    Compiling slab v0.4.9
[INFO] [stderr]    Compiling tracing-core v0.1.32
[INFO] [stderr]    Compiling futures-task v0.3.29
[INFO] [stderr]    Compiling parking_lot v0.12.1
[INFO] [stderr]    Compiling num_cpus v1.16.0
[INFO] [stderr]    Compiling signal-hook-registry v1.4.1
[INFO] [stderr]    Compiling jobserver v0.1.27
[INFO] [stderr]    Compiling socket2 v0.5.5
[INFO] [stderr]    Compiling mio v0.8.10
[INFO] [stderr]    Compiling cc v1.0.83
[INFO] [stderr]    Compiling pkg-config v0.3.27
[INFO] [stderr]    Compiling futures-util v0.3.29
[INFO] [stderr]    Compiling spin v0.9.8
[INFO] [stderr]    Compiling futures-io v0.3.29
[INFO] [stderr]    Compiling untrusted v0.9.0
[INFO] [stderr]    Compiling tinyvec_macros v0.1.1
[INFO] [stderr]    Compiling pin-utils v0.1.0
[INFO] [stderr]    Compiling tinyvec v1.6.0
[INFO] [stderr]    Compiling futures-sink v0.3.29
[INFO] [stderr]    Compiling equivalent v1.0.1
[INFO] [stderr]    Compiling percent-encoding v2.3.1
[INFO] [stderr]    Compiling unicode-bidi v0.3.14
[INFO] [stderr]    Compiling serde_json v1.0.108
[INFO] [stderr]    Compiling ryu v1.0.16
[INFO] [stderr]    Compiling crypto-common v0.1.6
[INFO] [stderr]    Compiling block-buffer v0.10.4
[INFO] [stderr]    Compiling cpufeatures v0.2.11
[INFO] [stderr]    Compiling digest v0.10.7
[INFO] [stderr]    Compiling thiserror v1.0.51
[INFO] [stderr]    Compiling form_urlencoded v1.2.1
[INFO] [stderr]    Compiling paste v1.0.14
[INFO] [stderr]    Compiling hashbrown v0.14.3
[INFO] [stderr]    Compiling num-traits v0.2.17
[INFO] [stderr]    Compiling unicode-normalization v0.1.22
[INFO] [stderr]    Compiling fnv v1.0.7
[INFO] [stderr]    Compiling ppv-lite86 v0.2.17
[INFO] [stderr]    Compiling ring v0.17.7
[INFO] [stderr]    Compiling http v0.2.11
[INFO] [stderr]    Compiling idna v0.5.0
[INFO] [stderr]    Compiling base64 v0.21.5
[INFO] [stderr]    Compiling indexmap v2.1.0
[INFO] [stderr]    Compiling aho-corasick v1.1.2
[INFO] [stderr]    Compiling iana-time-zone v0.1.58
[INFO] [stderr]    Compiling bitflags v2.4.1
[INFO] [stderr]    Compiling crossbeam-utils v0.8.17
[INFO] [stderr]    Compiling minimal-lexical v0.2.1
[INFO] [stderr]    Compiling vcpkg v0.2.15
[INFO] [stderr]    Compiling regex-syntax v0.8.2
[INFO] [stderr]    Compiling rand_core v0.6.4
[INFO] [stderr]    Compiling nom v7.1.3
[INFO] [stderr]    Compiling httparse v1.8.0
[INFO] [stderr]    Compiling syn v1.0.109
[INFO] [stderr]    Compiling futures-channel v0.3.29
[INFO] [stderr]    Compiling rustls-pemfile v1.0.4
[INFO] [stderr]    Compiling openssl-sys v0.9.97
[INFO] [stderr]    Compiling zstd-sys v2.0.9+zstd.1.5.5
[INFO] [stderr]    Compiling serde_derive v1.0.193
[INFO] [stderr]    Compiling tracing-attributes v0.1.27
[INFO] [stderr]    Compiling tokio-macros v2.2.0
[INFO] [stderr]    Compiling thiserror-impl v1.0.51
[INFO] [stderr]    Compiling crc-catalog v2.4.0
[INFO] [stderr]    Compiling rustls v0.21.10
[INFO] [stderr]    Compiling unicode_categories v0.1.1
[INFO] [stderr]    Compiling regex-automata v0.4.3
[INFO] [stderr]    Compiling webpki-roots v0.25.3
[INFO] [stderr]    Compiling crc v3.0.1
[INFO] [stderr]    Compiling crossbeam-queue v0.3.9
[INFO] [stderr]    Compiling tokio v1.35.0
[INFO] [stderr]    Compiling tracing v0.1.40
[INFO] [stderr]    Compiling atoi v2.0.0
[INFO] [stderr]    Compiling url v2.5.0
[INFO] [stderr]    Compiling regex v1.10.2
[INFO] [stderr]    Compiling httpdate v1.0.3
[INFO] [stderr]    Compiling byteorder v1.5.0
[INFO] [stderr]    Compiling hex v0.4.3
[INFO] [stderr]    Compiling dotenvy v0.15.7
[INFO] [stderr]    Compiling event-listener v2.5.3
[INFO] [stderr]    Compiling rand_chacha v0.3.1
[INFO] [stderr]    Compiling hmac v0.12.1
[INFO] [stderr]    Compiling bytestring v1.3.1
[INFO] [stderr]    Compiling ahash v0.7.7
[INFO] [stderr]    Compiling bitflags v1.3.2
[INFO] [stderr]    Compiling local-waker v0.1.4
[INFO] [stderr]    Compiling foreign-types-shared v0.1.1
[INFO] [stderr]    Compiling openssl v0.10.61
[INFO] [stderr]    Compiling crc32fast v1.3.2
[INFO] [stderr]    Compiling powerfmt v0.2.0
[INFO] [stderr]    Compiling time-core v0.1.2
[INFO] [stderr]    Compiling rustix v0.38.28
[INFO] [stderr]    Compiling zstd-safe v6.0.6
[INFO] [stderr]    Compiling alloc-no-stdlib v2.0.4
[INFO] [stderr]    Compiling ucd-trie v0.1.6
[INFO] [stderr]    Compiling tokio-util v0.7.10
[INFO] [stderr]    Compiling finl_unicode v1.2.0
[INFO] [stderr]    Compiling pest v2.7.5
[INFO] [stderr]    Compiling stringprep v0.1.4
[INFO] [stderr]    Compiling h2 v0.3.22
[INFO] [stderr]    Compiling alloc-stdlib v0.2.2
[INFO] [stderr]    Compiling time-macros v0.2.15
[INFO] [stderr]    Compiling deranged v0.3.10
[INFO] [stderr]    Compiling tokio-stream v0.1.14
[INFO] [stderr]    Compiling foreign-types v0.3.2
[INFO] [stderr]    Compiling hkdf v0.12.4
[INFO] [stderr]    Compiling rand v0.8.5
[INFO] [stderr]    Compiling futures-intrusive v0.5.0
[INFO] [stderr]    Compiling either v1.9.0
[INFO] [stderr]    Compiling itertools v0.12.0
[INFO] [stderr]    Compiling hashlink v0.8.4
[INFO] [stderr]    Compiling openssl-macros v0.1.1
[INFO] [stderr]    Compiling chrono v0.4.31
[INFO] [stderr]    Compiling sha1 v0.10.6
[INFO] [stderr]    Compiling sha2 v0.10.8
[INFO] [stderr]    Compiling sqlformat v0.2.3
[INFO] [stderr]    Compiling md-5 v0.10.6
[INFO] [stderr]    Compiling whoami v1.4.1
[INFO] [stderr]    Compiling linux-raw-sys v0.4.12
[INFO] [stderr]    Compiling uuid v1.6.1
[INFO] [stderr]    Compiling lazy_static v1.4.0
[INFO] [stderr]    Compiling try-lock v0.2.5
[INFO] [stderr]    Compiling adler v1.0.2
[INFO] [stderr]    Compiling home v0.5.9
[INFO] [stderr]    Compiling native-tls v0.2.11
[INFO] [stderr]    Compiling miniz_oxide v0.7.1
[INFO] [stderr]    Compiling want v0.3.1
[INFO] [stderr]    Compiling time v0.3.30
[INFO] [stderr]    Compiling pest_meta v2.7.5
[INFO] [stderr]    Compiling brotli-decompressor v2.5.1
[INFO] [stderr]    Compiling actix-rt v2.9.0
[INFO] [stderr]    Compiling actix-utils v3.0.1
[INFO] [stderr]    Compiling nix v0.27.1
[INFO] [stderr]    Compiling http-body v0.4.6
[INFO] [stderr]    Compiling actix-service v2.0.2
[INFO] [stderr]    Compiling socket2 v0.4.10
[INFO] [stderr]    Compiling cookie v0.16.2
[INFO] [stderr]    Compiling encoding_rs v0.8.33
[INFO] [stderr]    Compiling unicode-segmentation v1.10.1
[INFO] [stderr]    Compiling openssl-probe v0.1.5
[INFO] [stderr]    Compiling mime v0.3.17
[INFO] [stderr]    Compiling regex-syntax v0.6.29
[INFO] [stderr]    Compiling convert_case v0.4.0
[INFO] [stderr]    Compiling fastrand v2.0.1
[INFO] [stderr]    Compiling tower-service v0.3.2
[INFO] [stderr]    Compiling hyper v0.14.27
[INFO] [stderr]    Compiling derive_more v0.99.17
[INFO] [stderr]    Compiling tempfile v3.8.1
[INFO] [stderr]    Compiling heck v0.4.1
[INFO] [stderr]    Compiling atomic-write-file v0.1.2
[INFO] [stderr]    Compiling brotli v3.4.0
[INFO] [stderr]    Compiling pest_generator v2.7.5
[INFO] [stderr]    Compiling flate2 v1.0.28
[INFO] [stderr]    Compiling regex-automata v0.1.10
[INFO] [stderr]    Compiling hashbrown v0.12.3
[INFO] [stderr]    Compiling serde_urlencoded v0.7.1
[INFO] [stderr]    Compiling actix-router v0.5.1
[INFO] [stderr]    Compiling actix-codec v0.5.1
[INFO] [stderr]    Compiling local-channel v0.1.5
[INFO] [stderr]    Compiling async-trait v0.1.74
[INFO] [stderr]    Compiling dlv-list v0.3.0
[INFO] [stderr]    Compiling language-tags v0.3.2
[INFO] [stderr]    Compiling overload v0.1.1
[INFO] [stderr]    Compiling nu-ansi-term v0.46.0
[INFO] [stderr]    Compiling actix-web-codegen v4.2.2
[INFO] [stderr]    Compiling ordered-multimap v0.4.3
[INFO] [stderr]    Compiling matchers v0.1.0
[INFO] [stderr]    Compiling pest_derive v2.7.5
[INFO] [stderr]    Compiling tokio-native-tls v0.3.1
[INFO] [stderr]    Compiling actix-server v2.3.0
[INFO] [stderr]    Compiling sharded-slab v0.1.7
[INFO] [stderr]    Compiling actix-macros v0.2.4
[INFO] [stderr]    Compiling pin-project-internal v1.1.3
[INFO] [stderr]    Compiling tracing-log v0.2.0
[INFO] [stderr]    Compiling claim v0.5.0
[INFO] [stderr]    Compiling thread_local v1.1.7
[INFO] [stderr]    Compiling base64 v0.13.1
[INFO] [stderr]    Compiling anyhow v1.0.75
[INFO] [stderr]    Compiling linked-hash-map v0.5.6
[INFO] [stderr]    Compiling base64ct v1.6.0
[INFO] [stderr]    Compiling ron v0.7.1
[INFO] [stderr]    Compiling tracing-subscriber v0.3.18
[INFO] [stderr]    Compiling yaml-rust v0.4.5
[INFO] [stderr]    Compiling password-hash v0.5.0
[INFO] [stderr]    Compiling json5 v0.4.1
[INFO] [stderr]    Compiling hyper-tls v0.5.0
[INFO] [stderr]    Compiling rust-ini v0.18.0
[INFO] [stderr]    Compiling pin-project v1.1.3
[INFO] [stderr]    Compiling toml v0.5.11
[INFO] [stderr]    Compiling idna v0.4.0
[INFO] [stderr]    Compiling blake2 v0.10.6
[INFO] [stderr]    Compiling tracing-log v0.1.4
[INFO] [stderr]    Compiling gethostname v0.2.3
[INFO] [stderr]    Compiling mutually_exclusive_features v0.0.3
[INFO] [stderr]    Compiling pathdiff v0.2.1
[INFO] [stderr]    Compiling zeroize v1.7.0
[INFO] [stderr]    Compiling ipnet v2.9.0
[INFO] [stderr]    Compiling tracing-bunyan-formatter v0.3.9
[INFO] [stderr]    Compiling validator v0.16.1
[INFO] [stderr]    Compiling secrecy v0.8.0
[INFO] [stderr]    Compiling argon2 v0.5.2
[INFO] [stderr]    Compiling serde-aux v4.3.1
[INFO] [stderr]    Compiling config v0.13.4
[INFO] [stderr]    Compiling rustls-webpki v0.101.7
[INFO] [stderr]    Compiling sct v0.7.1
[INFO] [stderr]    Compiling zstd v0.12.4
[INFO] [stderr]    Compiling actix-http v3.4.0
[INFO] [stderr]    Compiling tokio-rustls v0.24.1
[INFO] [stderr]    Compiling sqlx-core v0.7.3
[INFO] [stderr]    Compiling hyper-rustls v0.24.2
[INFO] [stderr]    Compiling reqwest v0.11.22
[INFO] [stderr]    Compiling sqlx-postgres v0.7.3
[INFO] [stderr]    Compiling actix-web v4.4.0
[INFO] [stderr]    Compiling sqlx-macros-core v0.7.3
[INFO] [stderr]    Compiling tracing-actix-web v0.7.9
[INFO] [stderr]    Compiling sqlx-macros v0.7.3
[INFO] [stderr]    Compiling sqlx v0.7.3
[INFO] [stderr]    Compiling web_server_template v0.1.0 (/opt/rustwide/workdir)
[INFO] [stderr]     Finished dev [unoptimized + debuginfo] target(s) in 2m 06s
[INFO] running `Command { std: "docker" "inspect" "cba3a1fef2d9b9b4d2aa6b937505bfc44fc2b58a59b20e7f253b4843a48d4a1b", kill_on_drop: false }`
[INFO] running `Command { std: "docker" "rm" "-f" "cba3a1fef2d9b9b4d2aa6b937505bfc44fc2b58a59b20e7f253b4843a48d4a1b", kill_on_drop: false }`
[INFO] [stdout] cba3a1fef2d9b9b4d2aa6b937505bfc44fc2b58a59b20e7f253b4843a48d4a1b
[INFO] running `Command { std: "docker" "create" "-v" "/var/lib/crater-agent-workspace/builds/worker-0-tc2/target:/opt/rustwide/target:rw,Z" "-v" "/var/lib/crater-agent-workspace/builds/worker-0-tc2/source:/opt/rustwide/workdir:ro,Z" "-v" "/var/lib/crater-agent-workspace/cargo-home:/opt/rustwide/cargo-home:ro,Z" "-v" "/var/lib/crater-agent-workspace/rustup-home:/opt/rustwide/rustup-home:ro,Z" "-e" "SOURCE_DIR=/opt/rustwide/workdir" "-e" "CARGO_TARGET_DIR=/opt/rustwide/target" "-e" "CARGO_INCREMENTAL=0" "-e" "RUST_BACKTRACE=full" "-e" "RUSTFLAGS=--cap-lints=warn" "-e" "RUSTDOCFLAGS=--cap-lints=warn" "-e" "CARGO_HOME=/opt/rustwide/cargo-home" "-e" "RUSTUP_HOME=/opt/rustwide/rustup-home" "-w" "/opt/rustwide/workdir" "-m" "1610612736" "--user" "0:0" "--network" "none" "ghcr.io/rust-lang/crates-build-env/linux@sha256:2788e3201cd34a07e3172128adcd8b3090168a8e3bcc40d7c032b9dda1df7d1c" "/opt/rustwide/cargo-home/bin/cargo" "+beta-2023-12-22" "test" "--frozen" "--no-run" "--message-format=json", kill_on_drop: false }`
[INFO] [stdout] 9350556c9c96e27d640545c5d2758c5551f799ab328616a4a9cc31ce0f0f53b8
[INFO] running `Command { std: "docker" "start" "-a" "9350556c9c96e27d640545c5d2758c5551f799ab328616a4a9cc31ce0f0f53b8", kill_on_drop: false }`
[INFO] [stderr]    Compiling futures-util v0.3.29
[INFO] [stderr]    Compiling futures-macro v0.3.29
[INFO] [stderr]    Compiling url v2.5.0
[INFO] [stderr]    Compiling rand v0.8.5
[INFO] [stderr]    Compiling getrandom v0.1.16
[INFO] [stderr]    Compiling concurrent-queue v2.4.0
[INFO] [stderr]    Compiling parking v2.2.0
[INFO] [stderr]    Compiling waker-fn v1.1.1
[INFO] [stderr]    Compiling fastrand v1.9.0
[INFO] [stderr]    Compiling http-types v2.12.0
[INFO] [stderr]    Compiling rand_core v0.5.1
[INFO] [stderr]    Compiling futures-lite v1.13.0
[INFO] [stderr]    Compiling rand_chacha v0.2.2
[INFO] [stderr]    Compiling validator v0.16.1
[INFO] [stderr]    Compiling atomic-write-file v0.1.2
[INFO] [stderr]    Compiling rand v0.7.3
[INFO] [stderr]    Compiling async-channel v1.9.0
[INFO] [stderr]    Compiling serde_qs v0.8.5
[INFO] [stderr]    Compiling infer v0.2.3
[INFO] [stderr]    Compiling deadpool-runtime v0.1.3
[INFO] [stderr]    Compiling retain_mut v0.1.9
[INFO] [stderr]    Compiling deadpool v0.9.5
[INFO] [stderr]    Compiling env_logger v0.8.4
[INFO] [stderr]    Compiling assert-json-diff v2.0.2
[INFO] [stderr]    Compiling deunicode v1.4.2
[INFO] [stderr]    Compiling futures-timer v3.0.2
[INFO] [stderr]    Compiling fake v2.9.1
[INFO] [stderr]    Compiling quickcheck v1.0.3
[INFO] [stderr]    Compiling quickcheck_macros v1.0.0
[INFO] [stderr]    Compiling linkify v0.10.0
[INFO] [stderr]    Compiling sqlx-core v0.7.3
[INFO] [stderr]    Compiling h2 v0.3.22
[INFO] [stderr]    Compiling actix-server v2.3.0
[INFO] [stderr]    Compiling futures-executor v0.3.29
[INFO] [stderr]    Compiling futures v0.3.29
[INFO] [stderr]    Compiling sqlx-postgres v0.7.3
[INFO] [stderr]    Compiling hyper v0.14.27
[INFO] [stderr]    Compiling actix-http v3.4.0
[INFO] [stderr]    Compiling sqlx-macros-core v0.7.3
[INFO] [stderr]    Compiling actix-web v4.4.0
[INFO] [stderr]    Compiling sqlx-macros v0.7.3
[INFO] [stderr]    Compiling hyper-rustls v0.24.2
[INFO] [stderr]    Compiling hyper-tls v0.5.0
[INFO] [stderr]    Compiling wiremock v0.5.22
[INFO] [stderr]    Compiling reqwest v0.11.22
[INFO] [stderr]    Compiling tracing-actix-web v0.7.9
[INFO] [stderr]    Compiling sqlx v0.7.3
[INFO] [stderr]    Compiling web_server_template v0.1.0 (/opt/rustwide/workdir)
[INFO] [stdout] warning: struct `ConfirmationLinks` is never constructed
[INFO] [stdout]   --> tests/api/helpers.rs:26:12
[INFO] [stdout]    |
[INFO] [stdout] 26 | pub struct ConfirmationLinks {
[INFO] [stdout]    |            ^^^^^^^^^^^^^^^^^
[INFO] [stdout]    |
[INFO] [stdout]    = note: `#[warn(dead_code)]` on by default
[INFO] [stdout] 
[INFO] [stdout] 
[INFO] [stdout] warning: methods `post_subscriptions`, `get_confirmation_links`, and `post_newsletters` are never used
[INFO] [stdout]   --> tests/api/helpers.rs:40:18
[INFO] [stdout]    |
[INFO] [stdout] 39 | impl TestApp {
[INFO] [stdout]    | ------------ methods in this implementation
[INFO] [stdout] 40 |     pub async fn post_subscriptions(&self, body: String) -> reqwest::Response {
[INFO] [stdout]    |                  ^^^^^^^^^^^^^^^^^^
[INFO] [stdout] ...
[INFO] [stdout] 50 |     pub fn get_confirmation_links(&self, email_request: &wiremock::Request) -> ConfirmationLinks {
[INFO] [stdout]    |            ^^^^^^^^^^^^^^^^^^^^^^
[INFO] [stdout] ...
[INFO] [stdout] 70 |     pub async fn post_newsletters(&self, body: serde_json::Value) -> reqwest::Response {
[INFO] [stdout]    |                  ^^^^^^^^^^^^^^^^
[INFO] [stdout] 
[INFO] [stdout] 
[INFO] [stdout] warning: 2 warnings emitted
[INFO] [stdout] 
[INFO] [stdout] 
[INFO] [stderr]     Finished test [unoptimized + debuginfo] target(s) in 48.43s
[INFO] running `Command { std: "docker" "inspect" "9350556c9c96e27d640545c5d2758c5551f799ab328616a4a9cc31ce0f0f53b8", kill_on_drop: false }`
[INFO] running `Command { std: "docker" "rm" "-f" "9350556c9c96e27d640545c5d2758c5551f799ab328616a4a9cc31ce0f0f53b8", kill_on_drop: false }`
[INFO] [stdout] 9350556c9c96e27d640545c5d2758c5551f799ab328616a4a9cc31ce0f0f53b8
[INFO] running `Command { std: "docker" "create" "-v" "/var/lib/crater-agent-workspace/builds/worker-0-tc2/target:/opt/rustwide/target:rw,Z" "-v" "/var/lib/crater-agent-workspace/builds/worker-0-tc2/source:/opt/rustwide/workdir:ro,Z" "-v" "/var/lib/crater-agent-workspace/cargo-home:/opt/rustwide/cargo-home:ro,Z" "-v" "/var/lib/crater-agent-workspace/rustup-home:/opt/rustwide/rustup-home:ro,Z" "-e" "SOURCE_DIR=/opt/rustwide/workdir" "-e" "CARGO_TARGET_DIR=/opt/rustwide/target" "-e" "CARGO_INCREMENTAL=0" "-e" "RUST_BACKTRACE=full" "-e" "RUSTFLAGS=--cap-lints=warn" "-e" "RUSTDOCFLAGS=--cap-lints=warn" "-e" "CARGO_HOME=/opt/rustwide/cargo-home" "-e" "RUSTUP_HOME=/opt/rustwide/rustup-home" "-w" "/opt/rustwide/workdir" "-m" "1610612736" "--user" "0:0" "--network" "none" "ghcr.io/rust-lang/crates-build-env/linux@sha256:2788e3201cd34a07e3172128adcd8b3090168a8e3bcc40d7c032b9dda1df7d1c" "/opt/rustwide/cargo-home/bin/cargo" "+beta-2023-12-22" "test" "--frozen", kill_on_drop: false }`
[INFO] [stdout] 70240732349e13f95460e433daae3cc9125ad1461da68b1d2b8ef6bf8d4cb397
[INFO] running `Command { std: "docker" "start" "-a" "70240732349e13f95460e433daae3cc9125ad1461da68b1d2b8ef6bf8d4cb397", kill_on_drop: false }`
[INFO] [stderr] warning: struct `ConfirmationLinks` is never constructed
[INFO] [stderr]   --> tests/api/helpers.rs:26:12
[INFO] [stderr]    |
[INFO] [stderr] 26 | pub struct ConfirmationLinks {
[INFO] [stderr]    |            ^^^^^^^^^^^^^^^^^
[INFO] [stderr]    |
[INFO] [stderr]    = note: `#[warn(dead_code)]` on by default
[INFO] [stderr] 
[INFO] [stderr] warning: methods `post_subscriptions`, `get_confirmation_links`, and `post_newsletters` are never used
[INFO] [stderr]   --> tests/api/helpers.rs:40:18
[INFO] [stderr]    |
[INFO] [stderr] 39 | impl TestApp {
[INFO] [stderr]    | ------------ methods in this implementation
[INFO] [stderr] 40 |     pub async fn post_subscriptions(&self, body: String) -> reqwest::Response {
[INFO] [stderr]    |                  ^^^^^^^^^^^^^^^^^^
[INFO] [stderr] ...
[INFO] [stderr] 50 |     pub fn get_confirmation_links(&self, email_request: &wiremock::Request) -> ConfirmationLinks {
[INFO] [stderr]    |            ^^^^^^^^^^^^^^^^^^^^^^
[INFO] [stderr] ...
[INFO] [stderr] 70 |     pub async fn post_newsletters(&self, body: serde_json::Value) -> reqwest::Response {
[INFO] [stderr]    |                  ^^^^^^^^^^^^^^^^
[INFO] [stderr] 
[INFO] [stderr] warning: `web_server_template` (test "api") generated 2 warnings
[INFO] [stderr]     Finished test [unoptimized + debuginfo] target(s) in 0.49s
[INFO] [stderr]      Running unittests src/lib.rs (/opt/rustwide/target/debug/deps/web_server_template-a152607a47845e9a)
[INFO] [stdout] 
[INFO] [stdout] running 1 test
[INFO] [stdout] test domain::tests::it_works ... ok
[INFO] [stdout] 
[INFO] [stdout] test result: ok. 1 passed; 0 failed; 0 ignored; 0 measured; 0 filtered out; finished in 0.00s
[INFO] [stdout] 
[INFO] [stderr]      Running unittests src/main.rs (/opt/rustwide/target/debug/deps/webserver-322fdf807e11fbb6)
[INFO] [stdout] 
[INFO] [stdout] running 0 tests
[INFO] [stdout] 
[INFO] [stdout] test result: ok. 0 passed; 0 failed; 0 ignored; 0 measured; 0 filtered out; finished in 0.00s
[INFO] [stdout] 
[INFO] [stderr]      Running tests/api/main.rs (/opt/rustwide/target/debug/deps/api-0701d316a0736aa1)
[INFO] [stdout] 
[INFO] [stdout] running 1 test
[INFO] [stdout] test health_check::health_check_works ... FAILED
[INFO] [stdout] 
[INFO] [stdout] failures:
[INFO] [stdout] 
[INFO] [stdout] ---- health_check::health_check_works stdout ----
[INFO] [stdout] thread 'health_check::health_check_works' panicked at tests/api/helpers.rs:180:10:
[INFO] [stdout] Failed to connect to Postgres: Io(Os { code: 99, kind: AddrNotAvailable, message: "Cannot assign requested address" })
[INFO] [stdout] stack backtrace:
[INFO] [stdout]    0:     0x561db1c0a1b6 - std::backtrace_rs::backtrace::libunwind::trace::h261606ad26a499c1
[INFO] [stdout]                                at /rustc/0e09125c6c3c2fd70d7de961bcf0e51575235fad/library/std/src/../../backtrace/src/backtrace/libunwind.rs:104:5
[INFO] [stdout]    1:     0x561db1c0a1b6 - std::backtrace_rs::backtrace::trace_unsynchronized::hd183f0625477fb28
[INFO] [stdout]                                at /rustc/0e09125c6c3c2fd70d7de961bcf0e51575235fad/library/std/src/../../backtrace/src/backtrace/mod.rs:66:5
[INFO] [stdout]    2:     0x561db1c0a1b6 - std::sys_common::backtrace::_print_fmt::hd7f8fef21b4eda67
[INFO] [stdout]                                at /rustc/0e09125c6c3c2fd70d7de961bcf0e51575235fad/library/std/src/sys_common/backtrace.rs:68:5
[INFO] [stdout]    3:     0x561db1c0a1b6 - <std::sys_common::backtrace::_print::DisplayBacktrace as core::fmt::Display>::fmt::h623d9b51f2f453f1
[INFO] [stdout]                                at /rustc/0e09125c6c3c2fd70d7de961bcf0e51575235fad/library/std/src/sys_common/backtrace.rs:44:22
[INFO] [stdout]    4:     0x561db1c396f0 - core::fmt::rt::Argument::fmt::h9f417ac76a86f368
[INFO] [stdout]                                at /rustc/0e09125c6c3c2fd70d7de961bcf0e51575235fad/library/core/src/fmt/rt.rs:142:9
[INFO] [stdout]    5:     0x561db1c396f0 - core::fmt::write::hc9b6faf4ac2aeff7
[INFO] [stdout]                                at /rustc/0e09125c6c3c2fd70d7de961bcf0e51575235fad/library/core/src/fmt/mod.rs:1120:17
[INFO] [stdout]    6:     0x561db1c06aaf - std::io::Write::write_fmt::he04625a3a989fec3
[INFO] [stdout]                                at /rustc/0e09125c6c3c2fd70d7de961bcf0e51575235fad/library/std/src/io/mod.rs:1810:15
[INFO] [stdout]    7:     0x561db1c09f94 - std::sys_common::backtrace::_print::hd5d66399c7df88a2
[INFO] [stdout]                                at /rustc/0e09125c6c3c2fd70d7de961bcf0e51575235fad/library/std/src/sys_common/backtrace.rs:47:5
[INFO] [stdout]    8:     0x561db1c09f94 - std::sys_common::backtrace::print::he81ed2da642d37e5
[INFO] [stdout]                                at /rustc/0e09125c6c3c2fd70d7de961bcf0e51575235fad/library/std/src/sys_common/backtrace.rs:34:9
[INFO] [stdout]    9:     0x561db1c0bd07 - std::panicking::default_hook::{{closure}}::h85773f4fa117163d
[INFO] [stdout]   10:     0x561db1c0b9ed - std::panicking::default_hook::h6a1694a91d09b278
[INFO] [stdout]                                at /rustc/0e09125c6c3c2fd70d7de961bcf0e51575235fad/library/std/src/panicking.rs:289:9
[INFO] [stdout]   11:     0x561db0af8887 - <alloc::boxed::Box<F,A> as core::ops::function::Fn<Args>>::call::h616ac37fa3cd6c8f
[INFO] [stdout]                                at /rustc/0e09125c6c3c2fd70d7de961bcf0e51575235fad/library/alloc/src/boxed.rs:2029:9
[INFO] [stdout]   12:     0x561db0af8887 - test::test_main::{{closure}}::h00d84697cefdcbb6
[INFO] [stdout]                                at /rustc/0e09125c6c3c2fd70d7de961bcf0e51575235fad/library/test/src/lib.rs:138:21
[INFO] [stdout]   13:     0x561db1c0c326 - <alloc::boxed::Box<F,A> as core::ops::function::Fn<Args>>::call::hcb3fe3b9bb537ba8
[INFO] [stdout]                                at /rustc/0e09125c6c3c2fd70d7de961bcf0e51575235fad/library/alloc/src/boxed.rs:2029:9
[INFO] [stdout]   14:     0x561db1c0c326 - std::panicking::rust_panic_with_hook::h0a7ad96e90f7145b
[INFO] [stdout]                                at /rustc/0e09125c6c3c2fd70d7de961bcf0e51575235fad/library/std/src/panicking.rs:783:13
[INFO] [stdout]   15:     0x561db1c0c072 - std::panicking::begin_panic_handler::{{closure}}::h7919090525c6485e
[INFO] [stdout]                                at /rustc/0e09125c6c3c2fd70d7de961bcf0e51575235fad/library/std/src/panicking.rs:657:13
[INFO] [stdout]   16:     0x561db1c0a6b6 - std::sys_common::backtrace::__rust_end_short_backtrace::hf3289479464f7dfe
[INFO] [stdout]                                at /rustc/0e09125c6c3c2fd70d7de961bcf0e51575235fad/library/std/src/sys_common/backtrace.rs:171:18
[INFO] [stdout]   17:     0x561db1c0bdd0 - rust_begin_unwind
[INFO] [stdout]                                at /rustc/0e09125c6c3c2fd70d7de961bcf0e51575235fad/library/std/src/panicking.rs:645:5
[INFO] [stdout]   18:     0x561db0845755 - core::panicking::panic_fmt::hcc9f77c5c132af55
[INFO] [stdout]                                at /rustc/0e09125c6c3c2fd70d7de961bcf0e51575235fad/library/core/src/panicking.rs:72:14
[INFO] [stdout]   19:     0x561db0845d93 - core::result::unwrap_failed::hbe14f498be1452f9
[INFO] [stdout]                                at /rustc/0e09125c6c3c2fd70d7de961bcf0e51575235fad/library/core/src/result.rs:1649:5
[INFO] [stdout]   20:     0x561db08744b1 - core::result::Result<T,E>::expect::hd752b4d2d6eed33a
[INFO] [stdout]                                at /rustc/0e09125c6c3c2fd70d7de961bcf0e51575235fad/library/core/src/result.rs:1030:23
[INFO] [stdout]   21:     0x561db0886e75 - api::helpers::configure_database::{{closure}}::h54db1d3381524916
[INFO] [stdout]                                at /opt/rustwide/workdir/tests/api/helpers.rs:178:26
[INFO] [stdout]   22:     0x561db08861f3 - api::helpers::spawn_app::{{closure}}::h211b2d9a0dcc1fec
[INFO] [stdout]                                at /opt/rustwide/workdir/tests/api/helpers.rs:142:49
[INFO] [stdout]   23:     0x561db085fbb1 - api::health_check::health_check_works::{{closure}}::h0b6bae7183b1246f
[INFO] [stdout]                                at /opt/rustwide/workdir/tests/api/health_check.rs:5:31
[INFO] [stdout]   24:     0x561db0878ee8 - <core::pin::Pin<P> as core::future::future::Future>::poll::hd7c24ff2e023bbfb
[INFO] [stdout]                                at /rustc/0e09125c6c3c2fd70d7de961bcf0e51575235fad/library/core/src/future/future.rs:124:9
[INFO] [stdout]   25:     0x561db0878ccb - <core::pin::Pin<P> as core::future::future::Future>::poll::h9b7025f29dfd8d10
[INFO] [stdout]                                at /rustc/0e09125c6c3c2fd70d7de961bcf0e51575235fad/library/core/src/future/future.rs:124:9
[INFO] [stdout]   26:     0x561db0878474 - tokio::runtime::scheduler::current_thread::CoreGuard::block_on::{{closure}}::{{closure}}::{{closure}}::hcf7c1be9a3eeba92
[INFO] [stdout]                                at /opt/rustwide/cargo-home/registry/src/index.crates.io-6f17d22bba15001f/tokio-1.35.0/src/runtime/scheduler/current_thread/mod.rs:665:57
[INFO] [stdout]   27:     0x561db087839a - tokio::runtime::coop::with_budget::h5a53cccc69e10fed
[INFO] [stdout]                                at /opt/rustwide/cargo-home/registry/src/index.crates.io-6f17d22bba15001f/tokio-1.35.0/src/runtime/coop.rs:107:5
[INFO] [stdout]   28:     0x561db087839a - tokio::runtime::coop::budget::h797c0660700eedaa
[INFO] [stdout]                                at /opt/rustwide/cargo-home/registry/src/index.crates.io-6f17d22bba15001f/tokio-1.35.0/src/runtime/coop.rs:73:5
[INFO] [stdout]   29:     0x561db087839a - tokio::runtime::scheduler::current_thread::CoreGuard::block_on::{{closure}}::{{closure}}::h0557b8782aabae65
[INFO] [stdout]                                at /opt/rustwide/cargo-home/registry/src/index.crates.io-6f17d22bba15001f/tokio-1.35.0/src/runtime/scheduler/current_thread/mod.rs:665:25
[INFO] [stdout]   30:     0x561db0876d2c - tokio::runtime::scheduler::current_thread::Context::enter::hb8005cd610ec251f
[INFO] [stdout]                                at /opt/rustwide/cargo-home/registry/src/index.crates.io-6f17d22bba15001f/tokio-1.35.0/src/runtime/scheduler/current_thread/mod.rs:410:19
[INFO] [stdout]   31:     0x561db0877b9e - tokio::runtime::scheduler::current_thread::CoreGuard::block_on::{{closure}}::h82f3bea5dd6ac1a0
[INFO] [stdout]                                at /opt/rustwide/cargo-home/registry/src/index.crates.io-6f17d22bba15001f/tokio-1.35.0/src/runtime/scheduler/current_thread/mod.rs:664:36
[INFO] [stdout]   32:     0x561db08778ab - tokio::runtime::scheduler::current_thread::CoreGuard::enter::{{closure}}::hd2ef999543a0c97f
[INFO] [stdout]                                at /opt/rustwide/cargo-home/registry/src/index.crates.io-6f17d22bba15001f/tokio-1.35.0/src/runtime/scheduler/current_thread/mod.rs:743:68
[INFO] [stdout]   33:     0x561db0882feb - tokio::runtime::context::scoped::Scoped<T>::set::h324bc8f2731f4ba0
[INFO] [stdout]                                at /opt/rustwide/cargo-home/registry/src/index.crates.io-6f17d22bba15001f/tokio-1.35.0/src/runtime/context/scoped.rs:40:9
[INFO] [stdout]   34:     0x561db085d5a9 - tokio::runtime::context::set_scheduler::{{closure}}::he45216ab8b210f8c
[INFO] [stdout]                                at /opt/rustwide/cargo-home/registry/src/index.crates.io-6f17d22bba15001f/tokio-1.35.0/src/runtime/context.rs:176:26
[INFO] [stdout]   35:     0x561db086c3e6 - std::thread::local::LocalKey<T>::try_with::h8ebda738c47cacc2
[INFO] [stdout]                                at /rustc/0e09125c6c3c2fd70d7de961bcf0e51575235fad/library/std/src/thread/local.rs:270:16
[INFO] [stdout]   36:     0x561db086b75a - std::thread::local::LocalKey<T>::with::h146423fa21f37603
[INFO] [stdout]                                at /rustc/0e09125c6c3c2fd70d7de961bcf0e51575235fad/library/std/src/thread/local.rs:246:9
[INFO] [stdout]   37:     0x561db085d55d - tokio::runtime::context::set_scheduler::h078ad806ff89033f
[INFO] [stdout]                                at /opt/rustwide/cargo-home/registry/src/index.crates.io-6f17d22bba15001f/tokio-1.35.0/src/runtime/context.rs:176:9
[INFO] [stdout]   38:     0x561db0877640 - tokio::runtime::scheduler::current_thread::CoreGuard::enter::hfb2ec7cd7a00c96b
[INFO] [stdout]                                at /opt/rustwide/cargo-home/registry/src/index.crates.io-6f17d22bba15001f/tokio-1.35.0/src/runtime/scheduler/current_thread/mod.rs:743:27
[INFO] [stdout]   39:     0x561db08778dd - tokio::runtime::scheduler::current_thread::CoreGuard::block_on::hc748c835e4aa8a81
[INFO] [stdout]                                at /opt/rustwide/cargo-home/registry/src/index.crates.io-6f17d22bba15001f/tokio-1.35.0/src/runtime/scheduler/current_thread/mod.rs:652:19
[INFO] [stdout]   40:     0x561db08762dd - tokio::runtime::scheduler::current_thread::CurrentThread::block_on::{{closure}}::h08f478ecbba0e5e5
[INFO] [stdout]                                at /opt/rustwide/cargo-home/registry/src/index.crates.io-6f17d22bba15001f/tokio-1.35.0/src/runtime/scheduler/current_thread/mod.rs:175:28
[INFO] [stdout]   41:     0x561db08500ba - tokio::runtime::context::runtime::enter_runtime::h96f13c504e48ef5c
[INFO] [stdout]                                at /opt/rustwide/cargo-home/registry/src/index.crates.io-6f17d22bba15001f/tokio-1.35.0/src/runtime/context/runtime.rs:65:16
[INFO] [stdout]   42:     0x561db08761ee - tokio::runtime::scheduler::current_thread::CurrentThread::block_on::he4b4d43c71b4e5f0
[INFO] [stdout]                                at /opt/rustwide/cargo-home/registry/src/index.crates.io-6f17d22bba15001f/tokio-1.35.0/src/runtime/scheduler/current_thread/mod.rs:167:9
[INFO] [stdout]   43:     0x561db086ecdd - tokio::runtime::runtime::Runtime::block_on::h30cbd3dc19576e62
[INFO] [stdout]                                at /opt/rustwide/cargo-home/registry/src/index.crates.io-6f17d22bba15001f/tokio-1.35.0/src/runtime/runtime.rs:348:47
[INFO] [stdout]   44:     0x561db085f946 - api::health_check::health_check_works::ha74e23ca50722370
[INFO] [stdout]                                at /opt/rustwide/workdir/tests/api/health_check.rs:15:5
[INFO] [stdout]   45:     0x561db085f7a7 - api::health_check::health_check_works::{{closure}}::h2131764c3df64665
[INFO] [stdout]                                at /opt/rustwide/workdir/tests/api/health_check.rs:4:30
[INFO] [stdout]   46:     0x561db0887d26 - core::ops::function::FnOnce::call_once::hc4111e45ec1370a9
[INFO] [stdout]                                at /rustc/0e09125c6c3c2fd70d7de961bcf0e51575235fad/library/core/src/ops/function.rs:250:5
[INFO] [stdout]   47:     0x561db0afe15f - core::ops::function::FnOnce::call_once::hd64d26f405258157
[INFO] [stdout]                                at /rustc/0e09125c6c3c2fd70d7de961bcf0e51575235fad/library/core/src/ops/function.rs:250:5
[INFO] [stdout]   48:     0x561db0afe15f - test::__rust_begin_short_backtrace::he21b0b7a6d731bf9
[INFO] [stdout]                                at /rustc/0e09125c6c3c2fd70d7de961bcf0e51575235fad/library/test/src/lib.rs:627:18
[INFO] [stdout]   49:     0x561db0afcee1 - test::run_test_in_process::{{closure}}::hf5c73986d7bdfde2
[INFO] [stdout]                                at /rustc/0e09125c6c3c2fd70d7de961bcf0e51575235fad/library/test/src/lib.rs:650:60
[INFO] [stdout]   50:     0x561db0afcee1 - <core::panic::unwind_safe::AssertUnwindSafe<F> as core::ops::function::FnOnce<()>>::call_once::h330011ad032aadc0
[INFO] [stdout]                                at /rustc/0e09125c6c3c2fd70d7de961bcf0e51575235fad/library/core/src/panic/unwind_safe.rs:272:9
[INFO] [stdout]   51:     0x561db0afcee1 - std::panicking::try::do_call::he61b0a958b795a41
[INFO] [stdout]                                at /rustc/0e09125c6c3c2fd70d7de961bcf0e51575235fad/library/std/src/panicking.rs:552:40
[INFO] [stdout]   52:     0x561db0afcee1 - std::panicking::try::h7309da130f906eb7
[INFO] [stdout]                                at /rustc/0e09125c6c3c2fd70d7de961bcf0e51575235fad/library/std/src/panicking.rs:516:19
[INFO] [stdout]   53:     0x561db0afcee1 - std::panic::catch_unwind::hc5c3a06fdaf0a92a
[INFO] [stdout]                                at /rustc/0e09125c6c3c2fd70d7de961bcf0e51575235fad/library/std/src/panic.rs:142:14
[INFO] [stdout]   54:     0x561db0afcee1 - test::run_test_in_process::h7e7b7c71c3324e0f
[INFO] [stdout]                                at /rustc/0e09125c6c3c2fd70d7de961bcf0e51575235fad/library/test/src/lib.rs:650:27
[INFO] [stdout]   55:     0x561db0afcee1 - test::run_test::{{closure}}::h1f509f28f5cf20b1
[INFO] [stdout]                                at /rustc/0e09125c6c3c2fd70d7de961bcf0e51575235fad/library/test/src/lib.rs:573:43
[INFO] [stdout]   56:     0x561db0ac4216 - test::run_test::{{closure}}::h1754218abf443f6d
[INFO] [stdout]                                at /rustc/0e09125c6c3c2fd70d7de961bcf0e51575235fad/library/test/src/lib.rs:601:41
[INFO] [stdout]   57:     0x561db0ac4216 - std::sys_common::backtrace::__rust_begin_short_backtrace::h2ee174b9d5954948
[INFO] [stdout]                                at /rustc/0e09125c6c3c2fd70d7de961bcf0e51575235fad/library/std/src/sys_common/backtrace.rs:155:18
[INFO] [stdout]   58:     0x561db0ac9277 - std::thread::Builder::spawn_unchecked_::{{closure}}::{{closure}}::hf60bee9c1a17ef09
[INFO] [stdout]                                at /rustc/0e09125c6c3c2fd70d7de961bcf0e51575235fad/library/std/src/thread/mod.rs:529:17
[INFO] [stdout]   59:     0x561db0ac9277 - <core::panic::unwind_safe::AssertUnwindSafe<F> as core::ops::function::FnOnce<()>>::call_once::h33d0dddec5216160
[INFO] [stdout]                                at /rustc/0e09125c6c3c2fd70d7de961bcf0e51575235fad/library/core/src/panic/unwind_safe.rs:272:9
[INFO] [stdout]   60:     0x561db0ac9277 - std::panicking::try::do_call::h144b3048b546f835
[INFO] [stdout]                                at /rustc/0e09125c6c3c2fd70d7de961bcf0e51575235fad/library/std/src/panicking.rs:552:40
[INFO] [stdout]   61:     0x561db0ac9277 - std::panicking::try::h978244d04646189f
[INFO] [stdout]                                at /rustc/0e09125c6c3c2fd70d7de961bcf0e51575235fad/library/std/src/panicking.rs:516:19
[INFO] [stdout]   62:     0x561db0ac9277 - std::panic::catch_unwind::hdf436369d188fe86
[INFO] [stdout]                                at /rustc/0e09125c6c3c2fd70d7de961bcf0e51575235fad/library/std/src/panic.rs:142:14
[INFO] [stdout]   63:     0x561db0ac9277 - std::thread::Builder::spawn_unchecked_::{{closure}}::h87329cbdd33c79ec
[INFO] [stdout]                                at /rustc/0e09125c6c3c2fd70d7de961bcf0e51575235fad/library/std/src/thread/mod.rs:528:30
[INFO] [stdout]   64:     0x561db0ac9277 - core::ops::function::FnOnce::call_once{{vtable.shim}}::h401abbe67897d450
[INFO] [stdout]                                at /rustc/0e09125c6c3c2fd70d7de961bcf0e51575235fad/library/core/src/ops/function.rs:250:5
[INFO] [stdout]   65:     0x561db1c11225 - <alloc::boxed::Box<F,A> as core::ops::function::FnOnce<Args>>::call_once::h5d7c8f150ab9c84c
[INFO] [stdout]                                at /rustc/0e09125c6c3c2fd70d7de961bcf0e51575235fad/library/alloc/src/boxed.rs:2015:9
[INFO] [stdout]   66:     0x561db1c11225 - <alloc::boxed::Box<F,A> as core::ops::function::FnOnce<Args>>::call_once::h570d5b005c242c15
[INFO] [stdout]                                at /rustc/0e09125c6c3c2fd70d7de961bcf0e51575235fad/library/alloc/src/boxed.rs:2015:9
[INFO] [stdout]   67:     0x561db1c11225 - std::sys::unix::thread::Thread::new::thread_start::h36b0a20c0b2361ad
[INFO] [stdout]                                at /rustc/0e09125c6c3c2fd70d7de961bcf0e51575235fad/library/std/src/sys/unix/thread.rs:108:17
[INFO] [stdout]   68:     0x7fe76deb7ac3 - <unknown>
[INFO] [stdout]   69:     0x7fe76df48bf4 - __clone
[INFO] [stdout]   70:                0x0 - <unknown>
[INFO] [stdout] 
[INFO] [stdout] 
[INFO] [stdout] failures:
[INFO] [stdout]     health_check::health_check_works
[INFO] [stdout] 
[INFO] [stdout] test result: FAILED. 0 passed; 1 failed; 0 ignored; 0 measured; 0 filtered out; finished in 0.07s
[INFO] [stdout] 
[INFO] [stderr] error: test failed, to rerun pass `--test api`
[INFO] running `Command { std: "docker" "inspect" "70240732349e13f95460e433daae3cc9125ad1461da68b1d2b8ef6bf8d4cb397", kill_on_drop: false }`
[INFO] running `Command { std: "docker" "rm" "-f" "70240732349e13f95460e433daae3cc9125ad1461da68b1d2b8ef6bf8d4cb397", kill_on_drop: false }`
[INFO] [stdout] 70240732349e13f95460e433daae3cc9125ad1461da68b1d2b8ef6bf8d4cb397
