[INFO] cloning repository https://github.com/spwilson2/fdt-rs
[INFO] running `Command { std: "git" "-c" "credential.helper=" "-c" "credential.helper=/workspace/cargo-home/bin/git-credential-null" "clone" "--bare" "https://github.com/spwilson2/fdt-rs" "/workspace/cache/git-repos/https%3A%2F%2Fgithub.com%2Fspwilson2%2Ffdt-rs", kill_on_drop: false }`
[INFO] [stderr] Cloning into bare repository '/workspace/cache/git-repos/https%3A%2F%2Fgithub.com%2Fspwilson2%2Ffdt-rs'...
[INFO] running `Command { std: "git" "rev-parse" "HEAD", kill_on_drop: false }`
[INFO] [stdout] f8a2bdefd8e7c9c6b61ae61cd3f7427747eadc1d
[INFO] testing spwilson2/fdt-rs against 1.75.0 for beta-1.76-1
[INFO] running `Command { std: "git" "clone" "/workspace/cache/git-repos/https%3A%2F%2Fgithub.com%2Fspwilson2%2Ffdt-rs" "/workspace/builds/worker-1-tc1/source", kill_on_drop: false }`
[INFO] [stderr] Cloning into '/workspace/builds/worker-1-tc1/source'...
[INFO] [stderr] done.
[INFO] validating manifest of git repo https://github.com/spwilson2/fdt-rs on toolchain 1.75.0
[INFO] running `Command { std: CARGO_HOME="/workspace/cargo-home" RUSTUP_HOME="/workspace/rustup-home" "/workspace/cargo-home/bin/cargo" "+1.75.0" "metadata" "--manifest-path" "Cargo.toml" "--no-deps", kill_on_drop: false }`
[INFO] started tweaking git repo https://github.com/spwilson2/fdt-rs
[INFO] finished tweaking git repo https://github.com/spwilson2/fdt-rs
[INFO] tweaked toml for git repo https://github.com/spwilson2/fdt-rs written to /workspace/builds/worker-1-tc1/source/Cargo.toml
[INFO] crate git repo https://github.com/spwilson2/fdt-rs already has a lockfile, it will not be regenerated
[INFO] running `Command { std: CARGO_HOME="/workspace/cargo-home" RUSTUP_HOME="/workspace/rustup-home" "/workspace/cargo-home/bin/cargo" "+1.75.0" "fetch" "--manifest-path" "Cargo.toml", kill_on_drop: false }`
[INFO] [stderr]     Updating crates.io index
[INFO] [stderr]  Downloading crates ...
[INFO] [stderr]   Downloaded endian-type-rs v0.1.4
[INFO] running `Command { std: "docker" "create" "-v" "/var/lib/crater-agent-workspace/builds/worker-1-tc1/target:/opt/rustwide/target:rw,Z" "-v" "/var/lib/crater-agent-workspace/builds/worker-1-tc1/source:/opt/rustwide/workdir:ro,Z" "-v" "/var/lib/crater-agent-workspace/cargo-home:/opt/rustwide/cargo-home:ro,Z" "-v" "/var/lib/crater-agent-workspace/rustup-home:/opt/rustwide/rustup-home:ro,Z" "-e" "SOURCE_DIR=/opt/rustwide/workdir" "-e" "CARGO_TARGET_DIR=/opt/rustwide/target" "-e" "CARGO_HOME=/opt/rustwide/cargo-home" "-e" "RUSTUP_HOME=/opt/rustwide/rustup-home" "-w" "/opt/rustwide/workdir" "-m" "1610612736" "--user" "0:0" "--network" "none" "ghcr.io/rust-lang/crates-build-env/linux@sha256:2788e3201cd34a07e3172128adcd8b3090168a8e3bcc40d7c032b9dda1df7d1c" "/opt/rustwide/cargo-home/bin/cargo" "+1.75.0" "metadata" "--no-deps" "--format-version=1", kill_on_drop: false }`
[INFO] [stdout] 67c87c1a5a47dd1fbc941f6133b8b0c4f0209627e1cc69eea398f380eaede81c
[INFO] running `Command { std: "docker" "start" "-a" "67c87c1a5a47dd1fbc941f6133b8b0c4f0209627e1cc69eea398f380eaede81c", kill_on_drop: false }`
[INFO] running `Command { std: "docker" "inspect" "67c87c1a5a47dd1fbc941f6133b8b0c4f0209627e1cc69eea398f380eaede81c", kill_on_drop: false }`
[INFO] running `Command { std: "docker" "rm" "-f" "67c87c1a5a47dd1fbc941f6133b8b0c4f0209627e1cc69eea398f380eaede81c", kill_on_drop: false }`
[INFO] [stdout] 67c87c1a5a47dd1fbc941f6133b8b0c4f0209627e1cc69eea398f380eaede81c
[INFO] running `Command { std: "docker" "create" "-v" "/var/lib/crater-agent-workspace/builds/worker-1-tc1/target:/opt/rustwide/target:rw,Z" "-v" "/var/lib/crater-agent-workspace/builds/worker-1-tc1/source:/opt/rustwide/workdir:ro,Z" "-v" "/var/lib/crater-agent-workspace/cargo-home:/opt/rustwide/cargo-home:ro,Z" "-v" "/var/lib/crater-agent-workspace/rustup-home:/opt/rustwide/rustup-home:ro,Z" "-e" "SOURCE_DIR=/opt/rustwide/workdir" "-e" "CARGO_TARGET_DIR=/opt/rustwide/target" "-e" "CARGO_INCREMENTAL=0" "-e" "RUST_BACKTRACE=full" "-e" "RUSTFLAGS=--cap-lints=warn" "-e" "RUSTDOCFLAGS=--cap-lints=warn" "-e" "CARGO_HOME=/opt/rustwide/cargo-home" "-e" "RUSTUP_HOME=/opt/rustwide/rustup-home" "-w" "/opt/rustwide/workdir" "-m" "1610612736" "--user" "0:0" "--network" "none" "ghcr.io/rust-lang/crates-build-env/linux@sha256:2788e3201cd34a07e3172128adcd8b3090168a8e3bcc40d7c032b9dda1df7d1c" "/opt/rustwide/cargo-home/bin/cargo" "+1.75.0" "build" "--frozen" "--message-format=json", kill_on_drop: false }`
[INFO] [stdout] d8f8e2084462818471e3d54cff1ed41f9aebff0c985246ccadd6ee18d07b6d6d
[INFO] running `Command { std: "docker" "start" "-a" "d8f8e2084462818471e3d54cff1ed41f9aebff0c985246ccadd6ee18d07b6d6d", kill_on_drop: false }`
[INFO] [stderr]    Compiling autocfg v1.0.0
[INFO] [stderr]    Compiling proc-macro2 v1.0.18
[INFO] [stderr]    Compiling unicode-xid v0.2.1
[INFO] [stderr]    Compiling semver-parser v0.7.0
[INFO] [stderr]    Compiling syn v1.0.33
[INFO] [stderr]    Compiling fallible-iterator v0.2.0
[INFO] [stderr]    Compiling unsafe_unwrap v0.1.0
[INFO] [stderr]    Compiling static_assertions v1.1.0
[INFO] [stderr]    Compiling endian-type-rs v0.1.4
[INFO] [stderr]    Compiling semver v0.9.0
[INFO] [stderr]    Compiling memoffset v0.5.5
[INFO] [stderr]    Compiling num-traits v0.2.12
[INFO] [stderr]    Compiling rustc_version v0.2.3
[INFO] [stderr]    Compiling fdt-rs v0.3.0 (/opt/rustwide/workdir)
[INFO] [stderr]    Compiling quote v1.0.7
[INFO] [stderr]    Compiling num-derive v0.3.0
[INFO] [stderr]     Finished dev [unoptimized + debuginfo] target(s) in 3.79s
[INFO] running `Command { std: "docker" "inspect" "d8f8e2084462818471e3d54cff1ed41f9aebff0c985246ccadd6ee18d07b6d6d", kill_on_drop: false }`
[INFO] running `Command { std: "docker" "rm" "-f" "d8f8e2084462818471e3d54cff1ed41f9aebff0c985246ccadd6ee18d07b6d6d", kill_on_drop: false }`
[INFO] [stdout] d8f8e2084462818471e3d54cff1ed41f9aebff0c985246ccadd6ee18d07b6d6d
[INFO] running `Command { std: "docker" "create" "-v" "/var/lib/crater-agent-workspace/builds/worker-1-tc1/target:/opt/rustwide/target:rw,Z" "-v" "/var/lib/crater-agent-workspace/builds/worker-1-tc1/source:/opt/rustwide/workdir:ro,Z" "-v" "/var/lib/crater-agent-workspace/cargo-home:/opt/rustwide/cargo-home:ro,Z" "-v" "/var/lib/crater-agent-workspace/rustup-home:/opt/rustwide/rustup-home:ro,Z" "-e" "SOURCE_DIR=/opt/rustwide/workdir" "-e" "CARGO_TARGET_DIR=/opt/rustwide/target" "-e" "CARGO_INCREMENTAL=0" "-e" "RUST_BACKTRACE=full" "-e" "RUSTFLAGS=--cap-lints=warn" "-e" "RUSTDOCFLAGS=--cap-lints=warn" "-e" "CARGO_HOME=/opt/rustwide/cargo-home" "-e" "RUSTUP_HOME=/opt/rustwide/rustup-home" "-w" "/opt/rustwide/workdir" "-m" "1610612736" "--user" "0:0" "--network" "none" "ghcr.io/rust-lang/crates-build-env/linux@sha256:2788e3201cd34a07e3172128adcd8b3090168a8e3bcc40d7c032b9dda1df7d1c" "/opt/rustwide/cargo-home/bin/cargo" "+1.75.0" "test" "--frozen" "--no-run" "--message-format=json", kill_on_drop: false }`
[INFO] [stdout] 33a4479d362754dada1b594542b2a6915dd0ed82f1e522decb89283492ecf760
[INFO] running `Command { std: "docker" "start" "-a" "33a4479d362754dada1b594542b2a6915dd0ed82f1e522decb89283492ecf760", kill_on_drop: false }`
[INFO] [stderr]    Compiling lazy_static v1.4.0
[INFO] [stderr]    Compiling crossbeam-utils v0.7.2
[INFO] [stderr]    Compiling serde v1.0.114
[INFO] [stderr]    Compiling maybe-uninit v2.0.0
[INFO] [stderr]    Compiling cfg-if v0.1.10
[INFO] [stderr]    Compiling libc v0.2.71
[INFO] [stderr]    Compiling crossbeam-epoch v0.8.2
[INFO] [stderr]    Compiling byteorder v1.3.4
[INFO] [stderr]    Compiling ryu v1.0.5
[INFO] [stderr]    Compiling memchr v2.3.3
[INFO] [stderr]    Compiling scopeguard v1.1.0
[INFO] [stderr]    Compiling rayon-core v1.7.1
[INFO] [stderr]    Compiling cast v0.2.3
[INFO] [stderr]    Compiling either v1.5.3
[INFO] [stderr]    Compiling itoa v0.4.6
[INFO] [stderr]    Compiling bitflags v1.2.1
[INFO] [stderr]    Compiling serde_json v1.0.56
[INFO] [stderr]    Compiling rayon v1.3.1
[INFO] [stderr]    Compiling serde_derive v1.0.114
[INFO] [stderr]    Compiling unicode-width v0.1.8
[INFO] [stderr]    Compiling itertools v0.9.0
[INFO] [stderr]    Compiling textwrap v0.11.0
[INFO] [stderr]    Compiling half v1.6.0
[INFO] [stderr]    Compiling regex-syntax v0.6.18
[INFO] [stderr]    Compiling same-file v1.0.6
[INFO] [stderr]    Compiling plotters v0.2.15
[INFO] [stderr]    Compiling clap v2.33.1
[INFO] [stderr]    Compiling walkdir v2.3.1
[INFO] [stderr]    Compiling oorandom v11.1.2
[INFO] [stderr]    Compiling csv-core v0.1.10
[INFO] [stderr]    Compiling regex-automata v0.1.9
[INFO] [stderr]    Compiling crossbeam-queue v0.2.3
[INFO] [stderr]    Compiling num_cpus v1.13.0
[INFO] [stderr]    Compiling atty v0.2.14
[INFO] [stderr]    Compiling crossbeam-deque v0.7.3
[INFO] [stderr]    Compiling criterion-plot v0.4.3
[INFO] [stderr]    Compiling regex v1.3.9
[INFO] [stderr]    Compiling bstr v0.2.13
[INFO] [stderr]    Compiling serde_cbor v0.11.1
[INFO] [stderr]    Compiling csv v1.1.3
[INFO] [stderr]    Compiling tinytemplate v1.1.0
[INFO] [stderr]    Compiling criterion v0.3.3
[INFO] [stderr]    Compiling fdt-rs v0.3.0 (/opt/rustwide/workdir)
[INFO] [stderr]     Finished test [unoptimized + debuginfo] target(s) in 7.74s
[INFO] [stderr] warning: the following packages contain code that will be rejected by a future version of Rust: criterion v0.3.3
[INFO] [stderr] note: to see what the problems were, use the option `--future-incompat-report`, or run `cargo report future-incompatibilities --id 1`
[INFO] running `Command { std: "docker" "inspect" "33a4479d362754dada1b594542b2a6915dd0ed82f1e522decb89283492ecf760", kill_on_drop: false }`
[INFO] running `Command { std: "docker" "rm" "-f" "33a4479d362754dada1b594542b2a6915dd0ed82f1e522decb89283492ecf760", kill_on_drop: false }`
[INFO] [stdout] 33a4479d362754dada1b594542b2a6915dd0ed82f1e522decb89283492ecf760
[INFO] running `Command { std: "docker" "create" "-v" "/var/lib/crater-agent-workspace/builds/worker-1-tc1/target:/opt/rustwide/target:rw,Z" "-v" "/var/lib/crater-agent-workspace/builds/worker-1-tc1/source:/opt/rustwide/workdir:ro,Z" "-v" "/var/lib/crater-agent-workspace/cargo-home:/opt/rustwide/cargo-home:ro,Z" "-v" "/var/lib/crater-agent-workspace/rustup-home:/opt/rustwide/rustup-home:ro,Z" "-e" "SOURCE_DIR=/opt/rustwide/workdir" "-e" "CARGO_TARGET_DIR=/opt/rustwide/target" "-e" "CARGO_INCREMENTAL=0" "-e" "RUST_BACKTRACE=full" "-e" "RUSTFLAGS=--cap-lints=warn" "-e" "RUSTDOCFLAGS=--cap-lints=warn" "-e" "CARGO_HOME=/opt/rustwide/cargo-home" "-e" "RUSTUP_HOME=/opt/rustwide/rustup-home" "-w" "/opt/rustwide/workdir" "-m" "1610612736" "--user" "0:0" "--network" "none" "ghcr.io/rust-lang/crates-build-env/linux@sha256:2788e3201cd34a07e3172128adcd8b3090168a8e3bcc40d7c032b9dda1df7d1c" "/opt/rustwide/cargo-home/bin/cargo" "+1.75.0" "test" "--frozen", kill_on_drop: false }`
[INFO] [stdout] 8d15854b581c8602e8b827e3d59b6a44436b7375ef58d862f81363f0ffa1a561
[INFO] running `Command { std: "docker" "start" "-a" "8d15854b581c8602e8b827e3d59b6a44436b7375ef58d862f81363f0ffa1a561", kill_on_drop: false }`
[INFO] [stderr]     Finished test [unoptimized + debuginfo] target(s) in 0.05s
[INFO] [stderr] warning: the following packages contain code that will be rejected by a future version of Rust: criterion v0.3.3
[INFO] [stderr] note: to see what the problems were, use the option `--future-incompat-report`, or run `cargo report future-incompatibilities --id 1`
[INFO] [stderr]      Running unittests src/lib.rs (/opt/rustwide/target/debug/deps/fdt_rs-89d3d520ee013198)
[INFO] [stdout] 
[INFO] [stdout] running 0 tests
[INFO] [stdout] 
[INFO] [stdout] test result: ok. 0 passed; 0 failed; 0 ignored; 0 measured; 0 filtered out; finished in 0.00s
[INFO] [stdout] 
[INFO] [stderr]      Running tests/parsing_test.rs (/opt/rustwide/target/debug/deps/parsing_test-e0d548d34f361103)
[INFO] [stdout] 
[INFO] [stdout] running 13 tests
[INFO] [stdout] test index_tests::create_sized_index ... ok
[INFO] [stdout] test find_all_compatible ... ok
[INFO] [stdout] test index_tests::create_index ... ok
[INFO] [stdout] test index_tests::dfs_iteration ... ok
[INFO] [stdout] test index_tests::expect_create_index_layout_fails_with_invalid_layout ... ok
[INFO] [stdout] test index_tests::root_prop_iteration ... ok
[INFO] [stdout] test next_compatible_finds_final_node ... ok
[INFO] [stdout] test next_compatible_finds_initial_node ... ok
[INFO] [stdout] test index_tests::test_prop_iteration_ ... ok
[INFO] [stdout] test node_prop_iter ... ok
[INFO] [stdout] test nodes_iter ... ok
[INFO] [stdout] test reserved_entries_iter ... ok
[INFO] [stdout] test test_readsize_advice ... ok
[INFO] [stdout] 
[INFO] [stdout] test result: ok. 13 passed; 0 failed; 0 ignored; 0 measured; 0 filtered out; finished in 0.00s
[INFO] [stdout] 
[INFO] [stderr]    Doc-tests fdt-rs
[INFO] [stdout] 
[INFO] [stdout] running 5 tests
[INFO] [stdout] test src/base/mod.rs - base (line 14) ... FAILED
[INFO] [stdout] test src/index/mod.rs - index (line 28) ... FAILED
[INFO] [stdout] test src/base/mod.rs - base (line 31) ... FAILED
[INFO] [stdout] test src/base/mod.rs - base (line 50) ... FAILED
[INFO] [stdout] test src/common/prop.rs - common::prop::PropReader::get_strlist (line 132) ... FAILED
[INFO] [stdout] 
[INFO] [stdout] failures:
[INFO] [stdout] 
[INFO] [stdout] ---- src/base/mod.rs - base (line 14) stdout ----
[INFO] [stdout] error[E0432]: unresolved import `fdt_rs::doctest`
[INFO] [stdout]  --> src/base/mod.rs:16:13
[INFO] [stdout]   |
[INFO] [stdout] 5 | use fdt_rs::doctest::FDT;
[INFO] [stdout]   |             ^^^^^^^ could not find `doctest` in `fdt_rs`
[INFO] [stdout] 
[INFO] [stdout] error: aborting due to previous error
[INFO] [stdout] 
[INFO] [stdout] For more information about this error, try `rustc --explain E0432`.
[INFO] [stdout] Couldn't compile the test.
[INFO] [stdout] ---- src/index/mod.rs - index (line 28) stdout ----
[INFO] [stdout] error[E0432]: unresolved import `fdt_rs::doctest`
[INFO] [stdout]  --> src/index/mod.rs:30:13
[INFO] [stdout]   |
[INFO] [stdout] 5 | use fdt_rs::doctest::FDT;
[INFO] [stdout]   |             ^^^^^^^ could not find `doctest` in `fdt_rs`
[INFO] [stdout] 
[INFO] [stdout] error: aborting due to previous error
[INFO] [stdout] 
[INFO] [stdout] For more information about this error, try `rustc --explain E0432`.
[INFO] [stdout] Couldn't compile the test.
[INFO] [stdout] ---- src/base/mod.rs - base (line 31) stdout ----
[INFO] [stdout] error[E0432]: unresolved import `fdt_rs::doctest`
[INFO] [stdout]  --> src/base/mod.rs:33:13
[INFO] [stdout]   |
[INFO] [stdout] 5 | use fdt_rs::doctest::*;
[INFO] [stdout]   |             ^^^^^^^ could not find `doctest` in `fdt_rs`
[INFO] [stdout] 
[INFO] [stdout] error[E0425]: cannot find function `doctest_index` in this scope
[INFO] [stdout]  --> src/base/mod.rs:34:18
[INFO] [stdout]   |
[INFO] [stdout] 6 | let (index, _) = doctest_index();
[INFO] [stdout]   |                  ^^^^^^^^^^^^^ not found in this scope
[INFO] [stdout] 
[INFO] [stdout] error: aborting due to 2 previous errors
[INFO] [stdout] 
[INFO] [stdout] Some errors have detailed explanations: E0425, E0432.
[INFO] [stdout] For more information about an error, try `rustc --explain E0425`.
[INFO] [stdout] Couldn't compile the test.
[INFO] [stdout] ---- src/base/mod.rs - base (line 50) stdout ----
[INFO] [stdout] error[E0432]: unresolved import `fdt_rs::doctest`
[INFO] [stdout]  --> src/base/mod.rs:52:13
[INFO] [stdout]   |
[INFO] [stdout] 5 | use fdt_rs::doctest::*;
[INFO] [stdout]   |             ^^^^^^^ could not find `doctest` in `fdt_rs`
[INFO] [stdout] 
[INFO] [stdout] error[E0425]: cannot find function `doctest_index` in this scope
[INFO] [stdout]  --> src/base/mod.rs:53:18
[INFO] [stdout]   |
[INFO] [stdout] 6 | let (index, _) = doctest_index();
[INFO] [stdout]   |                  ^^^^^^^^^^^^^ not found in this scope
[INFO] [stdout] 
[INFO] [stdout] error: aborting due to 2 previous errors
[INFO] [stdout] 
[INFO] [stdout] Some errors have detailed explanations: E0425, E0432.
[INFO] [stdout] For more information about an error, try `rustc --explain E0425`.
[INFO] [stdout] Couldn't compile the test.
[INFO] [stdout] ---- src/common/prop.rs - common::prop::PropReader::get_strlist (line 132) stdout ----
[INFO] [stdout] error[E0432]: unresolved import `fdt_rs::doctest`
[INFO] [stdout]  --> src/common/prop.rs:134:13
[INFO] [stdout]   |
[INFO] [stdout] 5 | use fdt_rs::doctest::*;
[INFO] [stdout]   |             ^^^^^^^ could not find `doctest` in `fdt_rs`
[INFO] [stdout] 
[INFO] [stdout] error[E0425]: cannot find function `doctest_index` in this scope
[INFO] [stdout]  --> src/common/prop.rs:135:18
[INFO] [stdout]   |
[INFO] [stdout] 6 | let (index, _) = doctest_index();
[INFO] [stdout]   |                  ^^^^^^^^^^^^^ not found in this scope
[INFO] [stdout] 
[INFO] [stdout] error: aborting due to 2 previous errors
[INFO] [stdout] 
[INFO] [stdout] Some errors have detailed explanations: E0425, E0432.
[INFO] [stdout] For more information about an error, try `rustc --explain E0425`.
[INFO] [stdout] Couldn't compile the test.
[INFO] [stdout] 
[INFO] [stdout] failures:
[INFO] [stdout]     src/base/mod.rs - base (line 14)
[INFO] [stdout]     src/base/mod.rs - base (line 31)
[INFO] [stdout]     src/base/mod.rs - base (line 50)
[INFO] [stdout]     src/common/prop.rs - common::prop::PropReader::get_strlist (line 132)
[INFO] [stdout]     src/index/mod.rs - index (line 28)
[INFO] [stdout] 
[INFO] [stdout] test result: FAILED. 0 passed; 5 failed; 0 ignored; 0 measured; 0 filtered out; finished in 0.05s
[INFO] [stdout] 
[INFO] [stderr] error: doctest failed, to rerun pass `--doc`
[INFO] running `Command { std: "docker" "inspect" "8d15854b581c8602e8b827e3d59b6a44436b7375ef58d862f81363f0ffa1a561", kill_on_drop: false }`
[INFO] running `Command { std: "docker" "rm" "-f" "8d15854b581c8602e8b827e3d59b6a44436b7375ef58d862f81363f0ffa1a561", kill_on_drop: false }`
[INFO] [stdout] 8d15854b581c8602e8b827e3d59b6a44436b7375ef58d862f81363f0ffa1a561
[INFO] testing spwilson2/fdt-rs against beta-2023-12-22 for beta-1.76-1
[INFO] running `Command { std: "git" "clone" "/workspace/cache/git-repos/https%3A%2F%2Fgithub.com%2Fspwilson2%2Ffdt-rs" "/workspace/builds/worker-1-tc2/source", kill_on_drop: false }`
[INFO] [stderr] Cloning into '/workspace/builds/worker-1-tc2/source'...
[INFO] [stderr] done.
[INFO] validating manifest of git repo https://github.com/spwilson2/fdt-rs on toolchain beta-2023-12-22
[INFO] running `Command { std: CARGO_HOME="/workspace/cargo-home" RUSTUP_HOME="/workspace/rustup-home" "/workspace/cargo-home/bin/cargo" "+beta-2023-12-22" "metadata" "--manifest-path" "Cargo.toml" "--no-deps", kill_on_drop: false }`
[INFO] started tweaking git repo https://github.com/spwilson2/fdt-rs
[INFO] finished tweaking git repo https://github.com/spwilson2/fdt-rs
[INFO] tweaked toml for git repo https://github.com/spwilson2/fdt-rs written to /workspace/builds/worker-1-tc2/source/Cargo.toml
[INFO] crate git repo https://github.com/spwilson2/fdt-rs already has a lockfile, it will not be regenerated
[INFO] running `Command { std: CARGO_HOME="/workspace/cargo-home" RUSTUP_HOME="/workspace/rustup-home" "/workspace/cargo-home/bin/cargo" "+beta-2023-12-22" "fetch" "--manifest-path" "Cargo.toml", kill_on_drop: false }`
[INFO] running `Command { std: "docker" "create" "-v" "/var/lib/crater-agent-workspace/builds/worker-1-tc2/target:/opt/rustwide/target:rw,Z" "-v" "/var/lib/crater-agent-workspace/builds/worker-1-tc2/source:/opt/rustwide/workdir:ro,Z" "-v" "/var/lib/crater-agent-workspace/cargo-home:/opt/rustwide/cargo-home:ro,Z" "-v" "/var/lib/crater-agent-workspace/rustup-home:/opt/rustwide/rustup-home:ro,Z" "-e" "SOURCE_DIR=/opt/rustwide/workdir" "-e" "CARGO_TARGET_DIR=/opt/rustwide/target" "-e" "CARGO_HOME=/opt/rustwide/cargo-home" "-e" "RUSTUP_HOME=/opt/rustwide/rustup-home" "-w" "/opt/rustwide/workdir" "-m" "1610612736" "--user" "0:0" "--network" "none" "ghcr.io/rust-lang/crates-build-env/linux@sha256:2788e3201cd34a07e3172128adcd8b3090168a8e3bcc40d7c032b9dda1df7d1c" "/opt/rustwide/cargo-home/bin/cargo" "+beta-2023-12-22" "metadata" "--no-deps" "--format-version=1", kill_on_drop: false }`
[INFO] [stdout] ff0c204995b605e56caf93f8de4d2c3480d70d56d82f6de1b9e27311de489773
[INFO] running `Command { std: "docker" "start" "-a" "ff0c204995b605e56caf93f8de4d2c3480d70d56d82f6de1b9e27311de489773", kill_on_drop: false }`
[INFO] running `Command { std: "docker" "inspect" "ff0c204995b605e56caf93f8de4d2c3480d70d56d82f6de1b9e27311de489773", kill_on_drop: false }`
[INFO] running `Command { std: "docker" "rm" "-f" "ff0c204995b605e56caf93f8de4d2c3480d70d56d82f6de1b9e27311de489773", kill_on_drop: false }`
[INFO] [stdout] ff0c204995b605e56caf93f8de4d2c3480d70d56d82f6de1b9e27311de489773
[INFO] running `Command { std: "docker" "create" "-v" "/var/lib/crater-agent-workspace/builds/worker-1-tc2/target:/opt/rustwide/target:rw,Z" "-v" "/var/lib/crater-agent-workspace/builds/worker-1-tc2/source:/opt/rustwide/workdir:ro,Z" "-v" "/var/lib/crater-agent-workspace/cargo-home:/opt/rustwide/cargo-home:ro,Z" "-v" "/var/lib/crater-agent-workspace/rustup-home:/opt/rustwide/rustup-home:ro,Z" "-e" "SOURCE_DIR=/opt/rustwide/workdir" "-e" "CARGO_TARGET_DIR=/opt/rustwide/target" "-e" "CARGO_INCREMENTAL=0" "-e" "RUST_BACKTRACE=full" "-e" "RUSTFLAGS=--cap-lints=warn" "-e" "RUSTDOCFLAGS=--cap-lints=warn" "-e" "CARGO_HOME=/opt/rustwide/cargo-home" "-e" "RUSTUP_HOME=/opt/rustwide/rustup-home" "-w" "/opt/rustwide/workdir" "-m" "1610612736" "--user" "0:0" "--network" "none" "ghcr.io/rust-lang/crates-build-env/linux@sha256:2788e3201cd34a07e3172128adcd8b3090168a8e3bcc40d7c032b9dda1df7d1c" "/opt/rustwide/cargo-home/bin/cargo" "+beta-2023-12-22" "build" "--frozen" "--message-format=json", kill_on_drop: false }`
[INFO] [stdout] 6185adc5e0e210cc41cf0562cc5d8f78aa3be87d74e5e71e4e03197818dd5786
[INFO] running `Command { std: "docker" "start" "-a" "6185adc5e0e210cc41cf0562cc5d8f78aa3be87d74e5e71e4e03197818dd5786", kill_on_drop: false }`
[INFO] [stderr]    Compiling autocfg v1.0.0
[INFO] [stderr]    Compiling proc-macro2 v1.0.18
[INFO] [stderr]    Compiling unicode-xid v0.2.1
[INFO] [stderr]    Compiling semver-parser v0.7.0
[INFO] [stderr]    Compiling syn v1.0.33
[INFO] [stderr]    Compiling unsafe_unwrap v0.1.0
[INFO] [stderr]    Compiling static_assertions v1.1.0
[INFO] [stderr]    Compiling fallible-iterator v0.2.0
[INFO] [stderr]    Compiling endian-type-rs v0.1.4
[INFO] [stderr]    Compiling semver v0.9.0
[INFO] [stderr]    Compiling memoffset v0.5.5
[INFO] [stderr]    Compiling num-traits v0.2.12
[INFO] [stderr]    Compiling rustc_version v0.2.3
[INFO] [stderr]    Compiling fdt-rs v0.3.0 (/opt/rustwide/workdir)
[INFO] [stderr]    Compiling quote v1.0.7
[INFO] [stderr]    Compiling num-derive v0.3.0
[INFO] [stderr]     Finished dev [unoptimized + debuginfo] target(s) in 3.72s
[INFO] running `Command { std: "docker" "inspect" "6185adc5e0e210cc41cf0562cc5d8f78aa3be87d74e5e71e4e03197818dd5786", kill_on_drop: false }`
[INFO] running `Command { std: "docker" "rm" "-f" "6185adc5e0e210cc41cf0562cc5d8f78aa3be87d74e5e71e4e03197818dd5786", kill_on_drop: false }`
[INFO] [stdout] 6185adc5e0e210cc41cf0562cc5d8f78aa3be87d74e5e71e4e03197818dd5786
[INFO] running `Command { std: "docker" "create" "-v" "/var/lib/crater-agent-workspace/builds/worker-1-tc2/target:/opt/rustwide/target:rw,Z" "-v" "/var/lib/crater-agent-workspace/builds/worker-1-tc2/source:/opt/rustwide/workdir:ro,Z" "-v" "/var/lib/crater-agent-workspace/cargo-home:/opt/rustwide/cargo-home:ro,Z" "-v" "/var/lib/crater-agent-workspace/rustup-home:/opt/rustwide/rustup-home:ro,Z" "-e" "SOURCE_DIR=/opt/rustwide/workdir" "-e" "CARGO_TARGET_DIR=/opt/rustwide/target" "-e" "CARGO_INCREMENTAL=0" "-e" "RUST_BACKTRACE=full" "-e" "RUSTFLAGS=--cap-lints=warn" "-e" "RUSTDOCFLAGS=--cap-lints=warn" "-e" "CARGO_HOME=/opt/rustwide/cargo-home" "-e" "RUSTUP_HOME=/opt/rustwide/rustup-home" "-w" "/opt/rustwide/workdir" "-m" "1610612736" "--user" "0:0" "--network" "none" "ghcr.io/rust-lang/crates-build-env/linux@sha256:2788e3201cd34a07e3172128adcd8b3090168a8e3bcc40d7c032b9dda1df7d1c" "/opt/rustwide/cargo-home/bin/cargo" "+beta-2023-12-22" "test" "--frozen" "--no-run" "--message-format=json", kill_on_drop: false }`
[INFO] [stdout] fb66cf2cc22fdb3909a0e4375cf7e950a91b54d121277b9ddb57712776997962
[INFO] running `Command { std: "docker" "start" "-a" "fb66cf2cc22fdb3909a0e4375cf7e950a91b54d121277b9ddb57712776997962", kill_on_drop: false }`
[INFO] [stderr]    Compiling lazy_static v1.4.0
[INFO] [stderr]    Compiling crossbeam-utils v0.7.2
[INFO] [stderr]    Compiling serde v1.0.114
[INFO] [stderr]    Compiling maybe-uninit v2.0.0
[INFO] [stderr]    Compiling libc v0.2.71
[INFO] [stderr]    Compiling cfg-if v0.1.10
[INFO] [stderr]    Compiling crossbeam-epoch v0.8.2
[INFO] [stderr]    Compiling memchr v2.3.3
[INFO] [stderr]    Compiling ryu v1.0.5
[INFO] [stderr]    Compiling byteorder v1.3.4
[INFO] [stderr]    Compiling rayon-core v1.7.1
[INFO] [stderr]    Compiling scopeguard v1.1.0
[INFO] [stderr]    Compiling cast v0.2.3
[INFO] [stderr]    Compiling itoa v0.4.6
[INFO] [stderr]    Compiling bitflags v1.2.1
[INFO] [stderr]    Compiling either v1.5.3
[INFO] [stderr]    Compiling serde_json v1.0.56
[INFO] [stderr]    Compiling rayon v1.3.1
[INFO] [stderr]    Compiling serde_derive v1.0.114
[INFO] [stderr]    Compiling unicode-width v0.1.8
[INFO] [stderr]    Compiling itertools v0.9.0
[INFO] [stderr]    Compiling textwrap v0.11.0
[INFO] [stderr]    Compiling regex-syntax v0.6.18
[INFO] [stderr]    Compiling same-file v1.0.6
[INFO] [stderr]    Compiling half v1.6.0
[INFO] [stderr]    Compiling clap v2.33.1
[INFO] [stderr]    Compiling walkdir v2.3.1
[INFO] [stderr]    Compiling plotters v0.2.15
[INFO] [stderr]    Compiling oorandom v11.1.2
[INFO] [stderr]    Compiling csv-core v0.1.10
[INFO] [stderr]    Compiling regex-automata v0.1.9
[INFO] [stderr]    Compiling crossbeam-queue v0.2.3
[INFO] [stderr]    Compiling num_cpus v1.13.0
[INFO] [stderr]    Compiling atty v0.2.14
[INFO] [stderr]    Compiling criterion-plot v0.4.3
[INFO] [stderr]    Compiling crossbeam-deque v0.7.3
[INFO] [stderr]    Compiling regex v1.3.9
[INFO] [stderr]    Compiling bstr v0.2.13
[INFO] [stderr]    Compiling serde_cbor v0.11.1
[INFO] [stderr]    Compiling csv v1.1.3
[INFO] [stderr]    Compiling tinytemplate v1.1.0
[INFO] [stderr]    Compiling criterion v0.3.3
[INFO] [stderr]    Compiling fdt-rs v0.3.0 (/opt/rustwide/workdir)
[INFO] [stderr]     Finished test [unoptimized + debuginfo] target(s) in 8.23s
[INFO] [stderr] warning: the following packages contain code that will be rejected by a future version of Rust: criterion v0.3.3
[INFO] [stderr] note: to see what the problems were, use the option `--future-incompat-report`, or run `cargo report future-incompatibilities --id 1`
[INFO] running `Command { std: "docker" "inspect" "fb66cf2cc22fdb3909a0e4375cf7e950a91b54d121277b9ddb57712776997962", kill_on_drop: false }`
[INFO] running `Command { std: "docker" "rm" "-f" "fb66cf2cc22fdb3909a0e4375cf7e950a91b54d121277b9ddb57712776997962", kill_on_drop: false }`
[INFO] [stdout] fb66cf2cc22fdb3909a0e4375cf7e950a91b54d121277b9ddb57712776997962
[INFO] running `Command { std: "docker" "create" "-v" "/var/lib/crater-agent-workspace/builds/worker-1-tc2/target:/opt/rustwide/target:rw,Z" "-v" "/var/lib/crater-agent-workspace/builds/worker-1-tc2/source:/opt/rustwide/workdir:ro,Z" "-v" "/var/lib/crater-agent-workspace/cargo-home:/opt/rustwide/cargo-home:ro,Z" "-v" "/var/lib/crater-agent-workspace/rustup-home:/opt/rustwide/rustup-home:ro,Z" "-e" "SOURCE_DIR=/opt/rustwide/workdir" "-e" "CARGO_TARGET_DIR=/opt/rustwide/target" "-e" "CARGO_INCREMENTAL=0" "-e" "RUST_BACKTRACE=full" "-e" "RUSTFLAGS=--cap-lints=warn" "-e" "RUSTDOCFLAGS=--cap-lints=warn" "-e" "CARGO_HOME=/opt/rustwide/cargo-home" "-e" "RUSTUP_HOME=/opt/rustwide/rustup-home" "-w" "/opt/rustwide/workdir" "-m" "1610612736" "--user" "0:0" "--network" "none" "ghcr.io/rust-lang/crates-build-env/linux@sha256:2788e3201cd34a07e3172128adcd8b3090168a8e3bcc40d7c032b9dda1df7d1c" "/opt/rustwide/cargo-home/bin/cargo" "+beta-2023-12-22" "test" "--frozen", kill_on_drop: false }`
[INFO] [stdout] 3055af89604a7a4746803abbb661a6a1bc3e7edd2e8510d3dd33f573783885eb
[INFO] running `Command { std: "docker" "start" "-a" "3055af89604a7a4746803abbb661a6a1bc3e7edd2e8510d3dd33f573783885eb", kill_on_drop: false }`
[INFO] [stderr]     Finished test [unoptimized + debuginfo] target(s) in 0.05s
[INFO] [stderr] warning: the following packages contain code that will be rejected by a future version of Rust: criterion v0.3.3
[INFO] [stderr] note: to see what the problems were, use the option `--future-incompat-report`, or run `cargo report future-incompatibilities --id 1`
[INFO] [stderr]      Running unittests src/lib.rs (/opt/rustwide/target/debug/deps/fdt_rs-0cfc11ca0cb36b7e)
[INFO] [stdout] 
[INFO] [stdout] running 0 tests
[INFO] [stdout] 
[INFO] [stdout] test result: ok. 0 passed; 0 failed; 0 ignored; 0 measured; 0 filtered out; finished in 0.00s
[INFO] [stdout] 
[INFO] [stderr]      Running tests/parsing_test.rs (/opt/rustwide/target/debug/deps/parsing_test-029f18e6273c5b0a)
[INFO] [stdout] 
[INFO] [stdout] running 13 tests
[INFO] [stdout] test find_all_compatible ... ok
[INFO] [stdout] test index_tests::create_index ... ok
[INFO] [stdout] test index_tests::create_sized_index ... ok
[INFO] [stdout] test index_tests::expect_create_index_layout_fails_with_invalid_layout ... ok
[INFO] [stdout] test index_tests::dfs_iteration ... ok
[INFO] [stdout] test index_tests::root_prop_iteration ... ok
[INFO] [stdout] test next_compatible_finds_final_node ... ok
[INFO] [stdout] test index_tests::test_prop_iteration_ ... ok
[INFO] [stdout] test next_compatible_finds_initial_node ... ok
[INFO] [stdout] test node_prop_iter ... ok
[INFO] [stdout] test nodes_iter ... ok
[INFO] [stdout] test reserved_entries_iter ... ok
[INFO] [stdout] test test_readsize_advice ... ok
[INFO] [stdout] 
[INFO] [stdout] test result: ok. 13 passed; 0 failed; 0 ignored; 0 measured; 0 filtered out; finished in 0.00s
[INFO] [stdout] 
[INFO] [stderr]    Doc-tests fdt-rs
[INFO] [stdout] 
[INFO] [stdout] running 5 tests
[INFO] [stdout] test src/index/mod.rs - index (line 28) ... FAILED
[INFO] [stdout] test src/base/mod.rs - base (line 14) ... FAILED
[INFO] [stdout] test src/base/mod.rs - base (line 31) ... FAILED
[INFO] [stdout] test src/base/mod.rs - base (line 50) ... FAILED
[INFO] [stdout] test src/common/prop.rs - common::prop::PropReader::get_strlist (line 132) ... FAILED
[INFO] [stdout] 
[INFO] [stdout] failures:
[INFO] [stdout] 
[INFO] [stdout] ---- src/index/mod.rs - index (line 28) stdout ----
[INFO] [stdout] error[E0432]: unresolved import `fdt_rs::doctest`
[INFO] [stdout]  --> src/index/mod.rs:30:13
[INFO] [stdout]   |
[INFO] [stdout] 5 | use fdt_rs::doctest::FDT;
[INFO] [stdout]   |             ^^^^^^^ could not find `doctest` in `fdt_rs`
[INFO] [stdout] 
[INFO] [stdout] error: aborting due to 1 previous error
[INFO] [stdout] 
[INFO] [stdout] For more information about this error, try `rustc --explain E0432`.
[INFO] [stdout] Couldn't compile the test.
[INFO] [stdout] ---- src/base/mod.rs - base (line 14) stdout ----
[INFO] [stdout] error[E0432]: unresolved import `fdt_rs::doctest`
[INFO] [stdout]  --> src/base/mod.rs:16:13
[INFO] [stdout]   |
[INFO] [stdout] 5 | use fdt_rs::doctest::FDT;
[INFO] [stdout]   |             ^^^^^^^ could not find `doctest` in `fdt_rs`
[INFO] [stdout] 
[INFO] [stdout] error: aborting due to 1 previous error
[INFO] [stdout] 
[INFO] [stdout] For more information about this error, try `rustc --explain E0432`.
[INFO] [stdout] Couldn't compile the test.
[INFO] [stdout] ---- src/base/mod.rs - base (line 31) stdout ----
[INFO] [stdout] error[E0432]: unresolved import `fdt_rs::doctest`
[INFO] [stdout]  --> src/base/mod.rs:33:13
[INFO] [stdout]   |
[INFO] [stdout] 5 | use fdt_rs::doctest::*;
[INFO] [stdout]   |             ^^^^^^^ could not find `doctest` in `fdt_rs`
[INFO] [stdout] 
[INFO] [stdout] error[E0425]: cannot find function `doctest_index` in this scope
[INFO] [stdout]  --> src/base/mod.rs:34:18
[INFO] [stdout]   |
[INFO] [stdout] 6 | let (index, _) = doctest_index();
[INFO] [stdout]   |                  ^^^^^^^^^^^^^ not found in this scope
[INFO] [stdout] 
[INFO] [stdout] error: aborting due to 2 previous errors
[INFO] [stdout] 
[INFO] [stdout] Some errors have detailed explanations: E0425, E0432.
[INFO] [stdout] For more information about an error, try `rustc --explain E0425`.
[INFO] [stdout] Couldn't compile the test.
[INFO] [stdout] ---- src/base/mod.rs - base (line 50) stdout ----
[INFO] [stdout] error[E0432]: unresolved import `fdt_rs::doctest`
[INFO] [stdout]  --> src/base/mod.rs:52:13
[INFO] [stdout]   |
[INFO] [stdout] 5 | use fdt_rs::doctest::*;
[INFO] [stdout]   |             ^^^^^^^ could not find `doctest` in `fdt_rs`
[INFO] [stdout] 
[INFO] [stdout] error[E0425]: cannot find function `doctest_index` in this scope
[INFO] [stdout]  --> src/base/mod.rs:53:18
[INFO] [stdout]   |
[INFO] [stdout] 6 | let (index, _) = doctest_index();
[INFO] [stdout]   |                  ^^^^^^^^^^^^^ not found in this scope
[INFO] [stdout] 
[INFO] [stdout] error: aborting due to 2 previous errors
[INFO] [stdout] 
[INFO] [stdout] Some errors have detailed explanations: E0425, E0432.
[INFO] [stdout] For more information about an error, try `rustc --explain E0425`.
[INFO] [stdout] Couldn't compile the test.
[INFO] [stdout] ---- src/common/prop.rs - common::prop::PropReader::get_strlist (line 132) stdout ----
[INFO] [stdout] error[E0432]: unresolved import `fdt_rs::doctest`
[INFO] [stdout]  --> src/common/prop.rs:134:13
[INFO] [stdout]   |
[INFO] [stdout] 5 | use fdt_rs::doctest::*;
[INFO] [stdout]   |             ^^^^^^^ could not find `doctest` in `fdt_rs`
[INFO] [stdout] 
[INFO] [stdout] error[E0425]: cannot find function `doctest_index` in this scope
[INFO] [stdout]  --> src/common/prop.rs:135:18
[INFO] [stdout]   |
[INFO] [stdout] 6 | let (index, _) = doctest_index();
[INFO] [stdout]   |                  ^^^^^^^^^^^^^ not found in this scope
[INFO] [stdout] 
[INFO] [stdout] error: aborting due to 2 previous errors
[INFO] [stdout] 
[INFO] [stdout] Some errors have detailed explanations: E0425, E0432.
[INFO] [stdout] For more information about an error, try `rustc --explain E0425`.
[INFO] [stdout] Couldn't compile the test.
[INFO] [stdout] 
[INFO] [stdout] failures:
[INFO] [stdout]     src/base/mod.rs - base (line 14)
[INFO] [stdout]     src/base/mod.rs - base (line 31)
[INFO] [stdout]     src/base/mod.rs - base (line 50)
[INFO] [stdout]     src/common/prop.rs - common::prop::PropReader::get_strlist (line 132)
[INFO] [stdout]     src/index/mod.rs - index (line 28)
[INFO] [stdout] 
[INFO] [stdout] test result: FAILED. 0 passed; 5 failed; 0 ignored; 0 measured; 0 filtered out; finished in 0.06s
[INFO] [stdout] 
[INFO] [stderr] error: doctest failed, to rerun pass `--doc`
[INFO] running `Command { std: "docker" "inspect" "3055af89604a7a4746803abbb661a6a1bc3e7edd2e8510d3dd33f573783885eb", kill_on_drop: false }`
[INFO] running `Command { std: "docker" "rm" "-f" "3055af89604a7a4746803abbb661a6a1bc3e7edd2e8510d3dd33f573783885eb", kill_on_drop: false }`
[INFO] [stdout] 3055af89604a7a4746803abbb661a6a1bc3e7edd2e8510d3dd33f573783885eb
