[INFO] cloning repository https://github.com/splurf/pot-rs
[INFO] running `Command { std: "git" "-c" "credential.helper=" "-c" "credential.helper=/workspace/cargo-home/bin/git-credential-null" "clone" "--bare" "https://github.com/splurf/pot-rs" "/workspace/cache/git-repos/https%3A%2F%2Fgithub.com%2Fsplurf%2Fpot-rs", kill_on_drop: false }`
[INFO] [stderr] Cloning into bare repository '/workspace/cache/git-repos/https%3A%2F%2Fgithub.com%2Fsplurf%2Fpot-rs'...
[INFO] running `Command { std: "git" "rev-parse" "HEAD", kill_on_drop: false }`
[INFO] [stdout] ced3b6f0d86fe9f91aee74a2fb2647b771c16701
[INFO] testing splurf/pot-rs against 1.75.0 for beta-1.76-1
[INFO] running `Command { std: "git" "clone" "/workspace/cache/git-repos/https%3A%2F%2Fgithub.com%2Fsplurf%2Fpot-rs" "/workspace/builds/worker-7-tc1/source", kill_on_drop: false }`
[INFO] [stderr] Cloning into '/workspace/builds/worker-7-tc1/source'...
[INFO] [stderr] done.
[INFO] validating manifest of git repo https://github.com/splurf/pot-rs on toolchain 1.75.0
[INFO] running `Command { std: CARGO_HOME="/workspace/cargo-home" RUSTUP_HOME="/workspace/rustup-home" "/workspace/cargo-home/bin/cargo" "+1.75.0" "metadata" "--manifest-path" "Cargo.toml" "--no-deps", kill_on_drop: false }`
[INFO] started tweaking git repo https://github.com/splurf/pot-rs
[INFO] finished tweaking git repo https://github.com/splurf/pot-rs
[INFO] tweaked toml for git repo https://github.com/splurf/pot-rs written to /workspace/builds/worker-7-tc1/source/Cargo.toml
[INFO] crate git repo https://github.com/splurf/pot-rs already has a lockfile, it will not be regenerated
[INFO] running `Command { std: CARGO_HOME="/workspace/cargo-home" RUSTUP_HOME="/workspace/rustup-home" "/workspace/cargo-home/bin/cargo" "+1.75.0" "fetch" "--manifest-path" "Cargo.toml", kill_on_drop: false }`
[INFO] running `Command { std: "docker" "create" "-v" "/var/lib/crater-agent-workspace/builds/worker-7-tc1/target:/opt/rustwide/target:rw,Z" "-v" "/var/lib/crater-agent-workspace/builds/worker-7-tc1/source:/opt/rustwide/workdir:ro,Z" "-v" "/var/lib/crater-agent-workspace/cargo-home:/opt/rustwide/cargo-home:ro,Z" "-v" "/var/lib/crater-agent-workspace/rustup-home:/opt/rustwide/rustup-home:ro,Z" "-e" "SOURCE_DIR=/opt/rustwide/workdir" "-e" "CARGO_TARGET_DIR=/opt/rustwide/target" "-e" "CARGO_HOME=/opt/rustwide/cargo-home" "-e" "RUSTUP_HOME=/opt/rustwide/rustup-home" "-w" "/opt/rustwide/workdir" "-m" "1610612736" "--user" "0:0" "--network" "none" "ghcr.io/rust-lang/crates-build-env/linux@sha256:2788e3201cd34a07e3172128adcd8b3090168a8e3bcc40d7c032b9dda1df7d1c" "/opt/rustwide/cargo-home/bin/cargo" "+1.75.0" "metadata" "--no-deps" "--format-version=1", kill_on_drop: false }`
[INFO] [stdout] ed29e1b85b6bdc3d07b47b294cf029f29d116f6d4a1bee3205bcc8cf2735d0e7
[INFO] running `Command { std: "docker" "start" "-a" "ed29e1b85b6bdc3d07b47b294cf029f29d116f6d4a1bee3205bcc8cf2735d0e7", kill_on_drop: false }`
[INFO] running `Command { std: "docker" "inspect" "ed29e1b85b6bdc3d07b47b294cf029f29d116f6d4a1bee3205bcc8cf2735d0e7", kill_on_drop: false }`
[INFO] running `Command { std: "docker" "rm" "-f" "ed29e1b85b6bdc3d07b47b294cf029f29d116f6d4a1bee3205bcc8cf2735d0e7", kill_on_drop: false }`
[INFO] [stdout] ed29e1b85b6bdc3d07b47b294cf029f29d116f6d4a1bee3205bcc8cf2735d0e7
[INFO] running `Command { std: "docker" "create" "-v" "/var/lib/crater-agent-workspace/builds/worker-7-tc1/target:/opt/rustwide/target:rw,Z" "-v" "/var/lib/crater-agent-workspace/builds/worker-7-tc1/source:/opt/rustwide/workdir:ro,Z" "-v" "/var/lib/crater-agent-workspace/cargo-home:/opt/rustwide/cargo-home:ro,Z" "-v" "/var/lib/crater-agent-workspace/rustup-home:/opt/rustwide/rustup-home:ro,Z" "-e" "SOURCE_DIR=/opt/rustwide/workdir" "-e" "CARGO_TARGET_DIR=/opt/rustwide/target" "-e" "CARGO_INCREMENTAL=0" "-e" "RUST_BACKTRACE=full" "-e" "RUSTFLAGS=--cap-lints=warn" "-e" "RUSTDOCFLAGS=--cap-lints=warn" "-e" "CARGO_HOME=/opt/rustwide/cargo-home" "-e" "RUSTUP_HOME=/opt/rustwide/rustup-home" "-w" "/opt/rustwide/workdir" "-m" "1610612736" "--user" "0:0" "--network" "none" "ghcr.io/rust-lang/crates-build-env/linux@sha256:2788e3201cd34a07e3172128adcd8b3090168a8e3bcc40d7c032b9dda1df7d1c" "/opt/rustwide/cargo-home/bin/cargo" "+1.75.0" "build" "--frozen" "--message-format=json", kill_on_drop: false }`
[INFO] [stdout] 24e896eb965752eb2ea67d631815884e7d7a3f28254491c3213b943f2b61e17f
[INFO] running `Command { std: "docker" "start" "-a" "24e896eb965752eb2ea67d631815884e7d7a3f28254491c3213b943f2b61e17f", kill_on_drop: false }`
[INFO] [stderr]    Compiling pot-rs v0.1.0 (/opt/rustwide/workdir)
[INFO] [stderr]     Finished dev [unoptimized + debuginfo] target(s) in 0.27s
[INFO] running `Command { std: "docker" "inspect" "24e896eb965752eb2ea67d631815884e7d7a3f28254491c3213b943f2b61e17f", kill_on_drop: false }`
[INFO] running `Command { std: "docker" "rm" "-f" "24e896eb965752eb2ea67d631815884e7d7a3f28254491c3213b943f2b61e17f", kill_on_drop: false }`
[INFO] [stdout] 24e896eb965752eb2ea67d631815884e7d7a3f28254491c3213b943f2b61e17f
[INFO] running `Command { std: "docker" "create" "-v" "/var/lib/crater-agent-workspace/builds/worker-7-tc1/target:/opt/rustwide/target:rw,Z" "-v" "/var/lib/crater-agent-workspace/builds/worker-7-tc1/source:/opt/rustwide/workdir:ro,Z" "-v" "/var/lib/crater-agent-workspace/cargo-home:/opt/rustwide/cargo-home:ro,Z" "-v" "/var/lib/crater-agent-workspace/rustup-home:/opt/rustwide/rustup-home:ro,Z" "-e" "SOURCE_DIR=/opt/rustwide/workdir" "-e" "CARGO_TARGET_DIR=/opt/rustwide/target" "-e" "CARGO_INCREMENTAL=0" "-e" "RUST_BACKTRACE=full" "-e" "RUSTFLAGS=--cap-lints=warn" "-e" "RUSTDOCFLAGS=--cap-lints=warn" "-e" "CARGO_HOME=/opt/rustwide/cargo-home" "-e" "RUSTUP_HOME=/opt/rustwide/rustup-home" "-w" "/opt/rustwide/workdir" "-m" "1610612736" "--user" "0:0" "--network" "none" "ghcr.io/rust-lang/crates-build-env/linux@sha256:2788e3201cd34a07e3172128adcd8b3090168a8e3bcc40d7c032b9dda1df7d1c" "/opt/rustwide/cargo-home/bin/cargo" "+1.75.0" "test" "--frozen" "--no-run" "--message-format=json", kill_on_drop: false }`
[INFO] [stdout] b71d1e1c002ddf7236e6a4286dd86291665a5c4bfb10a1d3994b9bf0e230cf9b
[INFO] running `Command { std: "docker" "start" "-a" "b71d1e1c002ddf7236e6a4286dd86291665a5c4bfb10a1d3994b9bf0e230cf9b", kill_on_drop: false }`
[INFO] [stderr]    Compiling pot-rs v0.1.0 (/opt/rustwide/workdir)
[INFO] [stderr]     Finished test [unoptimized + debuginfo] target(s) in 0.18s
[INFO] running `Command { std: "docker" "inspect" "b71d1e1c002ddf7236e6a4286dd86291665a5c4bfb10a1d3994b9bf0e230cf9b", kill_on_drop: false }`
[INFO] running `Command { std: "docker" "rm" "-f" "b71d1e1c002ddf7236e6a4286dd86291665a5c4bfb10a1d3994b9bf0e230cf9b", kill_on_drop: false }`
[INFO] [stdout] b71d1e1c002ddf7236e6a4286dd86291665a5c4bfb10a1d3994b9bf0e230cf9b
[INFO] running `Command { std: "docker" "create" "-v" "/var/lib/crater-agent-workspace/builds/worker-7-tc1/target:/opt/rustwide/target:rw,Z" "-v" "/var/lib/crater-agent-workspace/builds/worker-7-tc1/source:/opt/rustwide/workdir:ro,Z" "-v" "/var/lib/crater-agent-workspace/cargo-home:/opt/rustwide/cargo-home:ro,Z" "-v" "/var/lib/crater-agent-workspace/rustup-home:/opt/rustwide/rustup-home:ro,Z" "-e" "SOURCE_DIR=/opt/rustwide/workdir" "-e" "CARGO_TARGET_DIR=/opt/rustwide/target" "-e" "CARGO_INCREMENTAL=0" "-e" "RUST_BACKTRACE=full" "-e" "RUSTFLAGS=--cap-lints=warn" "-e" "RUSTDOCFLAGS=--cap-lints=warn" "-e" "CARGO_HOME=/opt/rustwide/cargo-home" "-e" "RUSTUP_HOME=/opt/rustwide/rustup-home" "-w" "/opt/rustwide/workdir" "-m" "1610612736" "--user" "0:0" "--network" "none" "ghcr.io/rust-lang/crates-build-env/linux@sha256:2788e3201cd34a07e3172128adcd8b3090168a8e3bcc40d7c032b9dda1df7d1c" "/opt/rustwide/cargo-home/bin/cargo" "+1.75.0" "test" "--frozen", kill_on_drop: false }`
[INFO] [stdout] ec20647ad214ff2d2664112c5a4d8434d2af88fb65e386c199a57cc3f5e84a0c
[INFO] running `Command { std: "docker" "start" "-a" "ec20647ad214ff2d2664112c5a4d8434d2af88fb65e386c199a57cc3f5e84a0c", kill_on_drop: false }`
[INFO] [stderr]     Finished test [unoptimized + debuginfo] target(s) in 0.00s
[INFO] [stderr]      Running unittests src/lib.rs (/opt/rustwide/target/debug/deps/pot_rs-bc91d594dbbea684)
[INFO] [stdout] 
[INFO] [stdout] running 0 tests
[INFO] [stdout] 
[INFO] [stdout] test result: ok. 0 passed; 0 failed; 0 ignored; 0 measured; 0 filtered out; finished in 0.00s
[INFO] [stdout] 
[INFO] [stderr]      Running unittests src/main.rs (/opt/rustwide/target/debug/deps/pot_rs-3ba607ba59a26a89)
[INFO] [stdout] 
[INFO] [stdout] running 0 tests
[INFO] [stdout] 
[INFO] [stdout] test result: ok. 0 passed; 0 failed; 0 ignored; 0 measured; 0 filtered out; finished in 0.00s
[INFO] [stdout] 
[INFO] [stderr]    Doc-tests pot-rs
[INFO] [stdout] 
[INFO] [stdout] running 6 tests
[INFO] [stdout] test src/util/signature.rs - util::signature::Parameter (line 5) ... FAILED
[INFO] [stdout] test src/util/signature.rs - util::signature::Output (line 38) ... FAILED
[INFO] [stdout] test src/util/signature.rs - util::signature::Parameter (line 20) ... FAILED
[INFO] [stdout] test src/util/signature.rs - util::signature::Parameter (line 11) ... FAILED
[INFO] [stdout] test src/util/signature.rs - util::signature::Output (line 44) ... FAILED
[INFO] [stdout] test src/util/signature.rs - util::signature::Output (line 53) ... FAILED
[INFO] [stdout] 
[INFO] [stdout] failures:
[INFO] [stdout] 
[INFO] [stdout] ---- src/util/signature.rs - util::signature::Parameter (line 5) stdout ----
[INFO] [stdout] error: expected expression, found `,`
[INFO] [stdout]  --> src/util/signature.rs:8:2
[INFO] [stdout]   |
[INFO] [stdout] 5 | },
[INFO] [stdout]   |  ^ expected expression
[INFO] [stdout] 
[INFO] [stdout] error: aborting due to previous error
[INFO] [stdout] 
[INFO] [stdout] Couldn't compile the test.
[INFO] [stdout] ---- src/util/signature.rs - util::signature::Output (line 38) stdout ----
[INFO] [stdout] error: expected expression, found `,`
[INFO] [stdout]  --> src/util/signature.rs:41:2
[INFO] [stdout]   |
[INFO] [stdout] 5 | },
[INFO] [stdout]   |  ^ expected expression
[INFO] [stdout] 
[INFO] [stdout] error: aborting due to previous error
[INFO] [stdout] 
[INFO] [stdout] Couldn't compile the test.
[INFO] [stdout] ---- src/util/signature.rs - util::signature::Parameter (line 20) stdout ----
[INFO] [stdout] error[E0412]: cannot find type `Machine` in this scope
[INFO] [stdout]  --> src/util/signature.rs:21:14
[INFO] [stdout]   |
[INFO] [stdout] 3 | let machine: Machine<u8, ()> = |x: u8| -> () {}.into();
[INFO] [stdout]   |              ^^^^^^^ not found in this scope
[INFO] [stdout]   |
[INFO] [stdout] help: consider importing this struct
[INFO] [stdout]   |
[INFO] [stdout] 2 + use pot_rs::Machine;
[INFO] [stdout]   |
[INFO] [stdout] 
[INFO] [stdout] error: aborting due to previous error
[INFO] [stdout] 
[INFO] [stdout] For more information about this error, try `rustc --explain E0412`.
[INFO] [stdout] Couldn't compile the test.
[INFO] [stdout] ---- src/util/signature.rs - util::signature::Parameter (line 11) stdout ----
[INFO] [stdout] error[E0412]: cannot find type `Parameter` in this scope
[INFO] [stdout]  --> src/util/signature.rs:12:19
[INFO] [stdout]   |
[INFO] [stdout] 3 | impl From<u8> for Parameter {
[INFO] [stdout]   |                   ^^^^^^^^^ not found in this scope
[INFO] [stdout] 
[INFO] [stdout] error: aborting due to previous error
[INFO] [stdout] 
[INFO] [stdout] For more information about this error, try `rustc --explain E0412`.
[INFO] [stdout] Couldn't compile the test.
[INFO] [stdout] ---- src/util/signature.rs - util::signature::Output (line 44) stdout ----
[INFO] [stdout] error[E0412]: cannot find type `Output` in this scope
[INFO] [stdout]  --> src/util/signature.rs:45:19
[INFO] [stdout]   |
[INFO] [stdout] 3 | impl From<u8> for Output {
[INFO] [stdout]   |                   ^^^^^^ not found in this scope
[INFO] [stdout]   |
[INFO] [stdout] help: consider importing this struct
[INFO] [stdout]   |
[INFO] [stdout] 2 + use std::process::Output;
[INFO] [stdout]   |
[INFO] [stdout] 
[INFO] [stdout] error: aborting due to previous error
[INFO] [stdout] 
[INFO] [stdout] For more information about this error, try `rustc --explain E0412`.
[INFO] [stdout] Couldn't compile the test.
[INFO] [stdout] ---- src/util/signature.rs - util::signature::Output (line 53) stdout ----
[INFO] [stdout] error[E0412]: cannot find type `Machine` in this scope
[INFO] [stdout]  --> src/util/signature.rs:54:14
[INFO] [stdout]   |
[INFO] [stdout] 3 | let machine: Machine<(), u8> = |_| -> u8 { u8::MIN }.into();
[INFO] [stdout]   |              ^^^^^^^ not found in this scope
[INFO] [stdout]   |
[INFO] [stdout] help: consider importing this struct
[INFO] [stdout]   |
[INFO] [stdout] 2 + use pot_rs::Machine;
[INFO] [stdout]   |
[INFO] [stdout] 
[INFO] [stdout] error: aborting due to previous error
[INFO] [stdout] 
[INFO] [stdout] For more information about this error, try `rustc --explain E0412`.
[INFO] [stdout] Couldn't compile the test.
[INFO] [stdout] 
[INFO] [stdout] failures:
[INFO] [stdout]     src/util/signature.rs - util::signature::Output (line 38)
[INFO] [stdout]     src/util/signature.rs - util::signature::Output (line 44)
[INFO] [stdout]     src/util/signature.rs - util::signature::Output (line 53)
[INFO] [stdout]     src/util/signature.rs - util::signature::Parameter (line 11)
[INFO] [stdout]     src/util/signature.rs - util::signature::Parameter (line 20)
[INFO] [stdout]     src/util/signature.rs - util::signature::Parameter (line 5)
[INFO] [stdout] 
[INFO] [stdout] test result: FAILED. 0 passed; 6 failed; 0 ignored; 0 measured; 0 filtered out; finished in 0.04s
[INFO] [stdout] 
[INFO] [stderr] error: doctest failed, to rerun pass `--doc`
[INFO] running `Command { std: "docker" "inspect" "ec20647ad214ff2d2664112c5a4d8434d2af88fb65e386c199a57cc3f5e84a0c", kill_on_drop: false }`
[INFO] running `Command { std: "docker" "rm" "-f" "ec20647ad214ff2d2664112c5a4d8434d2af88fb65e386c199a57cc3f5e84a0c", kill_on_drop: false }`
[INFO] [stdout] ec20647ad214ff2d2664112c5a4d8434d2af88fb65e386c199a57cc3f5e84a0c
[INFO] testing splurf/pot-rs against beta-2023-12-22 for beta-1.76-1
[INFO] running `Command { std: "git" "clone" "/workspace/cache/git-repos/https%3A%2F%2Fgithub.com%2Fsplurf%2Fpot-rs" "/workspace/builds/worker-7-tc2/source", kill_on_drop: false }`
[INFO] [stderr] Cloning into '/workspace/builds/worker-7-tc2/source'...
[INFO] [stderr] done.
[INFO] validating manifest of git repo https://github.com/splurf/pot-rs on toolchain beta-2023-12-22
[INFO] running `Command { std: CARGO_HOME="/workspace/cargo-home" RUSTUP_HOME="/workspace/rustup-home" "/workspace/cargo-home/bin/cargo" "+beta-2023-12-22" "metadata" "--manifest-path" "Cargo.toml" "--no-deps", kill_on_drop: false }`
[INFO] started tweaking git repo https://github.com/splurf/pot-rs
[INFO] finished tweaking git repo https://github.com/splurf/pot-rs
[INFO] tweaked toml for git repo https://github.com/splurf/pot-rs written to /workspace/builds/worker-7-tc2/source/Cargo.toml
[INFO] crate git repo https://github.com/splurf/pot-rs already has a lockfile, it will not be regenerated
[INFO] running `Command { std: CARGO_HOME="/workspace/cargo-home" RUSTUP_HOME="/workspace/rustup-home" "/workspace/cargo-home/bin/cargo" "+beta-2023-12-22" "fetch" "--manifest-path" "Cargo.toml", kill_on_drop: false }`
[INFO] running `Command { std: "docker" "create" "-v" "/var/lib/crater-agent-workspace/builds/worker-7-tc2/target:/opt/rustwide/target:rw,Z" "-v" "/var/lib/crater-agent-workspace/builds/worker-7-tc2/source:/opt/rustwide/workdir:ro,Z" "-v" "/var/lib/crater-agent-workspace/cargo-home:/opt/rustwide/cargo-home:ro,Z" "-v" "/var/lib/crater-agent-workspace/rustup-home:/opt/rustwide/rustup-home:ro,Z" "-e" "SOURCE_DIR=/opt/rustwide/workdir" "-e" "CARGO_TARGET_DIR=/opt/rustwide/target" "-e" "CARGO_HOME=/opt/rustwide/cargo-home" "-e" "RUSTUP_HOME=/opt/rustwide/rustup-home" "-w" "/opt/rustwide/workdir" "-m" "1610612736" "--user" "0:0" "--network" "none" "ghcr.io/rust-lang/crates-build-env/linux@sha256:2788e3201cd34a07e3172128adcd8b3090168a8e3bcc40d7c032b9dda1df7d1c" "/opt/rustwide/cargo-home/bin/cargo" "+beta-2023-12-22" "metadata" "--no-deps" "--format-version=1", kill_on_drop: false }`
[INFO] [stdout] a80d8ec6cdbb0b1ed90d0f2874e1d8d8d410c4b2f192e1ff1492ab523ed25c49
[INFO] running `Command { std: "docker" "start" "-a" "a80d8ec6cdbb0b1ed90d0f2874e1d8d8d410c4b2f192e1ff1492ab523ed25c49", kill_on_drop: false }`
[INFO] running `Command { std: "docker" "inspect" "a80d8ec6cdbb0b1ed90d0f2874e1d8d8d410c4b2f192e1ff1492ab523ed25c49", kill_on_drop: false }`
[INFO] running `Command { std: "docker" "rm" "-f" "a80d8ec6cdbb0b1ed90d0f2874e1d8d8d410c4b2f192e1ff1492ab523ed25c49", kill_on_drop: false }`
[INFO] [stdout] a80d8ec6cdbb0b1ed90d0f2874e1d8d8d410c4b2f192e1ff1492ab523ed25c49
[INFO] running `Command { std: "docker" "create" "-v" "/var/lib/crater-agent-workspace/builds/worker-7-tc2/target:/opt/rustwide/target:rw,Z" "-v" "/var/lib/crater-agent-workspace/builds/worker-7-tc2/source:/opt/rustwide/workdir:ro,Z" "-v" "/var/lib/crater-agent-workspace/cargo-home:/opt/rustwide/cargo-home:ro,Z" "-v" "/var/lib/crater-agent-workspace/rustup-home:/opt/rustwide/rustup-home:ro,Z" "-e" "SOURCE_DIR=/opt/rustwide/workdir" "-e" "CARGO_TARGET_DIR=/opt/rustwide/target" "-e" "CARGO_INCREMENTAL=0" "-e" "RUST_BACKTRACE=full" "-e" "RUSTFLAGS=--cap-lints=warn" "-e" "RUSTDOCFLAGS=--cap-lints=warn" "-e" "CARGO_HOME=/opt/rustwide/cargo-home" "-e" "RUSTUP_HOME=/opt/rustwide/rustup-home" "-w" "/opt/rustwide/workdir" "-m" "1610612736" "--user" "0:0" "--network" "none" "ghcr.io/rust-lang/crates-build-env/linux@sha256:2788e3201cd34a07e3172128adcd8b3090168a8e3bcc40d7c032b9dda1df7d1c" "/opt/rustwide/cargo-home/bin/cargo" "+beta-2023-12-22" "build" "--frozen" "--message-format=json", kill_on_drop: false }`
[INFO] [stdout] 88c2a19305ddb0d45757b1c3cac1bcfc8e629bb7a7c14a54a5ef65db9b677461
[INFO] running `Command { std: "docker" "start" "-a" "88c2a19305ddb0d45757b1c3cac1bcfc8e629bb7a7c14a54a5ef65db9b677461", kill_on_drop: false }`
[INFO] [stderr]    Compiling pot-rs v0.1.0 (/opt/rustwide/workdir)
[INFO] [stderr]     Finished dev [unoptimized + debuginfo] target(s) in 0.21s
[INFO] running `Command { std: "docker" "inspect" "88c2a19305ddb0d45757b1c3cac1bcfc8e629bb7a7c14a54a5ef65db9b677461", kill_on_drop: false }`
[INFO] running `Command { std: "docker" "rm" "-f" "88c2a19305ddb0d45757b1c3cac1bcfc8e629bb7a7c14a54a5ef65db9b677461", kill_on_drop: false }`
[INFO] [stdout] 88c2a19305ddb0d45757b1c3cac1bcfc8e629bb7a7c14a54a5ef65db9b677461
[INFO] running `Command { std: "docker" "create" "-v" "/var/lib/crater-agent-workspace/builds/worker-7-tc2/target:/opt/rustwide/target:rw,Z" "-v" "/var/lib/crater-agent-workspace/builds/worker-7-tc2/source:/opt/rustwide/workdir:ro,Z" "-v" "/var/lib/crater-agent-workspace/cargo-home:/opt/rustwide/cargo-home:ro,Z" "-v" "/var/lib/crater-agent-workspace/rustup-home:/opt/rustwide/rustup-home:ro,Z" "-e" "SOURCE_DIR=/opt/rustwide/workdir" "-e" "CARGO_TARGET_DIR=/opt/rustwide/target" "-e" "CARGO_INCREMENTAL=0" "-e" "RUST_BACKTRACE=full" "-e" "RUSTFLAGS=--cap-lints=warn" "-e" "RUSTDOCFLAGS=--cap-lints=warn" "-e" "CARGO_HOME=/opt/rustwide/cargo-home" "-e" "RUSTUP_HOME=/opt/rustwide/rustup-home" "-w" "/opt/rustwide/workdir" "-m" "1610612736" "--user" "0:0" "--network" "none" "ghcr.io/rust-lang/crates-build-env/linux@sha256:2788e3201cd34a07e3172128adcd8b3090168a8e3bcc40d7c032b9dda1df7d1c" "/opt/rustwide/cargo-home/bin/cargo" "+beta-2023-12-22" "test" "--frozen" "--no-run" "--message-format=json", kill_on_drop: false }`
[INFO] [stdout] 21bc239cc1921d440e0585bca01c41a8a390aaf9fd525dca6dcd62bd18faa851
[INFO] running `Command { std: "docker" "start" "-a" "21bc239cc1921d440e0585bca01c41a8a390aaf9fd525dca6dcd62bd18faa851", kill_on_drop: false }`
[INFO] [stderr]    Compiling pot-rs v0.1.0 (/opt/rustwide/workdir)
[INFO] [stderr]     Finished test [unoptimized + debuginfo] target(s) in 0.19s
[INFO] running `Command { std: "docker" "inspect" "21bc239cc1921d440e0585bca01c41a8a390aaf9fd525dca6dcd62bd18faa851", kill_on_drop: false }`
[INFO] running `Command { std: "docker" "rm" "-f" "21bc239cc1921d440e0585bca01c41a8a390aaf9fd525dca6dcd62bd18faa851", kill_on_drop: false }`
[INFO] [stdout] 21bc239cc1921d440e0585bca01c41a8a390aaf9fd525dca6dcd62bd18faa851
[INFO] running `Command { std: "docker" "create" "-v" "/var/lib/crater-agent-workspace/builds/worker-7-tc2/target:/opt/rustwide/target:rw,Z" "-v" "/var/lib/crater-agent-workspace/builds/worker-7-tc2/source:/opt/rustwide/workdir:ro,Z" "-v" "/var/lib/crater-agent-workspace/cargo-home:/opt/rustwide/cargo-home:ro,Z" "-v" "/var/lib/crater-agent-workspace/rustup-home:/opt/rustwide/rustup-home:ro,Z" "-e" "SOURCE_DIR=/opt/rustwide/workdir" "-e" "CARGO_TARGET_DIR=/opt/rustwide/target" "-e" "CARGO_INCREMENTAL=0" "-e" "RUST_BACKTRACE=full" "-e" "RUSTFLAGS=--cap-lints=warn" "-e" "RUSTDOCFLAGS=--cap-lints=warn" "-e" "CARGO_HOME=/opt/rustwide/cargo-home" "-e" "RUSTUP_HOME=/opt/rustwide/rustup-home" "-w" "/opt/rustwide/workdir" "-m" "1610612736" "--user" "0:0" "--network" "none" "ghcr.io/rust-lang/crates-build-env/linux@sha256:2788e3201cd34a07e3172128adcd8b3090168a8e3bcc40d7c032b9dda1df7d1c" "/opt/rustwide/cargo-home/bin/cargo" "+beta-2023-12-22" "test" "--frozen", kill_on_drop: false }`
[INFO] [stdout] 36c11a35199bc609a5652d822eee3b9811c36e1031a8492d33dd02430f288a26
[INFO] running `Command { std: "docker" "start" "-a" "36c11a35199bc609a5652d822eee3b9811c36e1031a8492d33dd02430f288a26", kill_on_drop: false }`
[INFO] [stderr]     Finished test [unoptimized + debuginfo] target(s) in 0.00s
[INFO] [stderr]      Running unittests src/lib.rs (/opt/rustwide/target/debug/deps/pot_rs-4929b8540e3efd4a)
[INFO] [stdout] 
[INFO] [stdout] running 0 tests
[INFO] [stdout] 
[INFO] [stdout] test result: ok. 0 passed; 0 failed; 0 ignored; 0 measured; 0 filtered out; finished in 0.00s
[INFO] [stdout] 
[INFO] [stderr]      Running unittests src/main.rs (/opt/rustwide/target/debug/deps/pot_rs-0e062f9433059ad7)
[INFO] [stdout] 
[INFO] [stdout] running 0 tests
[INFO] [stdout] 
[INFO] [stdout] test result: ok. 0 passed; 0 failed; 0 ignored; 0 measured; 0 filtered out; finished in 0.00s
[INFO] [stdout] 
[INFO] [stderr]    Doc-tests pot-rs
[INFO] [stdout] 
[INFO] [stdout] running 6 tests
[INFO] [stdout] test src/util/signature.rs - util::signature::Parameter (line 5) ... FAILED
[INFO] [stdout] test src/util/signature.rs - util::signature::Output (line 38) ... FAILED
[INFO] [stdout] test src/util/signature.rs - util::signature::Output (line 53) ... FAILED
[INFO] [stdout] test src/util/signature.rs - util::signature::Parameter (line 20) ... FAILED
[INFO] [stdout] test src/util/signature.rs - util::signature::Parameter (line 11) ... FAILED
[INFO] [stdout] test src/util/signature.rs - util::signature::Output (line 44) ... FAILED
[INFO] [stdout] 
[INFO] [stdout] failures:
[INFO] [stdout] 
[INFO] [stdout] ---- src/util/signature.rs - util::signature::Parameter (line 5) stdout ----
[INFO] [stdout] error: expected expression, found `,`
[INFO] [stdout]  --> src/util/signature.rs:8:2
[INFO] [stdout]   |
[INFO] [stdout] 5 | },
[INFO] [stdout]   |  ^ expected expression
[INFO] [stdout] 
[INFO] [stdout] error: aborting due to 1 previous error
[INFO] [stdout] 
[INFO] [stdout] Couldn't compile the test.
[INFO] [stdout] ---- src/util/signature.rs - util::signature::Output (line 38) stdout ----
[INFO] [stdout] error: expected expression, found `,`
[INFO] [stdout]  --> src/util/signature.rs:41:2
[INFO] [stdout]   |
[INFO] [stdout] 5 | },
[INFO] [stdout]   |  ^ expected expression
[INFO] [stdout] 
[INFO] [stdout] error: aborting due to 1 previous error
[INFO] [stdout] 
[INFO] [stdout] Couldn't compile the test.
[INFO] [stdout] ---- src/util/signature.rs - util::signature::Output (line 53) stdout ----
[INFO] [stdout] error[E0412]: cannot find type `Machine` in this scope
[INFO] [stdout]  --> src/util/signature.rs:54:14
[INFO] [stdout]   |
[INFO] [stdout] 3 | let machine: Machine<(), u8> = |_| -> u8 { u8::MIN }.into();
[INFO] [stdout]   |              ^^^^^^^ not found in this scope
[INFO] [stdout]   |
[INFO] [stdout] help: consider importing this struct
[INFO] [stdout]   |
[INFO] [stdout] 2 + use pot_rs::Machine;
[INFO] [stdout]   |
[INFO] [stdout] 
[INFO] [stdout] error: aborting due to 1 previous error
[INFO] [stdout] 
[INFO] [stdout] For more information about this error, try `rustc --explain E0412`.
[INFO] [stdout] Couldn't compile the test.
[INFO] [stdout] ---- src/util/signature.rs - util::signature::Parameter (line 20) stdout ----
[INFO] [stdout] error[E0412]: cannot find type `Machine` in this scope
[INFO] [stdout]  --> src/util/signature.rs:21:14
[INFO] [stdout]   |
[INFO] [stdout] 3 | let machine: Machine<u8, ()> = |x: u8| -> () {}.into();
[INFO] [stdout]   |              ^^^^^^^ not found in this scope
[INFO] [stdout]   |
[INFO] [stdout] help: consider importing this struct
[INFO] [stdout]   |
[INFO] [stdout] 2 + use pot_rs::Machine;
[INFO] [stdout]   |
[INFO] [stdout] 
[INFO] [stdout] error: aborting due to 1 previous error
[INFO] [stdout] 
[INFO] [stdout] For more information about this error, try `rustc --explain E0412`.
[INFO] [stdout] Couldn't compile the test.
[INFO] [stdout] ---- src/util/signature.rs - util::signature::Parameter (line 11) stdout ----
[INFO] [stdout] error[E0412]: cannot find type `Parameter` in this scope
[INFO] [stdout]  --> src/util/signature.rs:12:19
[INFO] [stdout]   |
[INFO] [stdout] 3 | impl From<u8> for Parameter {
[INFO] [stdout]   |                   ^^^^^^^^^ not found in this scope
[INFO] [stdout] 
[INFO] [stdout] error: aborting due to 1 previous error
[INFO] [stdout] 
[INFO] [stdout] For more information about this error, try `rustc --explain E0412`.
[INFO] [stdout] Couldn't compile the test.
[INFO] [stdout] ---- src/util/signature.rs - util::signature::Output (line 44) stdout ----
[INFO] [stdout] error[E0412]: cannot find type `Output` in this scope
[INFO] [stdout]  --> src/util/signature.rs:45:19
[INFO] [stdout]   |
[INFO] [stdout] 3 | impl From<u8> for Output {
[INFO] [stdout]   |                   ^^^^^^ not found in this scope
[INFO] [stdout]   |
[INFO] [stdout] help: consider importing this struct
[INFO] [stdout]   |
[INFO] [stdout] 2 + use std::process::Output;
[INFO] [stdout]   |
[INFO] [stdout] 
[INFO] [stdout] error: aborting due to 1 previous error
[INFO] [stdout] 
[INFO] [stdout] For more information about this error, try `rustc --explain E0412`.
[INFO] [stdout] Couldn't compile the test.
[INFO] [stdout] 
[INFO] [stdout] failures:
[INFO] [stdout]     src/util/signature.rs - util::signature::Output (line 38)
[INFO] [stdout]     src/util/signature.rs - util::signature::Output (line 44)
[INFO] [stdout]     src/util/signature.rs - util::signature::Output (line 53)
[INFO] [stdout]     src/util/signature.rs - util::signature::Parameter (line 11)
[INFO] [stdout]     src/util/signature.rs - util::signature::Parameter (line 20)
[INFO] [stdout]     src/util/signature.rs - util::signature::Parameter (line 5)
[INFO] [stdout] 
[INFO] [stdout] test result: FAILED. 0 passed; 6 failed; 0 ignored; 0 measured; 0 filtered out; finished in 0.09s
[INFO] [stdout] 
[INFO] [stderr] error: doctest failed, to rerun pass `--doc`
[INFO] running `Command { std: "docker" "inspect" "36c11a35199bc609a5652d822eee3b9811c36e1031a8492d33dd02430f288a26", kill_on_drop: false }`
[INFO] running `Command { std: "docker" "rm" "-f" "36c11a35199bc609a5652d822eee3b9811c36e1031a8492d33dd02430f288a26", kill_on_drop: false }`
[INFO] [stdout] 36c11a35199bc609a5652d822eee3b9811c36e1031a8492d33dd02430f288a26
