[INFO] cloning repository https://github.com/sotrh/rts
[INFO] running `Command { std: "git" "-c" "credential.helper=" "-c" "credential.helper=/workspace/cargo-home/bin/git-credential-null" "clone" "--bare" "https://github.com/sotrh/rts" "/workspace/cache/git-repos/https%3A%2F%2Fgithub.com%2Fsotrh%2Frts", kill_on_drop: false }`
[INFO] [stderr] Cloning into bare repository '/workspace/cache/git-repos/https%3A%2F%2Fgithub.com%2Fsotrh%2Frts'...
[INFO] running `Command { std: "git" "rev-parse" "HEAD", kill_on_drop: false }`
[INFO] [stdout] 0985de2227f0bc1b9717828895d9fde7a9fbf694
[INFO] testing sotrh/rts against 1.75.0 for beta-1.76-1
[INFO] running `Command { std: "git" "clone" "/workspace/cache/git-repos/https%3A%2F%2Fgithub.com%2Fsotrh%2Frts" "/workspace/builds/worker-3-tc1/source", kill_on_drop: false }`
[INFO] [stderr] Cloning into '/workspace/builds/worker-3-tc1/source'...
[INFO] [stderr] done.
[INFO] validating manifest of git repo https://github.com/sotrh/rts on toolchain 1.75.0
[INFO] running `Command { std: CARGO_HOME="/workspace/cargo-home" RUSTUP_HOME="/workspace/rustup-home" "/workspace/cargo-home/bin/cargo" "+1.75.0" "metadata" "--manifest-path" "Cargo.toml" "--no-deps", kill_on_drop: false }`
[INFO] started tweaking git repo https://github.com/sotrh/rts
[INFO] finished tweaking git repo https://github.com/sotrh/rts
[INFO] tweaked toml for git repo https://github.com/sotrh/rts written to /workspace/builds/worker-3-tc1/source/Cargo.toml
[INFO] crate git repo https://github.com/sotrh/rts already has a lockfile, it will not be regenerated
[INFO] running `Command { std: CARGO_HOME="/workspace/cargo-home" RUSTUP_HOME="/workspace/rustup-home" "/workspace/cargo-home/bin/cargo" "+1.75.0" "fetch" "--manifest-path" "Cargo.toml", kill_on_drop: false }`
[INFO] [stderr]  Downloading crates ...
[INFO] [stderr]   Downloaded trybuild v1.0.45
[INFO] [stderr]   Downloaded wgpu-core v0.10.0
[INFO] [stderr]   Downloaded wgpu-hal v0.10.1
[INFO] running `Command { std: "docker" "create" "-v" "/var/lib/crater-agent-workspace/builds/worker-3-tc1/target:/opt/rustwide/target:rw,Z" "-v" "/var/lib/crater-agent-workspace/builds/worker-3-tc1/source:/opt/rustwide/workdir:ro,Z" "-v" "/var/lib/crater-agent-workspace/cargo-home:/opt/rustwide/cargo-home:ro,Z" "-v" "/var/lib/crater-agent-workspace/rustup-home:/opt/rustwide/rustup-home:ro,Z" "-e" "SOURCE_DIR=/opt/rustwide/workdir" "-e" "CARGO_TARGET_DIR=/opt/rustwide/target" "-e" "CARGO_HOME=/opt/rustwide/cargo-home" "-e" "RUSTUP_HOME=/opt/rustwide/rustup-home" "-w" "/opt/rustwide/workdir" "-m" "1610612736" "--user" "0:0" "--network" "none" "ghcr.io/rust-lang/crates-build-env/linux@sha256:2788e3201cd34a07e3172128adcd8b3090168a8e3bcc40d7c032b9dda1df7d1c" "/opt/rustwide/cargo-home/bin/cargo" "+1.75.0" "metadata" "--no-deps" "--format-version=1", kill_on_drop: false }`
[INFO] [stdout] 515502c188da678f9d61b3aac44dbcdd19d3d2879c8737827871834527bd4e64
[INFO] running `Command { std: "docker" "start" "-a" "515502c188da678f9d61b3aac44dbcdd19d3d2879c8737827871834527bd4e64", kill_on_drop: false }`
[INFO] running `Command { std: "docker" "inspect" "515502c188da678f9d61b3aac44dbcdd19d3d2879c8737827871834527bd4e64", kill_on_drop: false }`
[INFO] running `Command { std: "docker" "rm" "-f" "515502c188da678f9d61b3aac44dbcdd19d3d2879c8737827871834527bd4e64", kill_on_drop: false }`
[INFO] [stdout] 515502c188da678f9d61b3aac44dbcdd19d3d2879c8737827871834527bd4e64
[INFO] running `Command { std: "docker" "create" "-v" "/var/lib/crater-agent-workspace/builds/worker-3-tc1/target:/opt/rustwide/target:rw,Z" "-v" "/var/lib/crater-agent-workspace/builds/worker-3-tc1/source:/opt/rustwide/workdir:ro,Z" "-v" "/var/lib/crater-agent-workspace/cargo-home:/opt/rustwide/cargo-home:ro,Z" "-v" "/var/lib/crater-agent-workspace/rustup-home:/opt/rustwide/rustup-home:ro,Z" "-e" "SOURCE_DIR=/opt/rustwide/workdir" "-e" "CARGO_TARGET_DIR=/opt/rustwide/target" "-e" "CARGO_INCREMENTAL=0" "-e" "RUST_BACKTRACE=full" "-e" "RUSTFLAGS=--cap-lints=warn" "-e" "RUSTDOCFLAGS=--cap-lints=warn" "-e" "CARGO_HOME=/opt/rustwide/cargo-home" "-e" "RUSTUP_HOME=/opt/rustwide/rustup-home" "-w" "/opt/rustwide/workdir" "-m" "1610612736" "--user" "0:0" "--network" "none" "ghcr.io/rust-lang/crates-build-env/linux@sha256:2788e3201cd34a07e3172128adcd8b3090168a8e3bcc40d7c032b9dda1df7d1c" "/opt/rustwide/cargo-home/bin/cargo" "+1.75.0" "build" "--frozen" "--message-format=json", kill_on_drop: false }`
[INFO] [stdout] a25437f1aa7f1b0d268308884ed6581b1921bd60b36e18d9a8a32c8d8246cc96
[INFO] running `Command { std: "docker" "start" "-a" "a25437f1aa7f1b0d268308884ed6581b1921bd60b36e18d9a8a32c8d8246cc96", kill_on_drop: false }`
[INFO] [stderr]    Compiling cfg-if v1.0.0
[INFO] [stderr]    Compiling autocfg v1.0.1
[INFO] [stderr]    Compiling bitflags v1.2.1
[INFO] [stderr]    Compiling libc v0.2.100
[INFO] [stderr]    Compiling proc-macro2 v1.0.28
[INFO] [stderr]    Compiling unicode-xid v0.2.2
[INFO] [stderr]    Compiling lazy_static v1.4.0
[INFO] [stderr]    Compiling log v0.4.14
[INFO] [stderr]    Compiling pkg-config v0.3.19
[INFO] [stderr]    Compiling smallvec v1.6.1
[INFO] [stderr]    Compiling xml-rs v0.8.4
[INFO] [stderr]    Compiling scopeguard v1.1.0
[INFO] [stderr]    Compiling syn v1.0.75
[INFO] [stderr]    Compiling crossbeam-utils v0.8.5
[INFO] [stderr]    Compiling hashbrown v0.11.2
[INFO] [stderr]    Compiling byteorder v1.4.3
[INFO] [stderr]    Compiling libloading v0.7.0
[INFO] [stderr]    Compiling instant v0.1.10
[INFO] [stderr]    Compiling version_check v0.9.3
[INFO] [stderr]    Compiling unicode-width v0.1.8
[INFO] [stderr]    Compiling termcolor v1.1.2
[INFO] [stderr]    Compiling dlib v0.5.0
[INFO] [stderr]    Compiling fixedbitset v0.2.0
[INFO] [stderr]    Compiling bit-vec v0.6.3
[INFO] [stderr]    Compiling memchr v2.3.4
[INFO] [stderr]    Compiling fxhash v0.2.1
[INFO] [stderr]    Compiling memoffset v0.6.4
[INFO] [stderr]    Compiling indexmap v1.7.0
[INFO] [stderr]    Compiling num-traits v0.2.14
[INFO] [stderr]    Compiling nom v6.2.1
[INFO] [stderr]    Compiling codespan-reporting v0.11.1
[INFO] [stderr]    Compiling lock_api v0.4.4
[INFO] [stderr]    Compiling bit-set v0.5.2
[INFO] [stderr]    Compiling once_cell v1.8.0
[INFO] [stderr]    Compiling crossbeam-epoch v0.9.5
[INFO] [stderr]    Compiling wayland-sys v0.28.6
[INFO] [stderr]    Compiling ahash v0.4.7
[INFO] [stderr]    Compiling khronos-egl v4.1.0
[INFO] [stderr]    Compiling gpu-descriptor-types v0.1.1
[INFO] [stderr]    Compiling gpu-alloc-types v0.2.0
[INFO] [stderr]    Compiling crossbeam-queue v0.3.2
[INFO] [stderr]    Compiling cfg_aliases v0.1.1
[INFO] [stderr]    Compiling hashbrown v0.9.1
[INFO] [stderr]    Compiling ttf-parser v0.6.2
[INFO] [stderr]    Compiling downcast-rs v1.2.0
[INFO] [stderr]    Compiling nix v0.18.0
[INFO] [stderr]    Compiling quote v1.0.9
[INFO] [stderr]    Compiling scoped-tls v1.0.0
[INFO] [stderr]    Compiling gpu-alloc v0.5.0
[INFO] [stderr]    Compiling wgpu-core v0.10.0
[INFO] [stderr]    Compiling wayland-scanner v0.28.6
[INFO] [stderr]    Compiling wgpu-types v0.10.0
[INFO] [stderr]    Compiling petgraph v0.5.1
[INFO] [stderr]    Compiling gpu-descriptor v0.2.1
[INFO] [stderr]    Compiling ash v0.33.0+1.2.186
[INFO] [stderr]    Compiling glow v0.11.0
[INFO] [stderr]    Compiling arrayvec v0.7.1
[INFO] [stderr]    Compiling cfg-if v0.1.10
[INFO] [stderr]    Compiling renderdoc-sys v0.7.1
[INFO] [stderr]    Compiling ab_glyph_rasterizer v0.1.4
[INFO] [stderr]    Compiling maybe-uninit v2.0.0
[INFO] [stderr]    Compiling inplace_it v0.3.3
[INFO] [stderr]    Compiling same-file v1.0.6
[INFO] [stderr]    Compiling crossbeam-deque v0.8.1
[INFO] [stderr]    Compiling walkdir v2.3.2
[INFO] [stderr]    Compiling spirv v0.2.0+1.5.4
[INFO] [stderr]    Compiling parking_lot_core v0.8.3
[INFO] [stderr]    Compiling nix v0.20.1
[INFO] [stderr]    Compiling raw-window-handle v0.3.3
[INFO] [stderr]    Compiling parking_lot v0.11.1
[INFO] [stderr]    Compiling owned_ttf_parser v0.6.0
[INFO] [stderr]    Compiling rusttype v0.9.2
[INFO] [stderr]    Compiling crossbeam-channel v0.5.1
[INFO] [stderr]    Compiling x11-dl v2.18.5
[INFO] [stderr]    Compiling libloading v0.6.7
[INFO] [stderr]    Compiling xdg v2.2.0
[INFO] [stderr]    Compiling profiling v1.0.3
[INFO] [stderr]    Compiling copyless v0.1.5
[INFO] [stderr]    Compiling bytemuck v1.7.2
[INFO] [stderr]    Compiling andrew v0.3.1
[INFO] [stderr]    Compiling dlib v0.4.2
[INFO] [stderr]    Compiling wayland-client v0.28.6
[INFO] [stderr]    Compiling wayland-protocols v0.28.6
[INFO] [stderr]    Compiling crossbeam v0.8.1
[INFO] [stderr]    Compiling safe_arch v0.5.2
[INFO] [stderr]    Compiling xcursor v0.3.3
[INFO] [stderr]    Compiling mio v0.7.13
[INFO] [stderr]    Compiling memmap2 v0.1.0
[INFO] [stderr]    Compiling winit v0.25.0
[INFO] [stderr]    Compiling anyhow v1.0.43
[INFO] [stderr]    Compiling percent-encoding v2.1.0
[INFO] [stderr]    Compiling pollster v0.2.4
[INFO] [stderr]    Compiling wide v0.6.5
[INFO] [stderr]    Compiling mio-misc v1.2.1
[INFO] [stderr]    Compiling thiserror-impl v1.0.26
[INFO] [stderr]    Compiling ultraviolet v0.8.1
[INFO] [stderr]    Compiling calloop v0.6.5
[INFO] [stderr]    Compiling thiserror v1.0.26
[INFO] [stderr]    Compiling naga v0.6.0
[INFO] [stderr]    Compiling wayland-commons v0.28.6
[INFO] [stderr]    Compiling wayland-cursor v0.28.6
[INFO] [stderr]    Compiling rts_codegen v0.1.0 (/opt/rustwide/workdir/crates/rts_codegen)
[INFO] [stderr]    Compiling wgpu-hal v0.10.1
[INFO] [stderr]    Compiling wgpu v0.10.1
[INFO] [stderr]    Compiling rts_shaders v0.1.0 (/opt/rustwide/workdir/crates/rts_shaders)
[INFO] [stderr]    Compiling smithay-client-toolkit v0.12.3
[INFO] [stderr]    Compiling rts_engine v0.1.0 (/opt/rustwide/workdir/crates/rts_engine)
[INFO] [stdout] warning: unused import: `std::task::Context`
[INFO] [stdout]  --> crates/rts_engine/src/lib.rs:1:5
[INFO] [stdout]   |
[INFO] [stdout] 1 | use std::task::Context;
[INFO] [stdout]   |     ^^^^^^^^^^^^^^^^^^
[INFO] [stdout]   |
[INFO] [stdout]   = note: `#[warn(unused_imports)]` on by default
[INFO] [stdout] 
[INFO] [stdout] 
[INFO] [stdout] warning: fields `textures`, `samplers`, and `buffers` are never read
[INFO] [stdout]   --> crates/rts_engine/src/lib.rs:29:5
[INFO] [stdout]    |
[INFO] [stdout] 21 | pub struct Engine {
[INFO] [stdout]    |            ------ fields in this struct
[INFO] [stdout] ...
[INFO] [stdout] 29 |     textures: Vec<wgpu::Texture>,
[INFO] [stdout]    |     ^^^^^^^^
[INFO] [stdout] 30 |     samplers: Vec<wgpu::Sampler>,
[INFO] [stdout]    |     ^^^^^^^^
[INFO] [stdout] 31 |     buffers: Vec<wgpu::Buffer>,
[INFO] [stdout]    |     ^^^^^^^
[INFO] [stdout]    |
[INFO] [stdout]    = note: `#[warn(dead_code)]` on by default
[INFO] [stdout] 
[INFO] [stdout] 
[INFO] [stderr]    Compiling rts v0.1.0 (/opt/rustwide/workdir/crates/rts)
[INFO] [stdout] warning: unused variable: `engine`
[INFO] [stdout]  --> crates/rts/src/lib.rs:4:13
[INFO] [stdout]   |
[INFO] [stdout] 4 |     fn init(engine: &mut rts_engine::Engine) -> Self {
[INFO] [stdout]   |             ^^^^^^ help: if this is intentional, prefix it with an underscore: `_engine`
[INFO] [stdout]   |
[INFO] [stdout]   = note: `#[warn(unused_variables)]` on by default
[INFO] [stdout] 
[INFO] [stdout] 
[INFO] [stdout] warning: unused variable: `engine`
[INFO] [stdout]  --> crates/rts/src/lib.rs:8:26
[INFO] [stdout]   |
[INFO] [stdout] 8 |     fn resize(&mut self, engine: &mut rts_engine::Engine) {}
[INFO] [stdout]   |                          ^^^^^^ help: if this is intentional, prefix it with an underscore: `_engine`
[INFO] [stdout] 
[INFO] [stdout] 
[INFO] [stdout] warning: unused variable: `engine`
[INFO] [stdout]   --> crates/rts/src/lib.rs:10:26
[INFO] [stdout]    |
[INFO] [stdout] 10 |     fn update(&mut self, engine: &mut rts_engine::Engine) {}
[INFO] [stdout]    |                          ^^^^^^ help: if this is intentional, prefix it with an underscore: `_engine`
[INFO] [stdout] 
[INFO] [stdout] 
[INFO] [stdout] warning: unused variable: `engine`
[INFO] [stdout]   --> crates/rts/src/lib.rs:12:24
[INFO] [stdout]    |
[INFO] [stdout] 12 |     fn draw(&mut self, engine: &mut rts_engine::Engine) {}
[INFO] [stdout]    |                        ^^^^^^ help: if this is intentional, prefix it with an underscore: `_engine`
[INFO] [stdout] 
[INFO] [stdout] 
[INFO] [stdout] warning: 4 warnings emitted
[INFO] [stdout] 
[INFO] [stdout] 
[INFO] [stdout] warning: 2 warnings emitted
[INFO] [stdout] 
[INFO] [stdout] 
[INFO] [stderr]     Finished dev [unoptimized + debuginfo] target(s) in 39.67s
[INFO] [stderr] warning: the following packages contain code that will be rejected by a future version of Rust: nom v6.2.1
[INFO] [stderr] note: to see what the problems were, use the option `--future-incompat-report`, or run `cargo report future-incompatibilities --id 1`
[INFO] running `Command { std: "docker" "inspect" "a25437f1aa7f1b0d268308884ed6581b1921bd60b36e18d9a8a32c8d8246cc96", kill_on_drop: false }`
[INFO] running `Command { std: "docker" "rm" "-f" "a25437f1aa7f1b0d268308884ed6581b1921bd60b36e18d9a8a32c8d8246cc96", kill_on_drop: false }`
[INFO] [stdout] a25437f1aa7f1b0d268308884ed6581b1921bd60b36e18d9a8a32c8d8246cc96
[INFO] running `Command { std: "docker" "create" "-v" "/var/lib/crater-agent-workspace/builds/worker-3-tc1/target:/opt/rustwide/target:rw,Z" "-v" "/var/lib/crater-agent-workspace/builds/worker-3-tc1/source:/opt/rustwide/workdir:ro,Z" "-v" "/var/lib/crater-agent-workspace/cargo-home:/opt/rustwide/cargo-home:ro,Z" "-v" "/var/lib/crater-agent-workspace/rustup-home:/opt/rustwide/rustup-home:ro,Z" "-e" "SOURCE_DIR=/opt/rustwide/workdir" "-e" "CARGO_TARGET_DIR=/opt/rustwide/target" "-e" "CARGO_INCREMENTAL=0" "-e" "RUST_BACKTRACE=full" "-e" "RUSTFLAGS=--cap-lints=warn" "-e" "RUSTDOCFLAGS=--cap-lints=warn" "-e" "CARGO_HOME=/opt/rustwide/cargo-home" "-e" "RUSTUP_HOME=/opt/rustwide/rustup-home" "-w" "/opt/rustwide/workdir" "-m" "1610612736" "--user" "0:0" "--network" "none" "ghcr.io/rust-lang/crates-build-env/linux@sha256:2788e3201cd34a07e3172128adcd8b3090168a8e3bcc40d7c032b9dda1df7d1c" "/opt/rustwide/cargo-home/bin/cargo" "+1.75.0" "test" "--frozen" "--no-run" "--message-format=json", kill_on_drop: false }`
[INFO] [stdout] b1bec1588ac87a8452850682cc72098ad9c3c5908f8df500ee80d201f2c964e7
[INFO] running `Command { std: "docker" "start" "-a" "b1bec1588ac87a8452850682cc72098ad9c3c5908f8df500ee80d201f2c964e7", kill_on_drop: false }`
[INFO] [stderr]    Compiling serde_derive v1.0.128
[INFO] [stderr]    Compiling serde v1.0.128
[INFO] [stderr]    Compiling ryu v1.0.5
[INFO] [stderr]    Compiling serde_json v1.0.66
[INFO] [stderr]    Compiling itoa v0.4.8
[INFO] [stderr]    Compiling trybuild v1.0.45
[INFO] [stderr]    Compiling glob v0.3.0
[INFO] [stderr]    Compiling rts_shaders v0.1.0 (/opt/rustwide/workdir/crates/rts_shaders)
[INFO] [stdout] warning: unused import: `std::task::Context`
[INFO] [stdout]  --> crates/rts_engine/src/lib.rs:1:5
[INFO] [stdout]   |
[INFO] [stdout] 1 | use std::task::Context;
[INFO] [stdout]   |     ^^^^^^^^^^^^^^^^^^
[INFO] [stdout]   |
[INFO] [stdout]   = note: `#[warn(unused_imports)]` on by default
[INFO] [stdout] 
[INFO] [stdout] 
[INFO] [stdout] warning: fields `textures`, `samplers`, and `buffers` are never read
[INFO] [stdout]   --> crates/rts_engine/src/lib.rs:29:5
[INFO] [stdout]    |
[INFO] [stdout] 21 | pub struct Engine {
[INFO] [stdout]    |            ------ fields in this struct
[INFO] [stdout] ...
[INFO] [stdout] 29 |     textures: Vec<wgpu::Texture>,
[INFO] [stdout]    |     ^^^^^^^^
[INFO] [stdout] 30 |     samplers: Vec<wgpu::Sampler>,
[INFO] [stdout]    |     ^^^^^^^^
[INFO] [stdout] 31 |     buffers: Vec<wgpu::Buffer>,
[INFO] [stdout]    |     ^^^^^^^
[INFO] [stdout]    |
[INFO] [stdout]    = note: `#[warn(dead_code)]` on by default
[INFO] [stdout] 
[INFO] [stdout] 
[INFO] [stdout] warning: 2 warnings emitted
[INFO] [stdout] 
[INFO] [stdout] 
[INFO] [stderr]    Compiling rts_engine v0.1.0 (/opt/rustwide/workdir/crates/rts_engine)
[INFO] [stdout] warning: unused variable: `engine`
[INFO] [stdout]  --> crates/rts/src/lib.rs:4:13
[INFO] [stdout]   |
[INFO] [stdout] 4 |     fn init(engine: &mut rts_engine::Engine) -> Self {
[INFO] [stdout]   |             ^^^^^^ help: if this is intentional, prefix it with an underscore: `_engine`
[INFO] [stdout]   |
[INFO] [stdout]   = note: `#[warn(unused_variables)]` on by default
[INFO] [stdout] 
[INFO] [stdout] 
[INFO] [stdout] warning: unused variable: `engine`
[INFO] [stdout]  --> crates/rts/src/lib.rs:8:26
[INFO] [stdout]   |
[INFO] [stdout] 8 |     fn resize(&mut self, engine: &mut rts_engine::Engine) {}
[INFO] [stdout]   |                          ^^^^^^ help: if this is intentional, prefix it with an underscore: `_engine`
[INFO] [stdout] 
[INFO] [stdout] 
[INFO] [stdout] warning: unused variable: `engine`
[INFO] [stdout]   --> crates/rts/src/lib.rs:10:26
[INFO] [stdout]    |
[INFO] [stdout] 10 |     fn update(&mut self, engine: &mut rts_engine::Engine) {}
[INFO] [stdout]    |                          ^^^^^^ help: if this is intentional, prefix it with an underscore: `_engine`
[INFO] [stdout] 
[INFO] [stdout] 
[INFO] [stdout] warning: unused variable: `engine`
[INFO] [stdout]   --> crates/rts/src/lib.rs:12:24
[INFO] [stdout]    |
[INFO] [stdout] 12 |     fn draw(&mut self, engine: &mut rts_engine::Engine) {}
[INFO] [stdout]    |                        ^^^^^^ help: if this is intentional, prefix it with an underscore: `_engine`
[INFO] [stdout] 
[INFO] [stdout] 
[INFO] [stdout] warning: 4 warnings emitted
[INFO] [stdout] 
[INFO] [stdout] 
[INFO] [stderr]    Compiling rts v0.1.0 (/opt/rustwide/workdir/crates/rts)
[INFO] [stdout] warning: unused import: `std::task::Context`
[INFO] [stdout]  --> crates/rts_engine/src/lib.rs:1:5
[INFO] [stdout]   |
[INFO] [stdout] 1 | use std::task::Context;
[INFO] [stdout]   |     ^^^^^^^^^^^^^^^^^^
[INFO] [stdout]   |
[INFO] [stdout]   = note: `#[warn(unused_imports)]` on by default
[INFO] [stdout] 
[INFO] [stdout] 
[INFO] [stdout] warning: unused variable: `engine`
[INFO] [stdout]  --> crates/rts/src/lib.rs:4:13
[INFO] [stdout]   |
[INFO] [stdout] 4 |     fn init(engine: &mut rts_engine::Engine) -> Self {
[INFO] [stdout]   |             ^^^^^^ help: if this is intentional, prefix it with an underscore: `_engine`
[INFO] [stdout]   |
[INFO] [stdout]   = note: `#[warn(unused_variables)]` on by default
[INFO] [stdout] 
[INFO] [stdout] 
[INFO] [stdout] warning: unused variable: `engine`
[INFO] [stdout]  --> crates/rts/src/lib.rs:8:26
[INFO] [stdout]   |
[INFO] [stdout] 8 |     fn resize(&mut self, engine: &mut rts_engine::Engine) {}
[INFO] [stdout]   |                          ^^^^^^ help: if this is intentional, prefix it with an underscore: `_engine`
[INFO] [stdout] 
[INFO] [stdout] 
[INFO] [stdout] warning: unused variable: `engine`
[INFO] [stdout]   --> crates/rts/src/lib.rs:10:26
[INFO] [stdout]    |
[INFO] [stdout] 10 |     fn update(&mut self, engine: &mut rts_engine::Engine) {}
[INFO] [stdout]    |                          ^^^^^^ help: if this is intentional, prefix it with an underscore: `_engine`
[INFO] [stdout] 
[INFO] [stdout] 
[INFO] [stdout] warning: unused variable: `engine`
[INFO] [stdout]   --> crates/rts/src/lib.rs:12:24
[INFO] [stdout]    |
[INFO] [stdout] 12 |     fn draw(&mut self, engine: &mut rts_engine::Engine) {}
[INFO] [stdout]    |                        ^^^^^^ help: if this is intentional, prefix it with an underscore: `_engine`
[INFO] [stdout] 
[INFO] [stdout] 
[INFO] [stdout] warning: fields `textures`, `samplers`, and `buffers` are never read
[INFO] [stdout]   --> crates/rts_engine/src/lib.rs:29:5
[INFO] [stdout]    |
[INFO] [stdout] 21 | pub struct Engine {
[INFO] [stdout]    |            ------ fields in this struct
[INFO] [stdout] ...
[INFO] [stdout] 29 |     textures: Vec<wgpu::Texture>,
[INFO] [stdout]    |     ^^^^^^^^
[INFO] [stdout] 30 |     samplers: Vec<wgpu::Sampler>,
[INFO] [stdout]    |     ^^^^^^^^
[INFO] [stdout] 31 |     buffers: Vec<wgpu::Buffer>,
[INFO] [stdout]    |     ^^^^^^^
[INFO] [stdout]    |
[INFO] [stdout]    = note: `#[warn(dead_code)]` on by default
[INFO] [stdout] 
[INFO] [stdout] 
[INFO] [stdout] warning: 4 warnings emitted
[INFO] [stdout] 
[INFO] [stdout] 
[INFO] [stdout] warning: 2 warnings emitted
[INFO] [stdout] 
[INFO] [stdout] 
[INFO] [stderr]    Compiling toml v0.5.8
[INFO] [stderr]    Compiling rts_codegen v0.1.0 (/opt/rustwide/workdir/crates/rts_codegen)
[INFO] [stderr]     Finished test [unoptimized + debuginfo] target(s) in 6.49s
[INFO] [stderr] warning: the following packages contain code that will be rejected by a future version of Rust: nom v6.2.1
[INFO] [stderr] note: to see what the problems were, use the option `--future-incompat-report`, or run `cargo report future-incompatibilities --id 1`
[INFO] running `Command { std: "docker" "inspect" "b1bec1588ac87a8452850682cc72098ad9c3c5908f8df500ee80d201f2c964e7", kill_on_drop: false }`
[INFO] running `Command { std: "docker" "rm" "-f" "b1bec1588ac87a8452850682cc72098ad9c3c5908f8df500ee80d201f2c964e7", kill_on_drop: false }`
[INFO] [stdout] b1bec1588ac87a8452850682cc72098ad9c3c5908f8df500ee80d201f2c964e7
[INFO] running `Command { std: "docker" "create" "-v" "/var/lib/crater-agent-workspace/builds/worker-3-tc1/target:/opt/rustwide/target:rw,Z" "-v" "/var/lib/crater-agent-workspace/builds/worker-3-tc1/source:/opt/rustwide/workdir:ro,Z" "-v" "/var/lib/crater-agent-workspace/cargo-home:/opt/rustwide/cargo-home:ro,Z" "-v" "/var/lib/crater-agent-workspace/rustup-home:/opt/rustwide/rustup-home:ro,Z" "-e" "SOURCE_DIR=/opt/rustwide/workdir" "-e" "CARGO_TARGET_DIR=/opt/rustwide/target" "-e" "CARGO_INCREMENTAL=0" "-e" "RUST_BACKTRACE=full" "-e" "RUSTFLAGS=--cap-lints=warn" "-e" "RUSTDOCFLAGS=--cap-lints=warn" "-e" "CARGO_HOME=/opt/rustwide/cargo-home" "-e" "RUSTUP_HOME=/opt/rustwide/rustup-home" "-w" "/opt/rustwide/workdir" "-m" "1610612736" "--user" "0:0" "--network" "none" "ghcr.io/rust-lang/crates-build-env/linux@sha256:2788e3201cd34a07e3172128adcd8b3090168a8e3bcc40d7c032b9dda1df7d1c" "/opt/rustwide/cargo-home/bin/cargo" "+1.75.0" "test" "--frozen", kill_on_drop: false }`
[INFO] [stdout] 2ec7271ba9bdb00399c1b3d6da8a705c64ebbc0e06e869d9455c435263eb2a26
[INFO] running `Command { std: "docker" "start" "-a" "2ec7271ba9bdb00399c1b3d6da8a705c64ebbc0e06e869d9455c435263eb2a26", kill_on_drop: false }`
[INFO] [stderr] warning: unused import: `std::task::Context`
[INFO] [stderr]  --> crates/rts_engine/src/lib.rs:1:5
[INFO] [stderr]   |
[INFO] [stderr] 1 | use std::task::Context;
[INFO] [stderr]   |     ^^^^^^^^^^^^^^^^^^
[INFO] [stderr]   |
[INFO] [stderr]   = note: `#[warn(unused_imports)]` on by default
[INFO] [stderr] 
[INFO] [stderr] warning: fields `textures`, `samplers`, and `buffers` are never read
[INFO] [stderr]   --> crates/rts_engine/src/lib.rs:29:5
[INFO] [stderr]    |
[INFO] [stderr] 21 | pub struct Engine {
[INFO] [stderr]    |            ------ fields in this struct
[INFO] [stderr] ...
[INFO] [stderr] 29 |     textures: Vec<wgpu::Texture>,
[INFO] [stderr]    |     ^^^^^^^^
[INFO] [stderr] 30 |     samplers: Vec<wgpu::Sampler>,
[INFO] [stderr]    |     ^^^^^^^^
[INFO] [stderr] 31 |     buffers: Vec<wgpu::Buffer>,
[INFO] [stderr]    |     ^^^^^^^
[INFO] [stderr]    |
[INFO] [stderr]    = note: `#[warn(dead_code)]` on by default
[INFO] [stderr] 
[INFO] [stderr] warning: `rts_engine` (lib) generated 2 warnings (run `cargo fix --lib -p rts_engine` to apply 1 suggestion)
[INFO] [stderr] warning: `rts_engine` (lib test) generated 2 warnings (2 duplicates)
[INFO] [stderr] warning: unused variable: `engine`
[INFO] [stderr]  --> crates/rts/src/lib.rs:4:13
[INFO] [stderr]   |
[INFO] [stderr] 4 |     fn init(engine: &mut rts_engine::Engine) -> Self {
[INFO] [stderr]   |             ^^^^^^ help: if this is intentional, prefix it with an underscore: `_engine`
[INFO] [stderr]   |
[INFO] [stderr]   = note: `#[warn(unused_variables)]` on by default
[INFO] [stderr] 
[INFO] [stderr] warning: unused variable: `engine`
[INFO] [stderr]  --> crates/rts/src/lib.rs:8:26
[INFO] [stderr]   |
[INFO] [stderr] 8 |     fn resize(&mut self, engine: &mut rts_engine::Engine) {}
[INFO] [stderr]   |                          ^^^^^^ help: if this is intentional, prefix it with an underscore: `_engine`
[INFO] [stderr] 
[INFO] [stderr] warning: unused variable: `engine`
[INFO] [stderr]   --> crates/rts/src/lib.rs:10:26
[INFO] [stderr]    |
[INFO] [stderr] 10 |     fn update(&mut self, engine: &mut rts_engine::Engine) {}
[INFO] [stderr]    |                          ^^^^^^ help: if this is intentional, prefix it with an underscore: `_engine`
[INFO] [stderr] 
[INFO] [stderr] warning: unused variable: `engine`
[INFO] [stderr]   --> crates/rts/src/lib.rs:12:24
[INFO] [stderr]    |
[INFO] [stderr] 12 |     fn draw(&mut self, engine: &mut rts_engine::Engine) {}
[INFO] [stderr]    |                        ^^^^^^ help: if this is intentional, prefix it with an underscore: `_engine`
[INFO] [stderr] 
[INFO] [stderr] warning: `rts` (lib) generated 4 warnings (run `cargo fix --lib -p rts` to apply 4 suggestions)
[INFO] [stderr] warning: `rts` (lib test) generated 4 warnings (4 duplicates)
[INFO] [stderr]     Finished test [unoptimized + debuginfo] target(s) in 0.07s
[INFO] [stderr] warning: the following packages contain code that will be rejected by a future version of Rust: nom v6.2.1
[INFO] [stderr] note: to see what the problems were, use the option `--future-incompat-report`, or run `cargo report future-incompatibilities --id 1`
[INFO] [stderr]      Running unittests src/lib.rs (/opt/rustwide/target/debug/deps/rts-193fa3cf4e7ad5b0)
[INFO] [stdout] 
[INFO] [stdout] running 0 tests
[INFO] [stdout] 
[INFO] [stdout] test result: ok. 0 passed; 0 failed; 0 ignored; 0 measured; 0 filtered out; finished in 0.00s
[INFO] [stdout] 
[INFO] [stderr]      Running unittests src/main.rs (/opt/rustwide/target/debug/deps/rts-66ce08bbde77732f)
[INFO] [stdout] 
[INFO] [stdout] running 0 tests
[INFO] [stdout] 
[INFO] [stdout] test result: ok. 0 passed; 0 failed; 0 ignored; 0 measured; 0 filtered out; finished in 0.00s
[INFO] [stdout] 
[INFO] [stderr]      Running unittests src/lib.rs (/opt/rustwide/target/debug/deps/rts_codegen-ce62a5dda921294e)
[INFO] [stdout] 
[INFO] [stdout] running 0 tests
[INFO] [stdout] 
[INFO] [stdout] test result: ok. 0 passed; 0 failed; 0 ignored; 0 measured; 0 filtered out; finished in 0.00s
[INFO] [stdout] 
[INFO] [stderr]      Running tests/runner.rs (/opt/rustwide/target/debug/deps/runner-f4dd46930e64313d)
[INFO] [stdout] 
[INFO] [stdout] running 1 test
[INFO] [stdout] test draw ... FAILED
[INFO] [stdout] 
[INFO] [stdout] failures:
[INFO] [stdout] 
[INFO] [stdout] ---- draw stdout ----
[INFO] [stdout] thread 'draw' panicked at crates/rts_codegen/tests/runner.rs:37:40:
[INFO] [stdout] called `Result::unwrap()` on an `Err` value: Os { code: 30, kind: ReadOnlyFilesystem, message: "Read-only file system" }
[INFO] [stdout] stack backtrace:
[INFO] [stdout]    0:     0x5637028ff5ec - std::backtrace_rs::backtrace::libunwind::trace::ha637c64ce894333a
[INFO] [stdout]                                at /rustc/82e1608dfa6e0b5569232559e3d385fea5a93112/library/std/src/../../backtrace/src/backtrace/libunwind.rs:104:5
[INFO] [stdout]    1:     0x5637028ff5ec - std::backtrace_rs::backtrace::trace_unsynchronized::h47f62dea28e0c88d
[INFO] [stdout]                                at /rustc/82e1608dfa6e0b5569232559e3d385fea5a93112/library/std/src/../../backtrace/src/backtrace/mod.rs:66:5
[INFO] [stdout]    2:     0x5637028ff5ec - std::sys_common::backtrace::_print_fmt::h9eef0abe20ede486
[INFO] [stdout]                                at /rustc/82e1608dfa6e0b5569232559e3d385fea5a93112/library/std/src/sys_common/backtrace.rs:67:5
[INFO] [stdout]    3:     0x5637028ff5ec - <std::sys_common::backtrace::_print::DisplayBacktrace as core::fmt::Display>::fmt::hed7f999df88cc644
[INFO] [stdout]                                at /rustc/82e1608dfa6e0b5569232559e3d385fea5a93112/library/std/src/sys_common/backtrace.rs:44:22
[INFO] [stdout]    4:     0x56370292c5d0 - core::fmt::rt::Argument::fmt::h1539a9308b8d058d
[INFO] [stdout]                                at /rustc/82e1608dfa6e0b5569232559e3d385fea5a93112/library/core/src/fmt/rt.rs:142:9
[INFO] [stdout]    5:     0x56370292c5d0 - core::fmt::write::h3a39390d8560d9c9
[INFO] [stdout]                                at /rustc/82e1608dfa6e0b5569232559e3d385fea5a93112/library/core/src/fmt/mod.rs:1120:17
[INFO] [stdout]    6:     0x5637028fc48f - std::io::Write::write_fmt::h040b369f3a0f9cbc
[INFO] [stdout]                                at /rustc/82e1608dfa6e0b5569232559e3d385fea5a93112/library/std/src/io/mod.rs:1762:15
[INFO] [stdout]    7:     0x5637028ff3d4 - std::sys_common::backtrace::_print::h894006fb5c6f3d45
[INFO] [stdout]                                at /rustc/82e1608dfa6e0b5569232559e3d385fea5a93112/library/std/src/sys_common/backtrace.rs:47:5
[INFO] [stdout]    8:     0x5637028ff3d4 - std::sys_common::backtrace::print::h23a2d212c6fff936
[INFO] [stdout]                                at /rustc/82e1608dfa6e0b5569232559e3d385fea5a93112/library/std/src/sys_common/backtrace.rs:34:9
[INFO] [stdout]    9:     0x563702901097 - std::panicking::default_hook::{{closure}}::h8a1d2ee00185001a
[INFO] [stdout]   10:     0x563702900d83 - std::panicking::default_hook::h6038f2eba384e475
[INFO] [stdout]                                at /rustc/82e1608dfa6e0b5569232559e3d385fea5a93112/library/std/src/panicking.rs:289:9
[INFO] [stdout]   11:     0x56370278c2a7 - <alloc::boxed::Box<F,A> as core::ops::function::Fn<Args>>::call::h0ad024c9bdc6d768
[INFO] [stdout]                                at /rustc/82e1608dfa6e0b5569232559e3d385fea5a93112/library/alloc/src/boxed.rs:2021:9
[INFO] [stdout]   12:     0x56370278c2a7 - test::test_main::{{closure}}::h7500b54257359db6
[INFO] [stdout]                                at /rustc/82e1608dfa6e0b5569232559e3d385fea5a93112/library/test/src/lib.rs:138:21
[INFO] [stdout]   13:     0x5637029016a8 - <alloc::boxed::Box<F,A> as core::ops::function::Fn<Args>>::call::h1f8f335eaa9cfaee
[INFO] [stdout]                                at /rustc/82e1608dfa6e0b5569232559e3d385fea5a93112/library/alloc/src/boxed.rs:2021:9
[INFO] [stdout]   14:     0x5637029016a8 - std::panicking::rust_panic_with_hook::h2b5517d590cab22e
[INFO] [stdout]                                at /rustc/82e1608dfa6e0b5569232559e3d385fea5a93112/library/std/src/panicking.rs:783:13
[INFO] [stdout]   15:     0x5637029013fe - std::panicking::begin_panic_handler::{{closure}}::h233112c06e0ef43e
[INFO] [stdout]                                at /rustc/82e1608dfa6e0b5569232559e3d385fea5a93112/library/std/src/panicking.rs:657:13
[INFO] [stdout]   16:     0x5637028ffab6 - std::sys_common::backtrace::__rust_end_short_backtrace::h6e893f24d7ebbff8
[INFO] [stdout]                                at /rustc/82e1608dfa6e0b5569232559e3d385fea5a93112/library/std/src/sys_common/backtrace.rs:170:18
[INFO] [stdout]   17:     0x563702901162 - rust_begin_unwind
[INFO] [stdout]                                at /rustc/82e1608dfa6e0b5569232559e3d385fea5a93112/library/std/src/panicking.rs:645:5
[INFO] [stdout]   18:     0x5637025a4af5 - core::panicking::panic_fmt::hbf0e066aabfa482c
[INFO] [stdout]                                at /rustc/82e1608dfa6e0b5569232559e3d385fea5a93112/library/core/src/panicking.rs:72:14
[INFO] [stdout]   19:     0x5637025a50c3 - core::result::unwrap_failed::hddb4fea594200c52
[INFO] [stdout]                                at /rustc/82e1608dfa6e0b5569232559e3d385fea5a93112/library/core/src/result.rs:1653:5
[INFO] [stdout]   20:     0x5637025a79fd - core::result::Result<T,E>::unwrap::he831d2ba606643f9
[INFO] [stdout]                                at /rustc/82e1608dfa6e0b5569232559e3d385fea5a93112/library/core/src/result.rs:1077:23
[INFO] [stdout]   21:     0x5637025ab3b4 - runner::draw::h5555cf766a39ab12
[INFO] [stdout]                                at /opt/rustwide/workdir/crates/rts_codegen/tests/runner.rs:37:5
[INFO] [stdout]   22:     0x5637025aa307 - runner::draw::{{closure}}::hfb293ae003d7ba96
[INFO] [stdout]                                at /opt/rustwide/workdir/crates/rts_codegen/tests/runner.rs:9:10
[INFO] [stdout]   23:     0x5637025a6f76 - core::ops::function::FnOnce::call_once::hef187e2b659e4b96
[INFO] [stdout]                                at /rustc/82e1608dfa6e0b5569232559e3d385fea5a93112/library/core/src/ops/function.rs:250:5
[INFO] [stdout]   24:     0x5637027918ff - core::ops::function::FnOnce::call_once::h2b5d431d5046312d
[INFO] [stdout]                                at /rustc/82e1608dfa6e0b5569232559e3d385fea5a93112/library/core/src/ops/function.rs:250:5
[INFO] [stdout]   25:     0x5637027918ff - test::__rust_begin_short_backtrace::h7714669af176e207
[INFO] [stdout]                                at /rustc/82e1608dfa6e0b5569232559e3d385fea5a93112/library/test/src/lib.rs:628:18
[INFO] [stdout]   26:     0x563702790915 - test::run_test_in_process::{{closure}}::h85218797dcbcec12
[INFO] [stdout]                                at /rustc/82e1608dfa6e0b5569232559e3d385fea5a93112/library/test/src/lib.rs:651:60
[INFO] [stdout]   27:     0x563702790915 - <core::panic::unwind_safe::AssertUnwindSafe<F> as core::ops::function::FnOnce<()>>::call_once::h76c106ea31c14d7b
[INFO] [stdout]                                at /rustc/82e1608dfa6e0b5569232559e3d385fea5a93112/library/core/src/panic/unwind_safe.rs:272:9
[INFO] [stdout]   28:     0x563702790915 - std::panicking::try::do_call::h3bd5d0f6620ee946
[INFO] [stdout]                                at /rustc/82e1608dfa6e0b5569232559e3d385fea5a93112/library/std/src/panicking.rs:552:40
[INFO] [stdout]   29:     0x563702790915 - std::panicking::try::h232e535e4744fe31
[INFO] [stdout]                                at /rustc/82e1608dfa6e0b5569232559e3d385fea5a93112/library/std/src/panicking.rs:516:19
[INFO] [stdout]   30:     0x563702790915 - std::panic::catch_unwind::h3ce3bd6ca8dbac68
[INFO] [stdout]                                at /rustc/82e1608dfa6e0b5569232559e3d385fea5a93112/library/std/src/panic.rs:142:14
[INFO] [stdout]   31:     0x563702790915 - test::run_test_in_process::hc97b257c9621286a
[INFO] [stdout]                                at /rustc/82e1608dfa6e0b5569232559e3d385fea5a93112/library/test/src/lib.rs:651:27
[INFO] [stdout]   32:     0x563702790915 - test::run_test::{{closure}}::h2aa798823a438d38
[INFO] [stdout]                                at /rustc/82e1608dfa6e0b5569232559e3d385fea5a93112/library/test/src/lib.rs:574:43
[INFO] [stdout]   33:     0x563702758bd6 - test::run_test::{{closure}}::h87d231c78fb59832
[INFO] [stdout]                                at /rustc/82e1608dfa6e0b5569232559e3d385fea5a93112/library/test/src/lib.rs:602:41
[INFO] [stdout]   34:     0x563702758bd6 - std::sys_common::backtrace::__rust_begin_short_backtrace::he6df152596625789
[INFO] [stdout]                                at /rustc/82e1608dfa6e0b5569232559e3d385fea5a93112/library/std/src/sys_common/backtrace.rs:154:18
[INFO] [stdout]   35:     0x56370275dc87 - std::thread::Builder::spawn_unchecked_::{{closure}}::{{closure}}::ha94be15d1e0acf36
[INFO] [stdout]                                at /rustc/82e1608dfa6e0b5569232559e3d385fea5a93112/library/std/src/thread/mod.rs:529:17
[INFO] [stdout]   36:     0x56370275dc87 - <core::panic::unwind_safe::AssertUnwindSafe<F> as core::ops::function::FnOnce<()>>::call_once::h9dc6bd6372f16606
[INFO] [stdout]                                at /rustc/82e1608dfa6e0b5569232559e3d385fea5a93112/library/core/src/panic/unwind_safe.rs:272:9
[INFO] [stdout]   37:     0x56370275dc87 - std::panicking::try::do_call::h9057517f80303cd4
[INFO] [stdout]                                at /rustc/82e1608dfa6e0b5569232559e3d385fea5a93112/library/std/src/panicking.rs:552:40
[INFO] [stdout]   38:     0x56370275dc87 - std::panicking::try::he3a30b11ee45340c
[INFO] [stdout]                                at /rustc/82e1608dfa6e0b5569232559e3d385fea5a93112/library/std/src/panicking.rs:516:19
[INFO] [stdout]   39:     0x56370275dc87 - std::panic::catch_unwind::h410458cfd3528b8b
[INFO] [stdout]                                at /rustc/82e1608dfa6e0b5569232559e3d385fea5a93112/library/std/src/panic.rs:142:14
[INFO] [stdout]   40:     0x56370275dc87 - std::thread::Builder::spawn_unchecked_::{{closure}}::h72ac3bdb567b737b
[INFO] [stdout]                                at /rustc/82e1608dfa6e0b5569232559e3d385fea5a93112/library/std/src/thread/mod.rs:528:30
[INFO] [stdout]   41:     0x56370275dc87 - core::ops::function::FnOnce::call_once{{vtable.shim}}::h38f34da3654a8344
[INFO] [stdout]                                at /rustc/82e1608dfa6e0b5569232559e3d385fea5a93112/library/core/src/ops/function.rs:250:5
[INFO] [stdout]   42:     0x563702907365 - <alloc::boxed::Box<F,A> as core::ops::function::FnOnce<Args>>::call_once::hc7eafaff61e32df9
[INFO] [stdout]                                at /rustc/82e1608dfa6e0b5569232559e3d385fea5a93112/library/alloc/src/boxed.rs:2007:9
[INFO] [stdout]   43:     0x563702907365 - <alloc::boxed::Box<F,A> as core::ops::function::FnOnce<Args>>::call_once::h6ba4a5de48dd2304
[INFO] [stdout]                                at /rustc/82e1608dfa6e0b5569232559e3d385fea5a93112/library/alloc/src/boxed.rs:2007:9
[INFO] [stdout]   44:     0x563702907365 - std::sys::unix::thread::Thread::new::thread_start::he469335aef763e45
[INFO] [stdout]                                at /rustc/82e1608dfa6e0b5569232559e3d385fea5a93112/library/std/src/sys/unix/thread.rs:108:17
[INFO] [stdout]   45:     0x7fd927f79ac3 - <unknown>
[INFO] [stdout]   46:     0x7fd92800abf4 - __clone
[INFO] [stdout]   47:                0x0 - <unknown>
[INFO] [stdout] 
[INFO] [stdout] 
[INFO] [stdout] failures:
[INFO] [stdout]     draw
[INFO] [stdout] 
[INFO] [stdout] test result: FAILED. 0 passed; 1 failed; 0 ignored; 0 measured; 0 filtered out; finished in 0.02s
[INFO] [stdout] 
[INFO] [stderr] error: test failed, to rerun pass `-p rts_codegen --test runner`
[INFO] running `Command { std: "docker" "inspect" "2ec7271ba9bdb00399c1b3d6da8a705c64ebbc0e06e869d9455c435263eb2a26", kill_on_drop: false }`
[INFO] running `Command { std: "docker" "rm" "-f" "2ec7271ba9bdb00399c1b3d6da8a705c64ebbc0e06e869d9455c435263eb2a26", kill_on_drop: false }`
[INFO] [stdout] 2ec7271ba9bdb00399c1b3d6da8a705c64ebbc0e06e869d9455c435263eb2a26
