[INFO] cloning repository https://github.com/solidiquis/erdtree
[INFO] running `Command { std: "git" "-c" "credential.helper=" "-c" "credential.helper=/workspace/cargo-home/bin/git-credential-null" "clone" "--bare" "https://github.com/solidiquis/erdtree" "/workspace/cache/git-repos/https%3A%2F%2Fgithub.com%2Fsolidiquis%2Ferdtree", kill_on_drop: false }`
[INFO] [stderr] Cloning into bare repository '/workspace/cache/git-repos/https%3A%2F%2Fgithub.com%2Fsolidiquis%2Ferdtree'...
[INFO] running `Command { std: "git" "rev-parse" "HEAD", kill_on_drop: false }`
[INFO] [stdout] 393baea184981fc8660aaf32cb80406021d43ed6
[INFO] testing solidiquis/erdtree against 1.75.0 for beta-1.76-1
[INFO] running `Command { std: "git" "clone" "/workspace/cache/git-repos/https%3A%2F%2Fgithub.com%2Fsolidiquis%2Ferdtree" "/workspace/builds/worker-6-tc1/source", kill_on_drop: false }`
[INFO] [stderr] Cloning into '/workspace/builds/worker-6-tc1/source'...
[INFO] [stderr] done.
[INFO] validating manifest of git repo https://github.com/solidiquis/erdtree on toolchain 1.75.0
[INFO] running `Command { std: CARGO_HOME="/workspace/cargo-home" RUSTUP_HOME="/workspace/rustup-home" "/workspace/cargo-home/bin/cargo" "+1.75.0" "metadata" "--manifest-path" "Cargo.toml" "--no-deps", kill_on_drop: false }`
[INFO] started tweaking git repo https://github.com/solidiquis/erdtree
[INFO] finished tweaking git repo https://github.com/solidiquis/erdtree
[INFO] tweaked toml for git repo https://github.com/solidiquis/erdtree written to /workspace/builds/worker-6-tc1/source/Cargo.toml
[INFO] crate git repo https://github.com/solidiquis/erdtree already has a lockfile, it will not be regenerated
[INFO] running `Command { std: CARGO_HOME="/workspace/cargo-home" RUSTUP_HOME="/workspace/rustup-home" "/workspace/cargo-home/bin/cargo" "+1.75.0" "fetch" "--manifest-path" "Cargo.toml", kill_on_drop: false }`
[INFO] [stderr]     Updating crates.io index
[INFO] [stderr]  Downloading crates ...
[INFO] [stderr]   Downloaded filesize v0.2.0
[INFO] [stderr]   Downloaded lscolors v0.13.0
[INFO] [stderr]   Downloaded clap v4.1.9
[INFO] [stderr]   Downloaded clap_complete v4.1.5
[INFO] running `Command { std: "docker" "create" "-v" "/var/lib/crater-agent-workspace/builds/worker-6-tc1/target:/opt/rustwide/target:rw,Z" "-v" "/var/lib/crater-agent-workspace/builds/worker-6-tc1/source:/opt/rustwide/workdir:ro,Z" "-v" "/var/lib/crater-agent-workspace/cargo-home:/opt/rustwide/cargo-home:ro,Z" "-v" "/var/lib/crater-agent-workspace/rustup-home:/opt/rustwide/rustup-home:ro,Z" "-e" "SOURCE_DIR=/opt/rustwide/workdir" "-e" "CARGO_TARGET_DIR=/opt/rustwide/target" "-e" "CARGO_HOME=/opt/rustwide/cargo-home" "-e" "RUSTUP_HOME=/opt/rustwide/rustup-home" "-w" "/opt/rustwide/workdir" "-m" "1610612736" "--user" "0:0" "--network" "none" "ghcr.io/rust-lang/crates-build-env/linux@sha256:2788e3201cd34a07e3172128adcd8b3090168a8e3bcc40d7c032b9dda1df7d1c" "/opt/rustwide/cargo-home/bin/cargo" "+1.75.0" "metadata" "--no-deps" "--format-version=1", kill_on_drop: false }`
[INFO] [stdout] d3f03989f7fcb19ca8c8d590eff5394f200dc487860c28b2a30a9a7659dd4bda
[INFO] running `Command { std: "docker" "start" "-a" "d3f03989f7fcb19ca8c8d590eff5394f200dc487860c28b2a30a9a7659dd4bda", kill_on_drop: false }`
[INFO] running `Command { std: "docker" "inspect" "d3f03989f7fcb19ca8c8d590eff5394f200dc487860c28b2a30a9a7659dd4bda", kill_on_drop: false }`
[INFO] running `Command { std: "docker" "rm" "-f" "d3f03989f7fcb19ca8c8d590eff5394f200dc487860c28b2a30a9a7659dd4bda", kill_on_drop: false }`
[INFO] [stdout] d3f03989f7fcb19ca8c8d590eff5394f200dc487860c28b2a30a9a7659dd4bda
[INFO] running `Command { std: "docker" "create" "-v" "/var/lib/crater-agent-workspace/builds/worker-6-tc1/target:/opt/rustwide/target:rw,Z" "-v" "/var/lib/crater-agent-workspace/builds/worker-6-tc1/source:/opt/rustwide/workdir:ro,Z" "-v" "/var/lib/crater-agent-workspace/cargo-home:/opt/rustwide/cargo-home:ro,Z" "-v" "/var/lib/crater-agent-workspace/rustup-home:/opt/rustwide/rustup-home:ro,Z" "-e" "SOURCE_DIR=/opt/rustwide/workdir" "-e" "CARGO_TARGET_DIR=/opt/rustwide/target" "-e" "CARGO_INCREMENTAL=0" "-e" "RUST_BACKTRACE=full" "-e" "RUSTFLAGS=--cap-lints=warn" "-e" "RUSTDOCFLAGS=--cap-lints=warn" "-e" "CARGO_HOME=/opt/rustwide/cargo-home" "-e" "RUSTUP_HOME=/opt/rustwide/rustup-home" "-w" "/opt/rustwide/workdir" "-m" "1610612736" "--user" "0:0" "--network" "none" "ghcr.io/rust-lang/crates-build-env/linux@sha256:2788e3201cd34a07e3172128adcd8b3090168a8e3bcc40d7c032b9dda1df7d1c" "/opt/rustwide/cargo-home/bin/cargo" "+1.75.0" "build" "--frozen" "--message-format=json", kill_on_drop: false }`
[INFO] [stdout] 40c12f4580ceab0d17fe560838601fc7015db2fa5ad9e235efbf7aaba13d9721
[INFO] running `Command { std: "docker" "start" "-a" "40c12f4580ceab0d17fe560838601fc7015db2fa5ad9e235efbf7aaba13d9721", kill_on_drop: false }`
[INFO] [stderr]    Compiling libc v0.2.141
[INFO] [stderr]    Compiling proc-macro2 v1.0.52
[INFO] [stderr]    Compiling unicode-ident v1.0.8
[INFO] [stderr]    Compiling quote v1.0.26
[INFO] [stderr]    Compiling autocfg v1.1.0
[INFO] [stderr]    Compiling cfg-if v1.0.0
[INFO] [stderr]    Compiling memchr v2.5.0
[INFO] [stderr]    Compiling version_check v0.9.4
[INFO] [stderr]    Compiling bitflags v1.3.2
[INFO] [stderr]    Compiling log v0.4.17
[INFO] [stderr]    Compiling io-lifetimes v1.0.7
[INFO] [stderr]    Compiling syn v1.0.109
[INFO] [stderr]    Compiling rustix v0.37.7
[INFO] [stderr]    Compiling linux-raw-sys v0.3.1
[INFO] [stderr]    Compiling once_cell v1.17.1
[INFO] [stderr]    Compiling parking_lot_core v0.9.7
[INFO] [stderr]    Compiling signal-hook v0.3.15
[INFO] [stderr]    Compiling serde v1.0.156
[INFO] [stderr]    Compiling os_str_bytes v6.4.1
[INFO] [stderr]    Compiling async-trait v0.1.68
[INFO] [stderr]    Compiling smallvec v1.10.0
[INFO] [stderr]    Compiling regex-syntax v0.6.29
[INFO] [stderr]    Compiling heck v0.4.1
[INFO] [stderr]    Compiling lock_api v0.4.9
[INFO] [stderr]    Compiling num-traits v0.2.15
[INFO] [stderr]    Compiling proc-macro-error-attr v1.0.4
[INFO] [stderr]    Compiling proc-macro-error v1.0.4
[INFO] [stderr]    Compiling num-integer v0.1.45
[INFO] [stderr]    Compiling scopeguard v1.1.0
[INFO] [stderr]    Compiling clap_lex v0.3.3
[INFO] [stderr]    Compiling lazy_static v1.4.0
[INFO] [stderr]    Compiling strsim v0.10.0
[INFO] [stderr]    Compiling fnv v1.0.7
[INFO] [stderr]    Compiling minimal-lexical v0.2.1
[INFO] [stderr]    Compiling static_assertions v1.1.0
[INFO] [stderr]    Compiling overload v0.1.1
[INFO] [stderr]    Compiling same-file v1.0.6
[INFO] [stderr]    Compiling termcolor v1.2.0
[INFO] [stderr]    Compiling thiserror v1.0.40
[INFO] [stderr]    Compiling walkdir v2.3.3
[INFO] [stderr]    Compiling nu-ansi-term v0.46.0
[INFO] [stderr]    Compiling thread_local v1.1.7
[INFO] [stderr]    Compiling iana-time-zone v0.1.56
[INFO] [stderr]    Compiling aho-corasick v0.7.20
[INFO] [stderr]    Compiling bstr v1.3.0
[INFO] [stderr]    Compiling nom v7.1.3
[INFO] [stderr]    Compiling syn v2.0.10
[INFO] [stderr]    Compiling pathdiff v0.2.1
[INFO] [stderr]    Compiling ansi_term v0.12.1
[INFO] [stderr]    Compiling filesize v0.2.0
[INFO] [stderr]    Compiling indextree v4.6.0
[INFO] [stderr]    Compiling lscolors v0.13.0
[INFO] [stderr]    Compiling signal-hook-registry v1.4.1
[INFO] [stderr]    Compiling mio v0.8.6
[INFO] [stderr]    Compiling nix v0.26.2
[INFO] [stderr]    Compiling dirs-sys v0.4.0
[INFO] [stderr]    Compiling time v0.1.45
[INFO] [stderr]    Compiling errno v0.3.1
[INFO] [stderr]    Compiling parking_lot v0.12.1
[INFO] [stderr]    Compiling chrono v0.4.24
[INFO] [stderr]    Compiling dirs v5.0.0
[INFO] [stderr]    Compiling signal-hook-mio v0.2.3
[INFO] [stderr]    Compiling crossterm v0.26.1
[INFO] [stderr]    Compiling regex v1.7.3
[INFO] [stderr]    Compiling ctrlc v3.4.0
[INFO] [stderr]    Compiling is-terminal v0.4.6
[INFO] [stderr]    Compiling terminal_size v0.2.6
[INFO] [stderr]    Compiling globset v0.4.10
[INFO] [stderr]    Compiling toml v0.5.11
[INFO] [stderr]    Compiling ignore v0.4.20
[INFO] [stderr]    Compiling clap_derive v4.1.9
[INFO] [stderr]    Compiling thiserror-impl v1.0.40
[INFO] [stderr]    Compiling config v0.13.3
[INFO] [stderr]    Compiling clap v4.1.9
[INFO] [stderr]    Compiling clap_complete v4.1.5
[INFO] [stderr]    Compiling erdtree v3.1.2 (/opt/rustwide/workdir)
[INFO] [stderr]     Finished dev [unoptimized + debuginfo] target(s) in 14.30s
[INFO] running `Command { std: "docker" "inspect" "40c12f4580ceab0d17fe560838601fc7015db2fa5ad9e235efbf7aaba13d9721", kill_on_drop: false }`
[INFO] running `Command { std: "docker" "rm" "-f" "40c12f4580ceab0d17fe560838601fc7015db2fa5ad9e235efbf7aaba13d9721", kill_on_drop: false }`
[INFO] [stdout] 40c12f4580ceab0d17fe560838601fc7015db2fa5ad9e235efbf7aaba13d9721
[INFO] running `Command { std: "docker" "create" "-v" "/var/lib/crater-agent-workspace/builds/worker-6-tc1/target:/opt/rustwide/target:rw,Z" "-v" "/var/lib/crater-agent-workspace/builds/worker-6-tc1/source:/opt/rustwide/workdir:ro,Z" "-v" "/var/lib/crater-agent-workspace/cargo-home:/opt/rustwide/cargo-home:ro,Z" "-v" "/var/lib/crater-agent-workspace/rustup-home:/opt/rustwide/rustup-home:ro,Z" "-e" "SOURCE_DIR=/opt/rustwide/workdir" "-e" "CARGO_TARGET_DIR=/opt/rustwide/target" "-e" "CARGO_INCREMENTAL=0" "-e" "RUST_BACKTRACE=full" "-e" "RUSTFLAGS=--cap-lints=warn" "-e" "RUSTDOCFLAGS=--cap-lints=warn" "-e" "CARGO_HOME=/opt/rustwide/cargo-home" "-e" "RUSTUP_HOME=/opt/rustwide/rustup-home" "-w" "/opt/rustwide/workdir" "-m" "1610612736" "--user" "0:0" "--network" "none" "ghcr.io/rust-lang/crates-build-env/linux@sha256:2788e3201cd34a07e3172128adcd8b3090168a8e3bcc40d7c032b9dda1df7d1c" "/opt/rustwide/cargo-home/bin/cargo" "+1.75.0" "test" "--frozen" "--no-run" "--message-format=json", kill_on_drop: false }`
[INFO] [stdout] 5565fd1f35c84078c075628ec89c03077f148bc14e240c431ad033d37a3ca49c
[INFO] running `Command { std: "docker" "start" "-a" "5565fd1f35c84078c075628ec89c03077f148bc14e240c431ad033d37a3ca49c", kill_on_drop: false }`
[INFO] [stderr]    Compiling rustix v0.36.9
[INFO] [stderr]    Compiling vte_generate_state_changes v0.1.1
[INFO] [stderr]    Compiling linux-raw-sys v0.1.4
[INFO] [stderr]    Compiling arrayvec v0.5.2
[INFO] [stderr]    Compiling utf8parse v0.2.1
[INFO] [stderr]    Compiling fastrand v1.9.0
[INFO] [stderr]    Compiling indoc v2.0.1
[INFO] [stderr]    Compiling vte v0.10.1
[INFO] [stderr]    Compiling strip-ansi-escapes v0.1.1
[INFO] [stderr]    Compiling tempfile v3.4.0
[INFO] [stderr]    Compiling erdtree v3.1.2 (/opt/rustwide/workdir)
[INFO] [stderr]     Finished test [unoptimized + debuginfo] target(s) in 3.33s
[INFO] running `Command { std: "docker" "inspect" "5565fd1f35c84078c075628ec89c03077f148bc14e240c431ad033d37a3ca49c", kill_on_drop: false }`
[INFO] running `Command { std: "docker" "rm" "-f" "5565fd1f35c84078c075628ec89c03077f148bc14e240c431ad033d37a3ca49c", kill_on_drop: false }`
[INFO] [stdout] 5565fd1f35c84078c075628ec89c03077f148bc14e240c431ad033d37a3ca49c
[INFO] running `Command { std: "docker" "create" "-v" "/var/lib/crater-agent-workspace/builds/worker-6-tc1/target:/opt/rustwide/target:rw,Z" "-v" "/var/lib/crater-agent-workspace/builds/worker-6-tc1/source:/opt/rustwide/workdir:ro,Z" "-v" "/var/lib/crater-agent-workspace/cargo-home:/opt/rustwide/cargo-home:ro,Z" "-v" "/var/lib/crater-agent-workspace/rustup-home:/opt/rustwide/rustup-home:ro,Z" "-e" "SOURCE_DIR=/opt/rustwide/workdir" "-e" "CARGO_TARGET_DIR=/opt/rustwide/target" "-e" "CARGO_INCREMENTAL=0" "-e" "RUST_BACKTRACE=full" "-e" "RUSTFLAGS=--cap-lints=warn" "-e" "RUSTDOCFLAGS=--cap-lints=warn" "-e" "CARGO_HOME=/opt/rustwide/cargo-home" "-e" "RUSTUP_HOME=/opt/rustwide/rustup-home" "-w" "/opt/rustwide/workdir" "-m" "1610612736" "--user" "0:0" "--network" "none" "ghcr.io/rust-lang/crates-build-env/linux@sha256:2788e3201cd34a07e3172128adcd8b3090168a8e3bcc40d7c032b9dda1df7d1c" "/opt/rustwide/cargo-home/bin/cargo" "+1.75.0" "test" "--frozen", kill_on_drop: false }`
[INFO] [stdout] 0b6e2774858f194b9a77f31b97ee9b8c04b693be36444066c66617cdc825d323
[INFO] running `Command { std: "docker" "start" "-a" "0b6e2774858f194b9a77f31b97ee9b8c04b693be36444066c66617cdc825d323", kill_on_drop: false }`
[INFO] [stderr]     Finished test [unoptimized + debuginfo] target(s) in 0.06s
[INFO] [stderr]      Running unittests src/main.rs (/opt/rustwide/target/debug/deps/erd-db2ee3dab4d4d038)
[INFO] [stdout] 
[INFO] [stdout] running 7 tests
[INFO] [stdout] test disk_usage::file_size::byte::test_metric ... ok
[INFO] [stdout] test disk_usage::file_size::line_count::test_line_count ... ok
[INFO] [stdout] test ansi::truncate ... ok
[INFO] [stdout] test disk_usage::file_size::word_count::test_line_count ... ok
[INFO] [stdout] test fs::permissions::test::test_symbolic_notation ... ok
[INFO] [stdout] test fs::permissions::test::test_symbolic_notation_special_attr ... ok
[INFO] [stdout] test context::config::toml::test::parse_toml ... ok
[INFO] [stdout] 
[INFO] [stdout] test result: ok. 7 passed; 0 failed; 0 ignored; 0 measured; 0 filtered out; finished in 0.00s
[INFO] [stdout] 
[INFO] [stderr]      Running tests/dirs_only.rs (/opt/rustwide/target/debug/deps/dirs_only-f5018238e262985d)
[INFO] [stdout] 
[INFO] [stdout] running 1 test
[INFO] [stdout] test dirs_only ... ok
[INFO] [stdout] 
[INFO] [stdout] test result: ok. 1 passed; 0 failed; 0 ignored; 0 measured; 0 filtered out; finished in 0.10s
[INFO] [stdout] 
[INFO] [stderr]      Running tests/flat.rs (/opt/rustwide/target/debug/deps/flat-4b464e0c508372da)
[INFO] [stdout] 
[INFO] [stdout] running 3 tests
[INFO] [stdout] test flat_human ... ok
[INFO] [stdout] test flat_with_level ... ok
[INFO] [stdout] test flat ... ok
[INFO] [stdout] 
[INFO] [stdout] test result: ok. 3 passed; 0 failed; 0 ignored; 0 measured; 0 filtered out; finished in 0.11s
[INFO] [stdout] 
[INFO] [stderr]      Running tests/glob.rs (/opt/rustwide/target/debug/deps/glob-915381b2f0239904)
[INFO] [stdout] 
[INFO] [stdout] running 7 tests
[INFO] [stdout] test glob ... ok
[INFO] [stdout] test glob_with_filetype ... ok
[INFO] [stdout] test glob_negative ... ok
[INFO] [stdout] test glob_case_insensitive ... ok
[INFO] [stdout] test glob_empty_set_file - should panic ... ok
[INFO] [stdout] test glob_empty_set_dir - should panic ... ok
[INFO] [stdout] test negated_glob_with_filetype ... ok
[INFO] [stdout] 
[INFO] [stdout] test result: ok. 7 passed; 0 failed; 0 ignored; 0 measured; 0 filtered out; finished in 0.16s
[INFO] [stdout] 
[INFO] [stderr]      Running tests/hardlink.rs (/opt/rustwide/target/debug/deps/hardlink-886d7ed5967a4d51)
[INFO] [stdout] 
[INFO] [stdout] running 1 test
[INFO] [stdout] test hardlink ... FAILED
[INFO] [stdout] 
[INFO] [stdout] failures:
[INFO] [stdout] 
[INFO] [stdout] ---- hardlink stdout ----
[INFO] [stdout] Error: Os { code: 30, kind: ReadOnlyFilesystem, message: "Read-only file system" }
[INFO] [stdout] 
[INFO] [stdout] 
[INFO] [stdout] failures:
[INFO] [stdout]     hardlink
[INFO] [stdout] 
[INFO] [stdout] test result: FAILED. 0 passed; 1 failed; 0 ignored; 0 measured; 0 filtered out; finished in 0.00s
[INFO] [stdout] 
[INFO] [stderr] error: test failed, to rerun pass `--test hardlink`
[INFO] running `Command { std: "docker" "inspect" "0b6e2774858f194b9a77f31b97ee9b8c04b693be36444066c66617cdc825d323", kill_on_drop: false }`
[INFO] running `Command { std: "docker" "rm" "-f" "0b6e2774858f194b9a77f31b97ee9b8c04b693be36444066c66617cdc825d323", kill_on_drop: false }`
[INFO] [stdout] 0b6e2774858f194b9a77f31b97ee9b8c04b693be36444066c66617cdc825d323
[INFO] testing solidiquis/erdtree against beta-2023-12-22 for beta-1.76-1
[INFO] running `Command { std: "git" "clone" "/workspace/cache/git-repos/https%3A%2F%2Fgithub.com%2Fsolidiquis%2Ferdtree" "/workspace/builds/worker-6-tc2/source", kill_on_drop: false }`
[INFO] [stderr] Cloning into '/workspace/builds/worker-6-tc2/source'...
[INFO] [stderr] done.
[INFO] validating manifest of git repo https://github.com/solidiquis/erdtree on toolchain beta-2023-12-22
[INFO] running `Command { std: CARGO_HOME="/workspace/cargo-home" RUSTUP_HOME="/workspace/rustup-home" "/workspace/cargo-home/bin/cargo" "+beta-2023-12-22" "metadata" "--manifest-path" "Cargo.toml" "--no-deps", kill_on_drop: false }`
[INFO] started tweaking git repo https://github.com/solidiquis/erdtree
[INFO] finished tweaking git repo https://github.com/solidiquis/erdtree
[INFO] tweaked toml for git repo https://github.com/solidiquis/erdtree written to /workspace/builds/worker-6-tc2/source/Cargo.toml
[INFO] crate git repo https://github.com/solidiquis/erdtree already has a lockfile, it will not be regenerated
[INFO] running `Command { std: CARGO_HOME="/workspace/cargo-home" RUSTUP_HOME="/workspace/rustup-home" "/workspace/cargo-home/bin/cargo" "+beta-2023-12-22" "fetch" "--manifest-path" "Cargo.toml", kill_on_drop: false }`
[INFO] running `Command { std: "docker" "create" "-v" "/var/lib/crater-agent-workspace/builds/worker-6-tc2/target:/opt/rustwide/target:rw,Z" "-v" "/var/lib/crater-agent-workspace/builds/worker-6-tc2/source:/opt/rustwide/workdir:ro,Z" "-v" "/var/lib/crater-agent-workspace/cargo-home:/opt/rustwide/cargo-home:ro,Z" "-v" "/var/lib/crater-agent-workspace/rustup-home:/opt/rustwide/rustup-home:ro,Z" "-e" "SOURCE_DIR=/opt/rustwide/workdir" "-e" "CARGO_TARGET_DIR=/opt/rustwide/target" "-e" "CARGO_HOME=/opt/rustwide/cargo-home" "-e" "RUSTUP_HOME=/opt/rustwide/rustup-home" "-w" "/opt/rustwide/workdir" "-m" "1610612736" "--user" "0:0" "--network" "none" "ghcr.io/rust-lang/crates-build-env/linux@sha256:2788e3201cd34a07e3172128adcd8b3090168a8e3bcc40d7c032b9dda1df7d1c" "/opt/rustwide/cargo-home/bin/cargo" "+beta-2023-12-22" "metadata" "--no-deps" "--format-version=1", kill_on_drop: false }`
[INFO] [stdout] 80f08fcffec15eeaf4c8629bc6b70e9224e50388e8acb2859c406b928452f145
[INFO] running `Command { std: "docker" "start" "-a" "80f08fcffec15eeaf4c8629bc6b70e9224e50388e8acb2859c406b928452f145", kill_on_drop: false }`
[INFO] running `Command { std: "docker" "inspect" "80f08fcffec15eeaf4c8629bc6b70e9224e50388e8acb2859c406b928452f145", kill_on_drop: false }`
[INFO] running `Command { std: "docker" "rm" "-f" "80f08fcffec15eeaf4c8629bc6b70e9224e50388e8acb2859c406b928452f145", kill_on_drop: false }`
[INFO] [stdout] 80f08fcffec15eeaf4c8629bc6b70e9224e50388e8acb2859c406b928452f145
[INFO] running `Command { std: "docker" "create" "-v" "/var/lib/crater-agent-workspace/builds/worker-6-tc2/target:/opt/rustwide/target:rw,Z" "-v" "/var/lib/crater-agent-workspace/builds/worker-6-tc2/source:/opt/rustwide/workdir:ro,Z" "-v" "/var/lib/crater-agent-workspace/cargo-home:/opt/rustwide/cargo-home:ro,Z" "-v" "/var/lib/crater-agent-workspace/rustup-home:/opt/rustwide/rustup-home:ro,Z" "-e" "SOURCE_DIR=/opt/rustwide/workdir" "-e" "CARGO_TARGET_DIR=/opt/rustwide/target" "-e" "CARGO_INCREMENTAL=0" "-e" "RUST_BACKTRACE=full" "-e" "RUSTFLAGS=--cap-lints=warn" "-e" "RUSTDOCFLAGS=--cap-lints=warn" "-e" "CARGO_HOME=/opt/rustwide/cargo-home" "-e" "RUSTUP_HOME=/opt/rustwide/rustup-home" "-w" "/opt/rustwide/workdir" "-m" "1610612736" "--user" "0:0" "--network" "none" "ghcr.io/rust-lang/crates-build-env/linux@sha256:2788e3201cd34a07e3172128adcd8b3090168a8e3bcc40d7c032b9dda1df7d1c" "/opt/rustwide/cargo-home/bin/cargo" "+beta-2023-12-22" "build" "--frozen" "--message-format=json", kill_on_drop: false }`
[INFO] [stdout] 0cc1c879e90cd23ee1345d2e9ee05c1a2444a11c4da00d786b0e02fafe1b163c
[INFO] running `Command { std: "docker" "start" "-a" "0cc1c879e90cd23ee1345d2e9ee05c1a2444a11c4da00d786b0e02fafe1b163c", kill_on_drop: false }`
[INFO] [stderr]    Compiling libc v0.2.141
[INFO] [stderr]    Compiling proc-macro2 v1.0.52
[INFO] [stderr]    Compiling unicode-ident v1.0.8
[INFO] [stderr]    Compiling quote v1.0.26
[INFO] [stderr]    Compiling autocfg v1.1.0
[INFO] [stderr]    Compiling cfg-if v1.0.0
[INFO] [stderr]    Compiling memchr v2.5.0
[INFO] [stderr]    Compiling version_check v0.9.4
[INFO] [stderr]    Compiling bitflags v1.3.2
[INFO] [stderr]    Compiling io-lifetimes v1.0.7
[INFO] [stderr]    Compiling log v0.4.17
[INFO] [stderr]    Compiling syn v1.0.109
[INFO] [stderr]    Compiling rustix v0.37.7
[INFO] [stderr]    Compiling linux-raw-sys v0.3.1
[INFO] [stderr]    Compiling parking_lot_core v0.9.7
[INFO] [stderr]    Compiling once_cell v1.17.1
[INFO] [stderr]    Compiling serde v1.0.156
[INFO] [stderr]    Compiling signal-hook v0.3.15
[INFO] [stderr]    Compiling smallvec v1.10.0
[INFO] [stderr]    Compiling os_str_bytes v6.4.1
[INFO] [stderr]    Compiling regex-syntax v0.6.29
[INFO] [stderr]    Compiling heck v0.4.1
[INFO] [stderr]    Compiling async-trait v0.1.68
[INFO] [stderr]    Compiling scopeguard v1.1.0
[INFO] [stderr]    Compiling proc-macro-error-attr v1.0.4
[INFO] [stderr]    Compiling proc-macro-error v1.0.4
[INFO] [stderr]    Compiling clap_lex v0.3.3
[INFO] [stderr]    Compiling lock_api v0.4.9
[INFO] [stderr]    Compiling num-traits v0.2.15
[INFO] [stderr]    Compiling num-integer v0.1.45
[INFO] [stderr]    Compiling minimal-lexical v0.2.1
[INFO] [stderr]    Compiling same-file v1.0.6
[INFO] [stderr]    Compiling fnv v1.0.7
[INFO] [stderr]    Compiling thiserror v1.0.40
[INFO] [stderr]    Compiling static_assertions v1.1.0
[INFO] [stderr]    Compiling overload v0.1.1
[INFO] [stderr]    Compiling strsim v0.10.0
[INFO] [stderr]    Compiling lazy_static v1.4.0
[INFO] [stderr]    Compiling termcolor v1.2.0
[INFO] [stderr]    Compiling nu-ansi-term v0.46.0
[INFO] [stderr]    Compiling walkdir v2.3.3
[INFO] [stderr]    Compiling thread_local v1.1.7
[INFO] [stderr]    Compiling aho-corasick v0.7.20
[INFO] [stderr]    Compiling bstr v1.3.0
[INFO] [stderr]    Compiling nom v7.1.3
[INFO] [stderr]    Compiling pathdiff v0.2.1
[INFO] [stderr]    Compiling ansi_term v0.12.1
[INFO] [stderr]    Compiling iana-time-zone v0.1.56
[INFO] [stderr]    Compiling syn v2.0.10
[INFO] [stderr]    Compiling lscolors v0.13.0
[INFO] [stderr]    Compiling indextree v4.6.0
[INFO] [stderr]    Compiling filesize v0.2.0
[INFO] [stderr]    Compiling signal-hook-registry v1.4.1
[INFO] [stderr]    Compiling mio v0.8.6
[INFO] [stderr]    Compiling dirs-sys v0.4.0
[INFO] [stderr]    Compiling nix v0.26.2
[INFO] [stderr]    Compiling time v0.1.45
[INFO] [stderr]    Compiling errno v0.3.1
[INFO] [stderr]    Compiling parking_lot v0.12.1
[INFO] [stderr]    Compiling dirs v5.0.0
[INFO] [stderr]    Compiling chrono v0.4.24
[INFO] [stderr]    Compiling regex v1.7.3
[INFO] [stderr]    Compiling signal-hook-mio v0.2.3
[INFO] [stderr]    Compiling crossterm v0.26.1
[INFO] [stderr]    Compiling is-terminal v0.4.6
[INFO] [stderr]    Compiling terminal_size v0.2.6
[INFO] [stderr]    Compiling ctrlc v3.4.0
[INFO] [stderr]    Compiling globset v0.4.10
[INFO] [stderr]    Compiling ignore v0.4.20
[INFO] [stderr]    Compiling toml v0.5.11
[INFO] [stderr]    Compiling clap_derive v4.1.9
[INFO] [stderr]    Compiling thiserror-impl v1.0.40
[INFO] [stderr]    Compiling config v0.13.3
[INFO] [stderr]    Compiling clap v4.1.9
[INFO] [stderr]    Compiling clap_complete v4.1.5
[INFO] [stderr]    Compiling erdtree v3.1.2 (/opt/rustwide/workdir)
[INFO] [stderr]     Finished dev [unoptimized + debuginfo] target(s) in 16.71s
[INFO] running `Command { std: "docker" "inspect" "0cc1c879e90cd23ee1345d2e9ee05c1a2444a11c4da00d786b0e02fafe1b163c", kill_on_drop: false }`
[INFO] running `Command { std: "docker" "rm" "-f" "0cc1c879e90cd23ee1345d2e9ee05c1a2444a11c4da00d786b0e02fafe1b163c", kill_on_drop: false }`
[INFO] [stdout] 0cc1c879e90cd23ee1345d2e9ee05c1a2444a11c4da00d786b0e02fafe1b163c
[INFO] running `Command { std: "docker" "create" "-v" "/var/lib/crater-agent-workspace/builds/worker-6-tc2/target:/opt/rustwide/target:rw,Z" "-v" "/var/lib/crater-agent-workspace/builds/worker-6-tc2/source:/opt/rustwide/workdir:ro,Z" "-v" "/var/lib/crater-agent-workspace/cargo-home:/opt/rustwide/cargo-home:ro,Z" "-v" "/var/lib/crater-agent-workspace/rustup-home:/opt/rustwide/rustup-home:ro,Z" "-e" "SOURCE_DIR=/opt/rustwide/workdir" "-e" "CARGO_TARGET_DIR=/opt/rustwide/target" "-e" "CARGO_INCREMENTAL=0" "-e" "RUST_BACKTRACE=full" "-e" "RUSTFLAGS=--cap-lints=warn" "-e" "RUSTDOCFLAGS=--cap-lints=warn" "-e" "CARGO_HOME=/opt/rustwide/cargo-home" "-e" "RUSTUP_HOME=/opt/rustwide/rustup-home" "-w" "/opt/rustwide/workdir" "-m" "1610612736" "--user" "0:0" "--network" "none" "ghcr.io/rust-lang/crates-build-env/linux@sha256:2788e3201cd34a07e3172128adcd8b3090168a8e3bcc40d7c032b9dda1df7d1c" "/opt/rustwide/cargo-home/bin/cargo" "+beta-2023-12-22" "test" "--frozen" "--no-run" "--message-format=json", kill_on_drop: false }`
[INFO] [stdout] d550df9bf8de2a98a2c66a74f6dfbf1ca704b8cae2cdd11800d8c13bcd7aa616
[INFO] running `Command { std: "docker" "start" "-a" "d550df9bf8de2a98a2c66a74f6dfbf1ca704b8cae2cdd11800d8c13bcd7aa616", kill_on_drop: false }`
[INFO] [stderr]    Compiling rustix v0.36.9
[INFO] [stderr]    Compiling vte_generate_state_changes v0.1.1
[INFO] [stderr]    Compiling utf8parse v0.2.1
[INFO] [stderr]    Compiling linux-raw-sys v0.1.4
[INFO] [stderr]    Compiling arrayvec v0.5.2
[INFO] [stderr]    Compiling fastrand v1.9.0
[INFO] [stderr]    Compiling indoc v2.0.1
[INFO] [stderr]    Compiling vte v0.10.1
[INFO] [stderr]    Compiling strip-ansi-escapes v0.1.1
[INFO] [stderr]    Compiling tempfile v3.4.0
[INFO] [stderr]    Compiling erdtree v3.1.2 (/opt/rustwide/workdir)
[INFO] [stderr]     Finished test [unoptimized + debuginfo] target(s) in 5.79s
[INFO] running `Command { std: "docker" "inspect" "d550df9bf8de2a98a2c66a74f6dfbf1ca704b8cae2cdd11800d8c13bcd7aa616", kill_on_drop: false }`
[INFO] running `Command { std: "docker" "rm" "-f" "d550df9bf8de2a98a2c66a74f6dfbf1ca704b8cae2cdd11800d8c13bcd7aa616", kill_on_drop: false }`
[INFO] [stdout] d550df9bf8de2a98a2c66a74f6dfbf1ca704b8cae2cdd11800d8c13bcd7aa616
[INFO] running `Command { std: "docker" "create" "-v" "/var/lib/crater-agent-workspace/builds/worker-6-tc2/target:/opt/rustwide/target:rw,Z" "-v" "/var/lib/crater-agent-workspace/builds/worker-6-tc2/source:/opt/rustwide/workdir:ro,Z" "-v" "/var/lib/crater-agent-workspace/cargo-home:/opt/rustwide/cargo-home:ro,Z" "-v" "/var/lib/crater-agent-workspace/rustup-home:/opt/rustwide/rustup-home:ro,Z" "-e" "SOURCE_DIR=/opt/rustwide/workdir" "-e" "CARGO_TARGET_DIR=/opt/rustwide/target" "-e" "CARGO_INCREMENTAL=0" "-e" "RUST_BACKTRACE=full" "-e" "RUSTFLAGS=--cap-lints=warn" "-e" "RUSTDOCFLAGS=--cap-lints=warn" "-e" "CARGO_HOME=/opt/rustwide/cargo-home" "-e" "RUSTUP_HOME=/opt/rustwide/rustup-home" "-w" "/opt/rustwide/workdir" "-m" "1610612736" "--user" "0:0" "--network" "none" "ghcr.io/rust-lang/crates-build-env/linux@sha256:2788e3201cd34a07e3172128adcd8b3090168a8e3bcc40d7c032b9dda1df7d1c" "/opt/rustwide/cargo-home/bin/cargo" "+beta-2023-12-22" "test" "--frozen", kill_on_drop: false }`
[INFO] [stdout] 9cf170927c789795f974a1d4df5e169907c75cffb4a4151a7e131b05f3728e0f
[INFO] running `Command { std: "docker" "start" "-a" "9cf170927c789795f974a1d4df5e169907c75cffb4a4151a7e131b05f3728e0f", kill_on_drop: false }`
[INFO] [stderr]     Finished test [unoptimized + debuginfo] target(s) in 0.06s
[INFO] [stderr]      Running unittests src/main.rs (/opt/rustwide/target/debug/deps/erd-6e32a77f56efe70a)
[INFO] [stdout] 
[INFO] [stdout] running 7 tests
[INFO] [stdout] test ansi::truncate ... ok
[INFO] [stdout] test disk_usage::file_size::byte::test_metric ... ok
[INFO] [stdout] test disk_usage::file_size::line_count::test_line_count ... ok
[INFO] [stdout] test disk_usage::file_size::word_count::test_line_count ... ok
[INFO] [stdout] test fs::permissions::test::test_symbolic_notation_special_attr ... ok
[INFO] [stdout] test fs::permissions::test::test_symbolic_notation ... ok
[INFO] [stdout] test context::config::toml::test::parse_toml ... ok
[INFO] [stdout] 
[INFO] [stdout] test result: ok. 7 passed; 0 failed; 0 ignored; 0 measured; 0 filtered out; finished in 0.00s
[INFO] [stdout] 
[INFO] [stderr]      Running tests/dirs_only.rs (/opt/rustwide/target/debug/deps/dirs_only-c8e28eac77411a61)
[INFO] [stdout] 
[INFO] [stdout] running 1 test
[INFO] [stdout] test dirs_only ... ok
[INFO] [stdout] 
[INFO] [stdout] test result: ok. 1 passed; 0 failed; 0 ignored; 0 measured; 0 filtered out; finished in 0.11s
[INFO] [stdout] 
[INFO] [stderr]      Running tests/flat.rs (/opt/rustwide/target/debug/deps/flat-642177c4d45ee5e0)
[INFO] [stdout] 
[INFO] [stdout] running 3 tests
[INFO] [stdout] test flat_with_level ... ok
[INFO] [stdout] test flat ... ok
[INFO] [stdout] test flat_human ... ok
[INFO] [stdout] 
[INFO] [stdout] test result: ok. 3 passed; 0 failed; 0 ignored; 0 measured; 0 filtered out; finished in 0.12s
[INFO] [stdout] 
[INFO] [stderr]      Running tests/glob.rs (/opt/rustwide/target/debug/deps/glob-156b4b47737a1a6f)
[INFO] [stdout] 
[INFO] [stdout] running 7 tests
[INFO] [stdout] test negated_glob_with_filetype ... ok
[INFO] [stdout] test glob_with_filetype ... ok
[INFO] [stdout] test glob_case_insensitive ... ok
[INFO] [stdout] test glob_empty_set_file - should panic ... ok
[INFO] [stdout] test glob_empty_set_dir - should panic ... ok
[INFO] [stdout] test glob_negative ... ok
[INFO] [stdout] test glob ... ok
[INFO] [stdout] 
[INFO] [stdout] test result: ok. 7 passed; 0 failed; 0 ignored; 0 measured; 0 filtered out; finished in 0.17s
[INFO] [stdout] 
[INFO] [stderr]      Running tests/hardlink.rs (/opt/rustwide/target/debug/deps/hardlink-43341df8315e6651)
[INFO] [stdout] 
[INFO] [stdout] running 1 test
[INFO] [stdout] test hardlink ... FAILED
[INFO] [stdout] 
[INFO] [stdout] failures:
[INFO] [stdout] 
[INFO] [stdout] ---- hardlink stdout ----
[INFO] [stdout] Error: Os { code: 30, kind: ReadOnlyFilesystem, message: "Read-only file system" }
[INFO] [stdout] 
[INFO] [stdout] 
[INFO] [stdout] failures:
[INFO] [stdout]     hardlink
[INFO] [stdout] 
[INFO] [stdout] test result: FAILED. 0 passed; 1 failed; 0 ignored; 0 measured; 0 filtered out; finished in 0.00s
[INFO] [stdout] 
[INFO] [stderr] error: test failed, to rerun pass `--test hardlink`
[INFO] running `Command { std: "docker" "inspect" "9cf170927c789795f974a1d4df5e169907c75cffb4a4151a7e131b05f3728e0f", kill_on_drop: false }`
[INFO] running `Command { std: "docker" "rm" "-f" "9cf170927c789795f974a1d4df5e169907c75cffb4a4151a7e131b05f3728e0f", kill_on_drop: false }`
[INFO] [stdout] 9cf170927c789795f974a1d4df5e169907c75cffb4a4151a7e131b05f3728e0f
