[INFO] cloning repository https://github.com/snowfoxsh/rhas
[INFO] running `Command { std: "git" "-c" "credential.helper=" "-c" "credential.helper=/workspace/cargo-home/bin/git-credential-null" "clone" "--bare" "https://github.com/snowfoxsh/rhas" "/workspace/cache/git-repos/https%3A%2F%2Fgithub.com%2Fsnowfoxsh%2Frhas", kill_on_drop: false }`
[INFO] [stderr] Cloning into bare repository '/workspace/cache/git-repos/https%3A%2F%2Fgithub.com%2Fsnowfoxsh%2Frhas'...
[INFO] running `Command { std: "git" "rev-parse" "HEAD", kill_on_drop: false }`
[INFO] [stdout] f23a38c86a36e46cd81a97012af63c173752f213
[INFO] testing snowfoxsh/rhas against 1.75.0 for beta-1.76-1
[INFO] running `Command { std: "git" "clone" "/workspace/cache/git-repos/https%3A%2F%2Fgithub.com%2Fsnowfoxsh%2Frhas" "/workspace/builds/worker-0-tc1/source", kill_on_drop: false }`
[INFO] [stderr] Cloning into '/workspace/builds/worker-0-tc1/source'...
[INFO] [stderr] done.
[INFO] validating manifest of git repo https://github.com/snowfoxsh/rhas on toolchain 1.75.0
[INFO] running `Command { std: CARGO_HOME="/workspace/cargo-home" RUSTUP_HOME="/workspace/rustup-home" "/workspace/cargo-home/bin/cargo" "+1.75.0" "metadata" "--manifest-path" "Cargo.toml" "--no-deps", kill_on_drop: false }`
[INFO] started tweaking git repo https://github.com/snowfoxsh/rhas
[INFO] finished tweaking git repo https://github.com/snowfoxsh/rhas
[INFO] tweaked toml for git repo https://github.com/snowfoxsh/rhas written to /workspace/builds/worker-0-tc1/source/Cargo.toml
[INFO] crate git repo https://github.com/snowfoxsh/rhas already has a lockfile, it will not be regenerated
[INFO] running `Command { std: CARGO_HOME="/workspace/cargo-home" RUSTUP_HOME="/workspace/rustup-home" "/workspace/cargo-home/bin/cargo" "+1.75.0" "fetch" "--manifest-path" "Cargo.toml", kill_on_drop: false }`
[INFO] [stderr] warning: virtual workspace defaulting to `resolver = "1"` despite one or more workspace members being on edition 2021 which implies `resolver = "2"`
[INFO] [stderr] note: to keep the current resolver, specify `workspace.resolver = "1"` in the workspace root's manifest
[INFO] [stderr] note: to use the edition 2021 resolver, specify `workspace.resolver = "2"` in the workspace root's manifest
[INFO] [stderr] note: for more details see https://doc.rust-lang.org/cargo/reference/resolver.html#resolver-versions
[INFO] running `Command { std: "docker" "create" "-v" "/var/lib/crater-agent-workspace/builds/worker-0-tc1/target:/opt/rustwide/target:rw,Z" "-v" "/var/lib/crater-agent-workspace/builds/worker-0-tc1/source:/opt/rustwide/workdir:ro,Z" "-v" "/var/lib/crater-agent-workspace/cargo-home:/opt/rustwide/cargo-home:ro,Z" "-v" "/var/lib/crater-agent-workspace/rustup-home:/opt/rustwide/rustup-home:ro,Z" "-e" "SOURCE_DIR=/opt/rustwide/workdir" "-e" "CARGO_TARGET_DIR=/opt/rustwide/target" "-e" "CARGO_HOME=/opt/rustwide/cargo-home" "-e" "RUSTUP_HOME=/opt/rustwide/rustup-home" "-w" "/opt/rustwide/workdir" "-m" "1610612736" "--user" "0:0" "--network" "none" "ghcr.io/rust-lang/crates-build-env/linux@sha256:2788e3201cd34a07e3172128adcd8b3090168a8e3bcc40d7c032b9dda1df7d1c" "/opt/rustwide/cargo-home/bin/cargo" "+1.75.0" "metadata" "--no-deps" "--format-version=1", kill_on_drop: false }`
[INFO] [stdout] 975a4c3ecd102be41b9912348a65c6852410f6b77a7245907f4c79c146636e6d
[INFO] running `Command { std: "docker" "start" "-a" "975a4c3ecd102be41b9912348a65c6852410f6b77a7245907f4c79c146636e6d", kill_on_drop: false }`
[INFO] running `Command { std: "docker" "inspect" "975a4c3ecd102be41b9912348a65c6852410f6b77a7245907f4c79c146636e6d", kill_on_drop: false }`
[INFO] running `Command { std: "docker" "rm" "-f" "975a4c3ecd102be41b9912348a65c6852410f6b77a7245907f4c79c146636e6d", kill_on_drop: false }`
[INFO] [stdout] 975a4c3ecd102be41b9912348a65c6852410f6b77a7245907f4c79c146636e6d
[INFO] running `Command { std: "docker" "create" "-v" "/var/lib/crater-agent-workspace/builds/worker-0-tc1/target:/opt/rustwide/target:rw,Z" "-v" "/var/lib/crater-agent-workspace/builds/worker-0-tc1/source:/opt/rustwide/workdir:ro,Z" "-v" "/var/lib/crater-agent-workspace/cargo-home:/opt/rustwide/cargo-home:ro,Z" "-v" "/var/lib/crater-agent-workspace/rustup-home:/opt/rustwide/rustup-home:ro,Z" "-e" "SOURCE_DIR=/opt/rustwide/workdir" "-e" "CARGO_TARGET_DIR=/opt/rustwide/target" "-e" "CARGO_INCREMENTAL=0" "-e" "RUST_BACKTRACE=full" "-e" "RUSTFLAGS=--cap-lints=warn" "-e" "RUSTDOCFLAGS=--cap-lints=warn" "-e" "CARGO_HOME=/opt/rustwide/cargo-home" "-e" "RUSTUP_HOME=/opt/rustwide/rustup-home" "-w" "/opt/rustwide/workdir" "-m" "1610612736" "--user" "0:0" "--network" "none" "ghcr.io/rust-lang/crates-build-env/linux@sha256:2788e3201cd34a07e3172128adcd8b3090168a8e3bcc40d7c032b9dda1df7d1c" "/opt/rustwide/cargo-home/bin/cargo" "+1.75.0" "build" "--frozen" "--message-format=json", kill_on_drop: false }`
[INFO] [stdout] 68b66b01307f05f69d5975b846c9abacdbec79df307896eb37681211078d406f
[INFO] running `Command { std: "docker" "start" "-a" "68b66b01307f05f69d5975b846c9abacdbec79df307896eb37681211078d406f", kill_on_drop: false }`
[INFO] [stderr] warning: virtual workspace defaulting to `resolver = "1"` despite one or more workspace members being on edition 2021 which implies `resolver = "2"`
[INFO] [stderr] note: to keep the current resolver, specify `workspace.resolver = "1"` in the workspace root's manifest
[INFO] [stderr] note: to use the edition 2021 resolver, specify `workspace.resolver = "2"` in the workspace root's manifest
[INFO] [stderr] note: for more details see https://doc.rust-lang.org/cargo/reference/resolver.html#resolver-versions
[INFO] [stderr]    Compiling memchr v2.5.0
[INFO] [stderr]    Compiling minimal-lexical v0.2.1
[INFO] [stderr]    Compiling nom v7.1.1
[INFO] [stderr]    Compiling rhas v0.1.0 (/opt/rustwide/workdir/rhas)
[INFO] [stdout] warning: unused imports: `ErrorKind`, `IResult`, `InputIter`, `InputTakeAtPosition`, `InputTake`, `ParseError`, `ToUsize`
[INFO] [stdout]  --> rhas/src/parser.rs:1:19
[INFO] [stdout]   |
[INFO] [stdout] 1 | use nom::{error::{ParseError, ErrorKind}, InputTakeAtPosition, IResult, InputIter, InputTake, ToUsize};
[INFO] [stdout]   |                   ^^^^^^^^^^  ^^^^^^^^^   ^^^^^^^^^^^^^^^^^^^  ^^^^^^^  ^^^^^^^^^  ^^^^^^^^^  ^^^^^^^
[INFO] [stdout]   |
[INFO] [stdout]   = note: `#[warn(unused_imports)]` on by default
[INFO] [stdout] 
[INFO] [stdout] 
[INFO] [stdout] warning: unused import: `nom::Err`
[INFO] [stdout]  --> rhas/src/parser.rs:3:5
[INFO] [stdout]   |
[INFO] [stdout] 3 | use nom::Err;
[INFO] [stdout]   |     ^^^^^^^^
[INFO] [stdout] 
[INFO] [stdout] 
[INFO] [stdout] warning: unused import: `crate::matches`
[INFO] [stdout]  --> rhas/src/parser.rs:5:5
[INFO] [stdout]   |
[INFO] [stdout] 5 | use crate::matches;
[INFO] [stdout]   |     ^^^^^^^^^^^^^^
[INFO] [stdout] 
[INFO] [stdout] 
[INFO] [stdout] warning: unused imports: `anychar`, `fold_many0`, `is_a`, `is_alphabetic`, `is_digit`, `pair`, `separated_list1`
[INFO] [stdout]  --> rhas/src/matches.rs:2:106
[INFO] [stdout]   |
[INFO] [stdout] 2 | ...g, is_a}, branch::alt, character::{complete::{char, anychar, one_of}, is_digit, is_alphabetic}, multi::{fold_many0, separated_list0, separated_list1, many0}, sequence::{pair, d...
[INFO] [stdout]   |       ^^^^                                             ^^^^^^^           ^^^^^^^^  ^^^^^^^^^^^^^           ^^^^^^^^^^                   ^^^^^^^^^^^^^^^                     ^^^^
[INFO] [stdout] 
[INFO] [stdout] 
[INFO] [stdout] warning: unused variable: `name`
[INFO] [stdout]   --> rhas/src/matches.rs:58:9
[INFO] [stdout]    |
[INFO] [stdout] 58 |     let name = alt((
[INFO] [stdout]    |         ^^^^ help: if this is intentional, prefix it with an underscore: `_name`
[INFO] [stdout]    |
[INFO] [stdout]    = note: `#[warn(unused_variables)]` on by default
[INFO] [stdout] 
[INFO] [stdout] 
[INFO] [stdout] warning: 5 warnings emitted
[INFO] [stdout] 
[INFO] [stdout] 
[INFO] [stderr]    Compiling cli v0.1.0 (/opt/rustwide/workdir/cli)
[INFO] [stderr]     Finished dev [unoptimized + debuginfo] target(s) in 3.39s
[INFO] running `Command { std: "docker" "inspect" "68b66b01307f05f69d5975b846c9abacdbec79df307896eb37681211078d406f", kill_on_drop: false }`
[INFO] running `Command { std: "docker" "rm" "-f" "68b66b01307f05f69d5975b846c9abacdbec79df307896eb37681211078d406f", kill_on_drop: false }`
[INFO] [stdout] 68b66b01307f05f69d5975b846c9abacdbec79df307896eb37681211078d406f
[INFO] running `Command { std: "docker" "create" "-v" "/var/lib/crater-agent-workspace/builds/worker-0-tc1/target:/opt/rustwide/target:rw,Z" "-v" "/var/lib/crater-agent-workspace/builds/worker-0-tc1/source:/opt/rustwide/workdir:ro,Z" "-v" "/var/lib/crater-agent-workspace/cargo-home:/opt/rustwide/cargo-home:ro,Z" "-v" "/var/lib/crater-agent-workspace/rustup-home:/opt/rustwide/rustup-home:ro,Z" "-e" "SOURCE_DIR=/opt/rustwide/workdir" "-e" "CARGO_TARGET_DIR=/opt/rustwide/target" "-e" "CARGO_INCREMENTAL=0" "-e" "RUST_BACKTRACE=full" "-e" "RUSTFLAGS=--cap-lints=warn" "-e" "RUSTDOCFLAGS=--cap-lints=warn" "-e" "CARGO_HOME=/opt/rustwide/cargo-home" "-e" "RUSTUP_HOME=/opt/rustwide/rustup-home" "-w" "/opt/rustwide/workdir" "-m" "1610612736" "--user" "0:0" "--network" "none" "ghcr.io/rust-lang/crates-build-env/linux@sha256:2788e3201cd34a07e3172128adcd8b3090168a8e3bcc40d7c032b9dda1df7d1c" "/opt/rustwide/cargo-home/bin/cargo" "+1.75.0" "test" "--frozen" "--no-run" "--message-format=json", kill_on_drop: false }`
[INFO] [stdout] 8328b6bc3f726a98c7dab4541602c1910a11cc1242964d0bea8b4693b150bbde
[INFO] running `Command { std: "docker" "start" "-a" "8328b6bc3f726a98c7dab4541602c1910a11cc1242964d0bea8b4693b150bbde", kill_on_drop: false }`
[INFO] [stderr] warning: virtual workspace defaulting to `resolver = "1"` despite one or more workspace members being on edition 2021 which implies `resolver = "2"`
[INFO] [stderr] note: to keep the current resolver, specify `workspace.resolver = "1"` in the workspace root's manifest
[INFO] [stderr] note: to use the edition 2021 resolver, specify `workspace.resolver = "2"` in the workspace root's manifest
[INFO] [stderr] note: for more details see https://doc.rust-lang.org/cargo/reference/resolver.html#resolver-versions
[INFO] [stderr]    Compiling rhas v0.1.0 (/opt/rustwide/workdir/rhas)
[INFO] [stderr]    Compiling cli v0.1.0 (/opt/rustwide/workdir/cli)
[INFO] [stdout] warning: unused imports: `ErrorKind`, `IResult`, `InputIter`, `InputTakeAtPosition`, `InputTake`, `ParseError`, `ToUsize`
[INFO] [stdout]  --> rhas/src/parser.rs:1:19
[INFO] [stdout]   |
[INFO] [stdout] 1 | use nom::{error::{ParseError, ErrorKind}, InputTakeAtPosition, IResult, InputIter, InputTake, ToUsize};
[INFO] [stdout]   |                   ^^^^^^^^^^  ^^^^^^^^^   ^^^^^^^^^^^^^^^^^^^  ^^^^^^^  ^^^^^^^^^  ^^^^^^^^^  ^^^^^^^
[INFO] [stdout]   |
[INFO] [stdout]   = note: `#[warn(unused_imports)]` on by default
[INFO] [stdout] 
[INFO] [stdout] 
[INFO] [stdout] warning: unused import: `nom::Err`
[INFO] [stdout]  --> rhas/src/parser.rs:3:5
[INFO] [stdout]   |
[INFO] [stdout] 3 | use nom::Err;
[INFO] [stdout]   |     ^^^^^^^^
[INFO] [stdout] 
[INFO] [stdout] 
[INFO] [stdout] warning: unused import: `crate::matches`
[INFO] [stdout]  --> rhas/src/parser.rs:5:5
[INFO] [stdout]   |
[INFO] [stdout] 5 | use crate::matches;
[INFO] [stdout]   |     ^^^^^^^^^^^^^^
[INFO] [stdout] 
[INFO] [stdout] 
[INFO] [stdout] warning: unused imports: `anychar`, `fold_many0`, `is_a`, `is_alphabetic`, `is_digit`, `pair`, `separated_list1`
[INFO] [stdout]  --> rhas/src/matches.rs:2:106
[INFO] [stdout]   |
[INFO] [stdout] 2 | ...g, is_a}, branch::alt, character::{complete::{char, anychar, one_of}, is_digit, is_alphabetic}, multi::{fold_many0, separated_list0, separated_list1, many0}, sequence::{pair, d...
[INFO] [stdout]   |       ^^^^                                             ^^^^^^^           ^^^^^^^^  ^^^^^^^^^^^^^           ^^^^^^^^^^                   ^^^^^^^^^^^^^^^                     ^^^^
[INFO] [stdout] 
[INFO] [stdout] 
[INFO] [stdout] warning: unused variable: `name`
[INFO] [stdout]   --> rhas/src/matches.rs:58:9
[INFO] [stdout]    |
[INFO] [stdout] 58 |     let name = alt((
[INFO] [stdout]    |         ^^^^ help: if this is intentional, prefix it with an underscore: `_name`
[INFO] [stdout]    |
[INFO] [stdout]    = note: `#[warn(unused_variables)]` on by default
[INFO] [stdout] 
[INFO] [stdout] 
[INFO] [stdout] warning: 5 warnings emitted
[INFO] [stdout] 
[INFO] [stdout] 
[INFO] [stdout] warning: unused imports: `ErrorKind`, `IResult`, `InputIter`, `InputTakeAtPosition`, `InputTake`, `ParseError`, `ToUsize`
[INFO] [stdout]  --> rhas/src/parser.rs:1:19
[INFO] [stdout]   |
[INFO] [stdout] 1 | use nom::{error::{ParseError, ErrorKind}, InputTakeAtPosition, IResult, InputIter, InputTake, ToUsize};
[INFO] [stdout]   |                   ^^^^^^^^^^  ^^^^^^^^^   ^^^^^^^^^^^^^^^^^^^  ^^^^^^^  ^^^^^^^^^  ^^^^^^^^^  ^^^^^^^
[INFO] [stdout]   |
[INFO] [stdout]   = note: `#[warn(unused_imports)]` on by default
[INFO] [stdout] 
[INFO] [stdout] 
[INFO] [stdout] warning: unused import: `nom::Err`
[INFO] [stdout]  --> rhas/src/parser.rs:3:5
[INFO] [stdout]   |
[INFO] [stdout] 3 | use nom::Err;
[INFO] [stdout]   |     ^^^^^^^^
[INFO] [stdout] 
[INFO] [stdout] 
[INFO] [stdout] warning: unused import: `crate::matches`
[INFO] [stdout]  --> rhas/src/parser.rs:5:5
[INFO] [stdout]   |
[INFO] [stdout] 5 | use crate::matches;
[INFO] [stdout]   |     ^^^^^^^^^^^^^^
[INFO] [stdout] 
[INFO] [stdout] 
[INFO] [stdout] warning: unused imports: `anychar`, `fold_many0`, `is_a`, `is_alphabetic`, `is_digit`, `pair`, `separated_list1`
[INFO] [stdout]  --> rhas/src/matches.rs:2:106
[INFO] [stdout]   |
[INFO] [stdout] 2 | ...g, is_a}, branch::alt, character::{complete::{char, anychar, one_of}, is_digit, is_alphabetic}, multi::{fold_many0, separated_list0, separated_list1, many0}, sequence::{pair, d...
[INFO] [stdout]   |       ^^^^                                             ^^^^^^^           ^^^^^^^^  ^^^^^^^^^^^^^           ^^^^^^^^^^                   ^^^^^^^^^^^^^^^                     ^^^^
[INFO] [stdout] 
[INFO] [stdout] 
[INFO] [stdout] warning: unused import: `std::vec`
[INFO] [stdout]    --> rhas/src/matches.rs:125:9
[INFO] [stdout]     |
[INFO] [stdout] 125 |     use std::vec;
[INFO] [stdout]     |         ^^^^^^^^
[INFO] [stdout] 
[INFO] [stdout] 
[INFO] [stdout] warning: unused import: `parser::*`
[INFO] [stdout]    --> rhas/src/matches.rs:127:17
[INFO] [stdout]     |
[INFO] [stdout] 127 |     use crate::{parser::*, matches::*};
[INFO] [stdout]     |                 ^^^^^^^^^
[INFO] [stdout] 
[INFO] [stdout] 
[INFO] [stdout] warning: unused variable: `name`
[INFO] [stdout]   --> rhas/src/matches.rs:58:9
[INFO] [stdout]    |
[INFO] [stdout] 58 |     let name = alt((
[INFO] [stdout]    |         ^^^^ help: if this is intentional, prefix it with an underscore: `_name`
[INFO] [stdout]    |
[INFO] [stdout]    = note: `#[warn(unused_variables)]` on by default
[INFO] [stdout] 
[INFO] [stdout] 
[INFO] [stdout] warning: 7 warnings emitted
[INFO] [stdout] 
[INFO] [stdout] 
[INFO] [stderr]     Finished test [unoptimized + debuginfo] target(s) in 0.76s
[INFO] running `Command { std: "docker" "inspect" "8328b6bc3f726a98c7dab4541602c1910a11cc1242964d0bea8b4693b150bbde", kill_on_drop: false }`
[INFO] running `Command { std: "docker" "rm" "-f" "8328b6bc3f726a98c7dab4541602c1910a11cc1242964d0bea8b4693b150bbde", kill_on_drop: false }`
[INFO] [stdout] 8328b6bc3f726a98c7dab4541602c1910a11cc1242964d0bea8b4693b150bbde
[INFO] running `Command { std: "docker" "create" "-v" "/var/lib/crater-agent-workspace/builds/worker-0-tc1/target:/opt/rustwide/target:rw,Z" "-v" "/var/lib/crater-agent-workspace/builds/worker-0-tc1/source:/opt/rustwide/workdir:ro,Z" "-v" "/var/lib/crater-agent-workspace/cargo-home:/opt/rustwide/cargo-home:ro,Z" "-v" "/var/lib/crater-agent-workspace/rustup-home:/opt/rustwide/rustup-home:ro,Z" "-e" "SOURCE_DIR=/opt/rustwide/workdir" "-e" "CARGO_TARGET_DIR=/opt/rustwide/target" "-e" "CARGO_INCREMENTAL=0" "-e" "RUST_BACKTRACE=full" "-e" "RUSTFLAGS=--cap-lints=warn" "-e" "RUSTDOCFLAGS=--cap-lints=warn" "-e" "CARGO_HOME=/opt/rustwide/cargo-home" "-e" "RUSTUP_HOME=/opt/rustwide/rustup-home" "-w" "/opt/rustwide/workdir" "-m" "1610612736" "--user" "0:0" "--network" "none" "ghcr.io/rust-lang/crates-build-env/linux@sha256:2788e3201cd34a07e3172128adcd8b3090168a8e3bcc40d7c032b9dda1df7d1c" "/opt/rustwide/cargo-home/bin/cargo" "+1.75.0" "test" "--frozen", kill_on_drop: false }`
[INFO] [stdout] 40f04f9becd2f25014bce7d6b2f7c98ae6384b5850fe387319b18ad214676593
[INFO] running `Command { std: "docker" "start" "-a" "40f04f9becd2f25014bce7d6b2f7c98ae6384b5850fe387319b18ad214676593", kill_on_drop: false }`
[INFO] [stderr] warning: virtual workspace defaulting to `resolver = "1"` despite one or more workspace members being on edition 2021 which implies `resolver = "2"`
[INFO] [stderr] note: to keep the current resolver, specify `workspace.resolver = "1"` in the workspace root's manifest
[INFO] [stderr] note: to use the edition 2021 resolver, specify `workspace.resolver = "2"` in the workspace root's manifest
[INFO] [stderr] note: for more details see https://doc.rust-lang.org/cargo/reference/resolver.html#resolver-versions
[INFO] [stderr] warning: unused imports: `ErrorKind`, `IResult`, `InputIter`, `InputTakeAtPosition`, `InputTake`, `ParseError`, `ToUsize`
[INFO] [stderr]  --> rhas/src/parser.rs:1:19
[INFO] [stderr]   |
[INFO] [stderr] 1 | use nom::{error::{ParseError, ErrorKind}, InputTakeAtPosition, IResult, InputIter, InputTake, ToUsize};
[INFO] [stderr]   |                   ^^^^^^^^^^  ^^^^^^^^^   ^^^^^^^^^^^^^^^^^^^  ^^^^^^^  ^^^^^^^^^  ^^^^^^^^^  ^^^^^^^
[INFO] [stderr]   |
[INFO] [stderr]   = note: `#[warn(unused_imports)]` on by default
[INFO] [stderr] 
[INFO] [stderr] warning: unused import: `nom::Err`
[INFO] [stderr]  --> rhas/src/parser.rs:3:5
[INFO] [stderr]   |
[INFO] [stderr] 3 | use nom::Err;
[INFO] [stderr]   |     ^^^^^^^^
[INFO] [stderr] 
[INFO] [stderr] warning: unused import: `crate::matches`
[INFO] [stderr]  --> rhas/src/parser.rs:5:5
[INFO] [stderr]   |
[INFO] [stderr] 5 | use crate::matches;
[INFO] [stderr]   |     ^^^^^^^^^^^^^^
[INFO] [stderr] 
[INFO] [stderr] warning: unused imports: `anychar`, `fold_many0`, `is_a`, `is_alphabetic`, `is_digit`, `pair`, `separated_list1`
[INFO] [stderr]  --> rhas/src/matches.rs:2:106
[INFO] [stderr]   |
[INFO] [stderr] 2 | ...g, is_a}, branch::alt, character::{complete::{char, anychar, one_of}, is_digit, is_alphabetic}, multi::{fold_many0, separated_list0, separated_list1, many0}, sequence::{pair, d...
[INFO] [stderr]   |       ^^^^                                             ^^^^^^^           ^^^^^^^^  ^^^^^^^^^^^^^           ^^^^^^^^^^                   ^^^^^^^^^^^^^^^                     ^^^^
[INFO] [stderr] 
[INFO] [stderr] warning: unused variable: `name`
[INFO] [stderr]   --> rhas/src/matches.rs:58:9
[INFO] [stderr]    |
[INFO] [stderr] 58 |     let name = alt((
[INFO] [stderr]    |         ^^^^ help: if this is intentional, prefix it with an underscore: `_name`
[INFO] [stderr]    |
[INFO] [stderr]    = note: `#[warn(unused_variables)]` on by default
[INFO] [stderr] 
[INFO] [stderr] warning: unused import: `std::vec`
[INFO] [stderr]    --> rhas/src/matches.rs:125:9
[INFO] [stderr]     |
[INFO] [stderr] 125 |     use std::vec;
[INFO] [stderr]     |         ^^^^^^^^
[INFO] [stderr] 
[INFO] [stderr] warning: unused import: `parser::*`
[INFO] [stderr]    --> rhas/src/matches.rs:127:17
[INFO] [stderr]     |
[INFO] [stderr] 127 |     use crate::{parser::*, matches::*};
[INFO] [stderr]     |                 ^^^^^^^^^
[INFO] [stderr] 
[INFO] [stderr] warning: `rhas` (lib) generated 5 warnings (run `cargo fix --lib -p rhas` to apply 5 suggestions)
[INFO] [stderr] warning: `rhas` (lib test) generated 7 warnings (5 duplicates) (run `cargo fix --lib -p rhas --tests` to apply 2 suggestions)
[INFO] [stderr]     Finished test [unoptimized + debuginfo] target(s) in 0.02s
[INFO] [stderr]      Running unittests src/main.rs (/opt/rustwide/target/debug/deps/cli-0cbb7cf1d40e5b32)
[INFO] [stdout] 
[INFO] [stdout] running 0 tests
[INFO] [stdout] 
[INFO] [stdout] test result: ok. 0 passed; 0 failed; 0 ignored; 0 measured; 0 filtered out; finished in 0.00s
[INFO] [stdout] 
[INFO] [stderr]      Running unittests src/lib.rs (/opt/rustwide/target/debug/deps/rhas-92b5dfaa80a8b165)
[INFO] [stdout] 
[INFO] [stdout] running 7 tests
[INFO] [stdout] test tokenizer::test ... ok
[INFO] [stdout] test tests::it_works ... ok
[INFO] [stdout] test matches::tests::test_list ... ok
[INFO] [stdout] test matches::tests::test_matrix ... ok
[INFO] [stdout] test matches::tests::test_number ... ok
[INFO] [stdout] test matches::tests::test_all ... ok
[INFO] [stdout] test matches::tests::test_function ... FAILED
[INFO] [stdout] 
[INFO] [stdout] failures:
[INFO] [stdout] 
[INFO] [stdout] ---- matches::tests::test_function stdout ----
[INFO] [stdout] Ok(("rest", Function("sin", [])))
[INFO] [stdout] thread 'matches::tests::test_function' panicked at rhas/src/matches.rs:139:9:
[INFO] [stdout] explicit panic
[INFO] [stdout] stack backtrace:
[INFO] [stdout]    0:     0x561b28f9228c - std::backtrace_rs::backtrace::libunwind::trace::ha637c64ce894333a
[INFO] [stdout]                                at /rustc/82e1608dfa6e0b5569232559e3d385fea5a93112/library/std/src/../../backtrace/src/backtrace/libunwind.rs:104:5
[INFO] [stdout]    1:     0x561b28f9228c - std::backtrace_rs::backtrace::trace_unsynchronized::h47f62dea28e0c88d
[INFO] [stdout]                                at /rustc/82e1608dfa6e0b5569232559e3d385fea5a93112/library/std/src/../../backtrace/src/backtrace/mod.rs:66:5
[INFO] [stdout]    2:     0x561b28f9228c - std::sys_common::backtrace::_print_fmt::h9eef0abe20ede486
[INFO] [stdout]                                at /rustc/82e1608dfa6e0b5569232559e3d385fea5a93112/library/std/src/sys_common/backtrace.rs:67:5
[INFO] [stdout]    3:     0x561b28f9228c - <std::sys_common::backtrace::_print::DisplayBacktrace as core::fmt::Display>::fmt::hed7f999df88cc644
[INFO] [stdout]                                at /rustc/82e1608dfa6e0b5569232559e3d385fea5a93112/library/std/src/sys_common/backtrace.rs:44:22
[INFO] [stdout]    4:     0x561b28fbd070 - core::fmt::rt::Argument::fmt::h1539a9308b8d058d
[INFO] [stdout]                                at /rustc/82e1608dfa6e0b5569232559e3d385fea5a93112/library/core/src/fmt/rt.rs:142:9
[INFO] [stdout]    5:     0x561b28fbd070 - core::fmt::write::h3a39390d8560d9c9
[INFO] [stdout]                                at /rustc/82e1608dfa6e0b5569232559e3d385fea5a93112/library/core/src/fmt/mod.rs:1120:17
[INFO] [stdout]    6:     0x561b28f8fc3f - std::io::Write::write_fmt::h040b369f3a0f9cbc
[INFO] [stdout]                                at /rustc/82e1608dfa6e0b5569232559e3d385fea5a93112/library/std/src/io/mod.rs:1762:15
[INFO] [stdout]    7:     0x561b28f92074 - std::sys_common::backtrace::_print::h894006fb5c6f3d45
[INFO] [stdout]                                at /rustc/82e1608dfa6e0b5569232559e3d385fea5a93112/library/std/src/sys_common/backtrace.rs:47:5
[INFO] [stdout]    8:     0x561b28f92074 - std::sys_common::backtrace::print::h23a2d212c6fff936
[INFO] [stdout]                                at /rustc/82e1608dfa6e0b5569232559e3d385fea5a93112/library/std/src/sys_common/backtrace.rs:34:9
[INFO] [stdout]    9:     0x561b28f93d37 - std::panicking::default_hook::{{closure}}::h8a1d2ee00185001a
[INFO] [stdout]   10:     0x561b28f93a23 - std::panicking::default_hook::h6038f2eba384e475
[INFO] [stdout]                                at /rustc/82e1608dfa6e0b5569232559e3d385fea5a93112/library/std/src/panicking.rs:289:9
[INFO] [stdout]   11:     0x561b28f61117 - <alloc::boxed::Box<F,A> as core::ops::function::Fn<Args>>::call::h0ad024c9bdc6d768
[INFO] [stdout]                                at /rustc/82e1608dfa6e0b5569232559e3d385fea5a93112/library/alloc/src/boxed.rs:2021:9
[INFO] [stdout]   12:     0x561b28f61117 - test::test_main::{{closure}}::h7500b54257359db6
[INFO] [stdout]                                at /rustc/82e1608dfa6e0b5569232559e3d385fea5a93112/library/test/src/lib.rs:138:21
[INFO] [stdout]   13:     0x561b28f94348 - <alloc::boxed::Box<F,A> as core::ops::function::Fn<Args>>::call::h1f8f335eaa9cfaee
[INFO] [stdout]                                at /rustc/82e1608dfa6e0b5569232559e3d385fea5a93112/library/alloc/src/boxed.rs:2021:9
[INFO] [stdout]   14:     0x561b28f94348 - std::panicking::rust_panic_with_hook::h2b5517d590cab22e
[INFO] [stdout]                                at /rustc/82e1608dfa6e0b5569232559e3d385fea5a93112/library/std/src/panicking.rs:783:13
[INFO] [stdout]   15:     0x561b28f9409e - std::panicking::begin_panic_handler::{{closure}}::h233112c06e0ef43e
[INFO] [stdout]                                at /rustc/82e1608dfa6e0b5569232559e3d385fea5a93112/library/std/src/panicking.rs:657:13
[INFO] [stdout]   16:     0x561b28f92756 - std::sys_common::backtrace::__rust_end_short_backtrace::h6e893f24d7ebbff8
[INFO] [stdout]                                at /rustc/82e1608dfa6e0b5569232559e3d385fea5a93112/library/std/src/sys_common/backtrace.rs:170:18
[INFO] [stdout]   17:     0x561b28f93e02 - rust_begin_unwind
[INFO] [stdout]                                at /rustc/82e1608dfa6e0b5569232559e3d385fea5a93112/library/std/src/panicking.rs:645:5
[INFO] [stdout]   18:     0x561b28f0fcf5 - core::panicking::panic_fmt::hbf0e066aabfa482c
[INFO] [stdout]                                at /rustc/82e1608dfa6e0b5569232559e3d385fea5a93112/library/core/src/panicking.rs:72:14
[INFO] [stdout]   19:     0x561b28f0fe9b - core::panicking::panic_display::h68e6012a1c287ca5
[INFO] [stdout]                                at /rustc/82e1608dfa6e0b5569232559e3d385fea5a93112/library/core/src/panicking.rs:178:5
[INFO] [stdout]   20:     0x561b28f0fe9b - core::panicking::panic_explicit::ha9e0beaf526bed55
[INFO] [stdout]                                at /rustc/82e1608dfa6e0b5569232559e3d385fea5a93112/library/core/src/panicking.rs:160:5
[INFO] [stdout]   21:     0x561b28f2d3ba - rhas::matches::tests::test_function::panic_cold_explicit::h8cf875f46fd7cf5d
[INFO] [stdout]                                at /rustc/82e1608dfa6e0b5569232559e3d385fea5a93112/library/core/src/panic.rs:87:13
[INFO] [stdout]   22:     0x561b28f2d38c - rhas::matches::tests::test_function::h4bebc38df3ae2c9e
[INFO] [stdout]                                at /opt/rustwide/workdir/rhas/src/matches.rs:139:9
[INFO] [stdout]   23:     0x561b28f2d287 - rhas::matches::tests::test_function::{{closure}}::h47bc2fcd15e8c7b5
[INFO] [stdout]                                at /opt/rustwide/workdir/rhas/src/matches.rs:135:23
[INFO] [stdout]   24:     0x561b28f211c6 - core::ops::function::FnOnce::call_once::h1aded7d9b95d13bd
[INFO] [stdout]                                at /rustc/82e1608dfa6e0b5569232559e3d385fea5a93112/library/core/src/ops/function.rs:250:5
[INFO] [stdout]   25:     0x561b28f6676f - core::ops::function::FnOnce::call_once::h2b5d431d5046312d
[INFO] [stdout]                                at /rustc/82e1608dfa6e0b5569232559e3d385fea5a93112/library/core/src/ops/function.rs:250:5
[INFO] [stdout]   26:     0x561b28f6676f - test::__rust_begin_short_backtrace::h7714669af176e207
[INFO] [stdout]                                at /rustc/82e1608dfa6e0b5569232559e3d385fea5a93112/library/test/src/lib.rs:628:18
[INFO] [stdout]   27:     0x561b28f65785 - test::run_test_in_process::{{closure}}::h85218797dcbcec12
[INFO] [stdout]                                at /rustc/82e1608dfa6e0b5569232559e3d385fea5a93112/library/test/src/lib.rs:651:60
[INFO] [stdout]   28:     0x561b28f65785 - <core::panic::unwind_safe::AssertUnwindSafe<F> as core::ops::function::FnOnce<()>>::call_once::h76c106ea31c14d7b
[INFO] [stdout]                                at /rustc/82e1608dfa6e0b5569232559e3d385fea5a93112/library/core/src/panic/unwind_safe.rs:272:9
[INFO] [stdout]   29:     0x561b28f65785 - std::panicking::try::do_call::h3bd5d0f6620ee946
[INFO] [stdout]                                at /rustc/82e1608dfa6e0b5569232559e3d385fea5a93112/library/std/src/panicking.rs:552:40
[INFO] [stdout]   30:     0x561b28f65785 - std::panicking::try::h232e535e4744fe31
[INFO] [stdout]                                at /rustc/82e1608dfa6e0b5569232559e3d385fea5a93112/library/std/src/panicking.rs:516:19
[INFO] [stdout]   31:     0x561b28f65785 - std::panic::catch_unwind::h3ce3bd6ca8dbac68
[INFO] [stdout]                                at /rustc/82e1608dfa6e0b5569232559e3d385fea5a93112/library/std/src/panic.rs:142:14
[INFO] [stdout]   32:     0x561b28f65785 - test::run_test_in_process::hc97b257c9621286a
[INFO] [stdout]                                at /rustc/82e1608dfa6e0b5569232559e3d385fea5a93112/library/test/src/lib.rs:651:27
[INFO] [stdout]   33:     0x561b28f65785 - test::run_test::{{closure}}::h2aa798823a438d38
[INFO] [stdout]                                at /rustc/82e1608dfa6e0b5569232559e3d385fea5a93112/library/test/src/lib.rs:574:43
[INFO] [stdout]   34:     0x561b28f2da46 - test::run_test::{{closure}}::h87d231c78fb59832
[INFO] [stdout]                                at /rustc/82e1608dfa6e0b5569232559e3d385fea5a93112/library/test/src/lib.rs:602:41
[INFO] [stdout]   35:     0x561b28f2da46 - std::sys_common::backtrace::__rust_begin_short_backtrace::he6df152596625789
[INFO] [stdout]                                at /rustc/82e1608dfa6e0b5569232559e3d385fea5a93112/library/std/src/sys_common/backtrace.rs:154:18
[INFO] [stdout]   36:     0x561b28f32af7 - std::thread::Builder::spawn_unchecked_::{{closure}}::{{closure}}::ha94be15d1e0acf36
[INFO] [stdout]                                at /rustc/82e1608dfa6e0b5569232559e3d385fea5a93112/library/std/src/thread/mod.rs:529:17
[INFO] [stdout]   37:     0x561b28f32af7 - <core::panic::unwind_safe::AssertUnwindSafe<F> as core::ops::function::FnOnce<()>>::call_once::h9dc6bd6372f16606
[INFO] [stdout]                                at /rustc/82e1608dfa6e0b5569232559e3d385fea5a93112/library/core/src/panic/unwind_safe.rs:272:9
[INFO] [stdout]   38:     0x561b28f32af7 - std::panicking::try::do_call::h9057517f80303cd4
[INFO] [stdout]                                at /rustc/82e1608dfa6e0b5569232559e3d385fea5a93112/library/std/src/panicking.rs:552:40
[INFO] [stdout]   39:     0x561b28f32af7 - std::panicking::try::he3a30b11ee45340c
[INFO] [stdout]                                at /rustc/82e1608dfa6e0b5569232559e3d385fea5a93112/library/std/src/panicking.rs:516:19
[INFO] [stdout]   40:     0x561b28f32af7 - std::panic::catch_unwind::h410458cfd3528b8b
[INFO] [stdout]                                at /rustc/82e1608dfa6e0b5569232559e3d385fea5a93112/library/std/src/panic.rs:142:14
[INFO] [stdout]   41:     0x561b28f32af7 - std::thread::Builder::spawn_unchecked_::{{closure}}::h72ac3bdb567b737b
[INFO] [stdout]                                at /rustc/82e1608dfa6e0b5569232559e3d385fea5a93112/library/std/src/thread/mod.rs:528:30
[INFO] [stdout]   42:     0x561b28f32af7 - core::ops::function::FnOnce::call_once{{vtable.shim}}::h38f34da3654a8344
[INFO] [stdout]                                at /rustc/82e1608dfa6e0b5569232559e3d385fea5a93112/library/core/src/ops/function.rs:250:5
[INFO] [stdout]   43:     0x561b28f98dd5 - <alloc::boxed::Box<F,A> as core::ops::function::FnOnce<Args>>::call_once::hc7eafaff61e32df9
[INFO] [stdout]                                at /rustc/82e1608dfa6e0b5569232559e3d385fea5a93112/library/alloc/src/boxed.rs:2007:9
[INFO] [stdout]   44:     0x561b28f98dd5 - <alloc::boxed::Box<F,A> as core::ops::function::FnOnce<Args>>::call_once::h6ba4a5de48dd2304
[INFO] [stdout]                                at /rustc/82e1608dfa6e0b5569232559e3d385fea5a93112/library/alloc/src/boxed.rs:2007:9
[INFO] [stdout]   45:     0x561b28f98dd5 - std::sys::unix::thread::Thread::new::thread_start::he469335aef763e45
[INFO] [stdout]                                at /rustc/82e1608dfa6e0b5569232559e3d385fea5a93112/library/std/src/sys/unix/thread.rs:108:17
[INFO] [stdout]   46:     0x7fcbc177bac3 - <unknown>
[INFO] [stdout]   47:     0x7fcbc180cbf4 - __clone
[INFO] [stdout]   48:                0x0 - <unknown>
[INFO] [stdout] 
[INFO] [stdout] 
[INFO] [stdout] failures:
[INFO] [stdout]     matches::tests::test_function
[INFO] [stdout] 
[INFO] [stdout] test result: FAILED. 6 passed; 1 failed; 0 ignored; 0 measured; 0 filtered out; finished in 0.04s
[INFO] [stdout] 
[INFO] [stderr] error: test failed, to rerun pass `-p rhas --lib`
[INFO] running `Command { std: "docker" "inspect" "40f04f9becd2f25014bce7d6b2f7c98ae6384b5850fe387319b18ad214676593", kill_on_drop: false }`
[INFO] running `Command { std: "docker" "rm" "-f" "40f04f9becd2f25014bce7d6b2f7c98ae6384b5850fe387319b18ad214676593", kill_on_drop: false }`
[INFO] [stdout] 40f04f9becd2f25014bce7d6b2f7c98ae6384b5850fe387319b18ad214676593
[INFO] testing snowfoxsh/rhas against beta-2023-12-22 for beta-1.76-1
[INFO] running `Command { std: "git" "clone" "/workspace/cache/git-repos/https%3A%2F%2Fgithub.com%2Fsnowfoxsh%2Frhas" "/workspace/builds/worker-0-tc2/source", kill_on_drop: false }`
[INFO] [stderr] Cloning into '/workspace/builds/worker-0-tc2/source'...
[INFO] [stderr] done.
[INFO] validating manifest of git repo https://github.com/snowfoxsh/rhas on toolchain beta-2023-12-22
[INFO] running `Command { std: CARGO_HOME="/workspace/cargo-home" RUSTUP_HOME="/workspace/rustup-home" "/workspace/cargo-home/bin/cargo" "+beta-2023-12-22" "metadata" "--manifest-path" "Cargo.toml" "--no-deps", kill_on_drop: false }`
[INFO] started tweaking git repo https://github.com/snowfoxsh/rhas
[INFO] finished tweaking git repo https://github.com/snowfoxsh/rhas
[INFO] tweaked toml for git repo https://github.com/snowfoxsh/rhas written to /workspace/builds/worker-0-tc2/source/Cargo.toml
[INFO] crate git repo https://github.com/snowfoxsh/rhas already has a lockfile, it will not be regenerated
[INFO] running `Command { std: CARGO_HOME="/workspace/cargo-home" RUSTUP_HOME="/workspace/rustup-home" "/workspace/cargo-home/bin/cargo" "+beta-2023-12-22" "fetch" "--manifest-path" "Cargo.toml", kill_on_drop: false }`
[INFO] [stderr] warning: virtual workspace defaulting to `resolver = "1"` despite one or more workspace members being on edition 2021 which implies `resolver = "2"`
[INFO] [stderr] note: to keep the current resolver, specify `workspace.resolver = "1"` in the workspace root's manifest
[INFO] [stderr] note: to use the edition 2021 resolver, specify `workspace.resolver = "2"` in the workspace root's manifest
[INFO] [stderr] note: for more details see https://doc.rust-lang.org/cargo/reference/resolver.html#resolver-versions
[INFO] running `Command { std: "docker" "create" "-v" "/var/lib/crater-agent-workspace/builds/worker-0-tc2/target:/opt/rustwide/target:rw,Z" "-v" "/var/lib/crater-agent-workspace/builds/worker-0-tc2/source:/opt/rustwide/workdir:ro,Z" "-v" "/var/lib/crater-agent-workspace/cargo-home:/opt/rustwide/cargo-home:ro,Z" "-v" "/var/lib/crater-agent-workspace/rustup-home:/opt/rustwide/rustup-home:ro,Z" "-e" "SOURCE_DIR=/opt/rustwide/workdir" "-e" "CARGO_TARGET_DIR=/opt/rustwide/target" "-e" "CARGO_HOME=/opt/rustwide/cargo-home" "-e" "RUSTUP_HOME=/opt/rustwide/rustup-home" "-w" "/opt/rustwide/workdir" "-m" "1610612736" "--user" "0:0" "--network" "none" "ghcr.io/rust-lang/crates-build-env/linux@sha256:2788e3201cd34a07e3172128adcd8b3090168a8e3bcc40d7c032b9dda1df7d1c" "/opt/rustwide/cargo-home/bin/cargo" "+beta-2023-12-22" "metadata" "--no-deps" "--format-version=1", kill_on_drop: false }`
[INFO] [stdout] 4543d84cb0a280b999ecc458f56f4ec2598e5f6d9f70164262ee7bb4b2dc0033
[INFO] running `Command { std: "docker" "start" "-a" "4543d84cb0a280b999ecc458f56f4ec2598e5f6d9f70164262ee7bb4b2dc0033", kill_on_drop: false }`
[INFO] running `Command { std: "docker" "inspect" "4543d84cb0a280b999ecc458f56f4ec2598e5f6d9f70164262ee7bb4b2dc0033", kill_on_drop: false }`
[INFO] running `Command { std: "docker" "rm" "-f" "4543d84cb0a280b999ecc458f56f4ec2598e5f6d9f70164262ee7bb4b2dc0033", kill_on_drop: false }`
[INFO] [stdout] 4543d84cb0a280b999ecc458f56f4ec2598e5f6d9f70164262ee7bb4b2dc0033
[INFO] running `Command { std: "docker" "create" "-v" "/var/lib/crater-agent-workspace/builds/worker-0-tc2/target:/opt/rustwide/target:rw,Z" "-v" "/var/lib/crater-agent-workspace/builds/worker-0-tc2/source:/opt/rustwide/workdir:ro,Z" "-v" "/var/lib/crater-agent-workspace/cargo-home:/opt/rustwide/cargo-home:ro,Z" "-v" "/var/lib/crater-agent-workspace/rustup-home:/opt/rustwide/rustup-home:ro,Z" "-e" "SOURCE_DIR=/opt/rustwide/workdir" "-e" "CARGO_TARGET_DIR=/opt/rustwide/target" "-e" "CARGO_INCREMENTAL=0" "-e" "RUST_BACKTRACE=full" "-e" "RUSTFLAGS=--cap-lints=warn" "-e" "RUSTDOCFLAGS=--cap-lints=warn" "-e" "CARGO_HOME=/opt/rustwide/cargo-home" "-e" "RUSTUP_HOME=/opt/rustwide/rustup-home" "-w" "/opt/rustwide/workdir" "-m" "1610612736" "--user" "0:0" "--network" "none" "ghcr.io/rust-lang/crates-build-env/linux@sha256:2788e3201cd34a07e3172128adcd8b3090168a8e3bcc40d7c032b9dda1df7d1c" "/opt/rustwide/cargo-home/bin/cargo" "+beta-2023-12-22" "build" "--frozen" "--message-format=json", kill_on_drop: false }`
[INFO] [stdout] 23f5561d7bc0d44458eec147caa72f5d545ad473ef661343ea36cf51be2625b9
[INFO] running `Command { std: "docker" "start" "-a" "23f5561d7bc0d44458eec147caa72f5d545ad473ef661343ea36cf51be2625b9", kill_on_drop: false }`
[INFO] [stderr] warning: virtual workspace defaulting to `resolver = "1"` despite one or more workspace members being on edition 2021 which implies `resolver = "2"`
[INFO] [stderr] note: to keep the current resolver, specify `workspace.resolver = "1"` in the workspace root's manifest
[INFO] [stderr] note: to use the edition 2021 resolver, specify `workspace.resolver = "2"` in the workspace root's manifest
[INFO] [stderr] note: for more details see https://doc.rust-lang.org/cargo/reference/resolver.html#resolver-versions
[INFO] [stderr]    Compiling memchr v2.5.0
[INFO] [stderr]    Compiling minimal-lexical v0.2.1
[INFO] [stderr]    Compiling nom v7.1.1
[INFO] [stderr]    Compiling rhas v0.1.0 (/opt/rustwide/workdir/rhas)
[INFO] [stdout] warning: unused imports: `ErrorKind`, `IResult`, `InputIter`, `InputTakeAtPosition`, `InputTake`, `ParseError`, `ToUsize`
[INFO] [stdout]  --> rhas/src/parser.rs:1:19
[INFO] [stdout]   |
[INFO] [stdout] 1 | use nom::{error::{ParseError, ErrorKind}, InputTakeAtPosition, IResult, InputIter, InputTake, ToUsize};
[INFO] [stdout]   |                   ^^^^^^^^^^  ^^^^^^^^^   ^^^^^^^^^^^^^^^^^^^  ^^^^^^^  ^^^^^^^^^  ^^^^^^^^^  ^^^^^^^
[INFO] [stdout]   |
[INFO] [stdout]   = note: `#[warn(unused_imports)]` on by default
[INFO] [stdout] 
[INFO] [stdout] 
[INFO] [stdout] warning: unused import: `nom::Err`
[INFO] [stdout]  --> rhas/src/parser.rs:3:5
[INFO] [stdout]   |
[INFO] [stdout] 3 | use nom::Err;
[INFO] [stdout]   |     ^^^^^^^^
[INFO] [stdout] 
[INFO] [stdout] 
[INFO] [stdout] warning: unused import: `crate::matches`
[INFO] [stdout]  --> rhas/src/parser.rs:5:5
[INFO] [stdout]   |
[INFO] [stdout] 5 | use crate::matches;
[INFO] [stdout]   |     ^^^^^^^^^^^^^^
[INFO] [stdout] 
[INFO] [stdout] 
[INFO] [stdout] warning: unused imports: `anychar`, `fold_many0`, `is_a`, `is_alphabetic`, `is_digit`, `pair`, `separated_list1`
[INFO] [stdout]  --> rhas/src/matches.rs:2:106
[INFO] [stdout]   |
[INFO] [stdout] 2 | ...g, is_a}, branch::alt, character::{complete::{char, anychar, one_of}, is_digit, is_alphabetic}, multi::{fold_many0, separated_list0, separated_list1, many0}, sequence::{pair, d...
[INFO] [stdout]   |       ^^^^                                             ^^^^^^^           ^^^^^^^^  ^^^^^^^^^^^^^           ^^^^^^^^^^                   ^^^^^^^^^^^^^^^                     ^^^^
[INFO] [stdout] 
[INFO] [stdout] 
[INFO] [stdout] warning: unused variable: `name`
[INFO] [stdout]   --> rhas/src/matches.rs:58:9
[INFO] [stdout]    |
[INFO] [stdout] 58 |     let name = alt((
[INFO] [stdout]    |         ^^^^ help: if this is intentional, prefix it with an underscore: `_name`
[INFO] [stdout]    |
[INFO] [stdout]    = note: `#[warn(unused_variables)]` on by default
[INFO] [stdout] 
[INFO] [stdout] 
[INFO] [stdout] warning: 5 warnings emitted
[INFO] [stdout] 
[INFO] [stdout] 
[INFO] [stderr]    Compiling cli v0.1.0 (/opt/rustwide/workdir/cli)
[INFO] [stderr]     Finished dev [unoptimized + debuginfo] target(s) in 2.17s
[INFO] running `Command { std: "docker" "inspect" "23f5561d7bc0d44458eec147caa72f5d545ad473ef661343ea36cf51be2625b9", kill_on_drop: false }`
[INFO] running `Command { std: "docker" "rm" "-f" "23f5561d7bc0d44458eec147caa72f5d545ad473ef661343ea36cf51be2625b9", kill_on_drop: false }`
[INFO] [stdout] 23f5561d7bc0d44458eec147caa72f5d545ad473ef661343ea36cf51be2625b9
[INFO] running `Command { std: "docker" "create" "-v" "/var/lib/crater-agent-workspace/builds/worker-0-tc2/target:/opt/rustwide/target:rw,Z" "-v" "/var/lib/crater-agent-workspace/builds/worker-0-tc2/source:/opt/rustwide/workdir:ro,Z" "-v" "/var/lib/crater-agent-workspace/cargo-home:/opt/rustwide/cargo-home:ro,Z" "-v" "/var/lib/crater-agent-workspace/rustup-home:/opt/rustwide/rustup-home:ro,Z" "-e" "SOURCE_DIR=/opt/rustwide/workdir" "-e" "CARGO_TARGET_DIR=/opt/rustwide/target" "-e" "CARGO_INCREMENTAL=0" "-e" "RUST_BACKTRACE=full" "-e" "RUSTFLAGS=--cap-lints=warn" "-e" "RUSTDOCFLAGS=--cap-lints=warn" "-e" "CARGO_HOME=/opt/rustwide/cargo-home" "-e" "RUSTUP_HOME=/opt/rustwide/rustup-home" "-w" "/opt/rustwide/workdir" "-m" "1610612736" "--user" "0:0" "--network" "none" "ghcr.io/rust-lang/crates-build-env/linux@sha256:2788e3201cd34a07e3172128adcd8b3090168a8e3bcc40d7c032b9dda1df7d1c" "/opt/rustwide/cargo-home/bin/cargo" "+beta-2023-12-22" "test" "--frozen" "--no-run" "--message-format=json", kill_on_drop: false }`
[INFO] [stdout] eb7938bf4a6dfd7569aac0724f0cf8380ff2b96ce380f8c6cb32a4c3cae3a2b9
[INFO] running `Command { std: "docker" "start" "-a" "eb7938bf4a6dfd7569aac0724f0cf8380ff2b96ce380f8c6cb32a4c3cae3a2b9", kill_on_drop: false }`
[INFO] [stderr] warning: virtual workspace defaulting to `resolver = "1"` despite one or more workspace members being on edition 2021 which implies `resolver = "2"`
[INFO] [stderr] note: to keep the current resolver, specify `workspace.resolver = "1"` in the workspace root's manifest
[INFO] [stderr] note: to use the edition 2021 resolver, specify `workspace.resolver = "2"` in the workspace root's manifest
[INFO] [stderr] note: for more details see https://doc.rust-lang.org/cargo/reference/resolver.html#resolver-versions
[INFO] [stderr]    Compiling rhas v0.1.0 (/opt/rustwide/workdir/rhas)
[INFO] [stderr]    Compiling cli v0.1.0 (/opt/rustwide/workdir/cli)
[INFO] [stdout] warning: unused imports: `ErrorKind`, `IResult`, `InputIter`, `InputTakeAtPosition`, `InputTake`, `ParseError`, `ToUsize`
[INFO] [stdout]  --> rhas/src/parser.rs:1:19
[INFO] [stdout]   |
[INFO] [stdout] 1 | use nom::{error::{ParseError, ErrorKind}, InputTakeAtPosition, IResult, InputIter, InputTake, ToUsize};
[INFO] [stdout]   |                   ^^^^^^^^^^  ^^^^^^^^^   ^^^^^^^^^^^^^^^^^^^  ^^^^^^^  ^^^^^^^^^  ^^^^^^^^^  ^^^^^^^
[INFO] [stdout]   |
[INFO] [stdout]   = note: `#[warn(unused_imports)]` on by default
[INFO] [stdout] 
[INFO] [stdout] 
[INFO] [stdout] warning: unused import: `nom::Err`
[INFO] [stdout]  --> rhas/src/parser.rs:3:5
[INFO] [stdout]   |
[INFO] [stdout] 3 | use nom::Err;
[INFO] [stdout]   |     ^^^^^^^^
[INFO] [stdout] 
[INFO] [stdout] 
[INFO] [stdout] warning: unused import: `crate::matches`
[INFO] [stdout]  --> rhas/src/parser.rs:5:5
[INFO] [stdout]   |
[INFO] [stdout] 5 | use crate::matches;
[INFO] [stdout]   |     ^^^^^^^^^^^^^^
[INFO] [stdout] 
[INFO] [stdout] 
[INFO] [stdout] warning: unused imports: `anychar`, `fold_many0`, `is_a`, `is_alphabetic`, `is_digit`, `pair`, `separated_list1`
[INFO] [stdout]  --> rhas/src/matches.rs:2:106
[INFO] [stdout]   |
[INFO] [stdout] 2 | ...g, is_a}, branch::alt, character::{complete::{char, anychar, one_of}, is_digit, is_alphabetic}, multi::{fold_many0, separated_list0, separated_list1, many0}, sequence::{pair, d...
[INFO] [stdout]   |       ^^^^                                             ^^^^^^^           ^^^^^^^^  ^^^^^^^^^^^^^           ^^^^^^^^^^                   ^^^^^^^^^^^^^^^                     ^^^^
[INFO] [stdout] 
[INFO] [stdout] 
[INFO] [stdout] warning: unused variable: `name`
[INFO] [stdout]   --> rhas/src/matches.rs:58:9
[INFO] [stdout]    |
[INFO] [stdout] 58 |     let name = alt((
[INFO] [stdout]    |         ^^^^ help: if this is intentional, prefix it with an underscore: `_name`
[INFO] [stdout]    |
[INFO] [stdout]    = note: `#[warn(unused_variables)]` on by default
[INFO] [stdout] 
[INFO] [stdout] 
[INFO] [stdout] warning: 5 warnings emitted
[INFO] [stdout] 
[INFO] [stdout] 
[INFO] [stdout] warning: unused imports: `ErrorKind`, `IResult`, `InputIter`, `InputTakeAtPosition`, `InputTake`, `ParseError`, `ToUsize`
[INFO] [stdout]  --> rhas/src/parser.rs:1:19
[INFO] [stdout]   |
[INFO] [stdout] 1 | use nom::{error::{ParseError, ErrorKind}, InputTakeAtPosition, IResult, InputIter, InputTake, ToUsize};
[INFO] [stdout]   |                   ^^^^^^^^^^  ^^^^^^^^^   ^^^^^^^^^^^^^^^^^^^  ^^^^^^^  ^^^^^^^^^  ^^^^^^^^^  ^^^^^^^
[INFO] [stdout]   |
[INFO] [stdout]   = note: `#[warn(unused_imports)]` on by default
[INFO] [stdout] 
[INFO] [stdout] 
[INFO] [stdout] warning: unused import: `nom::Err`
[INFO] [stdout]  --> rhas/src/parser.rs:3:5
[INFO] [stdout]   |
[INFO] [stdout] 3 | use nom::Err;
[INFO] [stdout]   |     ^^^^^^^^
[INFO] [stdout] 
[INFO] [stdout] 
[INFO] [stdout] warning: unused import: `crate::matches`
[INFO] [stdout]  --> rhas/src/parser.rs:5:5
[INFO] [stdout]   |
[INFO] [stdout] 5 | use crate::matches;
[INFO] [stdout]   |     ^^^^^^^^^^^^^^
[INFO] [stdout] 
[INFO] [stdout] 
[INFO] [stdout] warning: unused imports: `anychar`, `fold_many0`, `is_a`, `is_alphabetic`, `is_digit`, `pair`, `separated_list1`
[INFO] [stdout]  --> rhas/src/matches.rs:2:106
[INFO] [stdout]   |
[INFO] [stdout] 2 | ...g, is_a}, branch::alt, character::{complete::{char, anychar, one_of}, is_digit, is_alphabetic}, multi::{fold_many0, separated_list0, separated_list1, many0}, sequence::{pair, d...
[INFO] [stdout]   |       ^^^^                                             ^^^^^^^           ^^^^^^^^  ^^^^^^^^^^^^^           ^^^^^^^^^^                   ^^^^^^^^^^^^^^^                     ^^^^
[INFO] [stdout] 
[INFO] [stdout] 
[INFO] [stdout] warning: unused import: `std::vec`
[INFO] [stdout]    --> rhas/src/matches.rs:125:9
[INFO] [stdout]     |
[INFO] [stdout] 125 |     use std::vec;
[INFO] [stdout]     |         ^^^^^^^^
[INFO] [stdout] 
[INFO] [stdout] 
[INFO] [stdout] warning: unused import: `parser::*`
[INFO] [stdout]    --> rhas/src/matches.rs:127:17
[INFO] [stdout]     |
[INFO] [stdout] 127 |     use crate::{parser::*, matches::*};
[INFO] [stdout]     |                 ^^^^^^^^^
[INFO] [stdout] 
[INFO] [stdout] 
[INFO] [stdout] warning: unused variable: `name`
[INFO] [stdout]   --> rhas/src/matches.rs:58:9
[INFO] [stdout]    |
[INFO] [stdout] 58 |     let name = alt((
[INFO] [stdout]    |         ^^^^ help: if this is intentional, prefix it with an underscore: `_name`
[INFO] [stdout]    |
[INFO] [stdout]    = note: `#[warn(unused_variables)]` on by default
[INFO] [stdout] 
[INFO] [stdout] 
[INFO] [stdout] warning: 7 warnings emitted
[INFO] [stdout] 
[INFO] [stdout] 
[INFO] [stderr]     Finished test [unoptimized + debuginfo] target(s) in 0.58s
[INFO] running `Command { std: "docker" "inspect" "eb7938bf4a6dfd7569aac0724f0cf8380ff2b96ce380f8c6cb32a4c3cae3a2b9", kill_on_drop: false }`
[INFO] running `Command { std: "docker" "rm" "-f" "eb7938bf4a6dfd7569aac0724f0cf8380ff2b96ce380f8c6cb32a4c3cae3a2b9", kill_on_drop: false }`
[INFO] [stdout] eb7938bf4a6dfd7569aac0724f0cf8380ff2b96ce380f8c6cb32a4c3cae3a2b9
[INFO] running `Command { std: "docker" "create" "-v" "/var/lib/crater-agent-workspace/builds/worker-0-tc2/target:/opt/rustwide/target:rw,Z" "-v" "/var/lib/crater-agent-workspace/builds/worker-0-tc2/source:/opt/rustwide/workdir:ro,Z" "-v" "/var/lib/crater-agent-workspace/cargo-home:/opt/rustwide/cargo-home:ro,Z" "-v" "/var/lib/crater-agent-workspace/rustup-home:/opt/rustwide/rustup-home:ro,Z" "-e" "SOURCE_DIR=/opt/rustwide/workdir" "-e" "CARGO_TARGET_DIR=/opt/rustwide/target" "-e" "CARGO_INCREMENTAL=0" "-e" "RUST_BACKTRACE=full" "-e" "RUSTFLAGS=--cap-lints=warn" "-e" "RUSTDOCFLAGS=--cap-lints=warn" "-e" "CARGO_HOME=/opt/rustwide/cargo-home" "-e" "RUSTUP_HOME=/opt/rustwide/rustup-home" "-w" "/opt/rustwide/workdir" "-m" "1610612736" "--user" "0:0" "--network" "none" "ghcr.io/rust-lang/crates-build-env/linux@sha256:2788e3201cd34a07e3172128adcd8b3090168a8e3bcc40d7c032b9dda1df7d1c" "/opt/rustwide/cargo-home/bin/cargo" "+beta-2023-12-22" "test" "--frozen", kill_on_drop: false }`
[INFO] [stdout] 995d0b841d8009a7a1186a32bf14532b26439143e60e18eede7dab5acb7794f6
[INFO] running `Command { std: "docker" "start" "-a" "995d0b841d8009a7a1186a32bf14532b26439143e60e18eede7dab5acb7794f6", kill_on_drop: false }`
[INFO] [stderr] warning: virtual workspace defaulting to `resolver = "1"` despite one or more workspace members being on edition 2021 which implies `resolver = "2"`
[INFO] [stderr] note: to keep the current resolver, specify `workspace.resolver = "1"` in the workspace root's manifest
[INFO] [stderr] note: to use the edition 2021 resolver, specify `workspace.resolver = "2"` in the workspace root's manifest
[INFO] [stderr] note: for more details see https://doc.rust-lang.org/cargo/reference/resolver.html#resolver-versions
[INFO] [stderr] warning: unused imports: `ErrorKind`, `IResult`, `InputIter`, `InputTakeAtPosition`, `InputTake`, `ParseError`, `ToUsize`
[INFO] [stderr]  --> rhas/src/parser.rs:1:19
[INFO] [stderr]   |
[INFO] [stderr] 1 | use nom::{error::{ParseError, ErrorKind}, InputTakeAtPosition, IResult, InputIter, InputTake, ToUsize};
[INFO] [stderr]   |                   ^^^^^^^^^^  ^^^^^^^^^   ^^^^^^^^^^^^^^^^^^^  ^^^^^^^  ^^^^^^^^^  ^^^^^^^^^  ^^^^^^^
[INFO] [stderr]   |
[INFO] [stderr]   = note: `#[warn(unused_imports)]` on by default
[INFO] [stderr] 
[INFO] [stderr] warning: unused import: `nom::Err`
[INFO] [stderr]  --> rhas/src/parser.rs:3:5
[INFO] [stderr]   |
[INFO] [stderr] 3 | use nom::Err;
[INFO] [stderr]   |     ^^^^^^^^
[INFO] [stderr] 
[INFO] [stderr] warning: unused import: `crate::matches`
[INFO] [stderr]  --> rhas/src/parser.rs:5:5
[INFO] [stderr]   |
[INFO] [stderr] 5 | use crate::matches;
[INFO] [stderr]   |     ^^^^^^^^^^^^^^
[INFO] [stderr] 
[INFO] [stderr] warning: unused imports: `anychar`, `fold_many0`, `is_a`, `is_alphabetic`, `is_digit`, `pair`, `separated_list1`
[INFO] [stderr]  --> rhas/src/matches.rs:2:106
[INFO] [stderr]   |
[INFO] [stderr] 2 | ...g, is_a}, branch::alt, character::{complete::{char, anychar, one_of}, is_digit, is_alphabetic}, multi::{fold_many0, separated_list0, separated_list1, many0}, sequence::{pair, d...
[INFO] [stderr]   |       ^^^^                                             ^^^^^^^           ^^^^^^^^  ^^^^^^^^^^^^^           ^^^^^^^^^^                   ^^^^^^^^^^^^^^^                     ^^^^
[INFO] [stderr] 
[INFO] [stderr] warning: unused variable: `name`
[INFO] [stderr]   --> rhas/src/matches.rs:58:9
[INFO] [stderr]    |
[INFO] [stderr] 58 |     let name = alt((
[INFO] [stderr]    |         ^^^^ help: if this is intentional, prefix it with an underscore: `_name`
[INFO] [stderr]    |
[INFO] [stderr]    = note: `#[warn(unused_variables)]` on by default
[INFO] [stderr] 
[INFO] [stderr] warning: unused import: `std::vec`
[INFO] [stderr]    --> rhas/src/matches.rs:125:9
[INFO] [stderr]     |
[INFO] [stderr] 125 |     use std::vec;
[INFO] [stderr]     |         ^^^^^^^^
[INFO] [stderr] 
[INFO] [stderr] warning: unused import: `parser::*`
[INFO] [stderr]    --> rhas/src/matches.rs:127:17
[INFO] [stderr]     |
[INFO] [stderr] 127 |     use crate::{parser::*, matches::*};
[INFO] [stderr]     |                 ^^^^^^^^^
[INFO] [stderr] 
[INFO] [stderr] warning: `rhas` (lib) generated 5 warnings (run `cargo fix --lib -p rhas` to apply 5 suggestions)
[INFO] [stderr] warning: `rhas` (lib test) generated 7 warnings (5 duplicates) (run `cargo fix --lib -p rhas --tests` to apply 2 suggestions)
[INFO] [stderr]     Finished test [unoptimized + debuginfo] target(s) in 0.01s
[INFO] [stderr]      Running unittests src/main.rs (/opt/rustwide/target/debug/deps/cli-9397a073bc205e2e)
[INFO] [stdout] 
[INFO] [stdout] running 0 tests
[INFO] [stdout] 
[INFO] [stdout] test result: ok. 0 passed; 0 failed; 0 ignored; 0 measured; 0 filtered out; finished in 0.00s
[INFO] [stdout] 
[INFO] [stderr]      Running unittests src/lib.rs (/opt/rustwide/target/debug/deps/rhas-12f7596da625c35e)
[INFO] [stdout] 
[INFO] [stdout] running 7 tests
[INFO] [stdout] test matches::tests::test_number ... ok
[INFO] [stdout] test matches::tests::test_list ... ok
[INFO] [stdout] test matches::tests::test_all ... ok
[INFO] [stdout] test matches::tests::test_matrix ... ok
[INFO] [stdout] test tests::it_works ... ok
[INFO] [stdout] test tokenizer::test ... ok
[INFO] [stdout] test matches::tests::test_function ... FAILED
[INFO] [stdout] 
[INFO] [stdout] failures:
[INFO] [stdout] 
[INFO] [stdout] ---- matches::tests::test_function stdout ----
[INFO] [stdout] Ok(("rest", Function("sin", [])))
[INFO] [stdout] thread 'matches::tests::test_function' panicked at rhas/src/matches.rs:139:9:
[INFO] [stdout] explicit panic
[INFO] [stdout] stack backtrace:
[INFO] [stdout]    0:     0x5639e15cbb56 - std::backtrace_rs::backtrace::libunwind::trace::h261606ad26a499c1
[INFO] [stdout]                                at /rustc/0e09125c6c3c2fd70d7de961bcf0e51575235fad/library/std/src/../../backtrace/src/backtrace/libunwind.rs:104:5
[INFO] [stdout]    1:     0x5639e15cbb56 - std::backtrace_rs::backtrace::trace_unsynchronized::hd183f0625477fb28
[INFO] [stdout]                                at /rustc/0e09125c6c3c2fd70d7de961bcf0e51575235fad/library/std/src/../../backtrace/src/backtrace/mod.rs:66:5
[INFO] [stdout]    2:     0x5639e15cbb56 - std::sys_common::backtrace::_print_fmt::hd7f8fef21b4eda67
[INFO] [stdout]                                at /rustc/0e09125c6c3c2fd70d7de961bcf0e51575235fad/library/std/src/sys_common/backtrace.rs:68:5
[INFO] [stdout]    3:     0x5639e15cbb56 - <std::sys_common::backtrace::_print::DisplayBacktrace as core::fmt::Display>::fmt::h623d9b51f2f453f1
[INFO] [stdout]                                at /rustc/0e09125c6c3c2fd70d7de961bcf0e51575235fad/library/std/src/sys_common/backtrace.rs:44:22
[INFO] [stdout]    4:     0x5639e15f5c30 - core::fmt::rt::Argument::fmt::h9f417ac76a86f368
[INFO] [stdout]                                at /rustc/0e09125c6c3c2fd70d7de961bcf0e51575235fad/library/core/src/fmt/rt.rs:142:9
[INFO] [stdout]    5:     0x5639e15f5c30 - core::fmt::write::hc9b6faf4ac2aeff7
[INFO] [stdout]                                at /rustc/0e09125c6c3c2fd70d7de961bcf0e51575235fad/library/core/src/fmt/mod.rs:1120:17
[INFO] [stdout]    6:     0x5639e15c95bf - std::io::Write::write_fmt::he04625a3a989fec3
[INFO] [stdout]                                at /rustc/0e09125c6c3c2fd70d7de961bcf0e51575235fad/library/std/src/io/mod.rs:1810:15
[INFO] [stdout]    7:     0x5639e15cb934 - std::sys_common::backtrace::_print::hd5d66399c7df88a2
[INFO] [stdout]                                at /rustc/0e09125c6c3c2fd70d7de961bcf0e51575235fad/library/std/src/sys_common/backtrace.rs:47:5
[INFO] [stdout]    8:     0x5639e15cb934 - std::sys_common::backtrace::print::he81ed2da642d37e5
[INFO] [stdout]                                at /rustc/0e09125c6c3c2fd70d7de961bcf0e51575235fad/library/std/src/sys_common/backtrace.rs:34:9
[INFO] [stdout]    9:     0x5639e15cd6a7 - std::panicking::default_hook::{{closure}}::h85773f4fa117163d
[INFO] [stdout]   10:     0x5639e15cd38d - std::panicking::default_hook::h6a1694a91d09b278
[INFO] [stdout]                                at /rustc/0e09125c6c3c2fd70d7de961bcf0e51575235fad/library/std/src/panicking.rs:289:9
[INFO] [stdout]   11:     0x5639e159a287 - <alloc::boxed::Box<F,A> as core::ops::function::Fn<Args>>::call::h616ac37fa3cd6c8f
[INFO] [stdout]                                at /rustc/0e09125c6c3c2fd70d7de961bcf0e51575235fad/library/alloc/src/boxed.rs:2029:9
[INFO] [stdout]   12:     0x5639e159a287 - test::test_main::{{closure}}::h00d84697cefdcbb6
[INFO] [stdout]                                at /rustc/0e09125c6c3c2fd70d7de961bcf0e51575235fad/library/test/src/lib.rs:138:21
[INFO] [stdout]   13:     0x5639e15cdcc6 - <alloc::boxed::Box<F,A> as core::ops::function::Fn<Args>>::call::hcb3fe3b9bb537ba8
[INFO] [stdout]                                at /rustc/0e09125c6c3c2fd70d7de961bcf0e51575235fad/library/alloc/src/boxed.rs:2029:9
[INFO] [stdout]   14:     0x5639e15cdcc6 - std::panicking::rust_panic_with_hook::h0a7ad96e90f7145b
[INFO] [stdout]                                at /rustc/0e09125c6c3c2fd70d7de961bcf0e51575235fad/library/std/src/panicking.rs:783:13
[INFO] [stdout]   15:     0x5639e15cda12 - std::panicking::begin_panic_handler::{{closure}}::h7919090525c6485e
[INFO] [stdout]                                at /rustc/0e09125c6c3c2fd70d7de961bcf0e51575235fad/library/std/src/panicking.rs:657:13
[INFO] [stdout]   16:     0x5639e15cc056 - std::sys_common::backtrace::__rust_end_short_backtrace::hf3289479464f7dfe
[INFO] [stdout]                                at /rustc/0e09125c6c3c2fd70d7de961bcf0e51575235fad/library/std/src/sys_common/backtrace.rs:171:18
[INFO] [stdout]   17:     0x5639e15cd770 - rust_begin_unwind
[INFO] [stdout]                                at /rustc/0e09125c6c3c2fd70d7de961bcf0e51575235fad/library/std/src/panicking.rs:645:5
[INFO] [stdout]   18:     0x5639e1547cd5 - core::panicking::panic_fmt::hcc9f77c5c132af55
[INFO] [stdout]                                at /rustc/0e09125c6c3c2fd70d7de961bcf0e51575235fad/library/core/src/panicking.rs:72:14
[INFO] [stdout]   19:     0x5639e1547e9b - core::panicking::panic_display::h0204da5f51c86759
[INFO] [stdout]                                at /rustc/0e09125c6c3c2fd70d7de961bcf0e51575235fad/library/core/src/panicking.rs:196:5
[INFO] [stdout]   20:     0x5639e1547e9b - core::panicking::panic_explicit::h7e5d26b5aacee9ac
[INFO] [stdout]                                at /rustc/0e09125c6c3c2fd70d7de961bcf0e51575235fad/library/core/src/panicking.rs:179:5
[INFO] [stdout]   21:     0x5639e156558a - rhas::matches::tests::test_function::panic_cold_explicit::he0a2fb8fd0a009da
[INFO] [stdout]                                at /rustc/0e09125c6c3c2fd70d7de961bcf0e51575235fad/library/core/src/panic.rs:87:13
[INFO] [stdout]   22:     0x5639e1565567 - rhas::matches::tests::test_function::hfa8c341250b1854e
[INFO] [stdout]                                at /opt/rustwide/workdir/rhas/src/matches.rs:139:9
[INFO] [stdout]   23:     0x5639e1565467 - rhas::matches::tests::test_function::{{closure}}::hd71c82467b0c8f95
[INFO] [stdout]                                at /opt/rustwide/workdir/rhas/src/matches.rs:135:23
[INFO] [stdout]   24:     0x5639e15621f6 - core::ops::function::FnOnce::call_once::h4e4b5297a9640914
[INFO] [stdout]                                at /rustc/0e09125c6c3c2fd70d7de961bcf0e51575235fad/library/core/src/ops/function.rs:250:5
[INFO] [stdout]   25:     0x5639e159fb5f - core::ops::function::FnOnce::call_once::hd64d26f405258157
[INFO] [stdout]                                at /rustc/0e09125c6c3c2fd70d7de961bcf0e51575235fad/library/core/src/ops/function.rs:250:5
[INFO] [stdout]   26:     0x5639e159fb5f - test::__rust_begin_short_backtrace::he21b0b7a6d731bf9
[INFO] [stdout]                                at /rustc/0e09125c6c3c2fd70d7de961bcf0e51575235fad/library/test/src/lib.rs:627:18
[INFO] [stdout]   27:     0x5639e159e8e1 - test::run_test_in_process::{{closure}}::hf5c73986d7bdfde2
[INFO] [stdout]                                at /rustc/0e09125c6c3c2fd70d7de961bcf0e51575235fad/library/test/src/lib.rs:650:60
[INFO] [stdout]   28:     0x5639e159e8e1 - <core::panic::unwind_safe::AssertUnwindSafe<F> as core::ops::function::FnOnce<()>>::call_once::h330011ad032aadc0
[INFO] [stdout]                                at /rustc/0e09125c6c3c2fd70d7de961bcf0e51575235fad/library/core/src/panic/unwind_safe.rs:272:9
[INFO] [stdout]   29:     0x5639e159e8e1 - std::panicking::try::do_call::he61b0a958b795a41
[INFO] [stdout]                                at /rustc/0e09125c6c3c2fd70d7de961bcf0e51575235fad/library/std/src/panicking.rs:552:40
[INFO] [stdout]   30:     0x5639e159e8e1 - std::panicking::try::h7309da130f906eb7
[INFO] [stdout]                                at /rustc/0e09125c6c3c2fd70d7de961bcf0e51575235fad/library/std/src/panicking.rs:516:19
[INFO] [stdout]   31:     0x5639e159e8e1 - std::panic::catch_unwind::hc5c3a06fdaf0a92a
[INFO] [stdout]                                at /rustc/0e09125c6c3c2fd70d7de961bcf0e51575235fad/library/std/src/panic.rs:142:14
[INFO] [stdout]   32:     0x5639e159e8e1 - test::run_test_in_process::h7e7b7c71c3324e0f
[INFO] [stdout]                                at /rustc/0e09125c6c3c2fd70d7de961bcf0e51575235fad/library/test/src/lib.rs:650:27
[INFO] [stdout]   33:     0x5639e159e8e1 - test::run_test::{{closure}}::h1f509f28f5cf20b1
[INFO] [stdout]                                at /rustc/0e09125c6c3c2fd70d7de961bcf0e51575235fad/library/test/src/lib.rs:573:43
[INFO] [stdout]   34:     0x5639e1565c16 - test::run_test::{{closure}}::h1754218abf443f6d
[INFO] [stdout]                                at /rustc/0e09125c6c3c2fd70d7de961bcf0e51575235fad/library/test/src/lib.rs:601:41
[INFO] [stdout]   35:     0x5639e1565c16 - std::sys_common::backtrace::__rust_begin_short_backtrace::h2ee174b9d5954948
[INFO] [stdout]                                at /rustc/0e09125c6c3c2fd70d7de961bcf0e51575235fad/library/std/src/sys_common/backtrace.rs:155:18
[INFO] [stdout]   36:     0x5639e156ac77 - std::thread::Builder::spawn_unchecked_::{{closure}}::{{closure}}::hf60bee9c1a17ef09
[INFO] [stdout]                                at /rustc/0e09125c6c3c2fd70d7de961bcf0e51575235fad/library/std/src/thread/mod.rs:529:17
[INFO] [stdout]   37:     0x5639e156ac77 - <core::panic::unwind_safe::AssertUnwindSafe<F> as core::ops::function::FnOnce<()>>::call_once::h33d0dddec5216160
[INFO] [stdout]                                at /rustc/0e09125c6c3c2fd70d7de961bcf0e51575235fad/library/core/src/panic/unwind_safe.rs:272:9
[INFO] [stdout]   38:     0x5639e156ac77 - std::panicking::try::do_call::h144b3048b546f835
[INFO] [stdout]                                at /rustc/0e09125c6c3c2fd70d7de961bcf0e51575235fad/library/std/src/panicking.rs:552:40
[INFO] [stdout]   39:     0x5639e156ac77 - std::panicking::try::h978244d04646189f
[INFO] [stdout]                                at /rustc/0e09125c6c3c2fd70d7de961bcf0e51575235fad/library/std/src/panicking.rs:516:19
[INFO] [stdout]   40:     0x5639e156ac77 - std::panic::catch_unwind::hdf436369d188fe86
[INFO] [stdout]                                at /rustc/0e09125c6c3c2fd70d7de961bcf0e51575235fad/library/std/src/panic.rs:142:14
[INFO] [stdout]   41:     0x5639e156ac77 - std::thread::Builder::spawn_unchecked_::{{closure}}::h87329cbdd33c79ec
[INFO] [stdout]                                at /rustc/0e09125c6c3c2fd70d7de961bcf0e51575235fad/library/std/src/thread/mod.rs:528:30
[INFO] [stdout]   42:     0x5639e156ac77 - core::ops::function::FnOnce::call_once{{vtable.shim}}::h401abbe67897d450
[INFO] [stdout]                                at /rustc/0e09125c6c3c2fd70d7de961bcf0e51575235fad/library/core/src/ops/function.rs:250:5
[INFO] [stdout]   43:     0x5639e15d2775 - <alloc::boxed::Box<F,A> as core::ops::function::FnOnce<Args>>::call_once::h5d7c8f150ab9c84c
[INFO] [stdout]                                at /rustc/0e09125c6c3c2fd70d7de961bcf0e51575235fad/library/alloc/src/boxed.rs:2015:9
[INFO] [stdout]   44:     0x5639e15d2775 - <alloc::boxed::Box<F,A> as core::ops::function::FnOnce<Args>>::call_once::h570d5b005c242c15
[INFO] [stdout]                                at /rustc/0e09125c6c3c2fd70d7de961bcf0e51575235fad/library/alloc/src/boxed.rs:2015:9
[INFO] [stdout]   45:     0x5639e15d2775 - std::sys::unix::thread::Thread::new::thread_start::h36b0a20c0b2361ad
[INFO] [stdout]                                at /rustc/0e09125c6c3c2fd70d7de961bcf0e51575235fad/library/std/src/sys/unix/thread.rs:108:17
[INFO] [stdout]   46:     0x7f1265fbcac3 - <unknown>
[INFO] [stdout]   47:     0x7f126604dbf4 - __clone
[INFO] [stdout]   48:                0x0 - <unknown>
[INFO] [stdout] 
[INFO] [stdout] 
[INFO] [stdout] failures:
[INFO] [stdout]     matches::tests::test_function
[INFO] [stdout] 
[INFO] [stdout] test result: FAILED. 6 passed; 1 failed; 0 ignored; 0 measured; 0 filtered out; finished in 0.02s
[INFO] [stdout] 
[INFO] [stderr] error: test failed, to rerun pass `-p rhas --lib`
[INFO] running `Command { std: "docker" "inspect" "995d0b841d8009a7a1186a32bf14532b26439143e60e18eede7dab5acb7794f6", kill_on_drop: false }`
[INFO] running `Command { std: "docker" "rm" "-f" "995d0b841d8009a7a1186a32bf14532b26439143e60e18eede7dab5acb7794f6", kill_on_drop: false }`
[INFO] [stdout] 995d0b841d8009a7a1186a32bf14532b26439143e60e18eede7dab5acb7794f6
