[INFO] cloning repository https://github.com/snowflakelinux/nix-data
[INFO] running `Command { std: "git" "-c" "credential.helper=" "-c" "credential.helper=/workspace/cargo-home/bin/git-credential-null" "clone" "--bare" "https://github.com/snowflakelinux/nix-data" "/workspace/cache/git-repos/https%3A%2F%2Fgithub.com%2Fsnowflakelinux%2Fnix-data", kill_on_drop: false }`
[INFO] [stderr] Cloning into bare repository '/workspace/cache/git-repos/https%3A%2F%2Fgithub.com%2Fsnowflakelinux%2Fnix-data'...
[INFO] running `Command { std: "git" "rev-parse" "HEAD", kill_on_drop: false }`
[INFO] [stdout] c69c03a0ce67b59c99559c5b14a123cb0122509d
[INFO] testing snowflakelinux/nix-data against 1.75.0 for beta-1.76-1
[INFO] running `Command { std: "git" "clone" "/workspace/cache/git-repos/https%3A%2F%2Fgithub.com%2Fsnowflakelinux%2Fnix-data" "/workspace/builds/worker-0-tc1/source", kill_on_drop: false }`
[INFO] [stderr] Cloning into '/workspace/builds/worker-0-tc1/source'...
[INFO] [stderr] done.
[INFO] validating manifest of git repo https://github.com/snowflakelinux/nix-data on toolchain 1.75.0
[INFO] running `Command { std: CARGO_HOME="/workspace/cargo-home" RUSTUP_HOME="/workspace/rustup-home" "/workspace/cargo-home/bin/cargo" "+1.75.0" "metadata" "--manifest-path" "Cargo.toml" "--no-deps", kill_on_drop: false }`
[INFO] started tweaking git repo https://github.com/snowflakelinux/nix-data
[INFO] finished tweaking git repo https://github.com/snowflakelinux/nix-data
[INFO] tweaked toml for git repo https://github.com/snowflakelinux/nix-data written to /workspace/builds/worker-0-tc1/source/Cargo.toml
[INFO] crate git repo https://github.com/snowflakelinux/nix-data already has a lockfile, it will not be regenerated
[INFO] running `Command { std: CARGO_HOME="/workspace/cargo-home" RUSTUP_HOME="/workspace/rustup-home" "/workspace/cargo-home/bin/cargo" "+1.75.0" "fetch" "--manifest-path" "Cargo.toml", kill_on_drop: false }`
[INFO] [stderr]     Updating crates.io index
[INFO] [stderr]  Downloading crates ...
[INFO] [stderr]   Downloaded cbitset v0.2.0
[INFO] [stderr]   Downloaded smol_str v0.1.23
[INFO] [stderr]   Downloaded rnix v0.10.2
[INFO] [stderr]   Downloaded ijson v0.1.3
[INFO] [stderr]   Downloaded rnix v0.11.0
[INFO] [stderr]   Downloaded nixpkgs-fmt v1.3.0
[INFO] [stderr]   Downloaded nix-editor v0.3.0
[INFO] running `Command { std: "docker" "create" "-v" "/var/lib/crater-agent-workspace/builds/worker-0-tc1/target:/opt/rustwide/target:rw,Z" "-v" "/var/lib/crater-agent-workspace/builds/worker-0-tc1/source:/opt/rustwide/workdir:ro,Z" "-v" "/var/lib/crater-agent-workspace/cargo-home:/opt/rustwide/cargo-home:ro,Z" "-v" "/var/lib/crater-agent-workspace/rustup-home:/opt/rustwide/rustup-home:ro,Z" "-e" "SOURCE_DIR=/opt/rustwide/workdir" "-e" "CARGO_TARGET_DIR=/opt/rustwide/target" "-e" "CARGO_HOME=/opt/rustwide/cargo-home" "-e" "RUSTUP_HOME=/opt/rustwide/rustup-home" "-w" "/opt/rustwide/workdir" "-m" "1610612736" "--user" "0:0" "--network" "none" "ghcr.io/rust-lang/crates-build-env/linux@sha256:2788e3201cd34a07e3172128adcd8b3090168a8e3bcc40d7c032b9dda1df7d1c" "/opt/rustwide/cargo-home/bin/cargo" "+1.75.0" "metadata" "--no-deps" "--format-version=1", kill_on_drop: false }`
[INFO] [stdout] d60f818c43ef31f8ff28e8548161feccecacf6762e6ef6228f13f2318c47e98d
[INFO] running `Command { std: "docker" "start" "-a" "d60f818c43ef31f8ff28e8548161feccecacf6762e6ef6228f13f2318c47e98d", kill_on_drop: false }`
[INFO] running `Command { std: "docker" "inspect" "d60f818c43ef31f8ff28e8548161feccecacf6762e6ef6228f13f2318c47e98d", kill_on_drop: false }`
[INFO] running `Command { std: "docker" "rm" "-f" "d60f818c43ef31f8ff28e8548161feccecacf6762e6ef6228f13f2318c47e98d", kill_on_drop: false }`
[INFO] [stdout] d60f818c43ef31f8ff28e8548161feccecacf6762e6ef6228f13f2318c47e98d
[INFO] running `Command { std: "docker" "create" "-v" "/var/lib/crater-agent-workspace/builds/worker-0-tc1/target:/opt/rustwide/target:rw,Z" "-v" "/var/lib/crater-agent-workspace/builds/worker-0-tc1/source:/opt/rustwide/workdir:ro,Z" "-v" "/var/lib/crater-agent-workspace/cargo-home:/opt/rustwide/cargo-home:ro,Z" "-v" "/var/lib/crater-agent-workspace/rustup-home:/opt/rustwide/rustup-home:ro,Z" "-e" "SOURCE_DIR=/opt/rustwide/workdir" "-e" "CARGO_TARGET_DIR=/opt/rustwide/target" "-e" "CARGO_INCREMENTAL=0" "-e" "RUST_BACKTRACE=full" "-e" "RUSTFLAGS=--cap-lints=warn" "-e" "RUSTDOCFLAGS=--cap-lints=warn" "-e" "CARGO_HOME=/opt/rustwide/cargo-home" "-e" "RUSTUP_HOME=/opt/rustwide/rustup-home" "-w" "/opt/rustwide/workdir" "-m" "1610612736" "--user" "0:0" "--network" "none" "ghcr.io/rust-lang/crates-build-env/linux@sha256:2788e3201cd34a07e3172128adcd8b3090168a8e3bcc40d7c032b9dda1df7d1c" "/opt/rustwide/cargo-home/bin/cargo" "+1.75.0" "build" "--frozen" "--message-format=json", kill_on_drop: false }`
[INFO] [stdout] 8c26a71c9e07be1a4e14bb82017507fad39c474d9c71898471b69094e1605176
[INFO] running `Command { std: "docker" "start" "-a" "8c26a71c9e07be1a4e14bb82017507fad39c474d9c71898471b69094e1605176", kill_on_drop: false }`
[INFO] [stderr]    Compiling proc-macro2 v1.0.69
[INFO] [stderr]    Compiling unicode-ident v1.0.5
[INFO] [stderr]    Compiling libc v0.2.138
[INFO] [stderr]    Compiling syn v1.0.105
[INFO] [stderr]    Compiling memchr v2.5.0
[INFO] [stderr]    Compiling version_check v0.9.4
[INFO] [stderr]    Compiling once_cell v1.16.0
[INFO] [stderr]    Compiling futures-core v0.3.25
[INFO] [stderr]    Compiling serde_derive v1.0.151
[INFO] [stderr]    Compiling lock_api v0.4.9
[INFO] [stderr]    Compiling pin-project-lite v0.2.9
[INFO] [stderr]    Compiling serde v1.0.151
[INFO] [stderr]    Compiling scopeguard v1.1.0
[INFO] [stderr]    Compiling log v0.4.17
[INFO] [stderr]    Compiling parking_lot_core v0.9.5
[INFO] [stderr]    Compiling cc v1.0.78
[INFO] [stderr]    Compiling pkg-config v0.3.26
[INFO] [stderr]    Compiling quote v1.0.33
[INFO] [stderr]    Compiling ahash v0.7.6
[INFO] [stderr]    Compiling smallvec v1.10.0
[INFO] [stderr]    Compiling bitflags v1.3.2
[INFO] [stderr]    Compiling bytes v1.3.0
[INFO] [stderr]    Compiling itoa v1.0.4
[INFO] [stderr]    Compiling syn v2.0.38
[INFO] [stderr]    Compiling slab v0.4.7
[INFO] [stderr]    Compiling futures-task v0.3.25
[INFO] [stderr]    Compiling typenum v1.16.0
[INFO] [stderr]    Compiling openssl-sys v0.9.79
[INFO] [stderr]    Compiling generic-array v0.14.6
[INFO] [stderr]    Compiling futures-util v0.3.25
[INFO] [stderr]    Compiling getrandom v0.2.8
[INFO] [stderr]    Compiling openssl v0.10.44
[INFO] [stderr]    Compiling futures-io v0.3.25
[INFO] [stderr]    Compiling foreign-types-shared v0.1.1
[INFO] [stderr]    Compiling num_cpus v1.14.0
[INFO] [stderr]    Compiling foreign-types v0.3.2
[INFO] [stderr]    Compiling tracing-core v0.1.30
[INFO] [stderr]    Compiling num-traits v0.2.15
[INFO] [stderr]    Compiling ryu v1.0.11
[INFO] [stderr]    Compiling parking_lot v0.12.1
[INFO] [stderr]    Compiling tokio v1.23.0
[INFO] [stderr]    Compiling native-tls v0.2.11
[INFO] [stderr]    Compiling tinyvec_macros v0.1.0
[INFO] [stderr]    Compiling tinyvec v1.6.0
[INFO] [stderr]    Compiling hashbrown v0.12.3
[INFO] [stderr]    Compiling socket2 v0.4.7
[INFO] [stderr]    Compiling signal-hook-registry v1.4.0
[INFO] [stderr]    Compiling mio v0.8.5
[INFO] [stderr]    Compiling serde_json v1.0.89
[INFO] [stderr]    Compiling openssl-probe v0.1.5
[INFO] [stderr]    Compiling futures-sink v0.3.25
[INFO] [stderr]    Compiling percent-encoding v2.2.0
[INFO] [stderr]    Compiling block-buffer v0.10.3
[INFO] [stderr]    Compiling unicode-normalization v0.1.22
[INFO] [stderr]    Compiling form_urlencoded v1.1.0
[INFO] [stderr]    Compiling unicode-bidi v0.3.8
[INFO] [stderr]    Compiling ahash v0.8.6
[INFO] [stderr]    Compiling thiserror v1.0.37
[INFO] [stderr]    Compiling crossbeam-queue v0.3.8
[INFO] [stderr]    Compiling fnv v1.0.7
[INFO] [stderr]    Compiling idna v0.3.0
[INFO] [stderr]    Compiling paste v1.0.10
[INFO] [stderr]    Compiling crossbeam-utils v0.8.14
[INFO] [stderr]    Compiling cpufeatures v0.2.5
[INFO] [stderr]    Compiling zerocopy v0.7.18
[INFO] [stderr]    Compiling minimal-lexical v0.2.1
[INFO] [stderr]    Compiling nom v7.1.1
[INFO] [stderr]    Compiling futures-channel v0.3.25
[INFO] [stderr]    Compiling hashbrown v0.14.2
[INFO] [stderr]    Compiling crc-catalog v2.1.0
[INFO] [stderr]    Compiling vcpkg v0.2.15
[INFO] [stderr]    Compiling equivalent v1.0.1
[INFO] [stderr]    Compiling unicode_categories v0.1.1
[INFO] [stderr]    Compiling indexmap v2.0.2
[INFO] [stderr]    Compiling crc v3.0.0
[INFO] [stderr]    Compiling openssl-macros v0.1.0
[INFO] [stderr]    Compiling tokio-macros v1.8.2
[INFO] [stderr]    Compiling thiserror-impl v1.0.37
[INFO] [stderr]    Compiling libsqlite3-sys v0.26.0
[INFO] [stderr]    Compiling crypto-common v0.1.6
[INFO] [stderr]    Compiling atoi v2.0.0
[INFO] [stderr]    Compiling tracing-attributes v0.1.27
[INFO] [stderr]    Compiling aho-corasick v0.7.20
[INFO] [stderr]    Compiling spin v0.9.8
[INFO] [stderr]    Compiling event-listener v2.5.3
[INFO] [stderr]    Compiling dotenvy v0.15.6
[INFO] [stderr]    Compiling regex-syntax v0.6.28
[INFO] [stderr]    Compiling unicode-segmentation v1.10.0
[INFO] [stderr]    Compiling byteorder v1.4.3
[INFO] [stderr]    Compiling hex v0.4.3
[INFO] [stderr]    Compiling heck v0.4.0
[INFO] [stderr]    Compiling tracing v0.1.37
[INFO] [stderr]    Compiling digest v0.10.6
[INFO] [stderr]    Compiling regex v1.7.0
[INFO] [stderr]    Compiling indexmap v1.9.2
[INFO] [stderr]    Compiling either v1.8.0
[INFO] [stderr]    Compiling itertools v0.10.5
[INFO] [stderr]    Compiling text-size v1.1.0
[INFO] [stderr]    Compiling memoffset v0.6.5
[INFO] [stderr]    Compiling io-lifetimes v1.0.3
[INFO] [stderr]    Compiling rustc-hash v1.1.0
[INFO] [stderr]    Compiling tokio-stream v0.1.11
[INFO] [stderr]    Compiling hashlink v0.8.1
[INFO] [stderr]    Compiling sha2 v0.10.6
[INFO] [stderr]    Compiling futures-intrusive v0.5.0
[INFO] [stderr]    Compiling sqlformat v0.2.0
[INFO] [stderr]    Compiling url v2.3.1
[INFO] [stderr]    Compiling http v0.2.8
[INFO] [stderr]    Compiling memoffset v0.9.0
[INFO] [stderr]    Compiling crossbeam-utils v0.7.2
[INFO] [stderr]    Compiling httparse v1.8.0
[INFO] [stderr]    Compiling alloc-no-stdlib v2.0.4
[INFO] [stderr]    Compiling rustix v0.36.5
[INFO] [stderr]    Compiling utf8parse v0.2.1
[INFO] [stderr]    Compiling maybe-uninit v2.0.0
[INFO] [stderr]    Compiling anstyle-parse v0.2.2
[INFO] [stderr]    Compiling alloc-stdlib v0.2.2
[INFO] [stderr]    Compiling futures-executor v0.3.25
[INFO] [stderr]    Compiling tokio-util v0.7.4
[INFO] [stderr]    Compiling flume v0.11.0
[INFO] [stderr]    Compiling sqlx-core v0.7.2
[INFO] [stderr]    Compiling bstr v0.2.17
[INFO] [stderr]    Compiling remove_dir_all v0.5.3
[INFO] [stderr]    Compiling fastrand v1.8.0
[INFO] [stderr]    Compiling same-file v1.0.6
[INFO] [stderr]    Compiling hashbrown v0.9.1
[INFO] [stderr]    Compiling countme v2.0.4
[INFO] [stderr]    Compiling anstyle v1.0.4
[INFO] [stderr]    Compiling linux-raw-sys v0.1.4
[INFO] [stderr]    Compiling anstyle-query v1.0.0
[INFO] [stderr]    Compiling try-lock v0.2.3
[INFO] [stderr]    Compiling unicode-width v0.1.10
[INFO] [stderr]    Compiling colorchoice v1.0.0
[INFO] [stderr]    Compiling textwrap v0.11.0
[INFO] [stderr]    Compiling anstream v0.6.4
[INFO] [stderr]    Compiling rowan v0.12.6
[INFO] [stderr]    Compiling want v0.3.0
[INFO] [stderr]    Compiling globset v0.4.9
[INFO] [stderr]    Compiling walkdir v2.3.2
[INFO] [stderr]    Compiling h2 v0.3.15
[INFO] [stderr]    Compiling tempfile v3.3.0
[INFO] [stderr]    Compiling http-body v0.4.5
[INFO] [stderr]    Compiling brotli-decompressor v2.5.1
[INFO] [stderr]    Compiling sqlx-sqlite v0.7.2
[INFO] [stderr]    Compiling smol_str v0.1.23
[INFO] [stderr]    Compiling cbitset v0.2.0
[INFO] [stderr]    Compiling atty v0.2.14
[INFO] [stderr]    Compiling thread_local v1.1.4
[INFO] [stderr]    Compiling vec_map v0.8.2
[INFO] [stderr]    Compiling encoding_rs v0.8.31
[INFO] [stderr]    Compiling tower-service v0.3.2
[INFO] [stderr]    Compiling clap_lex v0.6.0
[INFO] [stderr]    Compiling strsim v0.8.0
[INFO] [stderr]    Compiling strsim v0.10.0
[INFO] [stderr]    Compiling ansi_term v0.12.1
[INFO] [stderr]    Compiling httpdate v1.0.2
[INFO] [stderr]    Compiling countme v3.0.1
[INFO] [stderr]    Compiling rowan v0.15.13
[INFO] [stderr]    Compiling clap v2.34.0
[INFO] [stderr]    Compiling clap_builder v4.4.7
[INFO] [stderr]    Compiling brotli v3.4.0
[INFO] [stderr]    Compiling sqlx-macros-core v0.7.2
[INFO] [stderr]    Compiling ignore v0.4.18
[INFO] [stderr]    Compiling hyper v0.14.23
[INFO] [stderr]    Compiling rnix v0.10.2
[INFO] [stderr]    Compiling is-terminal v0.4.1
[INFO] [stderr]    Compiling crossbeam-channel v0.4.4
[INFO] [stderr]    Compiling tokio-native-tls v0.3.0
[INFO] [stderr]    Compiling clap_derive v4.4.7
[INFO] [stderr]    Compiling termcolor v1.1.3
[INFO] [stderr]    Compiling humantime v2.1.0
[INFO] [stderr]    Compiling anyhow v1.0.66
[INFO] [stderr]    Compiling env_logger v0.10.0
[INFO] [stderr]    Compiling nixpkgs-fmt v1.3.0
[INFO] [stderr]    Compiling hyper-tls v0.5.0
[INFO] [stderr]    Compiling async-compression v0.3.15
[INFO] [stderr]    Compiling sqlx-macros v0.7.2
[INFO] [stderr]    Compiling rnix v0.11.0
[INFO] [stderr]    Compiling clap v4.4.7
[INFO] [stderr]    Compiling serde_urlencoded v0.7.1
[INFO] [stderr]    Compiling dashmap v4.0.2
[INFO] [stderr]    Compiling csv-core v0.1.11
[INFO] [stderr]    Compiling ipnet v2.7.0
[INFO] [stderr]    Compiling owo-colors v3.5.0
[INFO] [stderr]    Compiling base64 v0.13.1
[INFO] [stderr]    Compiling mime v0.3.16
[INFO] [stderr]    Compiling csv v1.3.0
[INFO] [stderr]    Compiling reqwest v0.11.13
[INFO] [stderr]    Compiling ijson v0.1.3
[INFO] [stderr]    Compiling nix-editor v0.3.0
[INFO] [stderr]    Compiling pretty_env_logger v0.5.0
[INFO] [stderr]    Compiling sqlx v0.7.2
[INFO] [stderr]    Compiling nix-data v0.0.3 (/opt/rustwide/workdir)
[INFO] [stderr]     Finished dev [unoptimized + debuginfo] target(s) in 39.67s
[INFO] running `Command { std: "docker" "inspect" "8c26a71c9e07be1a4e14bb82017507fad39c474d9c71898471b69094e1605176", kill_on_drop: false }`
[INFO] running `Command { std: "docker" "rm" "-f" "8c26a71c9e07be1a4e14bb82017507fad39c474d9c71898471b69094e1605176", kill_on_drop: false }`
[INFO] [stdout] 8c26a71c9e07be1a4e14bb82017507fad39c474d9c71898471b69094e1605176
[INFO] running `Command { std: "docker" "create" "-v" "/var/lib/crater-agent-workspace/builds/worker-0-tc1/target:/opt/rustwide/target:rw,Z" "-v" "/var/lib/crater-agent-workspace/builds/worker-0-tc1/source:/opt/rustwide/workdir:ro,Z" "-v" "/var/lib/crater-agent-workspace/cargo-home:/opt/rustwide/cargo-home:ro,Z" "-v" "/var/lib/crater-agent-workspace/rustup-home:/opt/rustwide/rustup-home:ro,Z" "-e" "SOURCE_DIR=/opt/rustwide/workdir" "-e" "CARGO_TARGET_DIR=/opt/rustwide/target" "-e" "CARGO_INCREMENTAL=0" "-e" "RUST_BACKTRACE=full" "-e" "RUSTFLAGS=--cap-lints=warn" "-e" "RUSTDOCFLAGS=--cap-lints=warn" "-e" "CARGO_HOME=/opt/rustwide/cargo-home" "-e" "RUSTUP_HOME=/opt/rustwide/rustup-home" "-w" "/opt/rustwide/workdir" "-m" "1610612736" "--user" "0:0" "--network" "none" "ghcr.io/rust-lang/crates-build-env/linux@sha256:2788e3201cd34a07e3172128adcd8b3090168a8e3bcc40d7c032b9dda1df7d1c" "/opt/rustwide/cargo-home/bin/cargo" "+1.75.0" "test" "--frozen" "--no-run" "--message-format=json", kill_on_drop: false }`
[INFO] [stdout] 7f665180a1cdafe0e33bcf92e4fb2d48c23105cc02f7c0fa037749a2b43e21bd
[INFO] running `Command { std: "docker" "start" "-a" "7f665180a1cdafe0e33bcf92e4fb2d48c23105cc02f7c0fa037749a2b43e21bd", kill_on_drop: false }`
[INFO] [stderr]    Compiling nix-data v0.0.3 (/opt/rustwide/workdir)
[INFO] [stderr]     Finished test [unoptimized + debuginfo] target(s) in 1.75s
[INFO] running `Command { std: "docker" "inspect" "7f665180a1cdafe0e33bcf92e4fb2d48c23105cc02f7c0fa037749a2b43e21bd", kill_on_drop: false }`
[INFO] running `Command { std: "docker" "rm" "-f" "7f665180a1cdafe0e33bcf92e4fb2d48c23105cc02f7c0fa037749a2b43e21bd", kill_on_drop: false }`
[INFO] [stdout] 7f665180a1cdafe0e33bcf92e4fb2d48c23105cc02f7c0fa037749a2b43e21bd
[INFO] running `Command { std: "docker" "create" "-v" "/var/lib/crater-agent-workspace/builds/worker-0-tc1/target:/opt/rustwide/target:rw,Z" "-v" "/var/lib/crater-agent-workspace/builds/worker-0-tc1/source:/opt/rustwide/workdir:ro,Z" "-v" "/var/lib/crater-agent-workspace/cargo-home:/opt/rustwide/cargo-home:ro,Z" "-v" "/var/lib/crater-agent-workspace/rustup-home:/opt/rustwide/rustup-home:ro,Z" "-e" "SOURCE_DIR=/opt/rustwide/workdir" "-e" "CARGO_TARGET_DIR=/opt/rustwide/target" "-e" "CARGO_INCREMENTAL=0" "-e" "RUST_BACKTRACE=full" "-e" "RUSTFLAGS=--cap-lints=warn" "-e" "RUSTDOCFLAGS=--cap-lints=warn" "-e" "CARGO_HOME=/opt/rustwide/cargo-home" "-e" "RUSTUP_HOME=/opt/rustwide/rustup-home" "-w" "/opt/rustwide/workdir" "-m" "1610612736" "--user" "0:0" "--network" "none" "ghcr.io/rust-lang/crates-build-env/linux@sha256:2788e3201cd34a07e3172128adcd8b3090168a8e3bcc40d7c032b9dda1df7d1c" "/opt/rustwide/cargo-home/bin/cargo" "+1.75.0" "test" "--frozen", kill_on_drop: false }`
[INFO] [stdout] 2c32e24576f90e772ce8c5f47a33c33792f6596213925112b212ce419a966d82
[INFO] running `Command { std: "docker" "start" "-a" "2c32e24576f90e772ce8c5f47a33c33792f6596213925112b212ce419a966d82", kill_on_drop: false }`
[INFO] [stderr]     Finished test [unoptimized + debuginfo] target(s) in 0.14s
[INFO] [stderr]      Running unittests src/lib.rs (/opt/rustwide/target/debug/deps/nix_data-fc14a746ab1cd5f5)
[INFO] [stdout] 
[INFO] [stdout] running 0 tests
[INFO] [stdout] 
[INFO] [stdout] test result: ok. 0 passed; 0 failed; 0 ignored; 0 measured; 0 filtered out; finished in 0.00s
[INFO] [stdout] 
[INFO] [stderr]    Doc-tests nix-data
[INFO] [stdout] 
[INFO] [stdout] running 1 test
[INFO] [stdout] test src/lib.rs - (line 11) ... FAILED
[INFO] [stdout] 
[INFO] [stdout] failures:
[INFO] [stdout] 
[INFO] [stdout] ---- src/lib.rs - (line 11) stdout ----
[INFO] [stdout] error[E0308]: mismatched types
[INFO] [stdout]  --> src/lib.rs:16:12
[INFO] [stdout]   |
[INFO] [stdout] 6 |     if let Ok(pkgs) = userpkgs {
[INFO] [stdout]   |            ^^^^^^^^   -------- this expression has type `impl Future<Output = Result<HashMap<String, String>, anyhow::Error>>`
[INFO] [stdout]   |            |
[INFO] [stdout]   |            expected future, found `Result<_, _>`
[INFO] [stdout]   |
[INFO] [stdout]   = note: expected opaque type `impl Future<Output = Result<HashMap<String, String>, anyhow::Error>>`
[INFO] [stdout]                     found enum `Result<_, _>`
[INFO] [stdout] help: consider `await`ing on the `Future`
[INFO] [stdout]   |
[INFO] [stdout] 6 |     if let Ok(pkgs) = userpkgs.await {
[INFO] [stdout]   |                               ++++++
[INFO] [stdout] 
[INFO] [stdout] error: aborting due to previous error
[INFO] [stdout] 
[INFO] [stdout] For more information about this error, try `rustc --explain E0308`.
[INFO] [stdout] Couldn't compile the test.
[INFO] [stdout] 
[INFO] [stdout] failures:
[INFO] [stdout]     src/lib.rs - (line 11)
[INFO] [stdout] 
[INFO] [stdout] test result: FAILED. 0 passed; 1 failed; 0 ignored; 0 measured; 0 filtered out; finished in 0.06s
[INFO] [stdout] 
[INFO] [stderr] error: doctest failed, to rerun pass `--doc`
[INFO] running `Command { std: "docker" "inspect" "2c32e24576f90e772ce8c5f47a33c33792f6596213925112b212ce419a966d82", kill_on_drop: false }`
[INFO] running `Command { std: "docker" "rm" "-f" "2c32e24576f90e772ce8c5f47a33c33792f6596213925112b212ce419a966d82", kill_on_drop: false }`
[INFO] [stdout] 2c32e24576f90e772ce8c5f47a33c33792f6596213925112b212ce419a966d82
[INFO] testing snowflakelinux/nix-data against beta-2023-12-22 for beta-1.76-1
[INFO] running `Command { std: "git" "clone" "/workspace/cache/git-repos/https%3A%2F%2Fgithub.com%2Fsnowflakelinux%2Fnix-data" "/workspace/builds/worker-0-tc2/source", kill_on_drop: false }`
[INFO] [stderr] Cloning into '/workspace/builds/worker-0-tc2/source'...
[INFO] [stderr] done.
[INFO] validating manifest of git repo https://github.com/snowflakelinux/nix-data on toolchain beta-2023-12-22
[INFO] running `Command { std: CARGO_HOME="/workspace/cargo-home" RUSTUP_HOME="/workspace/rustup-home" "/workspace/cargo-home/bin/cargo" "+beta-2023-12-22" "metadata" "--manifest-path" "Cargo.toml" "--no-deps", kill_on_drop: false }`
[INFO] started tweaking git repo https://github.com/snowflakelinux/nix-data
[INFO] finished tweaking git repo https://github.com/snowflakelinux/nix-data
[INFO] tweaked toml for git repo https://github.com/snowflakelinux/nix-data written to /workspace/builds/worker-0-tc2/source/Cargo.toml
[INFO] crate git repo https://github.com/snowflakelinux/nix-data already has a lockfile, it will not be regenerated
[INFO] running `Command { std: CARGO_HOME="/workspace/cargo-home" RUSTUP_HOME="/workspace/rustup-home" "/workspace/cargo-home/bin/cargo" "+beta-2023-12-22" "fetch" "--manifest-path" "Cargo.toml", kill_on_drop: false }`
[INFO] running `Command { std: "docker" "create" "-v" "/var/lib/crater-agent-workspace/builds/worker-0-tc2/target:/opt/rustwide/target:rw,Z" "-v" "/var/lib/crater-agent-workspace/builds/worker-0-tc2/source:/opt/rustwide/workdir:ro,Z" "-v" "/var/lib/crater-agent-workspace/cargo-home:/opt/rustwide/cargo-home:ro,Z" "-v" "/var/lib/crater-agent-workspace/rustup-home:/opt/rustwide/rustup-home:ro,Z" "-e" "SOURCE_DIR=/opt/rustwide/workdir" "-e" "CARGO_TARGET_DIR=/opt/rustwide/target" "-e" "CARGO_HOME=/opt/rustwide/cargo-home" "-e" "RUSTUP_HOME=/opt/rustwide/rustup-home" "-w" "/opt/rustwide/workdir" "-m" "1610612736" "--user" "0:0" "--network" "none" "ghcr.io/rust-lang/crates-build-env/linux@sha256:2788e3201cd34a07e3172128adcd8b3090168a8e3bcc40d7c032b9dda1df7d1c" "/opt/rustwide/cargo-home/bin/cargo" "+beta-2023-12-22" "metadata" "--no-deps" "--format-version=1", kill_on_drop: false }`
[INFO] [stdout] 0c749f1c27d379fb09e79fae841224b8d0507df58748b4c1f712b54c078a3c7e
[INFO] running `Command { std: "docker" "start" "-a" "0c749f1c27d379fb09e79fae841224b8d0507df58748b4c1f712b54c078a3c7e", kill_on_drop: false }`
[INFO] running `Command { std: "docker" "inspect" "0c749f1c27d379fb09e79fae841224b8d0507df58748b4c1f712b54c078a3c7e", kill_on_drop: false }`
[INFO] running `Command { std: "docker" "rm" "-f" "0c749f1c27d379fb09e79fae841224b8d0507df58748b4c1f712b54c078a3c7e", kill_on_drop: false }`
[INFO] [stdout] 0c749f1c27d379fb09e79fae841224b8d0507df58748b4c1f712b54c078a3c7e
[INFO] running `Command { std: "docker" "create" "-v" "/var/lib/crater-agent-workspace/builds/worker-0-tc2/target:/opt/rustwide/target:rw,Z" "-v" "/var/lib/crater-agent-workspace/builds/worker-0-tc2/source:/opt/rustwide/workdir:ro,Z" "-v" "/var/lib/crater-agent-workspace/cargo-home:/opt/rustwide/cargo-home:ro,Z" "-v" "/var/lib/crater-agent-workspace/rustup-home:/opt/rustwide/rustup-home:ro,Z" "-e" "SOURCE_DIR=/opt/rustwide/workdir" "-e" "CARGO_TARGET_DIR=/opt/rustwide/target" "-e" "CARGO_INCREMENTAL=0" "-e" "RUST_BACKTRACE=full" "-e" "RUSTFLAGS=--cap-lints=warn" "-e" "RUSTDOCFLAGS=--cap-lints=warn" "-e" "CARGO_HOME=/opt/rustwide/cargo-home" "-e" "RUSTUP_HOME=/opt/rustwide/rustup-home" "-w" "/opt/rustwide/workdir" "-m" "1610612736" "--user" "0:0" "--network" "none" "ghcr.io/rust-lang/crates-build-env/linux@sha256:2788e3201cd34a07e3172128adcd8b3090168a8e3bcc40d7c032b9dda1df7d1c" "/opt/rustwide/cargo-home/bin/cargo" "+beta-2023-12-22" "build" "--frozen" "--message-format=json", kill_on_drop: false }`
[INFO] [stdout] 8a235f6e74edfcf2632e3888bce3e7797a2425d15d70479d68ff90da4cc3689c
[INFO] running `Command { std: "docker" "start" "-a" "8a235f6e74edfcf2632e3888bce3e7797a2425d15d70479d68ff90da4cc3689c", kill_on_drop: false }`
[INFO] [stderr]    Compiling proc-macro2 v1.0.69
[INFO] [stderr]    Compiling unicode-ident v1.0.5
[INFO] [stderr]    Compiling syn v1.0.105
[INFO] [stderr]    Compiling libc v0.2.138
[INFO] [stderr]    Compiling memchr v2.5.0
[INFO] [stderr]    Compiling version_check v0.9.4
[INFO] [stderr]    Compiling once_cell v1.16.0
[INFO] [stderr]    Compiling futures-core v0.3.25
[INFO] [stderr]    Compiling serde_derive v1.0.151
[INFO] [stderr]    Compiling lock_api v0.4.9
[INFO] [stderr]    Compiling serde v1.0.151
[INFO] [stderr]    Compiling pin-project-lite v0.2.9
[INFO] [stderr]    Compiling scopeguard v1.1.0
[INFO] [stderr]    Compiling log v0.4.17
[INFO] [stderr]    Compiling cc v1.0.78
[INFO] [stderr]    Compiling parking_lot_core v0.9.5
[INFO] [stderr]    Compiling pkg-config v0.3.26
[INFO] [stderr]    Compiling ahash v0.7.6
[INFO] [stderr]    Compiling quote v1.0.33
[INFO] [stderr]    Compiling smallvec v1.10.0
[INFO] [stderr]    Compiling bitflags v1.3.2
[INFO] [stderr]    Compiling bytes v1.3.0
[INFO] [stderr]    Compiling itoa v1.0.4
[INFO] [stderr]    Compiling syn v2.0.38
[INFO] [stderr]    Compiling slab v0.4.7
[INFO] [stderr]    Compiling futures-task v0.3.25
[INFO] [stderr]    Compiling typenum v1.16.0
[INFO] [stderr]    Compiling generic-array v0.14.6
[INFO] [stderr]    Compiling openssl-sys v0.9.79
[INFO] [stderr]    Compiling futures-util v0.3.25
[INFO] [stderr]    Compiling getrandom v0.2.8
[INFO] [stderr]    Compiling openssl v0.10.44
[INFO] [stderr]    Compiling futures-io v0.3.25
[INFO] [stderr]    Compiling foreign-types-shared v0.1.1
[INFO] [stderr]    Compiling foreign-types v0.3.2
[INFO] [stderr]    Compiling num_cpus v1.14.0
[INFO] [stderr]    Compiling tracing-core v0.1.30
[INFO] [stderr]    Compiling num-traits v0.2.15
[INFO] [stderr]    Compiling ryu v1.0.11
[INFO] [stderr]    Compiling parking_lot v0.12.1
[INFO] [stderr]    Compiling tokio v1.23.0
[INFO] [stderr]    Compiling native-tls v0.2.11
[INFO] [stderr]    Compiling tinyvec_macros v0.1.0
[INFO] [stderr]    Compiling tinyvec v1.6.0
[INFO] [stderr]    Compiling hashbrown v0.12.3
[INFO] [stderr]    Compiling mio v0.8.5
[INFO] [stderr]    Compiling socket2 v0.4.7
[INFO] [stderr]    Compiling signal-hook-registry v1.4.0
[INFO] [stderr]    Compiling serde_json v1.0.89
[INFO] [stderr]    Compiling openssl-probe v0.1.5
[INFO] [stderr]    Compiling futures-sink v0.3.25
[INFO] [stderr]    Compiling percent-encoding v2.2.0
[INFO] [stderr]    Compiling unicode-normalization v0.1.22
[INFO] [stderr]    Compiling form_urlencoded v1.1.0
[INFO] [stderr]    Compiling block-buffer v0.10.3
[INFO] [stderr]    Compiling unicode-bidi v0.3.8
[INFO] [stderr]    Compiling ahash v0.8.6
[INFO] [stderr]    Compiling crossbeam-queue v0.3.8
[INFO] [stderr]    Compiling fnv v1.0.7
[INFO] [stderr]    Compiling thiserror v1.0.37
[INFO] [stderr]    Compiling paste v1.0.10
[INFO] [stderr]    Compiling idna v0.3.0
[INFO] [stderr]    Compiling cpufeatures v0.2.5
[INFO] [stderr]    Compiling zerocopy v0.7.18
[INFO] [stderr]    Compiling crossbeam-utils v0.8.14
[INFO] [stderr]    Compiling minimal-lexical v0.2.1
[INFO] [stderr]    Compiling nom v7.1.1
[INFO] [stderr]    Compiling crc-catalog v2.1.0
[INFO] [stderr]    Compiling unicode_categories v0.1.1
[INFO] [stderr]    Compiling equivalent v1.0.1
[INFO] [stderr]    Compiling hashbrown v0.14.2
[INFO] [stderr]    Compiling vcpkg v0.2.15
[INFO] [stderr]    Compiling futures-channel v0.3.25
[INFO] [stderr]    Compiling crc v3.0.0
[INFO] [stderr]    Compiling indexmap v2.0.2
[INFO] [stderr]    Compiling libsqlite3-sys v0.26.0
[INFO] [stderr]    Compiling openssl-macros v0.1.0
[INFO] [stderr]    Compiling tokio-macros v1.8.2
[INFO] [stderr]    Compiling thiserror-impl v1.0.37
[INFO] [stderr]    Compiling atoi v2.0.0
[INFO] [stderr]    Compiling crypto-common v0.1.6
[INFO] [stderr]    Compiling tracing-attributes v0.1.27
[INFO] [stderr]    Compiling aho-corasick v0.7.20
[INFO] [stderr]    Compiling spin v0.9.8
[INFO] [stderr]    Compiling hex v0.4.3
[INFO] [stderr]    Compiling regex-syntax v0.6.28
[INFO] [stderr]    Compiling event-listener v2.5.3
[INFO] [stderr]    Compiling byteorder v1.4.3
[INFO] [stderr]    Compiling unicode-segmentation v1.10.0
[INFO] [stderr]    Compiling dotenvy v0.15.6
[INFO] [stderr]    Compiling heck v0.4.0
[INFO] [stderr]    Compiling tracing v0.1.37
[INFO] [stderr]    Compiling digest v0.10.6
[INFO] [stderr]    Compiling regex v1.7.0
[INFO] [stderr]    Compiling indexmap v1.9.2
[INFO] [stderr]    Compiling memoffset v0.6.5
[INFO] [stderr]    Compiling io-lifetimes v1.0.3
[INFO] [stderr]    Compiling rustc-hash v1.1.0
[INFO] [stderr]    Compiling tokio-stream v0.1.11
[INFO] [stderr]    Compiling hashlink v0.8.1
[INFO] [stderr]    Compiling sha2 v0.10.6
[INFO] [stderr]    Compiling futures-intrusive v0.5.0
[INFO] [stderr]    Compiling either v1.8.0
[INFO] [stderr]    Compiling text-size v1.1.0
[INFO] [stderr]    Compiling itertools v0.10.5
[INFO] [stderr]    Compiling url v2.3.1
[INFO] [stderr]    Compiling http v0.2.8
[INFO] [stderr]    Compiling crossbeam-utils v0.7.2
[INFO] [stderr]    Compiling memoffset v0.9.0
[INFO] [stderr]    Compiling rustix v0.36.5
[INFO] [stderr]    Compiling utf8parse v0.2.1
[INFO] [stderr]    Compiling alloc-no-stdlib v2.0.4
[INFO] [stderr]    Compiling httparse v1.8.0
[INFO] [stderr]    Compiling maybe-uninit v2.0.0
[INFO] [stderr]    Compiling alloc-stdlib v0.2.2
[INFO] [stderr]    Compiling anstyle-parse v0.2.2
[INFO] [stderr]    Compiling sqlformat v0.2.0
[INFO] [stderr]    Compiling futures-executor v0.3.25
[INFO] [stderr]    Compiling tokio-util v0.7.4
[INFO] [stderr]    Compiling flume v0.11.0
[INFO] [stderr]    Compiling bstr v0.2.17
[INFO] [stderr]    Compiling same-file v1.0.6
[INFO] [stderr]    Compiling countme v2.0.4
[INFO] [stderr]    Compiling colorchoice v1.0.0
[INFO] [stderr]    Compiling linux-raw-sys v0.1.4
[INFO] [stderr]    Compiling unicode-width v0.1.10
[INFO] [stderr]    Compiling anstyle v1.0.4
[INFO] [stderr]    Compiling anstyle-query v1.0.0
[INFO] [stderr]    Compiling hashbrown v0.9.1
[INFO] [stderr]    Compiling try-lock v0.2.3
[INFO] [stderr]    Compiling fastrand v1.8.0
[INFO] [stderr]    Compiling remove_dir_all v0.5.3
[INFO] [stderr]    Compiling want v0.3.0
[INFO] [stderr]    Compiling globset v0.4.9
[INFO] [stderr]    Compiling tempfile v3.3.0
[INFO] [stderr]    Compiling anstream v0.6.4
[INFO] [stderr]    Compiling rowan v0.12.6
[INFO] [stderr]    Compiling sqlx-core v0.7.2
[INFO] [stderr]    Compiling h2 v0.3.15
[INFO] [stderr]    Compiling textwrap v0.11.0
[INFO] [stderr]    Compiling walkdir v2.3.2
[INFO] [stderr]    Compiling brotli-decompressor v2.5.1
[INFO] [stderr]    Compiling http-body v0.4.5
[INFO] [stderr]    Compiling smol_str v0.1.23
[INFO] [stderr]    Compiling cbitset v0.2.0
[INFO] [stderr]    Compiling atty v0.2.14
[INFO] [stderr]    Compiling thread_local v1.1.4
[INFO] [stderr]    Compiling ansi_term v0.12.1
[INFO] [stderr]    Compiling httpdate v1.0.2
[INFO] [stderr]    Compiling strsim v0.8.0
[INFO] [stderr]    Compiling vec_map v0.8.2
[INFO] [stderr]    Compiling clap_lex v0.6.0
[INFO] [stderr]    Compiling countme v3.0.1
[INFO] [stderr]    Compiling tower-service v0.3.2
[INFO] [stderr]    Compiling strsim v0.10.0
[INFO] [stderr]    Compiling encoding_rs v0.8.31
[INFO] [stderr]    Compiling sqlx-sqlite v0.7.2
[INFO] [stderr]    Compiling clap_builder v4.4.7
[INFO] [stderr]    Compiling rowan v0.15.13
[INFO] [stderr]    Compiling brotli v3.4.0
[INFO] [stderr]    Compiling clap v2.34.0
[INFO] [stderr]    Compiling ignore v0.4.18
[INFO] [stderr]    Compiling sqlx-macros-core v0.7.2
[INFO] [stderr]    Compiling hyper v0.14.23
[INFO] [stderr]    Compiling rnix v0.10.2
[INFO] [stderr]    Compiling crossbeam-channel v0.4.4
[INFO] [stderr]    Compiling is-terminal v0.4.1
[INFO] [stderr]    Compiling tokio-native-tls v0.3.0
[INFO] [stderr]    Compiling clap_derive v4.4.7
[INFO] [stderr]    Compiling termcolor v1.1.3
[INFO] [stderr]    Compiling anyhow v1.0.66
[INFO] [stderr]    Compiling humantime v2.1.0
[INFO] [stderr]    Compiling nixpkgs-fmt v1.3.0
[INFO] [stderr]    Compiling env_logger v0.10.0
[INFO] [stderr]    Compiling sqlx-macros v0.7.2
[INFO] [stderr]    Compiling async-compression v0.3.15
[INFO] [stderr]    Compiling rnix v0.11.0
[INFO] [stderr]    Compiling hyper-tls v0.5.0
[INFO] [stderr]    Compiling serde_urlencoded v0.7.1
[INFO] [stderr]    Compiling dashmap v4.0.2
[INFO] [stderr]    Compiling csv-core v0.1.11
[INFO] [stderr]    Compiling clap v4.4.7
[INFO] [stderr]    Compiling base64 v0.13.1
[INFO] [stderr]    Compiling owo-colors v3.5.0
[INFO] [stderr]    Compiling mime v0.3.16
[INFO] [stderr]    Compiling ipnet v2.7.0
[INFO] [stderr]    Compiling csv v1.3.0
[INFO] [stderr]    Compiling reqwest v0.11.13
[INFO] [stderr]    Compiling ijson v0.1.3
[INFO] [stderr]    Compiling nix-editor v0.3.0
[INFO] [stderr]    Compiling pretty_env_logger v0.5.0
[INFO] [stderr]    Compiling sqlx v0.7.2
[INFO] [stderr]    Compiling nix-data v0.0.3 (/opt/rustwide/workdir)
[INFO] [stderr]     Finished dev [unoptimized + debuginfo] target(s) in 29.79s
[INFO] running `Command { std: "docker" "inspect" "8a235f6e74edfcf2632e3888bce3e7797a2425d15d70479d68ff90da4cc3689c", kill_on_drop: false }`
[INFO] running `Command { std: "docker" "rm" "-f" "8a235f6e74edfcf2632e3888bce3e7797a2425d15d70479d68ff90da4cc3689c", kill_on_drop: false }`
[INFO] [stdout] 8a235f6e74edfcf2632e3888bce3e7797a2425d15d70479d68ff90da4cc3689c
[INFO] running `Command { std: "docker" "create" "-v" "/var/lib/crater-agent-workspace/builds/worker-0-tc2/target:/opt/rustwide/target:rw,Z" "-v" "/var/lib/crater-agent-workspace/builds/worker-0-tc2/source:/opt/rustwide/workdir:ro,Z" "-v" "/var/lib/crater-agent-workspace/cargo-home:/opt/rustwide/cargo-home:ro,Z" "-v" "/var/lib/crater-agent-workspace/rustup-home:/opt/rustwide/rustup-home:ro,Z" "-e" "SOURCE_DIR=/opt/rustwide/workdir" "-e" "CARGO_TARGET_DIR=/opt/rustwide/target" "-e" "CARGO_INCREMENTAL=0" "-e" "RUST_BACKTRACE=full" "-e" "RUSTFLAGS=--cap-lints=warn" "-e" "RUSTDOCFLAGS=--cap-lints=warn" "-e" "CARGO_HOME=/opt/rustwide/cargo-home" "-e" "RUSTUP_HOME=/opt/rustwide/rustup-home" "-w" "/opt/rustwide/workdir" "-m" "1610612736" "--user" "0:0" "--network" "none" "ghcr.io/rust-lang/crates-build-env/linux@sha256:2788e3201cd34a07e3172128adcd8b3090168a8e3bcc40d7c032b9dda1df7d1c" "/opt/rustwide/cargo-home/bin/cargo" "+beta-2023-12-22" "test" "--frozen" "--no-run" "--message-format=json", kill_on_drop: false }`
[INFO] [stdout] 2ba2640d7b1b82323970c38ca8fe4ebe62dd9444e41b86d63108a04a42ae676c
[INFO] running `Command { std: "docker" "start" "-a" "2ba2640d7b1b82323970c38ca8fe4ebe62dd9444e41b86d63108a04a42ae676c", kill_on_drop: false }`
[INFO] [stderr]    Compiling nix-data v0.0.3 (/opt/rustwide/workdir)
[INFO] [stderr]     Finished test [unoptimized + debuginfo] target(s) in 1.27s
[INFO] running `Command { std: "docker" "inspect" "2ba2640d7b1b82323970c38ca8fe4ebe62dd9444e41b86d63108a04a42ae676c", kill_on_drop: false }`
[INFO] running `Command { std: "docker" "rm" "-f" "2ba2640d7b1b82323970c38ca8fe4ebe62dd9444e41b86d63108a04a42ae676c", kill_on_drop: false }`
[INFO] [stdout] 2ba2640d7b1b82323970c38ca8fe4ebe62dd9444e41b86d63108a04a42ae676c
[INFO] running `Command { std: "docker" "create" "-v" "/var/lib/crater-agent-workspace/builds/worker-0-tc2/target:/opt/rustwide/target:rw,Z" "-v" "/var/lib/crater-agent-workspace/builds/worker-0-tc2/source:/opt/rustwide/workdir:ro,Z" "-v" "/var/lib/crater-agent-workspace/cargo-home:/opt/rustwide/cargo-home:ro,Z" "-v" "/var/lib/crater-agent-workspace/rustup-home:/opt/rustwide/rustup-home:ro,Z" "-e" "SOURCE_DIR=/opt/rustwide/workdir" "-e" "CARGO_TARGET_DIR=/opt/rustwide/target" "-e" "CARGO_INCREMENTAL=0" "-e" "RUST_BACKTRACE=full" "-e" "RUSTFLAGS=--cap-lints=warn" "-e" "RUSTDOCFLAGS=--cap-lints=warn" "-e" "CARGO_HOME=/opt/rustwide/cargo-home" "-e" "RUSTUP_HOME=/opt/rustwide/rustup-home" "-w" "/opt/rustwide/workdir" "-m" "1610612736" "--user" "0:0" "--network" "none" "ghcr.io/rust-lang/crates-build-env/linux@sha256:2788e3201cd34a07e3172128adcd8b3090168a8e3bcc40d7c032b9dda1df7d1c" "/opt/rustwide/cargo-home/bin/cargo" "+beta-2023-12-22" "test" "--frozen", kill_on_drop: false }`
[INFO] [stdout] f7b4ded33e179f08c02a128efeb92b27f11d37098eb0dcae6565b44384e7c01c
[INFO] running `Command { std: "docker" "start" "-a" "f7b4ded33e179f08c02a128efeb92b27f11d37098eb0dcae6565b44384e7c01c", kill_on_drop: false }`
[INFO] [stderr]     Finished test [unoptimized + debuginfo] target(s) in 0.13s
[INFO] [stderr]      Running unittests src/lib.rs (/opt/rustwide/target/debug/deps/nix_data-d4fb3511cf6037cc)
[INFO] [stdout] 
[INFO] [stdout] running 0 tests
[INFO] [stdout] 
[INFO] [stdout] test result: ok. 0 passed; 0 failed; 0 ignored; 0 measured; 0 filtered out; finished in 0.00s
[INFO] [stdout] 
[INFO] [stderr]    Doc-tests nix-data
[INFO] [stdout] 
[INFO] [stdout] running 1 test
[INFO] [stdout] test src/lib.rs - (line 11) ... FAILED
[INFO] [stdout] 
[INFO] [stdout] failures:
[INFO] [stdout] 
[INFO] [stdout] ---- src/lib.rs - (line 11) stdout ----
[INFO] [stdout] error[E0308]: mismatched types
[INFO] [stdout]  --> src/lib.rs:16:12
[INFO] [stdout]   |
[INFO] [stdout] 6 |     if let Ok(pkgs) = userpkgs {
[INFO] [stdout]   |            ^^^^^^^^   -------- this expression has type `impl Future<Output = Result<HashMap<String, String>, anyhow::Error>>`
[INFO] [stdout]   |            |
[INFO] [stdout]   |            expected future, found `Result<_, _>`
[INFO] [stdout]   |
[INFO] [stdout]   = note: expected opaque type `impl Future<Output = Result<HashMap<String, String>, anyhow::Error>>`
[INFO] [stdout]                     found enum `Result<_, _>`
[INFO] [stdout] help: consider `await`ing on the `Future`
[INFO] [stdout]   |
[INFO] [stdout] 6 |     if let Ok(pkgs) = userpkgs.await {
[INFO] [stdout]   |                               ++++++
[INFO] [stdout] 
[INFO] [stdout] error: aborting due to 1 previous error
[INFO] [stdout] 
[INFO] [stdout] For more information about this error, try `rustc --explain E0308`.
[INFO] [stdout] Couldn't compile the test.
[INFO] [stdout] 
[INFO] [stdout] failures:
[INFO] [stdout]     src/lib.rs - (line 11)
[INFO] [stdout] 
[INFO] [stdout] test result: FAILED. 0 passed; 1 failed; 0 ignored; 0 measured; 0 filtered out; finished in 0.06s
[INFO] [stdout] 
[INFO] [stderr] error: doctest failed, to rerun pass `--doc`
[INFO] running `Command { std: "docker" "inspect" "f7b4ded33e179f08c02a128efeb92b27f11d37098eb0dcae6565b44384e7c01c", kill_on_drop: false }`
[INFO] running `Command { std: "docker" "rm" "-f" "f7b4ded33e179f08c02a128efeb92b27f11d37098eb0dcae6565b44384e7c01c", kill_on_drop: false }`
[INFO] [stdout] f7b4ded33e179f08c02a128efeb92b27f11d37098eb0dcae6565b44384e7c01c
