[INFO] cloning repository https://github.com/skylerselfridge/mmheaps
[INFO] running `Command { std: "git" "-c" "credential.helper=" "-c" "credential.helper=/workspace/cargo-home/bin/git-credential-null" "clone" "--bare" "https://github.com/skylerselfridge/mmheaps" "/workspace/cache/git-repos/https%3A%2F%2Fgithub.com%2Fskylerselfridge%2Fmmheaps", kill_on_drop: false }`
[INFO] [stderr] Cloning into bare repository '/workspace/cache/git-repos/https%3A%2F%2Fgithub.com%2Fskylerselfridge%2Fmmheaps'...
[INFO] running `Command { std: "git" "rev-parse" "HEAD", kill_on_drop: false }`
[INFO] [stdout] db2afd91ca70e69c93564848d89c2b07f1faaa7e
[INFO] testing skylerselfridge/mmheaps against 1.75.0 for beta-1.76-1
[INFO] running `Command { std: "git" "clone" "/workspace/cache/git-repos/https%3A%2F%2Fgithub.com%2Fskylerselfridge%2Fmmheaps" "/workspace/builds/worker-4-tc1/source", kill_on_drop: false }`
[INFO] [stderr] Cloning into '/workspace/builds/worker-4-tc1/source'...
[INFO] [stderr] done.
[INFO] validating manifest of git repo https://github.com/skylerselfridge/mmheaps on toolchain 1.75.0
[INFO] running `Command { std: CARGO_HOME="/workspace/cargo-home" RUSTUP_HOME="/workspace/rustup-home" "/workspace/cargo-home/bin/cargo" "+1.75.0" "metadata" "--manifest-path" "Cargo.toml" "--no-deps", kill_on_drop: false }`
[INFO] started tweaking git repo https://github.com/skylerselfridge/mmheaps
[INFO] finished tweaking git repo https://github.com/skylerselfridge/mmheaps
[INFO] tweaked toml for git repo https://github.com/skylerselfridge/mmheaps written to /workspace/builds/worker-4-tc1/source/Cargo.toml
[INFO] crate git repo https://github.com/skylerselfridge/mmheaps already has a lockfile, it will not be regenerated
[INFO] running `Command { std: CARGO_HOME="/workspace/cargo-home" RUSTUP_HOME="/workspace/rustup-home" "/workspace/cargo-home/bin/cargo" "+1.75.0" "fetch" "--manifest-path" "Cargo.toml", kill_on_drop: false }`
[INFO] [stderr] warning: unused manifest key: package.author
[INFO] running `Command { std: "docker" "create" "-v" "/var/lib/crater-agent-workspace/builds/worker-4-tc1/target:/opt/rustwide/target:rw,Z" "-v" "/var/lib/crater-agent-workspace/builds/worker-4-tc1/source:/opt/rustwide/workdir:ro,Z" "-v" "/var/lib/crater-agent-workspace/cargo-home:/opt/rustwide/cargo-home:ro,Z" "-v" "/var/lib/crater-agent-workspace/rustup-home:/opt/rustwide/rustup-home:ro,Z" "-e" "SOURCE_DIR=/opt/rustwide/workdir" "-e" "CARGO_TARGET_DIR=/opt/rustwide/target" "-e" "CARGO_HOME=/opt/rustwide/cargo-home" "-e" "RUSTUP_HOME=/opt/rustwide/rustup-home" "-w" "/opt/rustwide/workdir" "-m" "1610612736" "--user" "0:0" "--network" "none" "ghcr.io/rust-lang/crates-build-env/linux@sha256:2788e3201cd34a07e3172128adcd8b3090168a8e3bcc40d7c032b9dda1df7d1c" "/opt/rustwide/cargo-home/bin/cargo" "+1.75.0" "metadata" "--no-deps" "--format-version=1", kill_on_drop: false }`
[INFO] [stdout] 0203fd2daea05855ec24f1ebc3cda8fb30747ddab2f230b701ccf8305447e4e0
[INFO] running `Command { std: "docker" "start" "-a" "0203fd2daea05855ec24f1ebc3cda8fb30747ddab2f230b701ccf8305447e4e0", kill_on_drop: false }`
[INFO] running `Command { std: "docker" "inspect" "0203fd2daea05855ec24f1ebc3cda8fb30747ddab2f230b701ccf8305447e4e0", kill_on_drop: false }`
[INFO] running `Command { std: "docker" "rm" "-f" "0203fd2daea05855ec24f1ebc3cda8fb30747ddab2f230b701ccf8305447e4e0", kill_on_drop: false }`
[INFO] [stdout] 0203fd2daea05855ec24f1ebc3cda8fb30747ddab2f230b701ccf8305447e4e0
[INFO] running `Command { std: "docker" "create" "-v" "/var/lib/crater-agent-workspace/builds/worker-4-tc1/target:/opt/rustwide/target:rw,Z" "-v" "/var/lib/crater-agent-workspace/builds/worker-4-tc1/source:/opt/rustwide/workdir:ro,Z" "-v" "/var/lib/crater-agent-workspace/cargo-home:/opt/rustwide/cargo-home:ro,Z" "-v" "/var/lib/crater-agent-workspace/rustup-home:/opt/rustwide/rustup-home:ro,Z" "-e" "SOURCE_DIR=/opt/rustwide/workdir" "-e" "CARGO_TARGET_DIR=/opt/rustwide/target" "-e" "CARGO_INCREMENTAL=0" "-e" "RUST_BACKTRACE=full" "-e" "RUSTFLAGS=--cap-lints=warn" "-e" "RUSTDOCFLAGS=--cap-lints=warn" "-e" "CARGO_HOME=/opt/rustwide/cargo-home" "-e" "RUSTUP_HOME=/opt/rustwide/rustup-home" "-w" "/opt/rustwide/workdir" "-m" "1610612736" "--user" "0:0" "--network" "none" "ghcr.io/rust-lang/crates-build-env/linux@sha256:2788e3201cd34a07e3172128adcd8b3090168a8e3bcc40d7c032b9dda1df7d1c" "/opt/rustwide/cargo-home/bin/cargo" "+1.75.0" "build" "--frozen" "--message-format=json", kill_on_drop: false }`
[INFO] [stdout] 9d9114e581b224887851f86d16ece8bab18b2f167ca45e34f6a40aab370817da
[INFO] running `Command { std: "docker" "start" "-a" "9d9114e581b224887851f86d16ece8bab18b2f167ca45e34f6a40aab370817da", kill_on_drop: false }`
[INFO] [stderr] warning: unused manifest key: package.author
[INFO] [stderr]    Compiling mmheaps v0.1.11 (/opt/rustwide/workdir)
[INFO] [stderr]     Finished dev [unoptimized + debuginfo] target(s) in 0.07s
[INFO] running `Command { std: "docker" "inspect" "9d9114e581b224887851f86d16ece8bab18b2f167ca45e34f6a40aab370817da", kill_on_drop: false }`
[INFO] running `Command { std: "docker" "rm" "-f" "9d9114e581b224887851f86d16ece8bab18b2f167ca45e34f6a40aab370817da", kill_on_drop: false }`
[INFO] [stdout] 9d9114e581b224887851f86d16ece8bab18b2f167ca45e34f6a40aab370817da
[INFO] running `Command { std: "docker" "create" "-v" "/var/lib/crater-agent-workspace/builds/worker-4-tc1/target:/opt/rustwide/target:rw,Z" "-v" "/var/lib/crater-agent-workspace/builds/worker-4-tc1/source:/opt/rustwide/workdir:ro,Z" "-v" "/var/lib/crater-agent-workspace/cargo-home:/opt/rustwide/cargo-home:ro,Z" "-v" "/var/lib/crater-agent-workspace/rustup-home:/opt/rustwide/rustup-home:ro,Z" "-e" "SOURCE_DIR=/opt/rustwide/workdir" "-e" "CARGO_TARGET_DIR=/opt/rustwide/target" "-e" "CARGO_INCREMENTAL=0" "-e" "RUST_BACKTRACE=full" "-e" "RUSTFLAGS=--cap-lints=warn" "-e" "RUSTDOCFLAGS=--cap-lints=warn" "-e" "CARGO_HOME=/opt/rustwide/cargo-home" "-e" "RUSTUP_HOME=/opt/rustwide/rustup-home" "-w" "/opt/rustwide/workdir" "-m" "1610612736" "--user" "0:0" "--network" "none" "ghcr.io/rust-lang/crates-build-env/linux@sha256:2788e3201cd34a07e3172128adcd8b3090168a8e3bcc40d7c032b9dda1df7d1c" "/opt/rustwide/cargo-home/bin/cargo" "+1.75.0" "test" "--frozen" "--no-run" "--message-format=json", kill_on_drop: false }`
[INFO] [stdout] f71bb6c5312a25a3a001f722db5a5a7389ee2ebf1034e2d6ada8f7e741eb171a
[INFO] running `Command { std: "docker" "start" "-a" "f71bb6c5312a25a3a001f722db5a5a7389ee2ebf1034e2d6ada8f7e741eb171a", kill_on_drop: false }`
[INFO] [stderr] warning: unused manifest key: package.author
[INFO] [stderr]    Compiling mmheaps v0.1.11 (/opt/rustwide/workdir)
[INFO] [stderr]     Finished test [unoptimized + debuginfo] target(s) in 0.17s
[INFO] running `Command { std: "docker" "inspect" "f71bb6c5312a25a3a001f722db5a5a7389ee2ebf1034e2d6ada8f7e741eb171a", kill_on_drop: false }`
[INFO] running `Command { std: "docker" "rm" "-f" "f71bb6c5312a25a3a001f722db5a5a7389ee2ebf1034e2d6ada8f7e741eb171a", kill_on_drop: false }`
[INFO] [stdout] f71bb6c5312a25a3a001f722db5a5a7389ee2ebf1034e2d6ada8f7e741eb171a
[INFO] running `Command { std: "docker" "create" "-v" "/var/lib/crater-agent-workspace/builds/worker-4-tc1/target:/opt/rustwide/target:rw,Z" "-v" "/var/lib/crater-agent-workspace/builds/worker-4-tc1/source:/opt/rustwide/workdir:ro,Z" "-v" "/var/lib/crater-agent-workspace/cargo-home:/opt/rustwide/cargo-home:ro,Z" "-v" "/var/lib/crater-agent-workspace/rustup-home:/opt/rustwide/rustup-home:ro,Z" "-e" "SOURCE_DIR=/opt/rustwide/workdir" "-e" "CARGO_TARGET_DIR=/opt/rustwide/target" "-e" "CARGO_INCREMENTAL=0" "-e" "RUST_BACKTRACE=full" "-e" "RUSTFLAGS=--cap-lints=warn" "-e" "RUSTDOCFLAGS=--cap-lints=warn" "-e" "CARGO_HOME=/opt/rustwide/cargo-home" "-e" "RUSTUP_HOME=/opt/rustwide/rustup-home" "-w" "/opt/rustwide/workdir" "-m" "1610612736" "--user" "0:0" "--network" "none" "ghcr.io/rust-lang/crates-build-env/linux@sha256:2788e3201cd34a07e3172128adcd8b3090168a8e3bcc40d7c032b9dda1df7d1c" "/opt/rustwide/cargo-home/bin/cargo" "+1.75.0" "test" "--frozen", kill_on_drop: false }`
[INFO] [stdout] 52985c38f76c565c84d7355f092bfae3e802a4313f3a3c91899ed8013af532f3
[INFO] running `Command { std: "docker" "start" "-a" "52985c38f76c565c84d7355f092bfae3e802a4313f3a3c91899ed8013af532f3", kill_on_drop: false }`
[INFO] [stderr] warning: unused manifest key: package.author
[INFO] [stderr]     Finished test [unoptimized + debuginfo] target(s) in 0.00s
[INFO] [stderr]      Running unittests src/lib.rs (/opt/rustwide/target/debug/deps/mmheaps-bf5f6d1c54d34232)
[INFO] [stdout] 
[INFO] [stdout] running 0 tests
[INFO] [stdout] 
[INFO] [stdout] test result: ok. 0 passed; 0 failed; 0 ignored; 0 measured; 0 filtered out; finished in 0.00s
[INFO] [stdout] 
[INFO] [stderr]    Doc-tests mmheaps
[INFO] [stdout] 
[INFO] [stdout] running 2 tests
[INFO] [stdout] test src/max_heap/max.rs - max_heap::max::MaxHeap (line 23) ... FAILED
[INFO] [stdout] test src/min_heap/min.rs - min_heap::min::MinHeap (line 23) ... FAILED
[INFO] [stdout] 
[INFO] [stdout] failures:
[INFO] [stdout] 
[INFO] [stdout] ---- src/max_heap/max.rs - max_heap::max::MaxHeap (line 23) stdout ----
[INFO] [stdout] error[E0433]: failed to resolve: use of undeclared type `MaxHeap`
[INFO] [stdout]  --> src/max_heap/max.rs:24:16
[INFO] [stdout]   |
[INFO] [stdout] 3 | let max_heap = MaxHeap::<i32>::new();
[INFO] [stdout]   |                ^^^^^^^ use of undeclared type `MaxHeap`
[INFO] [stdout]   |
[INFO] [stdout] help: consider importing this struct
[INFO] [stdout]   |
[INFO] [stdout] 2 + use mmheaps::max_heap::max::MaxHeap;
[INFO] [stdout]   |
[INFO] [stdout] 
[INFO] [stdout] error[E0423]: expected function, found macro `println`
[INFO] [stdout]  --> src/max_heap/max.rs:29:5
[INFO] [stdout]   |
[INFO] [stdout] 8 |     println("{:?}",i);
[INFO] [stdout]   |     ^^^^^^^ not a function
[INFO] [stdout]   |
[INFO] [stdout] help: use `!` to invoke the macro
[INFO] [stdout]   |
[INFO] [stdout] 8 |     println!("{:?}",i);
[INFO] [stdout]   |            +
[INFO] [stdout] 
[INFO] [stdout] error: aborting due to 2 previous errors
[INFO] [stdout] 
[INFO] [stdout] Some errors have detailed explanations: E0423, E0433.
[INFO] [stdout] For more information about an error, try `rustc --explain E0423`.
[INFO] [stdout] Couldn't compile the test.
[INFO] [stdout] ---- src/min_heap/min.rs - min_heap::min::MinHeap (line 23) stdout ----
[INFO] [stdout] error[E0433]: failed to resolve: use of undeclared type `MinHeap`
[INFO] [stdout]  --> src/min_heap/min.rs:24:16
[INFO] [stdout]   |
[INFO] [stdout] 3 | let min_heap = MinHeap::<i32>::new();
[INFO] [stdout]   |                ^^^^^^^ use of undeclared type `MinHeap`
[INFO] [stdout]   |
[INFO] [stdout] help: consider importing this struct
[INFO] [stdout]   |
[INFO] [stdout] 2 + use mmheaps::min_heap::min::MinHeap;
[INFO] [stdout]   |
[INFO] [stdout] 
[INFO] [stdout] error[E0423]: expected function, found macro `println`
[INFO] [stdout]  --> src/min_heap/min.rs:30:4
[INFO] [stdout]   |
[INFO] [stdout] 9 |    println("{:?}",i);
[INFO] [stdout]   |    ^^^^^^^ not a function
[INFO] [stdout]   |
[INFO] [stdout] help: use `!` to invoke the macro
[INFO] [stdout]   |
[INFO] [stdout] 9 |    println!("{:?}",i);
[INFO] [stdout]   |           +
[INFO] [stdout] 
[INFO] [stdout] error: aborting due to 2 previous errors
[INFO] [stdout] 
[INFO] [stdout] Some errors have detailed explanations: E0423, E0433.
[INFO] [stdout] For more information about an error, try `rustc --explain E0423`.
[INFO] [stdout] Couldn't compile the test.
[INFO] [stdout] 
[INFO] [stdout] failures:
[INFO] [stdout]     src/max_heap/max.rs - max_heap::max::MaxHeap (line 23)
[INFO] [stdout]     src/min_heap/min.rs - min_heap::min::MinHeap (line 23)
[INFO] [stdout] 
[INFO] [stdout] test result: FAILED. 0 passed; 2 failed; 0 ignored; 0 measured; 0 filtered out; finished in 0.03s
[INFO] [stdout] 
[INFO] [stderr] error: doctest failed, to rerun pass `--doc`
[INFO] running `Command { std: "docker" "inspect" "52985c38f76c565c84d7355f092bfae3e802a4313f3a3c91899ed8013af532f3", kill_on_drop: false }`
[INFO] running `Command { std: "docker" "rm" "-f" "52985c38f76c565c84d7355f092bfae3e802a4313f3a3c91899ed8013af532f3", kill_on_drop: false }`
[INFO] [stdout] 52985c38f76c565c84d7355f092bfae3e802a4313f3a3c91899ed8013af532f3
[INFO] testing skylerselfridge/mmheaps against beta-2023-12-22 for beta-1.76-1
[INFO] running `Command { std: "git" "clone" "/workspace/cache/git-repos/https%3A%2F%2Fgithub.com%2Fskylerselfridge%2Fmmheaps" "/workspace/builds/worker-4-tc2/source", kill_on_drop: false }`
[INFO] [stderr] Cloning into '/workspace/builds/worker-4-tc2/source'...
[INFO] [stderr] done.
[INFO] validating manifest of git repo https://github.com/skylerselfridge/mmheaps on toolchain beta-2023-12-22
[INFO] running `Command { std: CARGO_HOME="/workspace/cargo-home" RUSTUP_HOME="/workspace/rustup-home" "/workspace/cargo-home/bin/cargo" "+beta-2023-12-22" "metadata" "--manifest-path" "Cargo.toml" "--no-deps", kill_on_drop: false }`
[INFO] started tweaking git repo https://github.com/skylerselfridge/mmheaps
[INFO] finished tweaking git repo https://github.com/skylerselfridge/mmheaps
[INFO] tweaked toml for git repo https://github.com/skylerselfridge/mmheaps written to /workspace/builds/worker-4-tc2/source/Cargo.toml
[INFO] crate git repo https://github.com/skylerselfridge/mmheaps already has a lockfile, it will not be regenerated
[INFO] running `Command { std: CARGO_HOME="/workspace/cargo-home" RUSTUP_HOME="/workspace/rustup-home" "/workspace/cargo-home/bin/cargo" "+beta-2023-12-22" "fetch" "--manifest-path" "Cargo.toml", kill_on_drop: false }`
[INFO] [stderr] warning: unused manifest key: package.author
[INFO] running `Command { std: "docker" "create" "-v" "/var/lib/crater-agent-workspace/builds/worker-4-tc2/target:/opt/rustwide/target:rw,Z" "-v" "/var/lib/crater-agent-workspace/builds/worker-4-tc2/source:/opt/rustwide/workdir:ro,Z" "-v" "/var/lib/crater-agent-workspace/cargo-home:/opt/rustwide/cargo-home:ro,Z" "-v" "/var/lib/crater-agent-workspace/rustup-home:/opt/rustwide/rustup-home:ro,Z" "-e" "SOURCE_DIR=/opt/rustwide/workdir" "-e" "CARGO_TARGET_DIR=/opt/rustwide/target" "-e" "CARGO_HOME=/opt/rustwide/cargo-home" "-e" "RUSTUP_HOME=/opt/rustwide/rustup-home" "-w" "/opt/rustwide/workdir" "-m" "1610612736" "--user" "0:0" "--network" "none" "ghcr.io/rust-lang/crates-build-env/linux@sha256:2788e3201cd34a07e3172128adcd8b3090168a8e3bcc40d7c032b9dda1df7d1c" "/opt/rustwide/cargo-home/bin/cargo" "+beta-2023-12-22" "metadata" "--no-deps" "--format-version=1", kill_on_drop: false }`
[INFO] [stdout] 165ca73727aa041ebf2d1f06e46639ed9cd01fabcaf4928db16c725a4bdacc6d
[INFO] running `Command { std: "docker" "start" "-a" "165ca73727aa041ebf2d1f06e46639ed9cd01fabcaf4928db16c725a4bdacc6d", kill_on_drop: false }`
[INFO] running `Command { std: "docker" "inspect" "165ca73727aa041ebf2d1f06e46639ed9cd01fabcaf4928db16c725a4bdacc6d", kill_on_drop: false }`
[INFO] running `Command { std: "docker" "rm" "-f" "165ca73727aa041ebf2d1f06e46639ed9cd01fabcaf4928db16c725a4bdacc6d", kill_on_drop: false }`
[INFO] [stdout] 165ca73727aa041ebf2d1f06e46639ed9cd01fabcaf4928db16c725a4bdacc6d
[INFO] running `Command { std: "docker" "create" "-v" "/var/lib/crater-agent-workspace/builds/worker-4-tc2/target:/opt/rustwide/target:rw,Z" "-v" "/var/lib/crater-agent-workspace/builds/worker-4-tc2/source:/opt/rustwide/workdir:ro,Z" "-v" "/var/lib/crater-agent-workspace/cargo-home:/opt/rustwide/cargo-home:ro,Z" "-v" "/var/lib/crater-agent-workspace/rustup-home:/opt/rustwide/rustup-home:ro,Z" "-e" "SOURCE_DIR=/opt/rustwide/workdir" "-e" "CARGO_TARGET_DIR=/opt/rustwide/target" "-e" "CARGO_INCREMENTAL=0" "-e" "RUST_BACKTRACE=full" "-e" "RUSTFLAGS=--cap-lints=warn" "-e" "RUSTDOCFLAGS=--cap-lints=warn" "-e" "CARGO_HOME=/opt/rustwide/cargo-home" "-e" "RUSTUP_HOME=/opt/rustwide/rustup-home" "-w" "/opt/rustwide/workdir" "-m" "1610612736" "--user" "0:0" "--network" "none" "ghcr.io/rust-lang/crates-build-env/linux@sha256:2788e3201cd34a07e3172128adcd8b3090168a8e3bcc40d7c032b9dda1df7d1c" "/opt/rustwide/cargo-home/bin/cargo" "+beta-2023-12-22" "build" "--frozen" "--message-format=json", kill_on_drop: false }`
[INFO] [stdout] c22cc3efe8926a1a031235ecc588bb6ce180ad7bf50a785fc82f8ad683caa87f
[INFO] running `Command { std: "docker" "start" "-a" "c22cc3efe8926a1a031235ecc588bb6ce180ad7bf50a785fc82f8ad683caa87f", kill_on_drop: false }`
[INFO] [stderr] warning: unused manifest key: package.author
[INFO] [stderr]    Compiling mmheaps v0.1.11 (/opt/rustwide/workdir)
[INFO] [stderr]     Finished dev [unoptimized + debuginfo] target(s) in 0.07s
[INFO] running `Command { std: "docker" "inspect" "c22cc3efe8926a1a031235ecc588bb6ce180ad7bf50a785fc82f8ad683caa87f", kill_on_drop: false }`
[INFO] running `Command { std: "docker" "rm" "-f" "c22cc3efe8926a1a031235ecc588bb6ce180ad7bf50a785fc82f8ad683caa87f", kill_on_drop: false }`
[INFO] [stdout] c22cc3efe8926a1a031235ecc588bb6ce180ad7bf50a785fc82f8ad683caa87f
[INFO] running `Command { std: "docker" "create" "-v" "/var/lib/crater-agent-workspace/builds/worker-4-tc2/target:/opt/rustwide/target:rw,Z" "-v" "/var/lib/crater-agent-workspace/builds/worker-4-tc2/source:/opt/rustwide/workdir:ro,Z" "-v" "/var/lib/crater-agent-workspace/cargo-home:/opt/rustwide/cargo-home:ro,Z" "-v" "/var/lib/crater-agent-workspace/rustup-home:/opt/rustwide/rustup-home:ro,Z" "-e" "SOURCE_DIR=/opt/rustwide/workdir" "-e" "CARGO_TARGET_DIR=/opt/rustwide/target" "-e" "CARGO_INCREMENTAL=0" "-e" "RUST_BACKTRACE=full" "-e" "RUSTFLAGS=--cap-lints=warn" "-e" "RUSTDOCFLAGS=--cap-lints=warn" "-e" "CARGO_HOME=/opt/rustwide/cargo-home" "-e" "RUSTUP_HOME=/opt/rustwide/rustup-home" "-w" "/opt/rustwide/workdir" "-m" "1610612736" "--user" "0:0" "--network" "none" "ghcr.io/rust-lang/crates-build-env/linux@sha256:2788e3201cd34a07e3172128adcd8b3090168a8e3bcc40d7c032b9dda1df7d1c" "/opt/rustwide/cargo-home/bin/cargo" "+beta-2023-12-22" "test" "--frozen" "--no-run" "--message-format=json", kill_on_drop: false }`
[INFO] [stdout] 8ba08ba2113753649cfb3bf3896be423fd5cfeb33686925ed61c0c7a9537d267
[INFO] running `Command { std: "docker" "start" "-a" "8ba08ba2113753649cfb3bf3896be423fd5cfeb33686925ed61c0c7a9537d267", kill_on_drop: false }`
[INFO] [stderr] warning: unused manifest key: package.author
[INFO] [stderr]    Compiling mmheaps v0.1.11 (/opt/rustwide/workdir)
[INFO] [stderr]     Finished test [unoptimized + debuginfo] target(s) in 0.16s
[INFO] running `Command { std: "docker" "inspect" "8ba08ba2113753649cfb3bf3896be423fd5cfeb33686925ed61c0c7a9537d267", kill_on_drop: false }`
[INFO] running `Command { std: "docker" "rm" "-f" "8ba08ba2113753649cfb3bf3896be423fd5cfeb33686925ed61c0c7a9537d267", kill_on_drop: false }`
[INFO] [stdout] 8ba08ba2113753649cfb3bf3896be423fd5cfeb33686925ed61c0c7a9537d267
[INFO] running `Command { std: "docker" "create" "-v" "/var/lib/crater-agent-workspace/builds/worker-4-tc2/target:/opt/rustwide/target:rw,Z" "-v" "/var/lib/crater-agent-workspace/builds/worker-4-tc2/source:/opt/rustwide/workdir:ro,Z" "-v" "/var/lib/crater-agent-workspace/cargo-home:/opt/rustwide/cargo-home:ro,Z" "-v" "/var/lib/crater-agent-workspace/rustup-home:/opt/rustwide/rustup-home:ro,Z" "-e" "SOURCE_DIR=/opt/rustwide/workdir" "-e" "CARGO_TARGET_DIR=/opt/rustwide/target" "-e" "CARGO_INCREMENTAL=0" "-e" "RUST_BACKTRACE=full" "-e" "RUSTFLAGS=--cap-lints=warn" "-e" "RUSTDOCFLAGS=--cap-lints=warn" "-e" "CARGO_HOME=/opt/rustwide/cargo-home" "-e" "RUSTUP_HOME=/opt/rustwide/rustup-home" "-w" "/opt/rustwide/workdir" "-m" "1610612736" "--user" "0:0" "--network" "none" "ghcr.io/rust-lang/crates-build-env/linux@sha256:2788e3201cd34a07e3172128adcd8b3090168a8e3bcc40d7c032b9dda1df7d1c" "/opt/rustwide/cargo-home/bin/cargo" "+beta-2023-12-22" "test" "--frozen", kill_on_drop: false }`
[INFO] [stdout] f3429a579e9c09f691b8a4ceec8e5faa0d42f849a2cae510358094f3ad47ff71
[INFO] running `Command { std: "docker" "start" "-a" "f3429a579e9c09f691b8a4ceec8e5faa0d42f849a2cae510358094f3ad47ff71", kill_on_drop: false }`
[INFO] [stderr] warning: unused manifest key: package.author
[INFO] [stderr]     Finished test [unoptimized + debuginfo] target(s) in 0.00s
[INFO] [stderr]      Running unittests src/lib.rs (/opt/rustwide/target/debug/deps/mmheaps-2dfa9cc715e7684a)
[INFO] [stdout] 
[INFO] [stdout] running 0 tests
[INFO] [stdout] 
[INFO] [stdout] test result: ok. 0 passed; 0 failed; 0 ignored; 0 measured; 0 filtered out; finished in 0.00s
[INFO] [stdout] 
[INFO] [stderr]    Doc-tests mmheaps
[INFO] [stdout] 
[INFO] [stdout] running 2 tests
[INFO] [stdout] test src/min_heap/min.rs - min_heap::min::MinHeap (line 23) ... FAILED
[INFO] [stdout] test src/max_heap/max.rs - max_heap::max::MaxHeap (line 23) ... FAILED
[INFO] [stdout] 
[INFO] [stdout] failures:
[INFO] [stdout] 
[INFO] [stdout] ---- src/min_heap/min.rs - min_heap::min::MinHeap (line 23) stdout ----
[INFO] [stdout] error[E0433]: failed to resolve: use of undeclared type `MinHeap`
[INFO] [stdout]  --> src/min_heap/min.rs:24:16
[INFO] [stdout]   |
[INFO] [stdout] 3 | let min_heap = MinHeap::<i32>::new();
[INFO] [stdout]   |                ^^^^^^^ use of undeclared type `MinHeap`
[INFO] [stdout]   |
[INFO] [stdout] help: consider importing this struct
[INFO] [stdout]   |
[INFO] [stdout] 2 + use mmheaps::min_heap::min::MinHeap;
[INFO] [stdout]   |
[INFO] [stdout] 
[INFO] [stdout] error[E0423]: expected function, found macro `println`
[INFO] [stdout]  --> src/min_heap/min.rs:30:4
[INFO] [stdout]   |
[INFO] [stdout] 9 |    println("{:?}",i);
[INFO] [stdout]   |    ^^^^^^^ not a function
[INFO] [stdout]   |
[INFO] [stdout] help: use `!` to invoke the macro
[INFO] [stdout]   |
[INFO] [stdout] 9 |    println!("{:?}",i);
[INFO] [stdout]   |           +
[INFO] [stdout] 
[INFO] [stdout] error: aborting due to 2 previous errors
[INFO] [stdout] 
[INFO] [stdout] Some errors have detailed explanations: E0423, E0433.
[INFO] [stdout] For more information about an error, try `rustc --explain E0423`.
[INFO] [stdout] Couldn't compile the test.
[INFO] [stdout] ---- src/max_heap/max.rs - max_heap::max::MaxHeap (line 23) stdout ----
[INFO] [stdout] error[E0433]: failed to resolve: use of undeclared type `MaxHeap`
[INFO] [stdout]  --> src/max_heap/max.rs:24:16
[INFO] [stdout]   |
[INFO] [stdout] 3 | let max_heap = MaxHeap::<i32>::new();
[INFO] [stdout]   |                ^^^^^^^ use of undeclared type `MaxHeap`
[INFO] [stdout]   |
[INFO] [stdout] help: consider importing this struct
[INFO] [stdout]   |
[INFO] [stdout] 2 + use mmheaps::max_heap::max::MaxHeap;
[INFO] [stdout]   |
[INFO] [stdout] 
[INFO] [stdout] error[E0423]: expected function, found macro `println`
[INFO] [stdout]  --> src/max_heap/max.rs:29:5
[INFO] [stdout]   |
[INFO] [stdout] 8 |     println("{:?}",i);
[INFO] [stdout]   |     ^^^^^^^ not a function
[INFO] [stdout]   |
[INFO] [stdout] help: use `!` to invoke the macro
[INFO] [stdout]   |
[INFO] [stdout] 8 |     println!("{:?}",i);
[INFO] [stdout]   |            +
[INFO] [stdout] 
[INFO] [stdout] error: aborting due to 2 previous errors
[INFO] [stdout] 
[INFO] [stdout] Some errors have detailed explanations: E0423, E0433.
[INFO] [stdout] For more information about an error, try `rustc --explain E0423`.
[INFO] [stdout] Couldn't compile the test.
[INFO] [stdout] 
[INFO] [stdout] failures:
[INFO] [stdout]     src/max_heap/max.rs - max_heap::max::MaxHeap (line 23)
[INFO] [stdout]     src/min_heap/min.rs - min_heap::min::MinHeap (line 23)
[INFO] [stdout] 
[INFO] [stdout] test result: FAILED. 0 passed; 2 failed; 0 ignored; 0 measured; 0 filtered out; finished in 0.04s
[INFO] [stdout] 
[INFO] [stderr] error: doctest failed, to rerun pass `--doc`
[INFO] running `Command { std: "docker" "inspect" "f3429a579e9c09f691b8a4ceec8e5faa0d42f849a2cae510358094f3ad47ff71", kill_on_drop: false }`
[INFO] running `Command { std: "docker" "rm" "-f" "f3429a579e9c09f691b8a4ceec8e5faa0d42f849a2cae510358094f3ad47ff71", kill_on_drop: false }`
[INFO] [stdout] f3429a579e9c09f691b8a4ceec8e5faa0d42f849a2cae510358094f3ad47ff71
