[INFO] cloning repository https://github.com/skidunion/rocket-rate-limit
[INFO] running `Command { std: "git" "-c" "credential.helper=" "-c" "credential.helper=/workspace/cargo-home/bin/git-credential-null" "clone" "--bare" "https://github.com/skidunion/rocket-rate-limit" "/workspace/cache/git-repos/https%3A%2F%2Fgithub.com%2Fskidunion%2Frocket-rate-limit", kill_on_drop: false }`
[INFO] [stderr] Cloning into bare repository '/workspace/cache/git-repos/https%3A%2F%2Fgithub.com%2Fskidunion%2Frocket-rate-limit'...
[INFO] running `Command { std: "git" "rev-parse" "HEAD", kill_on_drop: false }`
[INFO] [stdout] 9cf81c88bfca6db7a9ac59d89f3b2cd90cf20fb2
[INFO] testing skidunion/rocket-rate-limit against 1.75.0 for beta-1.76-1
[INFO] running `Command { std: "git" "clone" "/workspace/cache/git-repos/https%3A%2F%2Fgithub.com%2Fskidunion%2Frocket-rate-limit" "/workspace/builds/worker-7-tc1/source", kill_on_drop: false }`
[INFO] [stderr] Cloning into '/workspace/builds/worker-7-tc1/source'...
[INFO] [stderr] done.
[INFO] validating manifest of git repo https://github.com/skidunion/rocket-rate-limit on toolchain 1.75.0
[INFO] running `Command { std: CARGO_HOME="/workspace/cargo-home" RUSTUP_HOME="/workspace/rustup-home" "/workspace/cargo-home/bin/cargo" "+1.75.0" "metadata" "--manifest-path" "Cargo.toml" "--no-deps", kill_on_drop: false }`
[INFO] started tweaking git repo https://github.com/skidunion/rocket-rate-limit
[INFO] finished tweaking git repo https://github.com/skidunion/rocket-rate-limit
[INFO] tweaked toml for git repo https://github.com/skidunion/rocket-rate-limit written to /workspace/builds/worker-7-tc1/source/Cargo.toml
[INFO] crate git repo https://github.com/skidunion/rocket-rate-limit already has a lockfile, it will not be regenerated
[INFO] running `Command { std: CARGO_HOME="/workspace/cargo-home" RUSTUP_HOME="/workspace/rustup-home" "/workspace/cargo-home/bin/cargo" "+1.75.0" "fetch" "--manifest-path" "Cargo.toml", kill_on_drop: false }`
[INFO] [stderr]  Downloading crates ...
[INFO] [stderr]   Downloaded figment v0.10.9
[INFO] running `Command { std: "docker" "create" "-v" "/var/lib/crater-agent-workspace/builds/worker-7-tc1/target:/opt/rustwide/target:rw,Z" "-v" "/var/lib/crater-agent-workspace/builds/worker-7-tc1/source:/opt/rustwide/workdir:ro,Z" "-v" "/var/lib/crater-agent-workspace/cargo-home:/opt/rustwide/cargo-home:ro,Z" "-v" "/var/lib/crater-agent-workspace/rustup-home:/opt/rustwide/rustup-home:ro,Z" "-e" "SOURCE_DIR=/opt/rustwide/workdir" "-e" "CARGO_TARGET_DIR=/opt/rustwide/target" "-e" "CARGO_HOME=/opt/rustwide/cargo-home" "-e" "RUSTUP_HOME=/opt/rustwide/rustup-home" "-w" "/opt/rustwide/workdir" "-m" "1610612736" "--user" "0:0" "--network" "none" "ghcr.io/rust-lang/crates-build-env/linux@sha256:2788e3201cd34a07e3172128adcd8b3090168a8e3bcc40d7c032b9dda1df7d1c" "/opt/rustwide/cargo-home/bin/cargo" "+1.75.0" "metadata" "--no-deps" "--format-version=1", kill_on_drop: false }`
[INFO] [stdout] 1bfe6a2d3b275735bd4e7218c9f554ca23637e75545c9e8b5cfd27df3c4ea5d4
[INFO] running `Command { std: "docker" "start" "-a" "1bfe6a2d3b275735bd4e7218c9f554ca23637e75545c9e8b5cfd27df3c4ea5d4", kill_on_drop: false }`
[INFO] running `Command { std: "docker" "inspect" "1bfe6a2d3b275735bd4e7218c9f554ca23637e75545c9e8b5cfd27df3c4ea5d4", kill_on_drop: false }`
[INFO] running `Command { std: "docker" "rm" "-f" "1bfe6a2d3b275735bd4e7218c9f554ca23637e75545c9e8b5cfd27df3c4ea5d4", kill_on_drop: false }`
[INFO] [stdout] 1bfe6a2d3b275735bd4e7218c9f554ca23637e75545c9e8b5cfd27df3c4ea5d4
[INFO] running `Command { std: "docker" "create" "-v" "/var/lib/crater-agent-workspace/builds/worker-7-tc1/target:/opt/rustwide/target:rw,Z" "-v" "/var/lib/crater-agent-workspace/builds/worker-7-tc1/source:/opt/rustwide/workdir:ro,Z" "-v" "/var/lib/crater-agent-workspace/cargo-home:/opt/rustwide/cargo-home:ro,Z" "-v" "/var/lib/crater-agent-workspace/rustup-home:/opt/rustwide/rustup-home:ro,Z" "-e" "SOURCE_DIR=/opt/rustwide/workdir" "-e" "CARGO_TARGET_DIR=/opt/rustwide/target" "-e" "CARGO_INCREMENTAL=0" "-e" "RUST_BACKTRACE=full" "-e" "RUSTFLAGS=--cap-lints=warn" "-e" "RUSTDOCFLAGS=--cap-lints=warn" "-e" "CARGO_HOME=/opt/rustwide/cargo-home" "-e" "RUSTUP_HOME=/opt/rustwide/rustup-home" "-w" "/opt/rustwide/workdir" "-m" "1610612736" "--user" "0:0" "--network" "none" "ghcr.io/rust-lang/crates-build-env/linux@sha256:2788e3201cd34a07e3172128adcd8b3090168a8e3bcc40d7c032b9dda1df7d1c" "/opt/rustwide/cargo-home/bin/cargo" "+1.75.0" "build" "--frozen" "--message-format=json", kill_on_drop: false }`
[INFO] [stdout] 9c6fad33390c0859e477f123abac7d93d44a85e00875775c3326635be479d07a
[INFO] running `Command { std: "docker" "start" "-a" "9c6fad33390c0859e477f123abac7d93d44a85e00875775c3326635be479d07a", kill_on_drop: false }`
[INFO] [stderr]    Compiling proc-macro2 v1.0.59
[INFO] [stderr]    Compiling quote v1.0.28
[INFO] [stderr]    Compiling unicode-ident v1.0.9
[INFO] [stderr]    Compiling autocfg v1.1.0
[INFO] [stderr]    Compiling cfg-if v1.0.0
[INFO] [stderr]    Compiling version_check v0.9.4
[INFO] [stderr]    Compiling libc v0.2.144
[INFO] [stderr]    Compiling pin-project-lite v0.2.9
[INFO] [stderr]    Compiling futures-channel v0.3.28
[INFO] [stderr]    Compiling futures-core v0.3.28
[INFO] [stderr]    Compiling serde v1.0.163
[INFO] [stderr]    Compiling once_cell v1.17.1
[INFO] [stderr]    Compiling pin-utils v0.1.0
[INFO] [stderr]    Compiling memchr v2.5.0
[INFO] [stderr]    Compiling bytes v1.4.0
[INFO] [stderr]    Compiling hashbrown v0.12.3
[INFO] [stderr]    Compiling proc-macro2-diagnostics v0.10.0
[INFO] [stderr]    Compiling log v0.4.17
[INFO] [stderr]    Compiling itoa v1.0.6
[INFO] [stderr]    Compiling slab v0.4.8
[INFO] [stderr]    Compiling futures-task v0.3.28
[INFO] [stderr]    Compiling syn v2.0.18
[INFO] [stderr]    Compiling futures-sink v0.3.28
[INFO] [stderr]    Compiling yansi v0.5.1
[INFO] [stderr]    Compiling tracing-core v0.1.31
[INFO] [stderr]    Compiling futures-util v0.3.28
[INFO] [stderr]    Compiling fnv v1.0.7
[INFO] [stderr]    Compiling http v0.2.9
[INFO] [stderr]    Compiling indexmap v1.9.3
[INFO] [stderr]    Compiling tracing v0.1.37
[INFO] [stderr]    Compiling tokio v1.28.1
[INFO] [stderr]    Compiling httparse v1.8.0
[INFO] [stderr]    Compiling futures-io v0.3.28
[INFO] [stderr]    Compiling num_cpus v1.15.0
[INFO] [stderr]    Compiling mio v0.8.6
[INFO] [stderr]    Compiling socket2 v0.4.9
[INFO] [stderr]    Compiling signal-hook-registry v1.4.1
[INFO] [stderr]    Compiling smallvec v1.10.0
[INFO] [stderr]    Compiling try-lock v0.2.4
[INFO] [stderr]    Compiling bitflags v1.3.2
[INFO] [stderr]    Compiling time-core v0.1.1
[INFO] [stderr]    Compiling time-macros v0.2.9
[INFO] [stderr]    Compiling http-body v0.4.5
[INFO] [stderr]    Compiling cookie v0.17.0
[INFO] [stderr]    Compiling lock_api v0.4.9
[INFO] [stderr]    Compiling ref-cast v1.0.16
[INFO] [stderr]    Compiling parking_lot_core v0.9.7
[INFO] [stderr]    Compiling io-lifetimes v1.0.11
[INFO] [stderr]    Compiling httpdate v1.0.2
[INFO] [stderr]    Compiling inlinable_string v0.1.15
[INFO] [stderr]    Compiling tower-service v0.3.2
[INFO] [stderr]    Compiling getrandom v0.2.9
[INFO] [stderr]    Compiling uncased v0.9.9
[INFO] [stderr]    Compiling rustix v0.37.19
[INFO] [stderr]    Compiling scopeguard v1.1.0
[INFO] [stderr]    Compiling percent-encoding v2.2.0
[INFO] [stderr]    Compiling bitflags v2.3.1
[INFO] [stderr]    Compiling rand_core v0.6.4
[INFO] [stderr]    Compiling want v0.3.0
[INFO] [stderr]    Compiling stable-pattern v0.1.0
[INFO] [stderr]    Compiling ppv-lite86 v0.2.17
[INFO] [stderr]    Compiling state v0.6.0
[INFO] [stderr]    Compiling time v0.3.21
[INFO] [stderr]    Compiling crossbeam-utils v0.8.15
[INFO] [stderr]    Compiling winnow v0.4.6
[INFO] [stderr]    Compiling either v1.8.1
[INFO] [stderr]    Compiling devise_core v0.4.1
[INFO] [stderr]    Compiling linux-raw-sys v0.3.8
[INFO] [stderr]    Compiling rand_chacha v0.3.1
[INFO] [stderr]    Compiling futures v0.3.28
[INFO] [stderr]    Compiling multer v2.1.0
[INFO] [stderr]    Compiling figment v0.10.9
[INFO] [stderr]    Compiling async-trait v0.1.68
[INFO] [stderr]    Compiling rand v0.8.5
[INFO] [stderr]    Compiling parking_lot v0.12.1
[INFO] [stderr]    Compiling raw-cpuid v10.7.0
[INFO] [stderr]    Compiling hyper v0.14.26
[INFO] [stderr]    Compiling rocket v0.5.0-rc.3 (https://github.com/SergioBenitez/Rocket.git#be92fe64)
[INFO] [stderr]    Compiling encoding_rs v0.8.32
[INFO] [stderr]    Compiling glob v0.3.1
[INFO] [stderr]    Compiling serde_derive v1.0.163
[INFO] [stderr]    Compiling futures-macro v0.3.28
[INFO] [stderr]    Compiling tokio-macros v2.1.0
[INFO] [stderr]    Compiling pear_codegen v0.2.4
[INFO] [stderr]    Compiling ref-cast-impl v1.0.16
[INFO] [stderr]    Compiling devise_codegen v0.4.1
[INFO] [stderr]    Compiling async-stream-impl v0.3.5
[INFO] [stderr]    Compiling devise v0.4.1
[INFO] [stderr]    Compiling unicode-xid v0.2.4
[INFO] [stderr]    Compiling mime v0.3.17
[INFO] [stderr]    Compiling pear v0.2.4
[INFO] [stderr]    Compiling spin v0.9.8
[INFO] [stderr]    Compiling fastrand v1.9.0
[INFO] [stderr]    Compiling is-terminal v0.4.7
[INFO] [stderr]    Compiling tempfile v3.5.0
[INFO] [stderr]    Compiling quanta v0.9.3
[INFO] [stderr]    Compiling async-stream v0.3.5
[INFO] [stderr]    Compiling rocket_http v0.5.0-rc.3 (https://github.com/SergioBenitez/Rocket.git#be92fe64)
[INFO] [stderr]    Compiling dashmap v5.4.0
[INFO] [stderr]    Compiling nonzero_ext v0.3.0
[INFO] [stderr]    Compiling no-std-compat v0.4.1
[INFO] [stderr]    Compiling binascii v0.1.4
[INFO] [stderr]    Compiling atomic v0.5.3
[INFO] [stderr]    Compiling futures-timer v3.0.2
[INFO] [stderr]    Compiling futures-executor v0.3.28
[INFO] [stderr]    Compiling governor v0.5.1
[INFO] [stderr]    Compiling rocket_codegen v0.5.0-rc.3 (https://github.com/SergioBenitez/Rocket.git#be92fe64)
[INFO] [stderr]    Compiling tokio-util v0.7.8
[INFO] [stderr]    Compiling tokio-stream v0.1.14
[INFO] [stderr]    Compiling toml_datetime v0.6.2
[INFO] [stderr]    Compiling serde_spanned v0.6.2
[INFO] [stderr]    Compiling ubyte v0.10.3
[INFO] [stderr]    Compiling h2 v0.3.19
[INFO] [stderr]    Compiling toml_edit v0.19.10
[INFO] [stderr]    Compiling toml v0.7.4
[INFO] [stderr]    Compiling rocket_rate_limit v0.1.0 (/opt/rustwide/workdir)
[INFO] [stderr]     Finished dev [unoptimized + debuginfo] target(s) in 32.95s
[INFO] running `Command { std: "docker" "inspect" "9c6fad33390c0859e477f123abac7d93d44a85e00875775c3326635be479d07a", kill_on_drop: false }`
[INFO] running `Command { std: "docker" "rm" "-f" "9c6fad33390c0859e477f123abac7d93d44a85e00875775c3326635be479d07a", kill_on_drop: false }`
[INFO] [stdout] 9c6fad33390c0859e477f123abac7d93d44a85e00875775c3326635be479d07a
[INFO] running `Command { std: "docker" "create" "-v" "/var/lib/crater-agent-workspace/builds/worker-7-tc1/target:/opt/rustwide/target:rw,Z" "-v" "/var/lib/crater-agent-workspace/builds/worker-7-tc1/source:/opt/rustwide/workdir:ro,Z" "-v" "/var/lib/crater-agent-workspace/cargo-home:/opt/rustwide/cargo-home:ro,Z" "-v" "/var/lib/crater-agent-workspace/rustup-home:/opt/rustwide/rustup-home:ro,Z" "-e" "SOURCE_DIR=/opt/rustwide/workdir" "-e" "CARGO_TARGET_DIR=/opt/rustwide/target" "-e" "CARGO_INCREMENTAL=0" "-e" "RUST_BACKTRACE=full" "-e" "RUSTFLAGS=--cap-lints=warn" "-e" "RUSTDOCFLAGS=--cap-lints=warn" "-e" "CARGO_HOME=/opt/rustwide/cargo-home" "-e" "RUSTUP_HOME=/opt/rustwide/rustup-home" "-w" "/opt/rustwide/workdir" "-m" "1610612736" "--user" "0:0" "--network" "none" "ghcr.io/rust-lang/crates-build-env/linux@sha256:2788e3201cd34a07e3172128adcd8b3090168a8e3bcc40d7c032b9dda1df7d1c" "/opt/rustwide/cargo-home/bin/cargo" "+1.75.0" "test" "--frozen" "--no-run" "--message-format=json", kill_on_drop: false }`
[INFO] [stdout] e310c61d5b3b725404f1d50f83fcdb17957503847aa844f6275858dc0460fed0
[INFO] running `Command { std: "docker" "start" "-a" "e310c61d5b3b725404f1d50f83fcdb17957503847aa844f6275858dc0460fed0", kill_on_drop: false }`
[INFO] [stderr]    Compiling rocket_rate_limit v0.1.0 (/opt/rustwide/workdir)
[INFO] [stderr]     Finished test [unoptimized + debuginfo] target(s) in 0.38s
[INFO] running `Command { std: "docker" "inspect" "e310c61d5b3b725404f1d50f83fcdb17957503847aa844f6275858dc0460fed0", kill_on_drop: false }`
[INFO] running `Command { std: "docker" "rm" "-f" "e310c61d5b3b725404f1d50f83fcdb17957503847aa844f6275858dc0460fed0", kill_on_drop: false }`
[INFO] [stdout] e310c61d5b3b725404f1d50f83fcdb17957503847aa844f6275858dc0460fed0
[INFO] running `Command { std: "docker" "create" "-v" "/var/lib/crater-agent-workspace/builds/worker-7-tc1/target:/opt/rustwide/target:rw,Z" "-v" "/var/lib/crater-agent-workspace/builds/worker-7-tc1/source:/opt/rustwide/workdir:ro,Z" "-v" "/var/lib/crater-agent-workspace/cargo-home:/opt/rustwide/cargo-home:ro,Z" "-v" "/var/lib/crater-agent-workspace/rustup-home:/opt/rustwide/rustup-home:ro,Z" "-e" "SOURCE_DIR=/opt/rustwide/workdir" "-e" "CARGO_TARGET_DIR=/opt/rustwide/target" "-e" "CARGO_INCREMENTAL=0" "-e" "RUST_BACKTRACE=full" "-e" "RUSTFLAGS=--cap-lints=warn" "-e" "RUSTDOCFLAGS=--cap-lints=warn" "-e" "CARGO_HOME=/opt/rustwide/cargo-home" "-e" "RUSTUP_HOME=/opt/rustwide/rustup-home" "-w" "/opt/rustwide/workdir" "-m" "1610612736" "--user" "0:0" "--network" "none" "ghcr.io/rust-lang/crates-build-env/linux@sha256:2788e3201cd34a07e3172128adcd8b3090168a8e3bcc40d7c032b9dda1df7d1c" "/opt/rustwide/cargo-home/bin/cargo" "+1.75.0" "test" "--frozen", kill_on_drop: false }`
[INFO] [stdout] 121ebb0137ea154049e596180f9afc14a24554e7485a72580394de4e55657d1a
[INFO] running `Command { std: "docker" "start" "-a" "121ebb0137ea154049e596180f9afc14a24554e7485a72580394de4e55657d1a", kill_on_drop: false }`
[INFO] [stderr]     Finished test [unoptimized + debuginfo] target(s) in 0.09s
[INFO] [stderr]      Running unittests src/lib.rs (/opt/rustwide/target/debug/deps/rocket_rate_limit-a7990301ddd191a3)
[INFO] [stdout] 
[INFO] [stdout] running 0 tests
[INFO] [stdout] 
[INFO] [stdout] test result: ok. 0 passed; 0 failed; 0 ignored; 0 measured; 0 filtered out; finished in 0.00s
[INFO] [stdout] 
[INFO] [stderr]    Doc-tests rocket_rate_limit
[INFO] [stdout] 
[INFO] [stdout] running 1 test
[INFO] [stdout] test src/lib.rs - KeyFilter (line 51) - compile ... FAILED
[INFO] [stdout] 
[INFO] [stdout] failures:
[INFO] [stdout] 
[INFO] [stdout] ---- src/lib.rs - KeyFilter (line 51) stdout ----
[INFO] [stdout] error[E0053]: method `key` has an incompatible type for trait
[INFO] [stdout]   --> src/lib.rs:65:14
[INFO] [stdout]    |
[INFO] [stdout] 17 |         req: &mut Request<'_>,
[INFO] [stdout]    |              ^^^^^^^^^^^^^^^^
[INFO] [stdout]    |              |
[INFO] [stdout]    |              types differ in mutability
[INFO] [stdout]    |              help: change the parameter type to match the trait: `&'life1 rocket::Request<'life2>`
[INFO] [stdout]    |
[INFO] [stdout]    = note: expected signature `fn(&'life0 UserFilter, &'life1 rocket::Request<'life2>) -> Pin<_>`
[INFO] [stdout]               found signature `fn(&'life0 UserFilter, &'life1 mut rocket::Request<'life2>) -> Pin<_>`
[INFO] [stdout] 
[INFO] [stdout] error[E0277]: the trait bound `User: FromRequest<'_>` is not satisfied
[INFO] [stdout]   --> src/lib.rs:67:18
[INFO] [stdout]    |
[INFO] [stdout] 19 |         Some(req.guard::<User>().succeeded()?.id)
[INFO] [stdout]    |                  ^^^^^ the trait `FromRequest<'_>` is not implemented for `User`
[INFO] [stdout]    |
[INFO] [stdout]    = help: the following other types implement trait `FromRequest<'r>`:
[INFO] [stdout]              rocket::http::Method
[INFO] [stdout]              Outcome<T, (Status, <T as FromRequest<'r>>::Error), Status>
[INFO] [stdout]              Flash<&'r rocket::http::CookieJar<'r>>
[INFO] [stdout]              rocket::Shutdown
[INFO] [stdout]              IpAddr
[INFO] [stdout]              std::net::SocketAddr
[INFO] [stdout]              std::option::Option<T>
[INFO] [stdout]              Result<T, <T as FromRequest<'r>>::Error>
[INFO] [stdout]            and 9 others
[INFO] [stdout] 
[INFO] [stdout] error[E0599]: no method named `succeeded` found for struct `Pin<Box<dyn std::future::Future<Output = Outcome<User, (Status, _), Status>> + std::marker::Send>>` in the current scope
[INFO] [stdout]   --> src/lib.rs:67:34
[INFO] [stdout]    |
[INFO] [stdout] 19 |         Some(req.guard::<User>().succeeded()?.id)
[INFO] [stdout]    |                                  ^^^^^^^^^ method not found in `Pin<Box<dyn Future<Output = Outcome<User, (Status, _), Status>> + Send>>`
[INFO] [stdout] 
[INFO] [stdout] error: aborting due to 3 previous errors
[INFO] [stdout] 
[INFO] [stdout] Some errors have detailed explanations: E0053, E0277, E0599.
[INFO] [stdout] For more information about an error, try `rustc --explain E0053`.
[INFO] [stdout] Couldn't compile the test.
[INFO] [stdout] 
[INFO] [stdout] failures:
[INFO] [stdout]     src/lib.rs - KeyFilter (line 51)
[INFO] [stdout] 
[INFO] [stdout] test result: FAILED. 0 passed; 1 failed; 0 ignored; 0 measured; 0 filtered out; finished in 0.10s
[INFO] [stdout] 
[INFO] [stderr] error: doctest failed, to rerun pass `--doc`
[INFO] running `Command { std: "docker" "inspect" "121ebb0137ea154049e596180f9afc14a24554e7485a72580394de4e55657d1a", kill_on_drop: false }`
[INFO] running `Command { std: "docker" "rm" "-f" "121ebb0137ea154049e596180f9afc14a24554e7485a72580394de4e55657d1a", kill_on_drop: false }`
[INFO] [stdout] 121ebb0137ea154049e596180f9afc14a24554e7485a72580394de4e55657d1a
[INFO] testing skidunion/rocket-rate-limit against beta-2023-12-22 for beta-1.76-1
[INFO] running `Command { std: "git" "clone" "/workspace/cache/git-repos/https%3A%2F%2Fgithub.com%2Fskidunion%2Frocket-rate-limit" "/workspace/builds/worker-7-tc2/source", kill_on_drop: false }`
[INFO] [stderr] Cloning into '/workspace/builds/worker-7-tc2/source'...
[INFO] [stderr] done.
[INFO] validating manifest of git repo https://github.com/skidunion/rocket-rate-limit on toolchain beta-2023-12-22
[INFO] running `Command { std: CARGO_HOME="/workspace/cargo-home" RUSTUP_HOME="/workspace/rustup-home" "/workspace/cargo-home/bin/cargo" "+beta-2023-12-22" "metadata" "--manifest-path" "Cargo.toml" "--no-deps", kill_on_drop: false }`
[INFO] started tweaking git repo https://github.com/skidunion/rocket-rate-limit
[INFO] finished tweaking git repo https://github.com/skidunion/rocket-rate-limit
[INFO] tweaked toml for git repo https://github.com/skidunion/rocket-rate-limit written to /workspace/builds/worker-7-tc2/source/Cargo.toml
[INFO] crate git repo https://github.com/skidunion/rocket-rate-limit already has a lockfile, it will not be regenerated
[INFO] running `Command { std: CARGO_HOME="/workspace/cargo-home" RUSTUP_HOME="/workspace/rustup-home" "/workspace/cargo-home/bin/cargo" "+beta-2023-12-22" "fetch" "--manifest-path" "Cargo.toml", kill_on_drop: false }`
[INFO] running `Command { std: "docker" "create" "-v" "/var/lib/crater-agent-workspace/builds/worker-7-tc2/target:/opt/rustwide/target:rw,Z" "-v" "/var/lib/crater-agent-workspace/builds/worker-7-tc2/source:/opt/rustwide/workdir:ro,Z" "-v" "/var/lib/crater-agent-workspace/cargo-home:/opt/rustwide/cargo-home:ro,Z" "-v" "/var/lib/crater-agent-workspace/rustup-home:/opt/rustwide/rustup-home:ro,Z" "-e" "SOURCE_DIR=/opt/rustwide/workdir" "-e" "CARGO_TARGET_DIR=/opt/rustwide/target" "-e" "CARGO_HOME=/opt/rustwide/cargo-home" "-e" "RUSTUP_HOME=/opt/rustwide/rustup-home" "-w" "/opt/rustwide/workdir" "-m" "1610612736" "--user" "0:0" "--network" "none" "ghcr.io/rust-lang/crates-build-env/linux@sha256:2788e3201cd34a07e3172128adcd8b3090168a8e3bcc40d7c032b9dda1df7d1c" "/opt/rustwide/cargo-home/bin/cargo" "+beta-2023-12-22" "metadata" "--no-deps" "--format-version=1", kill_on_drop: false }`
[INFO] [stdout] 24d8f66d88c037d2969ad33946df22c3cc5c77f560a33e6c14b4dd19a60ab2a0
[INFO] running `Command { std: "docker" "start" "-a" "24d8f66d88c037d2969ad33946df22c3cc5c77f560a33e6c14b4dd19a60ab2a0", kill_on_drop: false }`
[INFO] running `Command { std: "docker" "inspect" "24d8f66d88c037d2969ad33946df22c3cc5c77f560a33e6c14b4dd19a60ab2a0", kill_on_drop: false }`
[INFO] running `Command { std: "docker" "rm" "-f" "24d8f66d88c037d2969ad33946df22c3cc5c77f560a33e6c14b4dd19a60ab2a0", kill_on_drop: false }`
[INFO] [stdout] 24d8f66d88c037d2969ad33946df22c3cc5c77f560a33e6c14b4dd19a60ab2a0
[INFO] running `Command { std: "docker" "create" "-v" "/var/lib/crater-agent-workspace/builds/worker-7-tc2/target:/opt/rustwide/target:rw,Z" "-v" "/var/lib/crater-agent-workspace/builds/worker-7-tc2/source:/opt/rustwide/workdir:ro,Z" "-v" "/var/lib/crater-agent-workspace/cargo-home:/opt/rustwide/cargo-home:ro,Z" "-v" "/var/lib/crater-agent-workspace/rustup-home:/opt/rustwide/rustup-home:ro,Z" "-e" "SOURCE_DIR=/opt/rustwide/workdir" "-e" "CARGO_TARGET_DIR=/opt/rustwide/target" "-e" "CARGO_INCREMENTAL=0" "-e" "RUST_BACKTRACE=full" "-e" "RUSTFLAGS=--cap-lints=warn" "-e" "RUSTDOCFLAGS=--cap-lints=warn" "-e" "CARGO_HOME=/opt/rustwide/cargo-home" "-e" "RUSTUP_HOME=/opt/rustwide/rustup-home" "-w" "/opt/rustwide/workdir" "-m" "1610612736" "--user" "0:0" "--network" "none" "ghcr.io/rust-lang/crates-build-env/linux@sha256:2788e3201cd34a07e3172128adcd8b3090168a8e3bcc40d7c032b9dda1df7d1c" "/opt/rustwide/cargo-home/bin/cargo" "+beta-2023-12-22" "build" "--frozen" "--message-format=json", kill_on_drop: false }`
[INFO] [stdout] 9f9c6e995dc9c8879eb6346376733c5a92df55a619316a3e14b93b1079b318e8
[INFO] running `Command { std: "docker" "start" "-a" "9f9c6e995dc9c8879eb6346376733c5a92df55a619316a3e14b93b1079b318e8", kill_on_drop: false }`
[INFO] [stderr]    Compiling proc-macro2 v1.0.59
[INFO] [stderr]    Compiling unicode-ident v1.0.9
[INFO] [stderr]    Compiling quote v1.0.28
[INFO] [stderr]    Compiling autocfg v1.1.0
[INFO] [stderr]    Compiling cfg-if v1.0.0
[INFO] [stderr]    Compiling version_check v0.9.4
[INFO] [stderr]    Compiling libc v0.2.144
[INFO] [stderr]    Compiling pin-project-lite v0.2.9
[INFO] [stderr]    Compiling futures-channel v0.3.28
[INFO] [stderr]    Compiling futures-core v0.3.28
[INFO] [stderr]    Compiling memchr v2.5.0
[INFO] [stderr]    Compiling once_cell v1.17.1
[INFO] [stderr]    Compiling pin-utils v0.1.0
[INFO] [stderr]    Compiling serde v1.0.163
[INFO] [stderr]    Compiling bytes v1.4.0
[INFO] [stderr]    Compiling hashbrown v0.12.3
[INFO] [stderr]    Compiling proc-macro2-diagnostics v0.10.0
[INFO] [stderr]    Compiling log v0.4.17
[INFO] [stderr]    Compiling itoa v1.0.6
[INFO] [stderr]    Compiling slab v0.4.8
[INFO] [stderr]    Compiling syn v2.0.18
[INFO] [stderr]    Compiling futures-task v0.3.28
[INFO] [stderr]    Compiling futures-sink v0.3.28
[INFO] [stderr]    Compiling yansi v0.5.1
[INFO] [stderr]    Compiling tracing-core v0.1.31
[INFO] [stderr]    Compiling fnv v1.0.7
[INFO] [stderr]    Compiling futures-util v0.3.28
[INFO] [stderr]    Compiling http v0.2.9
[INFO] [stderr]    Compiling indexmap v1.9.3
[INFO] [stderr]    Compiling tokio v1.28.1
[INFO] [stderr]    Compiling futures-io v0.3.28
[INFO] [stderr]    Compiling tracing v0.1.37
[INFO] [stderr]    Compiling httparse v1.8.0
[INFO] [stderr]    Compiling num_cpus v1.15.0
[INFO] [stderr]    Compiling signal-hook-registry v1.4.1
[INFO] [stderr]    Compiling mio v0.8.6
[INFO] [stderr]    Compiling socket2 v0.4.9
[INFO] [stderr]    Compiling smallvec v1.10.0
[INFO] [stderr]    Compiling try-lock v0.2.4
[INFO] [stderr]    Compiling time-core v0.1.1
[INFO] [stderr]    Compiling bitflags v1.3.2
[INFO] [stderr]    Compiling time-macros v0.2.9
[INFO] [stderr]    Compiling http-body v0.4.5
[INFO] [stderr]    Compiling lock_api v0.4.9
[INFO] [stderr]    Compiling cookie v0.17.0
[INFO] [stderr]    Compiling parking_lot_core v0.9.7
[INFO] [stderr]    Compiling inlinable_string v0.1.15
[INFO] [stderr]    Compiling httpdate v1.0.2
[INFO] [stderr]    Compiling io-lifetimes v1.0.11
[INFO] [stderr]    Compiling ref-cast v1.0.16
[INFO] [stderr]    Compiling tower-service v0.3.2
[INFO] [stderr]    Compiling getrandom v0.2.9
[INFO] [stderr]    Compiling uncased v0.9.9
[INFO] [stderr]    Compiling rustix v0.37.19
[INFO] [stderr]    Compiling scopeguard v1.1.0
[INFO] [stderr]    Compiling bitflags v2.3.1
[INFO] [stderr]    Compiling percent-encoding v2.2.0
[INFO] [stderr]    Compiling rand_core v0.6.4
[INFO] [stderr]    Compiling want v0.3.0
[INFO] [stderr]    Compiling stable-pattern v0.1.0
[INFO] [stderr]    Compiling ppv-lite86 v0.2.17
[INFO] [stderr]    Compiling winnow v0.4.6
[INFO] [stderr]    Compiling crossbeam-utils v0.8.15
[INFO] [stderr]    Compiling state v0.6.0
[INFO] [stderr]    Compiling linux-raw-sys v0.3.8
[INFO] [stderr]    Compiling either v1.8.1
[INFO] [stderr]    Compiling time v0.3.21
[INFO] [stderr]    Compiling futures v0.3.28
[INFO] [stderr]    Compiling rand_chacha v0.3.1
[INFO] [stderr]    Compiling devise_core v0.4.1
[INFO] [stderr]    Compiling multer v2.1.0
[INFO] [stderr]    Compiling figment v0.10.9
[INFO] [stderr]    Compiling async-trait v0.1.68
[INFO] [stderr]    Compiling rand v0.8.5
[INFO] [stderr]    Compiling parking_lot v0.12.1
[INFO] [stderr]    Compiling raw-cpuid v10.7.0
[INFO] [stderr]    Compiling hyper v0.14.26
[INFO] [stderr]    Compiling rocket v0.5.0-rc.3 (https://github.com/SergioBenitez/Rocket.git#be92fe64)
[INFO] [stderr]    Compiling encoding_rs v0.8.32
[INFO] [stderr]    Compiling fastrand v1.9.0
[INFO] [stderr]    Compiling serde_derive v1.0.163
[INFO] [stderr]    Compiling futures-macro v0.3.28
[INFO] [stderr]    Compiling tokio-macros v2.1.0
[INFO] [stderr]    Compiling pear_codegen v0.2.4
[INFO] [stderr]    Compiling ref-cast-impl v1.0.16
[INFO] [stderr]    Compiling devise_codegen v0.4.1
[INFO] [stderr]    Compiling async-stream-impl v0.3.5
[INFO] [stderr]    Compiling spin v0.9.8
[INFO] [stderr]    Compiling unicode-xid v0.2.4
[INFO] [stderr]    Compiling devise v0.4.1
[INFO] [stderr]    Compiling mime v0.3.17
[INFO] [stderr]    Compiling glob v0.3.1
[INFO] [stderr]    Compiling pear v0.2.4
[INFO] [stderr]    Compiling tempfile v3.5.0
[INFO] [stderr]    Compiling async-stream v0.3.5
[INFO] [stderr]    Compiling is-terminal v0.4.7
[INFO] [stderr]    Compiling quanta v0.9.3
[INFO] [stderr]    Compiling dashmap v5.4.0
[INFO] [stderr]    Compiling atomic v0.5.3
[INFO] [stderr]    Compiling rocket_http v0.5.0-rc.3 (https://github.com/SergioBenitez/Rocket.git#be92fe64)
[INFO] [stderr]    Compiling no-std-compat v0.4.1
[INFO] [stderr]    Compiling nonzero_ext v0.3.0
[INFO] [stderr]    Compiling binascii v0.1.4
[INFO] [stderr]    Compiling futures-timer v3.0.2
[INFO] [stderr]    Compiling futures-executor v0.3.28
[INFO] [stderr]    Compiling governor v0.5.1
[INFO] [stderr]    Compiling rocket_codegen v0.5.0-rc.3 (https://github.com/SergioBenitez/Rocket.git#be92fe64)
[INFO] [stderr]    Compiling tokio-util v0.7.8
[INFO] [stderr]    Compiling tokio-stream v0.1.14
[INFO] [stderr]    Compiling serde_spanned v0.6.2
[INFO] [stderr]    Compiling toml_datetime v0.6.2
[INFO] [stderr]    Compiling ubyte v0.10.3
[INFO] [stderr]    Compiling toml_edit v0.19.10
[INFO] [stderr]    Compiling h2 v0.3.19
[INFO] [stderr]    Compiling toml v0.7.4
[INFO] [stderr]    Compiling rocket_rate_limit v0.1.0 (/opt/rustwide/workdir)
[INFO] [stderr]     Finished dev [unoptimized + debuginfo] target(s) in 26.62s
[INFO] running `Command { std: "docker" "inspect" "9f9c6e995dc9c8879eb6346376733c5a92df55a619316a3e14b93b1079b318e8", kill_on_drop: false }`
[INFO] running `Command { std: "docker" "rm" "-f" "9f9c6e995dc9c8879eb6346376733c5a92df55a619316a3e14b93b1079b318e8", kill_on_drop: false }`
[INFO] [stdout] 9f9c6e995dc9c8879eb6346376733c5a92df55a619316a3e14b93b1079b318e8
[INFO] running `Command { std: "docker" "create" "-v" "/var/lib/crater-agent-workspace/builds/worker-7-tc2/target:/opt/rustwide/target:rw,Z" "-v" "/var/lib/crater-agent-workspace/builds/worker-7-tc2/source:/opt/rustwide/workdir:ro,Z" "-v" "/var/lib/crater-agent-workspace/cargo-home:/opt/rustwide/cargo-home:ro,Z" "-v" "/var/lib/crater-agent-workspace/rustup-home:/opt/rustwide/rustup-home:ro,Z" "-e" "SOURCE_DIR=/opt/rustwide/workdir" "-e" "CARGO_TARGET_DIR=/opt/rustwide/target" "-e" "CARGO_INCREMENTAL=0" "-e" "RUST_BACKTRACE=full" "-e" "RUSTFLAGS=--cap-lints=warn" "-e" "RUSTDOCFLAGS=--cap-lints=warn" "-e" "CARGO_HOME=/opt/rustwide/cargo-home" "-e" "RUSTUP_HOME=/opt/rustwide/rustup-home" "-w" "/opt/rustwide/workdir" "-m" "1610612736" "--user" "0:0" "--network" "none" "ghcr.io/rust-lang/crates-build-env/linux@sha256:2788e3201cd34a07e3172128adcd8b3090168a8e3bcc40d7c032b9dda1df7d1c" "/opt/rustwide/cargo-home/bin/cargo" "+beta-2023-12-22" "test" "--frozen" "--no-run" "--message-format=json", kill_on_drop: false }`
[INFO] [stdout] 23d286f4204290664e4608b20003d0a80b9db509fd0856d9f2506d8a7bba4c36
[INFO] running `Command { std: "docker" "start" "-a" "23d286f4204290664e4608b20003d0a80b9db509fd0856d9f2506d8a7bba4c36", kill_on_drop: false }`
[INFO] [stderr]    Compiling rocket_rate_limit v0.1.0 (/opt/rustwide/workdir)
[INFO] [stderr]     Finished test [unoptimized + debuginfo] target(s) in 0.78s
[INFO] running `Command { std: "docker" "inspect" "23d286f4204290664e4608b20003d0a80b9db509fd0856d9f2506d8a7bba4c36", kill_on_drop: false }`
[INFO] running `Command { std: "docker" "rm" "-f" "23d286f4204290664e4608b20003d0a80b9db509fd0856d9f2506d8a7bba4c36", kill_on_drop: false }`
[INFO] [stdout] 23d286f4204290664e4608b20003d0a80b9db509fd0856d9f2506d8a7bba4c36
[INFO] running `Command { std: "docker" "create" "-v" "/var/lib/crater-agent-workspace/builds/worker-7-tc2/target:/opt/rustwide/target:rw,Z" "-v" "/var/lib/crater-agent-workspace/builds/worker-7-tc2/source:/opt/rustwide/workdir:ro,Z" "-v" "/var/lib/crater-agent-workspace/cargo-home:/opt/rustwide/cargo-home:ro,Z" "-v" "/var/lib/crater-agent-workspace/rustup-home:/opt/rustwide/rustup-home:ro,Z" "-e" "SOURCE_DIR=/opt/rustwide/workdir" "-e" "CARGO_TARGET_DIR=/opt/rustwide/target" "-e" "CARGO_INCREMENTAL=0" "-e" "RUST_BACKTRACE=full" "-e" "RUSTFLAGS=--cap-lints=warn" "-e" "RUSTDOCFLAGS=--cap-lints=warn" "-e" "CARGO_HOME=/opt/rustwide/cargo-home" "-e" "RUSTUP_HOME=/opt/rustwide/rustup-home" "-w" "/opt/rustwide/workdir" "-m" "1610612736" "--user" "0:0" "--network" "none" "ghcr.io/rust-lang/crates-build-env/linux@sha256:2788e3201cd34a07e3172128adcd8b3090168a8e3bcc40d7c032b9dda1df7d1c" "/opt/rustwide/cargo-home/bin/cargo" "+beta-2023-12-22" "test" "--frozen", kill_on_drop: false }`
[INFO] [stdout] 7e25ff164ba41356d5edd426ed4386d669b138882c3846815d91bae887001c27
[INFO] running `Command { std: "docker" "start" "-a" "7e25ff164ba41356d5edd426ed4386d669b138882c3846815d91bae887001c27", kill_on_drop: false }`
[INFO] [stderr]     Finished test [unoptimized + debuginfo] target(s) in 0.16s
[INFO] [stderr]      Running unittests src/lib.rs (/opt/rustwide/target/debug/deps/rocket_rate_limit-eb28b7c274cd4f1c)
[INFO] [stdout] 
[INFO] [stdout] running 0 tests
[INFO] [stdout] 
[INFO] [stdout] test result: ok. 0 passed; 0 failed; 0 ignored; 0 measured; 0 filtered out; finished in 0.00s
[INFO] [stdout] 
[INFO] [stderr]    Doc-tests rocket_rate_limit
[INFO] [stdout] 
[INFO] [stdout] running 1 test
[INFO] [stdout] test src/lib.rs - KeyFilter (line 51) - compile ... FAILED
[INFO] [stdout] 
[INFO] [stdout] failures:
[INFO] [stdout] 
[INFO] [stdout] ---- src/lib.rs - KeyFilter (line 51) stdout ----
[INFO] [stdout] error[E0053]: method `key` has an incompatible type for trait
[INFO] [stdout]   --> src/lib.rs:65:14
[INFO] [stdout]    |
[INFO] [stdout] 17 |         req: &mut Request<'_>,
[INFO] [stdout]    |              ^^^^^^^^^^^^^^^^
[INFO] [stdout]    |              |
[INFO] [stdout]    |              types differ in mutability
[INFO] [stdout]    |              help: change the parameter type to match the trait: `&'life1 rocket::Request<'life2>`
[INFO] [stdout]    |
[INFO] [stdout]    = note: expected signature `fn(&'life0 UserFilter, &'life1 rocket::Request<'_>) -> Pin<_>`
[INFO] [stdout]               found signature `fn(&'life0 UserFilter, &'life1 mut rocket::Request<'_>) -> Pin<_>`
[INFO] [stdout] 
[INFO] [stdout] error[E0277]: the trait bound `User: FromRequest<'_>` is not satisfied
[INFO] [stdout]   --> src/lib.rs:67:18
[INFO] [stdout]    |
[INFO] [stdout] 19 |         Some(req.guard::<User>().succeeded()?.id)
[INFO] [stdout]    |                  ^^^^^ the trait `FromRequest<'_>` is not implemented for `User`
[INFO] [stdout]    |
[INFO] [stdout]    = help: the following other types implement trait `FromRequest<'r>`:
[INFO] [stdout]              rocket::http::Method
[INFO] [stdout]              Outcome<T, (Status, <T as FromRequest<'r>>::Error), Status>
[INFO] [stdout]              Flash<&'r rocket::http::CookieJar<'r>>
[INFO] [stdout]              rocket::Shutdown
[INFO] [stdout]              IpAddr
[INFO] [stdout]              std::net::SocketAddr
[INFO] [stdout]              std::option::Option<T>
[INFO] [stdout]              Result<T, <T as FromRequest<'r>>::Error>
[INFO] [stdout]            and 9 others
[INFO] [stdout] 
[INFO] [stdout] error[E0599]: no method named `succeeded` found for struct `Pin<Box<dyn std::future::Future<Output = Outcome<User, (Status, _), Status>> + std::marker::Send>>` in the current scope
[INFO] [stdout]   --> src/lib.rs:67:34
[INFO] [stdout]    |
[INFO] [stdout] 19 |         Some(req.guard::<User>().succeeded()?.id)
[INFO] [stdout]    |                                  ^^^^^^^^^ method not found in `Pin<Box<dyn Future<Output = Outcome<User, (Status, _), Status>> + Send>>`
[INFO] [stdout] 
[INFO] [stdout] error: aborting due to 3 previous errors
[INFO] [stdout] 
[INFO] [stdout] Some errors have detailed explanations: E0053, E0277, E0599.
[INFO] [stdout] For more information about an error, try `rustc --explain E0053`.
[INFO] [stdout] Couldn't compile the test.
[INFO] [stdout] 
[INFO] [stdout] failures:
[INFO] [stdout]     src/lib.rs - KeyFilter (line 51)
[INFO] [stdout] 
[INFO] [stdout] test result: FAILED. 0 passed; 1 failed; 0 ignored; 0 measured; 0 filtered out; finished in 0.18s
[INFO] [stdout] 
[INFO] [stderr] error: doctest failed, to rerun pass `--doc`
[INFO] running `Command { std: "docker" "inspect" "7e25ff164ba41356d5edd426ed4386d669b138882c3846815d91bae887001c27", kill_on_drop: false }`
[INFO] running `Command { std: "docker" "rm" "-f" "7e25ff164ba41356d5edd426ed4386d669b138882c3846815d91bae887001c27", kill_on_drop: false }`
[INFO] [stdout] 7e25ff164ba41356d5edd426ed4386d669b138882c3846815d91bae887001c27
