[INFO] cloning repository https://github.com/skaggmannen/aoc-23
[INFO] running `Command { std: "git" "-c" "credential.helper=" "-c" "credential.helper=/workspace/cargo-home/bin/git-credential-null" "clone" "--bare" "https://github.com/skaggmannen/aoc-23" "/workspace/cache/git-repos/https%3A%2F%2Fgithub.com%2Fskaggmannen%2Faoc-23", kill_on_drop: false }`
[INFO] [stderr] Cloning into bare repository '/workspace/cache/git-repos/https%3A%2F%2Fgithub.com%2Fskaggmannen%2Faoc-23'...
[INFO] running `Command { std: "git" "rev-parse" "HEAD", kill_on_drop: false }`
[INFO] [stdout] 11d63dc9accb6304a493a1c055903e50fa891737
[INFO] testing skaggmannen/aoc-23 against 1.75.0 for beta-1.76-1
[INFO] running `Command { std: "git" "clone" "/workspace/cache/git-repos/https%3A%2F%2Fgithub.com%2Fskaggmannen%2Faoc-23" "/workspace/builds/worker-4-tc1/source", kill_on_drop: false }`
[INFO] [stderr] Cloning into '/workspace/builds/worker-4-tc1/source'...
[INFO] [stderr] done.
[INFO] validating manifest of git repo https://github.com/skaggmannen/aoc-23 on toolchain 1.75.0
[INFO] running `Command { std: CARGO_HOME="/workspace/cargo-home" RUSTUP_HOME="/workspace/rustup-home" "/workspace/cargo-home/bin/cargo" "+1.75.0" "metadata" "--manifest-path" "Cargo.toml" "--no-deps", kill_on_drop: false }`
[INFO] started tweaking git repo https://github.com/skaggmannen/aoc-23
[INFO] finished tweaking git repo https://github.com/skaggmannen/aoc-23
[INFO] tweaked toml for git repo https://github.com/skaggmannen/aoc-23 written to /workspace/builds/worker-4-tc1/source/Cargo.toml
[INFO] crate git repo https://github.com/skaggmannen/aoc-23 already has a lockfile, it will not be regenerated
[INFO] running `Command { std: CARGO_HOME="/workspace/cargo-home" RUSTUP_HOME="/workspace/rustup-home" "/workspace/cargo-home/bin/cargo" "+1.75.0" "fetch" "--manifest-path" "Cargo.toml", kill_on_drop: false }`
[INFO] running `Command { std: "docker" "create" "-v" "/var/lib/crater-agent-workspace/builds/worker-4-tc1/target:/opt/rustwide/target:rw,Z" "-v" "/var/lib/crater-agent-workspace/builds/worker-4-tc1/source:/opt/rustwide/workdir:ro,Z" "-v" "/var/lib/crater-agent-workspace/cargo-home:/opt/rustwide/cargo-home:ro,Z" "-v" "/var/lib/crater-agent-workspace/rustup-home:/opt/rustwide/rustup-home:ro,Z" "-e" "SOURCE_DIR=/opt/rustwide/workdir" "-e" "CARGO_TARGET_DIR=/opt/rustwide/target" "-e" "CARGO_HOME=/opt/rustwide/cargo-home" "-e" "RUSTUP_HOME=/opt/rustwide/rustup-home" "-w" "/opt/rustwide/workdir" "-m" "1610612736" "--user" "0:0" "--network" "none" "ghcr.io/rust-lang/crates-build-env/linux@sha256:2788e3201cd34a07e3172128adcd8b3090168a8e3bcc40d7c032b9dda1df7d1c" "/opt/rustwide/cargo-home/bin/cargo" "+1.75.0" "metadata" "--no-deps" "--format-version=1", kill_on_drop: false }`
[INFO] [stdout] 8f3398849750c83068b50cf2029e9e03525de0f81f4f3fbaffb3da123cedfeae
[INFO] running `Command { std: "docker" "start" "-a" "8f3398849750c83068b50cf2029e9e03525de0f81f4f3fbaffb3da123cedfeae", kill_on_drop: false }`
[INFO] running `Command { std: "docker" "inspect" "8f3398849750c83068b50cf2029e9e03525de0f81f4f3fbaffb3da123cedfeae", kill_on_drop: false }`
[INFO] running `Command { std: "docker" "rm" "-f" "8f3398849750c83068b50cf2029e9e03525de0f81f4f3fbaffb3da123cedfeae", kill_on_drop: false }`
[INFO] [stdout] 8f3398849750c83068b50cf2029e9e03525de0f81f4f3fbaffb3da123cedfeae
[INFO] running `Command { std: "docker" "create" "-v" "/var/lib/crater-agent-workspace/builds/worker-4-tc1/target:/opt/rustwide/target:rw,Z" "-v" "/var/lib/crater-agent-workspace/builds/worker-4-tc1/source:/opt/rustwide/workdir:ro,Z" "-v" "/var/lib/crater-agent-workspace/cargo-home:/opt/rustwide/cargo-home:ro,Z" "-v" "/var/lib/crater-agent-workspace/rustup-home:/opt/rustwide/rustup-home:ro,Z" "-e" "SOURCE_DIR=/opt/rustwide/workdir" "-e" "CARGO_TARGET_DIR=/opt/rustwide/target" "-e" "CARGO_INCREMENTAL=0" "-e" "RUST_BACKTRACE=full" "-e" "RUSTFLAGS=--cap-lints=warn" "-e" "RUSTDOCFLAGS=--cap-lints=warn" "-e" "CARGO_HOME=/opt/rustwide/cargo-home" "-e" "RUSTUP_HOME=/opt/rustwide/rustup-home" "-w" "/opt/rustwide/workdir" "-m" "1610612736" "--user" "0:0" "--network" "none" "ghcr.io/rust-lang/crates-build-env/linux@sha256:2788e3201cd34a07e3172128adcd8b3090168a8e3bcc40d7c032b9dda1df7d1c" "/opt/rustwide/cargo-home/bin/cargo" "+1.75.0" "build" "--frozen" "--message-format=json", kill_on_drop: false }`
[INFO] [stdout] 87b2870a76aae26fb0f404a172123ae43402370e5d9dc67ee60d355f41c2b720
[INFO] running `Command { std: "docker" "start" "-a" "87b2870a76aae26fb0f404a172123ae43402370e5d9dc67ee60d355f41c2b720", kill_on_drop: false }`
[INFO] [stderr]    Compiling autocfg v1.1.0
[INFO] [stderr]    Compiling libc v0.2.151
[INFO] [stderr]    Compiling proc-macro2 v1.0.70
[INFO] [stderr]    Compiling unicode-ident v1.0.12
[INFO] [stderr]    Compiling cfg-if v1.0.0
[INFO] [stderr]    Compiling utf8parse v0.2.1
[INFO] [stderr]    Compiling colorchoice v1.0.0
[INFO] [stderr]    Compiling anstyle v1.0.4
[INFO] [stderr]    Compiling memchr v2.6.4
[INFO] [stderr]    Compiling anstyle-query v1.0.0
[INFO] [stderr]    Compiling clap_lex v0.6.0
[INFO] [stderr]    Compiling strsim v0.10.0
[INFO] [stderr]    Compiling heck v0.4.1
[INFO] [stderr]    Compiling regex-syntax v0.8.2
[INFO] [stderr]    Compiling ppv-lite86 v0.2.17
[INFO] [stderr]    Compiling either v1.9.0
[INFO] [stderr]    Compiling anstyle-parse v0.2.2
[INFO] [stderr]    Compiling itertools v0.12.0
[INFO] [stderr]    Compiling anstream v0.6.4
[INFO] [stderr]    Compiling num-traits v0.2.17
[INFO] [stderr]    Compiling num-integer v0.1.45
[INFO] [stderr]    Compiling num-bigint v0.4.4
[INFO] [stderr]    Compiling num-iter v0.1.43
[INFO] [stderr]    Compiling num-rational v0.4.1
[INFO] [stderr]    Compiling clap_builder v4.4.9
[INFO] [stderr]    Compiling aho-corasick v1.1.2
[INFO] [stderr]    Compiling quote v1.0.33
[INFO] [stderr]    Compiling syn v2.0.39
[INFO] [stderr]    Compiling getrandom v0.2.11
[INFO] [stderr]    Compiling rand_core v0.6.4
[INFO] [stderr]    Compiling rand_chacha v0.3.1
[INFO] [stderr]    Compiling num-complex v0.4.4
[INFO] [stderr]    Compiling rand v0.8.5
[INFO] [stderr]    Compiling regex-automata v0.4.3
[INFO] [stderr]    Compiling num v0.4.1
[INFO] [stderr]    Compiling clap_derive v4.4.7
[INFO] [stderr]    Compiling regex v1.10.2
[INFO] [stderr]    Compiling clap v4.4.10
[INFO] [stderr]    Compiling aoc-23 v0.1.0 (/opt/rustwide/workdir)
[INFO] [stderr]     Finished dev [unoptimized + debuginfo] target(s) in 5.93s
[INFO] running `Command { std: "docker" "inspect" "87b2870a76aae26fb0f404a172123ae43402370e5d9dc67ee60d355f41c2b720", kill_on_drop: false }`
[INFO] running `Command { std: "docker" "rm" "-f" "87b2870a76aae26fb0f404a172123ae43402370e5d9dc67ee60d355f41c2b720", kill_on_drop: false }`
[INFO] [stdout] 87b2870a76aae26fb0f404a172123ae43402370e5d9dc67ee60d355f41c2b720
[INFO] running `Command { std: "docker" "create" "-v" "/var/lib/crater-agent-workspace/builds/worker-4-tc1/target:/opt/rustwide/target:rw,Z" "-v" "/var/lib/crater-agent-workspace/builds/worker-4-tc1/source:/opt/rustwide/workdir:ro,Z" "-v" "/var/lib/crater-agent-workspace/cargo-home:/opt/rustwide/cargo-home:ro,Z" "-v" "/var/lib/crater-agent-workspace/rustup-home:/opt/rustwide/rustup-home:ro,Z" "-e" "SOURCE_DIR=/opt/rustwide/workdir" "-e" "CARGO_TARGET_DIR=/opt/rustwide/target" "-e" "CARGO_INCREMENTAL=0" "-e" "RUST_BACKTRACE=full" "-e" "RUSTFLAGS=--cap-lints=warn" "-e" "RUSTDOCFLAGS=--cap-lints=warn" "-e" "CARGO_HOME=/opt/rustwide/cargo-home" "-e" "RUSTUP_HOME=/opt/rustwide/rustup-home" "-w" "/opt/rustwide/workdir" "-m" "1610612736" "--user" "0:0" "--network" "none" "ghcr.io/rust-lang/crates-build-env/linux@sha256:2788e3201cd34a07e3172128adcd8b3090168a8e3bcc40d7c032b9dda1df7d1c" "/opt/rustwide/cargo-home/bin/cargo" "+1.75.0" "test" "--frozen" "--no-run" "--message-format=json", kill_on_drop: false }`
[INFO] [stdout] c64c4fc0e2bd304d3ca25f3b87901da8d1936e626c0636e31256bb74a78e1130
[INFO] running `Command { std: "docker" "start" "-a" "c64c4fc0e2bd304d3ca25f3b87901da8d1936e626c0636e31256bb74a78e1130", kill_on_drop: false }`
[INFO] [stderr]    Compiling aoc-23 v0.1.0 (/opt/rustwide/workdir)
[INFO] [stderr]     Finished test [unoptimized + debuginfo] target(s) in 1.62s
[INFO] running `Command { std: "docker" "inspect" "c64c4fc0e2bd304d3ca25f3b87901da8d1936e626c0636e31256bb74a78e1130", kill_on_drop: false }`
[INFO] running `Command { std: "docker" "rm" "-f" "c64c4fc0e2bd304d3ca25f3b87901da8d1936e626c0636e31256bb74a78e1130", kill_on_drop: false }`
[INFO] [stdout] c64c4fc0e2bd304d3ca25f3b87901da8d1936e626c0636e31256bb74a78e1130
[INFO] running `Command { std: "docker" "create" "-v" "/var/lib/crater-agent-workspace/builds/worker-4-tc1/target:/opt/rustwide/target:rw,Z" "-v" "/var/lib/crater-agent-workspace/builds/worker-4-tc1/source:/opt/rustwide/workdir:ro,Z" "-v" "/var/lib/crater-agent-workspace/cargo-home:/opt/rustwide/cargo-home:ro,Z" "-v" "/var/lib/crater-agent-workspace/rustup-home:/opt/rustwide/rustup-home:ro,Z" "-e" "SOURCE_DIR=/opt/rustwide/workdir" "-e" "CARGO_TARGET_DIR=/opt/rustwide/target" "-e" "CARGO_INCREMENTAL=0" "-e" "RUST_BACKTRACE=full" "-e" "RUSTFLAGS=--cap-lints=warn" "-e" "RUSTDOCFLAGS=--cap-lints=warn" "-e" "CARGO_HOME=/opt/rustwide/cargo-home" "-e" "RUSTUP_HOME=/opt/rustwide/rustup-home" "-w" "/opt/rustwide/workdir" "-m" "1610612736" "--user" "0:0" "--network" "none" "ghcr.io/rust-lang/crates-build-env/linux@sha256:2788e3201cd34a07e3172128adcd8b3090168a8e3bcc40d7c032b9dda1df7d1c" "/opt/rustwide/cargo-home/bin/cargo" "+1.75.0" "test" "--frozen", kill_on_drop: false }`
[INFO] [stdout] b4468436bc37b0724ff8680c7798c76f730bc360574e14175779d42b068dccb8
[INFO] running `Command { std: "docker" "start" "-a" "b4468436bc37b0724ff8680c7798c76f730bc360574e14175779d42b068dccb8", kill_on_drop: false }`
[INFO] [stderr]     Finished test [unoptimized + debuginfo] target(s) in 0.02s
[INFO] [stderr]      Running unittests src/main.rs (/opt/rustwide/target/debug/deps/aoc_23-f6953448a5baed45)
[INFO] [stdout] 
[INFO] [stdout] running 58 tests
[INFO] [stdout] test days::day10::test_part1 ... ok
[INFO] [stdout] test days::day10::test_part2_input_4 ... ok
[INFO] [stdout] test days::day11::test_part2 ... ok
[INFO] [stdout] test days::day12::test_count_alternatives ... ok
[INFO] [stdout] test days::day13::test_find_reflection ... ok
[INFO] [stdout] test days::day10::test_part2 ... ok
[INFO] [stdout] test days::day12::test_part1 ... ok
[INFO] [stdout] test days::day10::test_part2_input_3 ... ok
[INFO] [stdout] test days::day13::test_part2 ... ok
[INFO] [stdout] test days::day11::test_part2_2 ... ok
[INFO] [stdout] test days::day13::test_part1 ... ok
[INFO] [stdout] test days::day14::test_part1 ... ok
[INFO] [stdout] test days::day15::test_part1 ... ok
[INFO] [stdout] test days::day15::test_part2 ... ok
[INFO] [stdout] test days::day18::test_part1 ... ok
[INFO] [stdout] test days::day14::test_part2 ... ok
[INFO] [stdout] test days::day16::test_part1 ... ok
[INFO] [stdout] test days::day19::test_part2 ... ok
[INFO] [stdout] test days::day22::test_part1 ... ok
[INFO] [stdout] test days::day1::test_part1 ... ok
[INFO] [stdout] test days::day19::test_part1 ... ok
[INFO] [stdout] test days::day21::test_part1 ... ok
[INFO] [stdout] test days::day18::test_part2 ... ok
[INFO] [stdout] test days::day17::test_part2_2 ... ok
[INFO] [stdout] test days::day24::test_part1 ... ok
[INFO] [stdout] test days::day22::test_part2 ... ok
[INFO] [stdout] test days::day2::test_part1 ... ok
[INFO] [stdout] test days::day3::test_part1 ... ok
[INFO] [stdout] test days::day2::test_part2 ... ok
[INFO] [stdout] test days::day16::test_part2 ... ok
[INFO] [stdout] test days::day4::test_part1 ... ok
[INFO] [stdout] test days::day23::test_part1 ... ok
[INFO] [stdout] test days::day4::test_part2 ... ok
[INFO] [stdout] test days::day3::test_part2 ... ok
[INFO] [stdout] test days::day5::test_part1 ... ok
[INFO] [stdout] test days::day5::test_part2 ... ok
[INFO] [stdout] test days::day6::test_breakpoints ... ok
[INFO] [stdout] test days::day6::test_part2 ... ok
[INFO] [stdout] test days::day6::test_calc_distance ... ok
[INFO] [stdout] test days::day7::test_kind ... ok
[INFO] [stdout] test days::day7::test_part1 ... ok
[INFO] [stdout] test days::day6::test_part1 ... ok
[INFO] [stdout] test days::day12::test_part2 ... ok
[INFO] [stdout] test days::day7::test_part2 ... ok
[INFO] [stdout] test days::day8::test_part2 ... ok
[INFO] [stdout] test days::day9::test_part2 ... ok
[INFO] [stdout] test days::day8::test_part1 ... ok
[INFO] [stdout] test days::day23::test_part2 ... ok
[INFO] [stdout] test days::day9::test_part1 ... ok
[INFO] [stdout] test days::day20::test_part1 ... ok
[INFO] [stdout] test days::day17::test_part2 ... ok
[INFO] [stdout] test days::day17::test_part1 ... ok
[INFO] [stdout] test days::day11::test_part1 ... FAILED
[INFO] [stdout] test days::day21::test_part2 ... FAILED
[INFO] [stdout] test days::day1::test_part2 ... FAILED
[INFO] [stdout] test days::day24::test_part2 ... FAILED
[INFO] [stderr] error: test failed, to rerun pass `--bin aoc-23`
[INFO] [stderr] 
[INFO] [stderr] Caused by:
[INFO] [stderr]   process didn't exit successfully: `/opt/rustwide/target/debug/deps/aoc_23-f6953448a5baed45` (signal: 9, SIGKILL: kill)
[INFO] running `Command { std: "docker" "inspect" "b4468436bc37b0724ff8680c7798c76f730bc360574e14175779d42b068dccb8", kill_on_drop: false }`
[INFO] running `Command { std: "docker" "rm" "-f" "b4468436bc37b0724ff8680c7798c76f730bc360574e14175779d42b068dccb8", kill_on_drop: false }`
[INFO] [stdout] b4468436bc37b0724ff8680c7798c76f730bc360574e14175779d42b068dccb8
