[INFO] cloning repository https://github.com/sinesc/itsy
[INFO] running `Command { std: "git" "-c" "credential.helper=" "-c" "credential.helper=/workspace/cargo-home/bin/git-credential-null" "clone" "--bare" "https://github.com/sinesc/itsy" "/workspace/cache/git-repos/https%3A%2F%2Fgithub.com%2Fsinesc%2Fitsy", kill_on_drop: false }`
[INFO] [stderr] Cloning into bare repository '/workspace/cache/git-repos/https%3A%2F%2Fgithub.com%2Fsinesc%2Fitsy'...
[INFO] running `Command { std: "git" "rev-parse" "HEAD", kill_on_drop: false }`
[INFO] [stdout] e137e6b296fe19087a5808d5b692b76ce8bc68ec
[INFO] testing sinesc/itsy against 1.75.0 for beta-1.76-1
[INFO] running `Command { std: "git" "clone" "/workspace/cache/git-repos/https%3A%2F%2Fgithub.com%2Fsinesc%2Fitsy" "/workspace/builds/worker-0-tc1/source", kill_on_drop: false }`
[INFO] [stderr] Cloning into '/workspace/builds/worker-0-tc1/source'...
[INFO] [stderr] done.
[INFO] validating manifest of git repo https://github.com/sinesc/itsy on toolchain 1.75.0
[INFO] running `Command { std: CARGO_HOME="/workspace/cargo-home" RUSTUP_HOME="/workspace/rustup-home" "/workspace/cargo-home/bin/cargo" "+1.75.0" "metadata" "--manifest-path" "Cargo.toml" "--no-deps", kill_on_drop: false }`
[INFO] started tweaking git repo https://github.com/sinesc/itsy
[INFO] removed 0 missing examples
[INFO] finished tweaking git repo https://github.com/sinesc/itsy
[INFO] tweaked toml for git repo https://github.com/sinesc/itsy written to /workspace/builds/worker-0-tc1/source/Cargo.toml
[INFO] crate git repo https://github.com/sinesc/itsy already has a lockfile, it will not be regenerated
[INFO] running `Command { std: CARGO_HOME="/workspace/cargo-home" RUSTUP_HOME="/workspace/rustup-home" "/workspace/cargo-home/bin/cargo" "+1.75.0" "fetch" "--manifest-path" "Cargo.toml", kill_on_drop: false }`
[INFO] running `Command { std: "docker" "create" "-v" "/var/lib/crater-agent-workspace/builds/worker-0-tc1/target:/opt/rustwide/target:rw,Z" "-v" "/var/lib/crater-agent-workspace/builds/worker-0-tc1/source:/opt/rustwide/workdir:ro,Z" "-v" "/var/lib/crater-agent-workspace/cargo-home:/opt/rustwide/cargo-home:ro,Z" "-v" "/var/lib/crater-agent-workspace/rustup-home:/opt/rustwide/rustup-home:ro,Z" "-e" "SOURCE_DIR=/opt/rustwide/workdir" "-e" "CARGO_TARGET_DIR=/opt/rustwide/target" "-e" "CARGO_HOME=/opt/rustwide/cargo-home" "-e" "RUSTUP_HOME=/opt/rustwide/rustup-home" "-w" "/opt/rustwide/workdir" "-m" "1610612736" "--user" "0:0" "--network" "none" "ghcr.io/rust-lang/crates-build-env/linux@sha256:2788e3201cd34a07e3172128adcd8b3090168a8e3bcc40d7c032b9dda1df7d1c" "/opt/rustwide/cargo-home/bin/cargo" "+1.75.0" "metadata" "--no-deps" "--format-version=1", kill_on_drop: false }`
[INFO] [stdout] e609d783aafa5cb2f00724223f29a62158cc4f9e1848976cd7d6c8c2853b810f
[INFO] running `Command { std: "docker" "start" "-a" "e609d783aafa5cb2f00724223f29a62158cc4f9e1848976cd7d6c8c2853b810f", kill_on_drop: false }`
[INFO] running `Command { std: "docker" "inspect" "e609d783aafa5cb2f00724223f29a62158cc4f9e1848976cd7d6c8c2853b810f", kill_on_drop: false }`
[INFO] running `Command { std: "docker" "rm" "-f" "e609d783aafa5cb2f00724223f29a62158cc4f9e1848976cd7d6c8c2853b810f", kill_on_drop: false }`
[INFO] [stdout] e609d783aafa5cb2f00724223f29a62158cc4f9e1848976cd7d6c8c2853b810f
[INFO] running `Command { std: "docker" "create" "-v" "/var/lib/crater-agent-workspace/builds/worker-0-tc1/target:/opt/rustwide/target:rw,Z" "-v" "/var/lib/crater-agent-workspace/builds/worker-0-tc1/source:/opt/rustwide/workdir:ro,Z" "-v" "/var/lib/crater-agent-workspace/cargo-home:/opt/rustwide/cargo-home:ro,Z" "-v" "/var/lib/crater-agent-workspace/rustup-home:/opt/rustwide/rustup-home:ro,Z" "-e" "SOURCE_DIR=/opt/rustwide/workdir" "-e" "CARGO_TARGET_DIR=/opt/rustwide/target" "-e" "CARGO_INCREMENTAL=0" "-e" "RUST_BACKTRACE=full" "-e" "RUSTFLAGS=--cap-lints=warn" "-e" "RUSTDOCFLAGS=--cap-lints=warn" "-e" "CARGO_HOME=/opt/rustwide/cargo-home" "-e" "RUSTUP_HOME=/opt/rustwide/rustup-home" "-w" "/opt/rustwide/workdir" "-m" "1610612736" "--user" "0:0" "--network" "none" "ghcr.io/rust-lang/crates-build-env/linux@sha256:2788e3201cd34a07e3172128adcd8b3090168a8e3bcc40d7c032b9dda1df7d1c" "/opt/rustwide/cargo-home/bin/cargo" "+1.75.0" "build" "--frozen" "--message-format=json", kill_on_drop: false }`
[INFO] [stdout] 179002af7cdbbde33c363a5b303c8bf172ff3120d7f791769bb65b8d360d32cb
[INFO] running `Command { std: "docker" "start" "-a" "179002af7cdbbde33c363a5b303c8bf172ff3120d7f791769bb65b8d360d32cb", kill_on_drop: false }`
[INFO] [stderr]    Compiling memchr v2.5.0
[INFO] [stderr]    Compiling minimal-lexical v0.2.1
[INFO] [stderr]    Compiling nom v7.1.1
[INFO] [stderr]    Compiling itsy v0.4.0 (/opt/rustwide/workdir)
[INFO] [stdout] warning: unused import: `std::collections::HashSet as UnorderedSet`
[INFO] [stdout]  --> src/prelude.rs:4:9
[INFO] [stdout]   |
[INFO] [stdout] 4 | pub use std::collections::HashSet as UnorderedSet;
[INFO] [stdout]   |         ^^^^^^^^^^^^^^^^^^^^^^^^^^^^^^^^^^^^^^^^^
[INFO] [stdout]   |
[INFO] [stdout]   = note: `#[warn(unused_imports)]` on by default
[INFO] [stdout] 
[INFO] [stdout] 
[INFO] [stdout] warning: unused import: `swap`
[INFO] [stdout]  --> src/prelude.rs:6:51
[INFO] [stdout]   |
[INFO] [stdout] 6 | pub use std::mem::{size_of, size_of_val, replace, swap, discriminant};
[INFO] [stdout]   |                                                   ^^^^
[INFO] [stdout] 
[INFO] [stdout] 
[INFO] [stdout] warning: 2 warnings emitted
[INFO] [stdout] 
[INFO] [stdout] 
[INFO] [stderr]     Finished dev [unoptimized + debuginfo] target(s) in 4.84s
[INFO] running `Command { std: "docker" "inspect" "179002af7cdbbde33c363a5b303c8bf172ff3120d7f791769bb65b8d360d32cb", kill_on_drop: false }`
[INFO] running `Command { std: "docker" "rm" "-f" "179002af7cdbbde33c363a5b303c8bf172ff3120d7f791769bb65b8d360d32cb", kill_on_drop: false }`
[INFO] [stdout] 179002af7cdbbde33c363a5b303c8bf172ff3120d7f791769bb65b8d360d32cb
[INFO] running `Command { std: "docker" "create" "-v" "/var/lib/crater-agent-workspace/builds/worker-0-tc1/target:/opt/rustwide/target:rw,Z" "-v" "/var/lib/crater-agent-workspace/builds/worker-0-tc1/source:/opt/rustwide/workdir:ro,Z" "-v" "/var/lib/crater-agent-workspace/cargo-home:/opt/rustwide/cargo-home:ro,Z" "-v" "/var/lib/crater-agent-workspace/rustup-home:/opt/rustwide/rustup-home:ro,Z" "-e" "SOURCE_DIR=/opt/rustwide/workdir" "-e" "CARGO_TARGET_DIR=/opt/rustwide/target" "-e" "CARGO_INCREMENTAL=0" "-e" "RUST_BACKTRACE=full" "-e" "RUSTFLAGS=--cap-lints=warn" "-e" "RUSTDOCFLAGS=--cap-lints=warn" "-e" "CARGO_HOME=/opt/rustwide/cargo-home" "-e" "RUSTUP_HOME=/opt/rustwide/rustup-home" "-w" "/opt/rustwide/workdir" "-m" "1610612736" "--user" "0:0" "--network" "none" "ghcr.io/rust-lang/crates-build-env/linux@sha256:2788e3201cd34a07e3172128adcd8b3090168a8e3bcc40d7c032b9dda1df7d1c" "/opt/rustwide/cargo-home/bin/cargo" "+1.75.0" "test" "--frozen" "--no-run" "--message-format=json", kill_on_drop: false }`
[INFO] [stdout] 71778b917ddcc94a2008628c978ae4c871cca090eba8a0c6f0250a8b7d76d8c5
[INFO] running `Command { std: "docker" "start" "-a" "71778b917ddcc94a2008628c978ae4c871cca090eba8a0c6f0250a8b7d76d8c5", kill_on_drop: false }`
[INFO] [stdout] warning: unused import: `std::collections::HashSet as UnorderedSet`
[INFO] [stdout]  --> src/prelude.rs:4:9
[INFO] [stdout]   |
[INFO] [stdout] 4 | pub use std::collections::HashSet as UnorderedSet;
[INFO] [stdout]   |         ^^^^^^^^^^^^^^^^^^^^^^^^^^^^^^^^^^^^^^^^^
[INFO] [stdout]   |
[INFO] [stdout]   = note: `#[warn(unused_imports)]` on by default
[INFO] [stdout] 
[INFO] [stdout] 
[INFO] [stderr]    Compiling itsy v0.4.0 (/opt/rustwide/workdir)
[INFO] [stdout] warning: unused import: `swap`
[INFO] [stdout]  --> src/prelude.rs:6:51
[INFO] [stdout]   |
[INFO] [stdout] 6 | pub use std::mem::{size_of, size_of_val, replace, swap, discriminant};
[INFO] [stdout]   |                                                   ^^^^
[INFO] [stdout] 
[INFO] [stdout] 
[INFO] [stdout] warning: 2 warnings emitted
[INFO] [stdout] 
[INFO] [stdout] 
[INFO] [stdout] warning: unused imports: `StackAddress`, `internals::ast::Position`
[INFO] [stdout]  --> tests/util.rs:1:106
[INFO] [stdout]   |
[INFO] [stdout] 1 | ...dModule, ParseResult, LinkState}, internals::ast::Position, internals::binary::sizes::{StackAddress, STACK_ADDRESS_TYPE}, internals::r...
[INFO] [stdout]   |                                      ^^^^^^^^^^^^^^^^^^^^^^^^                             ^^^^^^^^^^^^
[INFO] [stdout]   |
[INFO] [stdout]   = note: `#[warn(unused_imports)]` on by default
[INFO] [stdout] 
[INFO] [stdout] 
[INFO] [stdout] warning: unused imports: `StackAddress`, `internals::ast::Position`
[INFO] [stdout]  --> tests/util.rs:1:106
[INFO] [stdout]   |
[INFO] [stdout] 1 | ...dModule, ParseResult, LinkState}, internals::ast::Position, internals::binary::sizes::{StackAddress, STACK_ADDRESS_TYPE}, internals::r...
[INFO] [stdout]   |                                      ^^^^^^^^^^^^^^^^^^^^^^^^                             ^^^^^^^^^^^^
[INFO] [stdout]   |
[INFO] [stdout]   = note: `#[warn(unused_imports)]` on by default
[INFO] [stdout] 
[INFO] [stdout] 
[INFO] [stdout] warning: unused import: `std::collections::HashSet as UnorderedSet`
[INFO] [stdout]  --> src/prelude.rs:4:9
[INFO] [stdout]   |
[INFO] [stdout] 4 | pub use std::collections::HashSet as UnorderedSet;
[INFO] [stdout]   |         ^^^^^^^^^^^^^^^^^^^^^^^^^^^^^^^^^^^^^^^^^
[INFO] [stdout]   |
[INFO] [stdout]   = note: `#[warn(unused_imports)]` on by default
[INFO] [stdout] 
[INFO] [stdout] 
[INFO] [stdout] warning: unused import: `swap`
[INFO] [stdout]  --> src/prelude.rs:6:51
[INFO] [stdout]   |
[INFO] [stdout] 6 | pub use std::mem::{size_of, size_of_val, replace, swap, discriminant};
[INFO] [stdout]   |                                                   ^^^^
[INFO] [stdout] 
[INFO] [stdout] 
[INFO] [stdout] warning: unused import: `IndexMut`
[INFO] [stdout]   --> src/prelude.rs:10:32
[INFO] [stdout]    |
[INFO] [stdout] 10 | pub use std::ops::{Add, Index, IndexMut, Deref};
[INFO] [stdout]    |                                ^^^^^^^^
[INFO] [stdout] 
[INFO] [stdout] 
[INFO] [stdout] warning: 1 warning emitted
[INFO] [stdout] 
[INFO] [stdout] 
[INFO] [stdout] warning: 1 warning emitted
[INFO] [stdout] 
[INFO] [stdout] 
[INFO] [stdout] warning: 3 warnings emitted
[INFO] [stdout] 
[INFO] [stdout] 
[INFO] [stderr]     Finished test [unoptimized + debuginfo] target(s) in 2.56s
[INFO] running `Command { std: "docker" "inspect" "71778b917ddcc94a2008628c978ae4c871cca090eba8a0c6f0250a8b7d76d8c5", kill_on_drop: false }`
[INFO] running `Command { std: "docker" "rm" "-f" "71778b917ddcc94a2008628c978ae4c871cca090eba8a0c6f0250a8b7d76d8c5", kill_on_drop: false }`
[INFO] [stdout] 71778b917ddcc94a2008628c978ae4c871cca090eba8a0c6f0250a8b7d76d8c5
[INFO] running `Command { std: "docker" "create" "-v" "/var/lib/crater-agent-workspace/builds/worker-0-tc1/target:/opt/rustwide/target:rw,Z" "-v" "/var/lib/crater-agent-workspace/builds/worker-0-tc1/source:/opt/rustwide/workdir:ro,Z" "-v" "/var/lib/crater-agent-workspace/cargo-home:/opt/rustwide/cargo-home:ro,Z" "-v" "/var/lib/crater-agent-workspace/rustup-home:/opt/rustwide/rustup-home:ro,Z" "-e" "SOURCE_DIR=/opt/rustwide/workdir" "-e" "CARGO_TARGET_DIR=/opt/rustwide/target" "-e" "CARGO_INCREMENTAL=0" "-e" "RUST_BACKTRACE=full" "-e" "RUSTFLAGS=--cap-lints=warn" "-e" "RUSTDOCFLAGS=--cap-lints=warn" "-e" "CARGO_HOME=/opt/rustwide/cargo-home" "-e" "RUSTUP_HOME=/opt/rustwide/rustup-home" "-w" "/opt/rustwide/workdir" "-m" "1610612736" "--user" "0:0" "--network" "none" "ghcr.io/rust-lang/crates-build-env/linux@sha256:2788e3201cd34a07e3172128adcd8b3090168a8e3bcc40d7c032b9dda1df7d1c" "/opt/rustwide/cargo-home/bin/cargo" "+1.75.0" "test" "--frozen", kill_on_drop: false }`
[INFO] [stdout] 7d1cfd007470d1addc4868375dcebeb08af1f0f3ebd0003d0ecebfb1b868456f
[INFO] running `Command { std: "docker" "start" "-a" "7d1cfd007470d1addc4868375dcebeb08af1f0f3ebd0003d0ecebfb1b868456f", kill_on_drop: false }`
[INFO] [stderr] warning: unused import: `std::collections::HashSet as UnorderedSet`
[INFO] [stderr]  --> src/prelude.rs:4:9
[INFO] [stderr]   |
[INFO] [stderr] 4 | pub use std::collections::HashSet as UnorderedSet;
[INFO] [stderr]   |         ^^^^^^^^^^^^^^^^^^^^^^^^^^^^^^^^^^^^^^^^^
[INFO] [stderr]   |
[INFO] [stderr]   = note: `#[warn(unused_imports)]` on by default
[INFO] [stderr] 
[INFO] [stderr] warning: unused import: `swap`
[INFO] [stderr]  --> src/prelude.rs:6:51
[INFO] [stderr]   |
[INFO] [stderr] 6 | pub use std::mem::{size_of, size_of_val, replace, swap, discriminant};
[INFO] [stderr]   |                                                   ^^^^
[INFO] [stderr] 
[INFO] [stderr] warning: unused import: `IndexMut`
[INFO] [stderr]   --> src/prelude.rs:10:32
[INFO] [stderr]    |
[INFO] [stderr] 10 | pub use std::ops::{Add, Index, IndexMut, Deref};
[INFO] [stderr]    |                                ^^^^^^^^
[INFO] [stderr] 
[INFO] [stderr] warning: `itsy` (lib) generated 2 warnings (run `cargo fix --lib -p itsy` to apply 2 suggestions)
[INFO] [stderr] warning: `itsy` (lib test) generated 3 warnings (2 duplicates) (run `cargo fix --lib -p itsy --tests` to apply 1 suggestion)
[INFO] [stderr] warning: unused imports: `StackAddress`, `internals::ast::Position`
[INFO] [stderr]  --> tests/util.rs:1:106
[INFO] [stderr]   |
[INFO] [stderr] 1 | ...dModule, ParseResult, LinkState}, internals::ast::Position, internals::binary::sizes::{StackAddress, STACK_ADDRESS_TYPE}, internals::r...
[INFO] [stderr]   |                                      ^^^^^^^^^^^^^^^^^^^^^^^^                             ^^^^^^^^^^^^
[INFO] [stderr]   |
[INFO] [stderr]   = note: `#[warn(unused_imports)]` on by default
[INFO] [stderr] 
[INFO] [stderr] warning: `itsy` (test "parser") generated 1 warning (run `cargo fix --test "parser"` to apply 1 suggestion)
[INFO] [stderr] warning: `itsy` (test "vm") generated 1 warning (1 duplicate)
[INFO] [stderr]     Finished test [unoptimized + debuginfo] target(s) in 0.01s
[INFO] [stderr]      Running unittests src/lib.rs (/opt/rustwide/target/debug/deps/itsy-8e7b1425251352d0)
[INFO] [stdout] 
[INFO] [stdout] running 0 tests
[INFO] [stdout] 
[INFO] [stdout] test result: ok. 0 passed; 0 failed; 0 ignored; 0 measured; 0 filtered out; finished in 0.00s
[INFO] [stdout] 
[INFO] [stderr]      Running tests/parser.rs (/opt/rustwide/target/debug/deps/parser-ea6e47f1a0090330)
[INFO] [stdout] 
[INFO] [stdout] running 10 tests
[INFO] [stdout] test block_comment ... ok
[INFO] [stdout] test line_comment ... ok
[INFO] [stdout] test binary_as ... ok
[INFO] [stdout] test comments_in_expression ... ok
[INFO] [stdout] test comments_without_whitespace ... ok
[INFO] [stdout] test comments_in_statement ... ok
[INFO] [stdout] test multi_line_block_comment ... ok
[INFO] [stdout] test multi_line_block_comment_followed ... ok
[INFO] [stdout] test unterminated_empty_line_comment ... ok
[INFO] [stdout] test unterminated_line_comment ... ok
[INFO] [stdout] 
[INFO] [stdout] test result: ok. 10 passed; 0 failed; 0 ignored; 0 measured; 0 filtered out; finished in 0.00s
[INFO] [stdout] 
[INFO] [stderr]      Running tests/util.rs (/opt/rustwide/target/debug/deps/util-b2035b92101e2c9f)
[INFO] [stdout] 
[INFO] [stdout] running 0 tests
[INFO] [stdout] 
[INFO] [stdout] test result: ok. 0 passed; 0 failed; 0 ignored; 0 measured; 0 filtered out; finished in 0.00s
[INFO] [stdout] 
[INFO] [stderr]      Running tests/vm.rs (/opt/rustwide/target/debug/deps/vm-14538e24d25ae936)
[INFO] [stdout] 
[INFO] [stdout] running 115 tests
[INFO] [stdout] test arrays::array_literal ... ok
[INFO] [stdout] test arrays::array_inference2 ... ok
[INFO] [stdout] test arrays::array_len ... ok
[INFO] [stdout] test arrays::array_mixed_construction ... ok
[INFO] [stdout] test arrays::array_inference1 ... ok
[INFO] [stdout] test arrays::array_flattened_dynamic_constructor ... ok
[INFO] [stdout] test arrays::array_push ... ok
[INFO] [stdout] test arrays::array_nested_dynamic_constructor ... ok
[INFO] [stdout] test arrays::array_nested_var_dynamic_constructor ... ok
[INFO] [stdout] test arrays::array_casting ... ok
[INFO] [stdout] test casts::cast_f32_f64 ... ok
[INFO] [stdout] test arrays::array_simple_dynamic_constructor ... ok
[INFO] [stdout] test arrays::array_nesting ... ok
[INFO] [stdout] test arrays::array_subindex ... ok
[INFO] [stdout] test casts::cast_f64_i16 ... ok
[INFO] [stdout] test casts::cast_i16_f64 ... ok
[INFO] [stdout] test casts::cast_i32_f32 ... ok
[INFO] [stdout] test casts::cast_f32_i8 ... ok
[INFO] [stdout] test casts::cast_f32_u16 ... ok
[INFO] [stdout] test casts::cast_i64_u16 ... ok
[INFO] [stdout] test casts::cast_f64_f32 ... ok
[INFO] [stdout] test casts::cast_i64_i8 ... ok
[INFO] [stdout] test casts::cast_i8_i16 ... ok
[INFO] [stdout] test casts::cast_i64_u8 ... ok
[INFO] [stdout] test casts::cast_i64_i16 ... ok
[INFO] [stdout] test casts::cast_i8_u16 ... ok
[INFO] [stdout] test casts::cast_i8_i64 ... ok
[INFO] [stdout] test arrays::array_ref_elements ... ok
[INFO] [stdout] test casts::cast_u64_u16 ... ok
[INFO] [stdout] test casts::cast_u8_u64 ... ok
[INFO] [stdout] test casts::cast_i8_u64 ... ok
[INFO] [stdout] test casts::cast_u64_u8 ... ok
[INFO] [stdout] test casts::cast_u8_u16 ... ok
[INFO] [stdout] test casts::compound_i64 ... ok
[INFO] [stdout] test casts::compound_f64 ... ok
[INFO] [stdout] test casts::compound_i8 ... ok
[INFO] [stdout] test closure::fnref_inference ... ok
[INFO] [stdout] test closure::fnref_access_index ... ok
[INFO] [stdout] test closure::fnref_array_loop ... ok
[INFO] [stdout] test controlflow::branching_ref_cleanup ... ok
[INFO] [stdout] test controlflow::assign_to_maybe_uninitialized ... ok
[INFO] [stdout] test closure::shadowing ... ok
[INFO] [stdout] test closure::anonymous ... ok
[INFO] [stdout] test controlflow::block_exit_with_maybe_unitialized ... ok
[INFO] [stdout] test controlflow::branching ... ok
[INFO] [stdout] test controlflow::dead_code_result ... ok
[INFO] [stdout] test controlflow::maybe_return_with_refs ... ok
[INFO] [stdout] test controlflow::return_void ... ok
[INFO] [stdout] test controlflow::for_range_continue ... ok
[INFO] [stdout] test controlflow::for_in_continue ... ok
[INFO] [stdout] test controlflow::for_in_break ... ok
[INFO] [stdout] test controlflow::for_in_break_noref ... ok
[INFO] [stdout] test controlflow::for_range_break ... ok
[INFO] [stdout] test controlflow::block_result ... ok
[INFO] [stdout] test controlflow::recursion ... ok
[INFO] [stdout] test controlflow::unused_result ... ok
[INFO] [stdout] test controlflow::explicit_return ... ok
[INFO] [stdout] test expressions::assign_stack_target ... ok
[INFO] [stdout] test controlflow::while_break ... ok
[INFO] [stdout] test expressions::numerics ... ok
[INFO] [stdout] test expressions::unary_op ... ok
[INFO] [stdout] test expressions::expression_eval_order ... ok
[INFO] [stdout] test controlflow::while_continue ... ok
[INFO] [stdout] test expressions::signed_comparisons ... ok
[INFO] [stdout] test for_loop::for_in_array ... ok
[INFO] [stdout] test expressions::expression_short_circuit ... ok
[INFO] [stdout] test expressions::stack_value_expressions ... ok
[INFO] [stdout] test expressions::unsigned_comparisons ... ok
[INFO] [stdout] test for_loop::for_in_array_string ... ok
[INFO] [stdout] test for_loop::for_in_array_struct ... ok
[INFO] [stdout] test for_loop::for_in_array_var ... ok
[INFO] [stdout] test expressions::precedence ... ok
[INFO] [stdout] test for_loop::for_in_inference ... ok
[INFO] [stdout] test for_loop::for_in_equal_inclusive ... ok
[INFO] [stdout] test for_loop::for_in_dec ... ok
[INFO] [stdout] test for_loop::for_in_dec_inclusive ... ok
[INFO] [stdout] test refs::heap_compare ... ignored
[INFO] [stdout] test for_loop::for_in_negative ... ok
[INFO] [stdout] test for_loop::for_in_negative_inclusive ... ok
[INFO] [stdout] test for_loop::for_in_inference_let ... ok
[INFO] [stdout] test for_loop::for_in_none ... ok
[INFO] [stdout] test for_loop::for_in_inference_assign ... ok
[INFO] [stdout] test refs::assign_heap_var_target ... ok
[INFO] [stdout] test refs::assign_heap_index_target ... ok
[INFO] [stdout] test refs::temporary_heap_objects ... ok
[INFO] [stdout] test refs::tempory_access ... ok
[INFO] [stdout] test refs::heap_compound_assign ... ok
[INFO] [stdout] test strings::string_compound_concat ... ok
[INFO] [stdout] test refs::string_copy_vs_reference ... ok
[INFO] [stdout] test refs::heap_return ... ok
[INFO] [stdout] test strings::string_compound_heap_concat ... ok
[INFO] [stdout] test refs::heap_compound_assign64 ... ok
[INFO] [stdout] test refs::heap_result ... ok
[INFO] [stdout] test strings::string_static_methods ... ok
[INFO] [stdout] test strings::string_concat ... ok
[INFO] [stdout] test strings::string_literal ... ok
[INFO] [stdout] test refs::nested_temporaries ... ok
[INFO] [stdout] test strings::string_loop_concat ... ok
[INFO] [stdout] test structs::member_assign_primitive ... ok
[INFO] [stdout] test strings::string_compare ... ok
[INFO] [stdout] test strings::string_len_compare ... ok
[INFO] [stdout] test traits::dynamic_constructor ... ok
[INFO] [stdout] test structs::struct_self ... ok
[INFO] [stdout] test structs::struct_access ... ok
[INFO] [stdout] test structs::index_assign_primitive ... ok
[INFO] [stdout] test strings::temporary_string ... ok
[INFO] [stdout] test structs::struct_array ... ok
[INFO] [stdout] test structs::struct_nesting ... ok
[INFO] [stdout] test traits::temporary_traitobject ... ok
[INFO] [stdout] test traits::trait_resolution ... ok
[INFO] [stdout] test arrays::array_type_fail - should panic ... ok
[INFO] [stdout] test closure::capture_ref ... FAILED
[INFO] [stdout] test closure::fnref_array_mismatch - should panic ... ok
[INFO] [stdout] test enums::primitive_enum_cast ... FAILED
[INFO] [stdout] test enums::primitive_enum ... FAILED
[INFO] [stdout] 
[INFO] [stdout] failures:
[INFO] [stdout] 
[INFO] [stdout] ---- closure::capture_ref stdout ----
[INFO] [stdout] thread 'closure::capture_ref' panicked at src/bytecode/runtime/heap.rs:177:9:
[INFO] [stdout] Heap operation on previously freed object 1.
[INFO] [stdout] stack backtrace:
[INFO] [stdout]    0:     0x561a300e31dc - std::backtrace_rs::backtrace::libunwind::trace::ha637c64ce894333a
[INFO] [stdout]                                at /rustc/82e1608dfa6e0b5569232559e3d385fea5a93112/library/std/src/../../backtrace/src/backtrace/libunwind.rs:104:5
[INFO] [stdout]    1:     0x561a300e31dc - std::backtrace_rs::backtrace::trace_unsynchronized::h47f62dea28e0c88d
[INFO] [stdout]                                at /rustc/82e1608dfa6e0b5569232559e3d385fea5a93112/library/std/src/../../backtrace/src/backtrace/mod.rs:66:5
[INFO] [stdout]    2:     0x561a300e31dc - std::sys_common::backtrace::_print_fmt::h9eef0abe20ede486
[INFO] [stdout]                                at /rustc/82e1608dfa6e0b5569232559e3d385fea5a93112/library/std/src/sys_common/backtrace.rs:67:5
[INFO] [stdout]    3:     0x561a300e31dc - <std::sys_common::backtrace::_print::DisplayBacktrace as core::fmt::Display>::fmt::hed7f999df88cc644
[INFO] [stdout]                                at /rustc/82e1608dfa6e0b5569232559e3d385fea5a93112/library/std/src/sys_common/backtrace.rs:44:22
[INFO] [stdout]    4:     0x561a3010fae0 - core::fmt::rt::Argument::fmt::h1539a9308b8d058d
[INFO] [stdout]                                at /rustc/82e1608dfa6e0b5569232559e3d385fea5a93112/library/core/src/fmt/rt.rs:142:9
[INFO] [stdout]    5:     0x561a3010fae0 - core::fmt::write::h3a39390d8560d9c9
[INFO] [stdout]                                at /rustc/82e1608dfa6e0b5569232559e3d385fea5a93112/library/core/src/fmt/mod.rs:1120:17
[INFO] [stdout]    6:     0x561a300e0b8f - std::io::Write::write_fmt::h040b369f3a0f9cbc
[INFO] [stdout]                                at /rustc/82e1608dfa6e0b5569232559e3d385fea5a93112/library/std/src/io/mod.rs:1762:15
[INFO] [stdout]    7:     0x561a300e2fc4 - std::sys_common::backtrace::_print::h894006fb5c6f3d45
[INFO] [stdout]                                at /rustc/82e1608dfa6e0b5569232559e3d385fea5a93112/library/std/src/sys_common/backtrace.rs:47:5
[INFO] [stdout]    8:     0x561a300e2fc4 - std::sys_common::backtrace::print::h23a2d212c6fff936
[INFO] [stdout]                                at /rustc/82e1608dfa6e0b5569232559e3d385fea5a93112/library/std/src/sys_common/backtrace.rs:34:9
[INFO] [stdout]    9:     0x561a300e4c87 - std::panicking::default_hook::{{closure}}::h8a1d2ee00185001a
[INFO] [stdout]   10:     0x561a300e4973 - std::panicking::default_hook::h6038f2eba384e475
[INFO] [stdout]                                at /rustc/82e1608dfa6e0b5569232559e3d385fea5a93112/library/std/src/panicking.rs:289:9
[INFO] [stdout]   11:     0x561a2feef627 - <alloc::boxed::Box<F,A> as core::ops::function::Fn<Args>>::call::h0ad024c9bdc6d768
[INFO] [stdout]                                at /rustc/82e1608dfa6e0b5569232559e3d385fea5a93112/library/alloc/src/boxed.rs:2021:9
[INFO] [stdout]   12:     0x561a2feef627 - test::test_main::{{closure}}::h7500b54257359db6
[INFO] [stdout]                                at /rustc/82e1608dfa6e0b5569232559e3d385fea5a93112/library/test/src/lib.rs:138:21
[INFO] [stdout]   13:     0x561a300e5298 - <alloc::boxed::Box<F,A> as core::ops::function::Fn<Args>>::call::h1f8f335eaa9cfaee
[INFO] [stdout]                                at /rustc/82e1608dfa6e0b5569232559e3d385fea5a93112/library/alloc/src/boxed.rs:2021:9
[INFO] [stdout]   14:     0x561a300e5298 - std::panicking::rust_panic_with_hook::h2b5517d590cab22e
[INFO] [stdout]                                at /rustc/82e1608dfa6e0b5569232559e3d385fea5a93112/library/std/src/panicking.rs:783:13
[INFO] [stdout]   15:     0x561a300e4fee - std::panicking::begin_panic_handler::{{closure}}::h233112c06e0ef43e
[INFO] [stdout]                                at /rustc/82e1608dfa6e0b5569232559e3d385fea5a93112/library/std/src/panicking.rs:657:13
[INFO] [stdout]   16:     0x561a300e36a6 - std::sys_common::backtrace::__rust_end_short_backtrace::h6e893f24d7ebbff8
[INFO] [stdout]                                at /rustc/82e1608dfa6e0b5569232559e3d385fea5a93112/library/std/src/sys_common/backtrace.rs:170:18
[INFO] [stdout]   17:     0x561a300e4d52 - rust_begin_unwind
[INFO] [stdout]                                at /rustc/82e1608dfa6e0b5569232559e3d385fea5a93112/library/std/src/panicking.rs:645:5
[INFO] [stdout]   18:     0x561a2fdffdd5 - core::panicking::panic_fmt::hbf0e066aabfa482c
[INFO] [stdout]                                at /rustc/82e1608dfa6e0b5569232559e3d385fea5a93112/library/core/src/panicking.rs:72:14
[INFO] [stdout]   19:     0x561a2ffafe28 - itsy::bytecode::runtime::heap::Heap::item_epoch::h3acc2fc893164d7c
[INFO] [stdout]                                at /opt/rustwide/workdir/src/bytecode/runtime/heap.rs:177:9
[INFO] [stdout]   20:     0x561a2fe44a02 - itsy::bytecode::runtime::vm::VM<T,U>::refcount_recurse::h7a86155396ee58f1
[INFO] [stdout]                                at /opt/rustwide/workdir/src/bytecode/runtime/vm.rs:208:41
[INFO] [stdout]   21:     0x561a2fe442e5 - itsy::bytecode::runtime::vm::VM<T,U>::refcount_value::h9d2c232a1d2a2512
[INFO] [stdout]                                at /opt/rustwide/workdir/src/bytecode/runtime/vm.rs:160:9
[INFO] [stdout]   22:     0x561a2fe3daf2 - itsy::bytecode::opcodes::<impl itsy::bytecode::runtime::vm::VM<T,U>>::cnt_8::h0d6683f994d64185
[INFO] [stdout]                                at /opt/rustwide/workdir/src/bytecode/opcodes.rs:704:9
[INFO] [stdout]   23:     0x561a2fe3a85c - itsy::bytecode::opcodes::<impl itsy::bytecode::runtime::vm::VM<T,U>>::exec::h6047b655897f92e2
[INFO] [stdout]                                at /opt/rustwide/workdir/src/bytecode/macros/impl_opcodes.rs:185:41
[INFO] [stdout]   24:     0x561a2fe450a9 - itsy::bytecode::runtime::vm::VM<T,U>::run::h6519231cec9c14cb
[INFO] [stdout]                                at /opt/rustwide/workdir/src/bytecode/runtime/vm.rs:63:9
[INFO] [stdout]   25:     0x561a2fe4c794 - itsy::run::h289a22052f115d27
[INFO] [stdout]                                at /opt/rustwide/workdir/src/lib.rs:348:5
[INFO] [stdout]   26:     0x561a2fe842ee - vm::util::run::h2ae9c2e36f2b9aea
[INFO] [stdout]                                at /opt/rustwide/workdir/tests/util.rs:107:11
[INFO] [stdout]   27:     0x561a2fe987ba - vm::closure::capture_ref::h3b9476ccf6ac40bc
[INFO] [stdout]                                at /opt/rustwide/workdir/tests/vm/closure.rs:121:18
[INFO] [stdout]   28:     0x561a2fe98787 - vm::closure::capture_ref::{{closure}}::hd0d95cbd8ffffaf1
[INFO] [stdout]                                at /opt/rustwide/workdir/tests/vm/closure.rs:120:17
[INFO] [stdout]   29:     0x561a2fe72066 - core::ops::function::FnOnce::call_once::h68a54dae1616eeb0
[INFO] [stdout]                                at /rustc/82e1608dfa6e0b5569232559e3d385fea5a93112/library/core/src/ops/function.rs:250:5
[INFO] [stdout]   30:     0x561a2fef4c7f - core::ops::function::FnOnce::call_once::h2b5d431d5046312d
[INFO] [stdout]                                at /rustc/82e1608dfa6e0b5569232559e3d385fea5a93112/library/core/src/ops/function.rs:250:5
[INFO] [stdout]   31:     0x561a2fef4c7f - test::__rust_begin_short_backtrace::h7714669af176e207
[INFO] [stdout]                                at /rustc/82e1608dfa6e0b5569232559e3d385fea5a93112/library/test/src/lib.rs:628:18
[INFO] [stdout]   32:     0x561a2fef3c95 - test::run_test_in_process::{{closure}}::h85218797dcbcec12
[INFO] [stdout]                                at /rustc/82e1608dfa6e0b5569232559e3d385fea5a93112/library/test/src/lib.rs:651:60
[INFO] [stdout]   33:     0x561a2fef3c95 - <core::panic::unwind_safe::AssertUnwindSafe<F> as core::ops::function::FnOnce<()>>::call_once::h76c106ea31c14d7b
[INFO] [stdout]                                at /rustc/82e1608dfa6e0b5569232559e3d385fea5a93112/library/core/src/panic/unwind_safe.rs:272:9
[INFO] [stdout]   34:     0x561a2fef3c95 - std::panicking::try::do_call::h3bd5d0f6620ee946
[INFO] [stdout]                                at /rustc/82e1608dfa6e0b5569232559e3d385fea5a93112/library/std/src/panicking.rs:552:40
[INFO] [stdout]   35:     0x561a2fef3c95 - std::panicking::try::h232e535e4744fe31
[INFO] [stdout]                                at /rustc/82e1608dfa6e0b5569232559e3d385fea5a93112/library/std/src/panicking.rs:516:19
[INFO] [stdout]   36:     0x561a2fef3c95 - std::panic::catch_unwind::h3ce3bd6ca8dbac68
[INFO] [stdout]                                at /rustc/82e1608dfa6e0b5569232559e3d385fea5a93112/library/std/src/panic.rs:142:14
[INFO] [stdout]   37:     0x561a2fef3c95 - test::run_test_in_process::hc97b257c9621286a
[INFO] [stdout]                                at /rustc/82e1608dfa6e0b5569232559e3d385fea5a93112/library/test/src/lib.rs:651:27
[INFO] [stdout]   38:     0x561a2fef3c95 - test::run_test::{{closure}}::h2aa798823a438d38
[INFO] [stdout]                                at /rustc/82e1608dfa6e0b5569232559e3d385fea5a93112/library/test/src/lib.rs:574:43
[INFO] [stdout]   39:     0x561a2febbf56 - test::run_test::{{closure}}::h87d231c78fb59832
[INFO] [stdout]                                at /rustc/82e1608dfa6e0b5569232559e3d385fea5a93112/library/test/src/lib.rs:602:41
[INFO] [stdout]   40:     0x561a2febbf56 - std::sys_common::backtrace::__rust_begin_short_backtrace::he6df152596625789
[INFO] [stdout]                                at /rustc/82e1608dfa6e0b5569232559e3d385fea5a93112/library/std/src/sys_common/backtrace.rs:154:18
[INFO] [stdout]   41:     0x561a2fec1007 - std::thread::Builder::spawn_unchecked_::{{closure}}::{{closure}}::ha94be15d1e0acf36
[INFO] [stdout]                                at /rustc/82e1608dfa6e0b5569232559e3d385fea5a93112/library/std/src/thread/mod.rs:529:17
[INFO] [stdout]   42:     0x561a2fec1007 - <core::panic::unwind_safe::AssertUnwindSafe<F> as core::ops::function::FnOnce<()>>::call_once::h9dc6bd6372f16606
[INFO] [stdout]                                at /rustc/82e1608dfa6e0b5569232559e3d385fea5a93112/library/core/src/panic/unwind_safe.rs:272:9
[INFO] [stdout]   43:     0x561a2fec1007 - std::panicking::try::do_call::h9057517f80303cd4
[INFO] [stdout]                                at /rustc/82e1608dfa6e0b5569232559e3d385fea5a93112/library/std/src/panicking.rs:552:40
[INFO] [stdout]   44:     0x561a2fec1007 - std::panicking::try::he3a30b11ee45340c
[INFO] [stdout]                                at /rustc/82e1608dfa6e0b5569232559e3d385fea5a93112/library/std/src/panicking.rs:516:19
[INFO] [stdout]   45:     0x561a2fec1007 - std::panic::catch_unwind::h410458cfd3528b8b
[INFO] [stdout]                                at /rustc/82e1608dfa6e0b5569232559e3d385fea5a93112/library/std/src/panic.rs:142:14
[INFO] [stdout]   46:     0x561a2fec1007 - std::thread::Builder::spawn_unchecked_::{{closure}}::h72ac3bdb567b737b
[INFO] [stdout]                                at /rustc/82e1608dfa6e0b5569232559e3d385fea5a93112/library/std/src/thread/mod.rs:528:30
[INFO] [stdout]   47:     0x561a2fec1007 - core::ops::function::FnOnce::call_once{{vtable.shim}}::h38f34da3654a8344
[INFO] [stdout]                                at /rustc/82e1608dfa6e0b5569232559e3d385fea5a93112/library/core/src/ops/function.rs:250:5
[INFO] [stdout]   48:     0x561a300e9d25 - <alloc::boxed::Box<F,A> as core::ops::function::FnOnce<Args>>::call_once::hc7eafaff61e32df9
[INFO] [stdout]                                at /rustc/82e1608dfa6e0b5569232559e3d385fea5a93112/library/alloc/src/boxed.rs:2007:9
[INFO] [stdout]   49:     0x561a300e9d25 - <alloc::boxed::Box<F,A> as core::ops::function::FnOnce<Args>>::call_once::h6ba4a5de48dd2304
[INFO] [stdout]                                at /rustc/82e1608dfa6e0b5569232559e3d385fea5a93112/library/alloc/src/boxed.rs:2007:9
[INFO] [stdout]   50:     0x561a300e9d25 - std::sys::unix::thread::Thread::new::thread_start::he469335aef763e45
[INFO] [stdout]                                at /rustc/82e1608dfa6e0b5569232559e3d385fea5a93112/library/std/src/sys/unix/thread.rs:108:17
[INFO] [stdout]   51:     0x7f07c02e4ac3 - <unknown>
[INFO] [stdout]   52:     0x7f07c0375bf4 - __clone
[INFO] [stdout]   53:                0x0 - <unknown>
[INFO] [stdout] 
[INFO] [stdout] ---- enums::primitive_enum_cast stdout ----
[INFO] [stdout] thread 'enums::primitive_enum_cast' panicked at tests/util.rs:103:13:
[INFO] [stdout] Resolver error: Undefined identifier 'Simple::A' in line 3, column 13.
[INFO] [stdout] stack backtrace:
[INFO] [stdout]    0:     0x561a300e31dc - std::backtrace_rs::backtrace::libunwind::trace::ha637c64ce894333a
[INFO] [stdout]                                at /rustc/82e1608dfa6e0b5569232559e3d385fea5a93112/library/std/src/../../backtrace/src/backtrace/libunwind.rs:104:5
[INFO] [stdout]    1:     0x561a300e31dc - std::backtrace_rs::backtrace::trace_unsynchronized::h47f62dea28e0c88d
[INFO] [stdout]                                at /rustc/82e1608dfa6e0b5569232559e3d385fea5a93112/library/std/src/../../backtrace/src/backtrace/mod.rs:66:5
[INFO] [stdout]    2:     0x561a300e31dc - std::sys_common::backtrace::_print_fmt::h9eef0abe20ede486
[INFO] [stdout]                                at /rustc/82e1608dfa6e0b5569232559e3d385fea5a93112/library/std/src/sys_common/backtrace.rs:67:5
[INFO] [stdout]    3:     0x561a300e31dc - <std::sys_common::backtrace::_print::DisplayBacktrace as core::fmt::Display>::fmt::hed7f999df88cc644
[INFO] [stdout]                                at /rustc/82e1608dfa6e0b5569232559e3d385fea5a93112/library/std/src/sys_common/backtrace.rs:44:22
[INFO] [stdout]    4:     0x561a3010fae0 - core::fmt::rt::Argument::fmt::h1539a9308b8d058d
[INFO] [stdout]                                at /rustc/82e1608dfa6e0b5569232559e3d385fea5a93112/library/core/src/fmt/rt.rs:142:9
[INFO] [stdout]    5:     0x561a3010fae0 - core::fmt::write::h3a39390d8560d9c9
[INFO] [stdout]                                at /rustc/82e1608dfa6e0b5569232559e3d385fea5a93112/library/core/src/fmt/mod.rs:1120:17
[INFO] [stdout]    6:     0x561a300e0b8f - std::io::Write::write_fmt::h040b369f3a0f9cbc
[INFO] [stdout]                                at /rustc/82e1608dfa6e0b5569232559e3d385fea5a93112/library/std/src/io/mod.rs:1762:15
[INFO] [stdout]    7:     0x561a300e2fc4 - std::sys_common::backtrace::_print::h894006fb5c6f3d45
[INFO] [stdout]                                at /rustc/82e1608dfa6e0b5569232559e3d385fea5a93112/library/std/src/sys_common/backtrace.rs:47:5
[INFO] [stdout]    8:     0x561a300e2fc4 - std::sys_common::backtrace::print::h23a2d212c6fff936
[INFO] [stdout]                                at /rustc/82e1608dfa6e0b5569232559e3d385fea5a93112/library/std/src/sys_common/backtrace.rs:34:9
[INFO] [stdout]    9:     0x561a300e4c87 - std::panicking::default_hook::{{closure}}::h8a1d2ee00185001a
[INFO] [stdout]   10:     0x561a300e4973 - std::panicking::default_hook::h6038f2eba384e475
[INFO] [stdout]                                at /rustc/82e1608dfa6e0b5569232559e3d385fea5a93112/library/std/src/panicking.rs:289:9
[INFO] [stdout]   11:     0x561a2feef627 - <alloc::boxed::Box<F,A> as core::ops::function::Fn<Args>>::call::h0ad024c9bdc6d768
[INFO] [stdout]                                at /rustc/82e1608dfa6e0b5569232559e3d385fea5a93112/library/alloc/src/boxed.rs:2021:9
[INFO] [stdout]   12:     0x561a2feef627 - test::test_main::{{closure}}::h7500b54257359db6
[INFO] [stdout]                                at /rustc/82e1608dfa6e0b5569232559e3d385fea5a93112/library/test/src/lib.rs:138:21
[INFO] [stdout]   13:     0x561a300e5298 - <alloc::boxed::Box<F,A> as core::ops::function::Fn<Args>>::call::h1f8f335eaa9cfaee
[INFO] [stdout]                                at /rustc/82e1608dfa6e0b5569232559e3d385fea5a93112/library/alloc/src/boxed.rs:2021:9
[INFO] [stdout]   14:     0x561a300e5298 - std::panicking::rust_panic_with_hook::h2b5517d590cab22e
[INFO] [stdout]                                at /rustc/82e1608dfa6e0b5569232559e3d385fea5a93112/library/std/src/panicking.rs:783:13
[INFO] [stdout]   15:     0x561a300e4fee - std::panicking::begin_panic_handler::{{closure}}::h233112c06e0ef43e
[INFO] [stdout]                                at /rustc/82e1608dfa6e0b5569232559e3d385fea5a93112/library/std/src/panicking.rs:657:13
[INFO] [stdout]   16:     0x561a300e36a6 - std::sys_common::backtrace::__rust_end_short_backtrace::h6e893f24d7ebbff8
[INFO] [stdout]                                at /rustc/82e1608dfa6e0b5569232559e3d385fea5a93112/library/std/src/sys_common/backtrace.rs:170:18
[INFO] [stdout]   17:     0x561a300e4d52 - rust_begin_unwind
[INFO] [stdout]                                at /rustc/82e1608dfa6e0b5569232559e3d385fea5a93112/library/std/src/panicking.rs:645:5
[INFO] [stdout]   18:     0x561a2fdffdd5 - core::panicking::panic_fmt::hbf0e066aabfa482c
[INFO] [stdout]                                at /rustc/82e1608dfa6e0b5569232559e3d385fea5a93112/library/core/src/panicking.rs:72:14
[INFO] [stdout]   19:     0x561a2fe8465b - vm::util::run::h2ae9c2e36f2b9aea
[INFO] [stdout]                                at /opt/rustwide/workdir/tests/util.rs:103:13
[INFO] [stdout]   20:     0x561a2fe8c68f - vm::enums::primitive_enum_cast::h0e269ef5128e5c15
[INFO] [stdout]                                at /opt/rustwide/workdir/tests/vm/enums.rs:35:18
[INFO] [stdout]   21:     0x561a2fe8c657 - vm::enums::primitive_enum_cast::{{closure}}::h8b558d0abd3fb687
[INFO] [stdout]                                at /opt/rustwide/workdir/tests/vm/enums.rs:34:25
[INFO] [stdout]   22:     0x561a2fe72bc6 - core::ops::function::FnOnce::call_once::hb8c820a5bfd89bc8
[INFO] [stdout]                                at /rustc/82e1608dfa6e0b5569232559e3d385fea5a93112/library/core/src/ops/function.rs:250:5
[INFO] [stdout]   23:     0x561a2fef4c7f - core::ops::function::FnOnce::call_once::h2b5d431d5046312d
[INFO] [stdout]                                at /rustc/82e1608dfa6e0b5569232559e3d385fea5a93112/library/core/src/ops/function.rs:250:5
[INFO] [stdout]   24:     0x561a2fef4c7f - test::__rust_begin_short_backtrace::h7714669af176e207
[INFO] [stdout]                                at /rustc/82e1608dfa6e0b5569232559e3d385fea5a93112/library/test/src/lib.rs:628:18
[INFO] [stdout]   25:     0x561a2fef3c95 - test::run_test_in_process::{{closure}}::h85218797dcbcec12
[INFO] [stdout]                                at /rustc/82e1608dfa6e0b5569232559e3d385fea5a93112/library/test/src/lib.rs:651:60
[INFO] [stdout]   26:     0x561a2fef3c95 - <core::panic::unwind_safe::AssertUnwindSafe<F> as core::ops::function::FnOnce<()>>::call_once::h76c106ea31c14d7b
[INFO] [stdout]                                at /rustc/82e1608dfa6e0b5569232559e3d385fea5a93112/library/core/src/panic/unwind_safe.rs:272:9
[INFO] [stdout]   27:     0x561a2fef3c95 - std::panicking::try::do_call::h3bd5d0f6620ee946
[INFO] [stdout]                                at /rustc/82e1608dfa6e0b5569232559e3d385fea5a93112/library/std/src/panicking.rs:552:40
[INFO] [stdout]   28:     0x561a2fef3c95 - std::panicking::try::h232e535e4744fe31
[INFO] [stdout]                                at /rustc/82e1608dfa6e0b5569232559e3d385fea5a93112/library/std/src/panicking.rs:516:19
[INFO] [stdout]   29:     0x561a2fef3c95 - std::panic::catch_unwind::h3ce3bd6ca8dbac68
[INFO] [stdout]                                at /rustc/82e1608dfa6e0b5569232559e3d385fea5a93112/library/std/src/panic.rs:142:14
[INFO] [stdout]   30:     0x561a2fef3c95 - test::run_test_in_process::hc97b257c9621286a
[INFO] [stdout]                                at /rustc/82e1608dfa6e0b5569232559e3d385fea5a93112/library/test/src/lib.rs:651:27
[INFO] [stdout]   31:     0x561a2fef3c95 - test::run_test::{{closure}}::h2aa798823a438d38
[INFO] [stdout]                                at /rustc/82e1608dfa6e0b5569232559e3d385fea5a93112/library/test/src/lib.rs:574:43
[INFO] [stdout]   32:     0x561a2febbf56 - test::run_test::{{closure}}::h87d231c78fb59832
[INFO] [stdout]                                at /rustc/82e1608dfa6e0b5569232559e3d385fea5a93112/library/test/src/lib.rs:602:41
[INFO] [stdout]   33:     0x561a2febbf56 - std::sys_common::backtrace::__rust_begin_short_backtrace::he6df152596625789
[INFO] [stdout]                                at /rustc/82e1608dfa6e0b5569232559e3d385fea5a93112/library/std/src/sys_common/backtrace.rs:154:18
[INFO] [stdout]   34:     0x561a2fec1007 - std::thread::Builder::spawn_unchecked_::{{closure}}::{{closure}}::ha94be15d1e0acf36
[INFO] [stdout]                                at /rustc/82e1608dfa6e0b5569232559e3d385fea5a93112/library/std/src/thread/mod.rs:529:17
[INFO] [stdout]   35:     0x561a2fec1007 - <core::panic::unwind_safe::AssertUnwindSafe<F> as core::ops::function::FnOnce<()>>::call_once::h9dc6bd6372f16606
[INFO] [stdout]                                at /rustc/82e1608dfa6e0b5569232559e3d385fea5a93112/library/core/src/panic/unwind_safe.rs:272:9
[INFO] [stdout]   36:     0x561a2fec1007 - std::panicking::try::do_call::h9057517f80303cd4
[INFO] [stdout]                                at /rustc/82e1608dfa6e0b5569232559e3d385fea5a93112/library/std/src/panicking.rs:552:40
[INFO] [stdout]   37:     0x561a2fec1007 - std::panicking::try::he3a30b11ee45340c
[INFO] [stdout]                                at /rustc/82e1608dfa6e0b5569232559e3d385fea5a93112/library/std/src/panicking.rs:516:19
[INFO] [stdout]   38:     0x561a2fec1007 - std::panic::catch_unwind::h410458cfd3528b8b
[INFO] [stdout]                                at /rustc/82e1608dfa6e0b5569232559e3d385fea5a93112/library/std/src/panic.rs:142:14
[INFO] [stdout]   39:     0x561a2fec1007 - std::thread::Builder::spawn_unchecked_::{{closure}}::h72ac3bdb567b737b
[INFO] [stdout]                                at /rustc/82e1608dfa6e0b5569232559e3d385fea5a93112/library/std/src/thread/mod.rs:528:30
[INFO] [stdout]   40:     0x561a2fec1007 - core::ops::function::FnOnce::call_once{{vtable.shim}}::h38f34da3654a8344
[INFO] [stdout]                                at /rustc/82e1608dfa6e0b5569232559e3d385fea5a93112/library/core/src/ops/function.rs:250:5
[INFO] [stdout]   41:     0x561a300e9d25 - <alloc::boxed::Box<F,A> as core::ops::function::FnOnce<Args>>::call_once::hc7eafaff61e32df9
[INFO] [stdout]                                at /rustc/82e1608dfa6e0b5569232559e3d385fea5a93112/library/alloc/src/boxed.rs:2007:9
[INFO] [stdout]   42:     0x561a300e9d25 - <alloc::boxed::Box<F,A> as core::ops::function::FnOnce<Args>>::call_once::h6ba4a5de48dd2304
[INFO] [stdout]                                at /rustc/82e1608dfa6e0b5569232559e3d385fea5a93112/library/alloc/src/boxed.rs:2007:9
[INFO] [stdout]   43:     0x561a300e9d25 - std::sys::unix::thread::Thread::new::thread_start::he469335aef763e45
[INFO] [stdout]                                at /rustc/82e1608dfa6e0b5569232559e3d385fea5a93112/library/std/src/sys/unix/thread.rs:108:17
[INFO] [stdout]   44:     0x7f07c02e4ac3 - <unknown>
[INFO] [stdout]   45:     0x7f07c0375bf4 - __clone
[INFO] [stdout]   46:                0x0 - <unknown>
[INFO] [stdout] 
[INFO] [stdout] ---- enums::primitive_enum stdout ----
[INFO] [stdout] thread 'enums::primitive_enum' panicked at tests/util.rs:103:13:
[INFO] [stdout] Resolver error: Undefined identifier 'Simple::A' in line 3, column 14.
[INFO] [stdout] stack backtrace:
[INFO] [stdout]    0:     0x561a300e31dc - std::backtrace_rs::backtrace::libunwind::trace::ha637c64ce894333a
[INFO] [stdout]                                at /rustc/82e1608dfa6e0b5569232559e3d385fea5a93112/library/std/src/../../backtrace/src/backtrace/libunwind.rs:104:5
[INFO] [stdout]    1:     0x561a300e31dc - std::backtrace_rs::backtrace::trace_unsynchronized::h47f62dea28e0c88d
[INFO] [stdout]                                at /rustc/82e1608dfa6e0b5569232559e3d385fea5a93112/library/std/src/../../backtrace/src/backtrace/mod.rs:66:5
[INFO] [stdout]    2:     0x561a300e31dc - std::sys_common::backtrace::_print_fmt::h9eef0abe20ede486
[INFO] [stdout]                                at /rustc/82e1608dfa6e0b5569232559e3d385fea5a93112/library/std/src/sys_common/backtrace.rs:67:5
[INFO] [stdout]    3:     0x561a300e31dc - <std::sys_common::backtrace::_print::DisplayBacktrace as core::fmt::Display>::fmt::hed7f999df88cc644
[INFO] [stdout]                                at /rustc/82e1608dfa6e0b5569232559e3d385fea5a93112/library/std/src/sys_common/backtrace.rs:44:22
[INFO] [stdout]    4:     0x561a3010fae0 - core::fmt::rt::Argument::fmt::h1539a9308b8d058d
[INFO] [stdout]                                at /rustc/82e1608dfa6e0b5569232559e3d385fea5a93112/library/core/src/fmt/rt.rs:142:9
[INFO] [stdout]    5:     0x561a3010fae0 - core::fmt::write::h3a39390d8560d9c9
[INFO] [stdout]                                at /rustc/82e1608dfa6e0b5569232559e3d385fea5a93112/library/core/src/fmt/mod.rs:1120:17
[INFO] [stdout]    6:     0x561a300e0b8f - std::io::Write::write_fmt::h040b369f3a0f9cbc
[INFO] [stdout]                                at /rustc/82e1608dfa6e0b5569232559e3d385fea5a93112/library/std/src/io/mod.rs:1762:15
[INFO] [stdout]    7:     0x561a300e2fc4 - std::sys_common::backtrace::_print::h894006fb5c6f3d45
[INFO] [stdout]                                at /rustc/82e1608dfa6e0b5569232559e3d385fea5a93112/library/std/src/sys_common/backtrace.rs:47:5
[INFO] [stdout]    8:     0x561a300e2fc4 - std::sys_common::backtrace::print::h23a2d212c6fff936
[INFO] [stdout]                                at /rustc/82e1608dfa6e0b5569232559e3d385fea5a93112/library/std/src/sys_common/backtrace.rs:34:9
[INFO] [stdout]    9:     0x561a300e4c87 - std::panicking::default_hook::{{closure}}::h8a1d2ee00185001a
[INFO] [stdout]   10:     0x561a300e4973 - std::panicking::default_hook::h6038f2eba384e475
[INFO] [stdout]                                at /rustc/82e1608dfa6e0b5569232559e3d385fea5a93112/library/std/src/panicking.rs:289:9
[INFO] [stdout]   11:     0x561a2feef627 - <alloc::boxed::Box<F,A> as core::ops::function::Fn<Args>>::call::h0ad024c9bdc6d768
[INFO] [stdout]                                at /rustc/82e1608dfa6e0b5569232559e3d385fea5a93112/library/alloc/src/boxed.rs:2021:9
[INFO] [stdout]   12:     0x561a2feef627 - test::test_main::{{closure}}::h7500b54257359db6
[INFO] [stdout]                                at /rustc/82e1608dfa6e0b5569232559e3d385fea5a93112/library/test/src/lib.rs:138:21
[INFO] [stdout]   13:     0x561a300e5298 - <alloc::boxed::Box<F,A> as core::ops::function::Fn<Args>>::call::h1f8f335eaa9cfaee
[INFO] [stdout]                                at /rustc/82e1608dfa6e0b5569232559e3d385fea5a93112/library/alloc/src/boxed.rs:2021:9
[INFO] [stdout]   14:     0x561a300e5298 - std::panicking::rust_panic_with_hook::h2b5517d590cab22e
[INFO] [stdout]                                at /rustc/82e1608dfa6e0b5569232559e3d385fea5a93112/library/std/src/panicking.rs:783:13
[INFO] [stdout]   15:     0x561a300e4fee - std::panicking::begin_panic_handler::{{closure}}::h233112c06e0ef43e
[INFO] [stdout]                                at /rustc/82e1608dfa6e0b5569232559e3d385fea5a93112/library/std/src/panicking.rs:657:13
[INFO] [stdout]   16:     0x561a300e36a6 - std::sys_common::backtrace::__rust_end_short_backtrace::h6e893f24d7ebbff8
[INFO] [stdout]                                at /rustc/82e1608dfa6e0b5569232559e3d385fea5a93112/library/std/src/sys_common/backtrace.rs:170:18
[INFO] [stdout]   17:     0x561a300e4d52 - rust_begin_unwind
[INFO] [stdout]                                at /rustc/82e1608dfa6e0b5569232559e3d385fea5a93112/library/std/src/panicking.rs:645:5
[INFO] [stdout]   18:     0x561a2fdffdd5 - core::panicking::panic_fmt::hbf0e066aabfa482c
[INFO] [stdout]                                at /rustc/82e1608dfa6e0b5569232559e3d385fea5a93112/library/core/src/panicking.rs:72:14
[INFO] [stdout]   19:     0x561a2fe8465b - vm::util::run::h2ae9c2e36f2b9aea
[INFO] [stdout]                                at /opt/rustwide/workdir/tests/util.rs:103:13
[INFO] [stdout]   20:     0x561a2fe8c5df - vm::enums::primitive_enum::h65a2a61b18a8a11e
[INFO] [stdout]                                at /opt/rustwide/workdir/tests/vm/enums.rs:5:18
[INFO] [stdout]   21:     0x561a2fe8c5a7 - vm::enums::primitive_enum::{{closure}}::h97e401bfccc7c537
[INFO] [stdout]                                at /opt/rustwide/workdir/tests/vm/enums.rs:4:20
[INFO] [stdout]   22:     0x561a2fe72636 - core::ops::function::FnOnce::call_once::h92cbaa80dac7a42e
[INFO] [stdout]                                at /rustc/82e1608dfa6e0b5569232559e3d385fea5a93112/library/core/src/ops/function.rs:250:5
[INFO] [stdout]   23:     0x561a2fef4c7f - core::ops::function::FnOnce::call_once::h2b5d431d5046312d
[INFO] [stdout]                                at /rustc/82e1608dfa6e0b5569232559e3d385fea5a93112/library/core/src/ops/function.rs:250:5
[INFO] [stdout]   24:     0x561a2fef4c7f - test::__rust_begin_short_backtrace::h7714669af176e207
[INFO] [stdout]                                at /rustc/82e1608dfa6e0b5569232559e3d385fea5a93112/library/test/src/lib.rs:628:18
[INFO] [stdout]   25:     0x561a2fef3c95 - test::run_test_in_process::{{closure}}::h85218797dcbcec12
[INFO] [stdout]                                at /rustc/82e1608dfa6e0b5569232559e3d385fea5a93112/library/test/src/lib.rs:651:60
[INFO] [stdout]   26:     0x561a2fef3c95 - <core::panic::unwind_safe::AssertUnwindSafe<F> as core::ops::function::FnOnce<()>>::call_once::h76c106ea31c14d7b
[INFO] [stdout]                                at /rustc/82e1608dfa6e0b5569232559e3d385fea5a93112/library/core/src/panic/unwind_safe.rs:272:9
[INFO] [stdout]   27:     0x561a2fef3c95 - std::panicking::try::do_call::h3bd5d0f6620ee946
[INFO] [stdout]                                at /rustc/82e1608dfa6e0b5569232559e3d385fea5a93112/library/std/src/panicking.rs:552:40
[INFO] [stdout]   28:     0x561a2fef3c95 - std::panicking::try::h232e535e4744fe31
[INFO] [stdout]                                at /rustc/82e1608dfa6e0b5569232559e3d385fea5a93112/library/std/src/panicking.rs:516:19
[INFO] [stdout]   29:     0x561a2fef3c95 - std::panic::catch_unwind::h3ce3bd6ca8dbac68
[INFO] [stdout]                                at /rustc/82e1608dfa6e0b5569232559e3d385fea5a93112/library/std/src/panic.rs:142:14
[INFO] [stdout]   30:     0x561a2fef3c95 - test::run_test_in_process::hc97b257c9621286a
[INFO] [stdout]                                at /rustc/82e1608dfa6e0b5569232559e3d385fea5a93112/library/test/src/lib.rs:651:27
[INFO] [stdout]   31:     0x561a2fef3c95 - test::run_test::{{closure}}::h2aa798823a438d38
[INFO] [stdout]                                at /rustc/82e1608dfa6e0b5569232559e3d385fea5a93112/library/test/src/lib.rs:574:43
[INFO] [stdout]   32:     0x561a2febbf56 - test::run_test::{{closure}}::h87d231c78fb59832
[INFO] [stdout]                                at /rustc/82e1608dfa6e0b5569232559e3d385fea5a93112/library/test/src/lib.rs:602:41
[INFO] [stdout]   33:     0x561a2febbf56 - std::sys_common::backtrace::__rust_begin_short_backtrace::he6df152596625789
[INFO] [stdout]                                at /rustc/82e1608dfa6e0b5569232559e3d385fea5a93112/library/std/src/sys_common/backtrace.rs:154:18
[INFO] [stdout]   34:     0x561a2fec1007 - std::thread::Builder::spawn_unchecked_::{{closure}}::{{closure}}::ha94be15d1e0acf36
[INFO] [stdout]                                at /rustc/82e1608dfa6e0b5569232559e3d385fea5a93112/library/std/src/thread/mod.rs:529:17
[INFO] [stdout]   35:     0x561a2fec1007 - <core::panic::unwind_safe::AssertUnwindSafe<F> as core::ops::function::FnOnce<()>>::call_once::h9dc6bd6372f16606
[INFO] [stdout]                                at /rustc/82e1608dfa6e0b5569232559e3d385fea5a93112/library/core/src/panic/unwind_safe.rs:272:9
[INFO] [stdout]   36:     0x561a2fec1007 - std::panicking::try::do_call::h9057517f80303cd4
[INFO] [stdout]                                at /rustc/82e1608dfa6e0b5569232559e3d385fea5a93112/library/std/src/panicking.rs:552:40
[INFO] [stdout]   37:     0x561a2fec1007 - std::panicking::try::he3a30b11ee45340c
[INFO] [stdout]                                at /rustc/82e1608dfa6e0b5569232559e3d385fea5a93112/library/std/src/panicking.rs:516:19
[INFO] [stdout]   38:     0x561a2fec1007 - std::panic::catch_unwind::h410458cfd3528b8b
[INFO] [stdout]                                at /rustc/82e1608dfa6e0b5569232559e3d385fea5a93112/library/std/src/panic.rs:142:14
[INFO] [stdout]   39:     0x561a2fec1007 - std::thread::Builder::spawn_unchecked_::{{closure}}::h72ac3bdb567b737b
[INFO] [stdout]                                at /rustc/82e1608dfa6e0b5569232559e3d385fea5a93112/library/std/src/thread/mod.rs:528:30
[INFO] [stdout]   40:     0x561a2fec1007 - core::ops::function::FnOnce::call_once{{vtable.shim}}::h38f34da3654a8344
[INFO] [stdout]                                at /rustc/82e1608dfa6e0b5569232559e3d385fea5a93112/library/core/src/ops/function.rs:250:5
[INFO] [stdout]   41:     0x561a300e9d25 - <alloc::boxed::Box<F,A> as core::ops::function::FnOnce<Args>>::call_once::hc7eafaff61e32df9
[INFO] [stdout]                                at /rustc/82e1608dfa6e0b5569232559e3d385fea5a93112/library/alloc/src/boxed.rs:2007:9
[INFO] [stdout]   42:     0x561a300e9d25 - <alloc::boxed::Box<F,A> as core::ops::function::FnOnce<Args>>::call_once::h6ba4a5de48dd2304
[INFO] [stdout]                                at /rustc/82e1608dfa6e0b5569232559e3d385fea5a93112/library/alloc/src/boxed.rs:2007:9
[INFO] [stdout]   43:     0x561a300e9d25 - std::sys::unix::thread::Thread::new::thread_start::he469335aef763e45
[INFO] [stdout]                                at /rustc/82e1608dfa6e0b5569232559e3d385fea5a93112/library/std/src/sys/unix/thread.rs:108:17
[INFO] [stdout]   44:     0x7f07c02e4ac3 - <unknown>
[INFO] [stdout]   45:     0x7f07c0375bf4 - __clone
[INFO] [stdout]   46:                0x0 - <unknown>
[INFO] [stdout] 
[INFO] [stdout] 
[INFO] [stdout] failures:
[INFO] [stdout]     closure::capture_ref
[INFO] [stdout]     enums::primitive_enum
[INFO] [stdout]     enums::primitive_enum_cast
[INFO] [stdout] 
[INFO] [stdout] test result: FAILED. 111 passed; 3 failed; 1 ignored; 0 measured; 0 filtered out; finished in 0.06s
[INFO] [stdout] 
[INFO] [stderr] error: test failed, to rerun pass `--test vm`
[INFO] running `Command { std: "docker" "inspect" "7d1cfd007470d1addc4868375dcebeb08af1f0f3ebd0003d0ecebfb1b868456f", kill_on_drop: false }`
[INFO] running `Command { std: "docker" "rm" "-f" "7d1cfd007470d1addc4868375dcebeb08af1f0f3ebd0003d0ecebfb1b868456f", kill_on_drop: false }`
[INFO] [stdout] 7d1cfd007470d1addc4868375dcebeb08af1f0f3ebd0003d0ecebfb1b868456f
