[INFO] cloning repository https://github.com/simonbuchan/laws
[INFO] running `Command { std: "git" "-c" "credential.helper=" "-c" "credential.helper=/workspace/cargo-home/bin/git-credential-null" "clone" "--bare" "https://github.com/simonbuchan/laws" "/workspace/cache/git-repos/https%3A%2F%2Fgithub.com%2Fsimonbuchan%2Flaws", kill_on_drop: false }`
[INFO] [stderr] Cloning into bare repository '/workspace/cache/git-repos/https%3A%2F%2Fgithub.com%2Fsimonbuchan%2Flaws'...
[INFO] running `Command { std: "git" "rev-parse" "HEAD", kill_on_drop: false }`
[INFO] [stdout] 0e7d1353b392492971462cf2bae5d3048c8cf8d9
[INFO] testing simonbuchan/laws against 1.75.0 for beta-1.76-1
[INFO] running `Command { std: "git" "clone" "/workspace/cache/git-repos/https%3A%2F%2Fgithub.com%2Fsimonbuchan%2Flaws" "/workspace/builds/worker-0-tc1/source", kill_on_drop: false }`
[INFO] [stderr] Cloning into '/workspace/builds/worker-0-tc1/source'...
[INFO] [stderr] done.
[INFO] validating manifest of git repo https://github.com/simonbuchan/laws on toolchain 1.75.0
[INFO] running `Command { std: CARGO_HOME="/workspace/cargo-home" RUSTUP_HOME="/workspace/rustup-home" "/workspace/cargo-home/bin/cargo" "+1.75.0" "metadata" "--manifest-path" "Cargo.toml" "--no-deps", kill_on_drop: false }`
[INFO] started tweaking git repo https://github.com/simonbuchan/laws
[INFO] finished tweaking git repo https://github.com/simonbuchan/laws
[INFO] tweaked toml for git repo https://github.com/simonbuchan/laws written to /workspace/builds/worker-0-tc1/source/Cargo.toml
[INFO] crate git repo https://github.com/simonbuchan/laws already has a lockfile, it will not be regenerated
[INFO] running `Command { std: CARGO_HOME="/workspace/cargo-home" RUSTUP_HOME="/workspace/rustup-home" "/workspace/cargo-home/bin/cargo" "+1.75.0" "fetch" "--manifest-path" "Cargo.toml", kill_on_drop: false }`
[INFO] running `Command { std: "docker" "create" "-v" "/var/lib/crater-agent-workspace/builds/worker-0-tc1/target:/opt/rustwide/target:rw,Z" "-v" "/var/lib/crater-agent-workspace/builds/worker-0-tc1/source:/opt/rustwide/workdir:ro,Z" "-v" "/var/lib/crater-agent-workspace/cargo-home:/opt/rustwide/cargo-home:ro,Z" "-v" "/var/lib/crater-agent-workspace/rustup-home:/opt/rustwide/rustup-home:ro,Z" "-e" "SOURCE_DIR=/opt/rustwide/workdir" "-e" "CARGO_TARGET_DIR=/opt/rustwide/target" "-e" "CARGO_HOME=/opt/rustwide/cargo-home" "-e" "RUSTUP_HOME=/opt/rustwide/rustup-home" "-w" "/opt/rustwide/workdir" "-m" "1610612736" "--user" "0:0" "--network" "none" "ghcr.io/rust-lang/crates-build-env/linux@sha256:2788e3201cd34a07e3172128adcd8b3090168a8e3bcc40d7c032b9dda1df7d1c" "/opt/rustwide/cargo-home/bin/cargo" "+1.75.0" "metadata" "--no-deps" "--format-version=1", kill_on_drop: false }`
[INFO] [stdout] f0de996ae8c5c30b0d849eed470e8e160f3140582e88ffe44e1b3e78dbc0cf4b
[INFO] running `Command { std: "docker" "start" "-a" "f0de996ae8c5c30b0d849eed470e8e160f3140582e88ffe44e1b3e78dbc0cf4b", kill_on_drop: false }`
[INFO] running `Command { std: "docker" "inspect" "f0de996ae8c5c30b0d849eed470e8e160f3140582e88ffe44e1b3e78dbc0cf4b", kill_on_drop: false }`
[INFO] running `Command { std: "docker" "rm" "-f" "f0de996ae8c5c30b0d849eed470e8e160f3140582e88ffe44e1b3e78dbc0cf4b", kill_on_drop: false }`
[INFO] [stdout] f0de996ae8c5c30b0d849eed470e8e160f3140582e88ffe44e1b3e78dbc0cf4b
[INFO] running `Command { std: "docker" "create" "-v" "/var/lib/crater-agent-workspace/builds/worker-0-tc1/target:/opt/rustwide/target:rw,Z" "-v" "/var/lib/crater-agent-workspace/builds/worker-0-tc1/source:/opt/rustwide/workdir:ro,Z" "-v" "/var/lib/crater-agent-workspace/cargo-home:/opt/rustwide/cargo-home:ro,Z" "-v" "/var/lib/crater-agent-workspace/rustup-home:/opt/rustwide/rustup-home:ro,Z" "-e" "SOURCE_DIR=/opt/rustwide/workdir" "-e" "CARGO_TARGET_DIR=/opt/rustwide/target" "-e" "CARGO_INCREMENTAL=0" "-e" "RUST_BACKTRACE=full" "-e" "RUSTFLAGS=--cap-lints=warn" "-e" "RUSTDOCFLAGS=--cap-lints=warn" "-e" "CARGO_HOME=/opt/rustwide/cargo-home" "-e" "RUSTUP_HOME=/opt/rustwide/rustup-home" "-w" "/opt/rustwide/workdir" "-m" "1610612736" "--user" "0:0" "--network" "none" "ghcr.io/rust-lang/crates-build-env/linux@sha256:2788e3201cd34a07e3172128adcd8b3090168a8e3bcc40d7c032b9dda1df7d1c" "/opt/rustwide/cargo-home/bin/cargo" "+1.75.0" "build" "--frozen" "--message-format=json", kill_on_drop: false }`
[INFO] [stdout] d7cd5e1300999895d889c742124d286537b9533650d78fb38911eaac28b5ed58
[INFO] running `Command { std: "docker" "start" "-a" "d7cd5e1300999895d889c742124d286537b9533650d78fb38911eaac28b5ed58", kill_on_drop: false }`
[INFO] [stderr]    Compiling libc v0.2.150
[INFO] [stderr]    Compiling proc-macro2 v1.0.70
[INFO] [stderr]    Compiling unicode-ident v1.0.12
[INFO] [stderr]    Compiling pkg-config v0.3.27
[INFO] [stderr]    Compiling vcpkg v0.2.15
[INFO] [stderr]    Compiling cfg-if v1.0.0
[INFO] [stderr]    Compiling rustix v0.38.25
[INFO] [stderr]    Compiling autocfg v1.1.0
[INFO] [stderr]    Compiling bitflags v2.4.1
[INFO] [stderr]    Compiling linux-raw-sys v0.4.12
[INFO] [stderr]    Compiling crossbeam-utils v0.8.16
[INFO] [stderr]    Compiling gimli v0.28.1
[INFO] [stderr]    Compiling adler v1.0.2
[INFO] [stderr]    Compiling serde v1.0.193
[INFO] [stderr]    Compiling memchr v2.6.4
[INFO] [stderr]    Compiling tinyvec_macros v0.1.1
[INFO] [stderr]    Compiling thiserror v1.0.50
[INFO] [stderr]    Compiling tinyvec v1.6.0
[INFO] [stderr]    Compiling rustc-demangle v0.1.23
[INFO] [stderr]    Compiling miniz_oxide v0.7.1
[INFO] [stderr]    Compiling unicode-linebreak v0.1.5
[INFO] [stderr]    Compiling utf8parse v0.2.1
[INFO] [stderr]    Compiling is_ci v1.1.1
[INFO] [stderr]    Compiling unicode-bidi v0.3.13
[INFO] [stderr]    Compiling memoffset v0.9.0
[INFO] [stderr]    Compiling crossbeam-epoch v0.9.15
[INFO] [stderr]    Compiling object v0.32.1
[INFO] [stderr]    Compiling smawk v0.3.2
[INFO] [stderr]    Compiling scopeguard v1.2.0
[INFO] [stderr]    Compiling serde_json v1.0.108
[INFO] [stderr]    Compiling percent-encoding v2.3.1
[INFO] [stderr]    Compiling unicode-width v0.1.11
[INFO] [stderr]    Compiling anstyle-parse v0.2.3
[INFO] [stderr]    Compiling textwrap v0.15.2
[INFO] [stderr]    Compiling form_urlencoded v1.2.1
[INFO] [stderr]    Compiling owo-colors v3.5.0
[INFO] [stderr]    Compiling quote v1.0.33
[INFO] [stderr]    Compiling unicode-normalization v0.1.22
[INFO] [stderr]    Compiling once_cell v1.18.0
[INFO] [stderr]    Compiling hashbrown v0.14.3
[INFO] [stderr]    Compiling rayon-core v1.12.0
[INFO] [stderr]    Compiling anstyle-query v1.0.1
[INFO] [stderr]    Compiling syn v2.0.39
[INFO] [stderr]    Compiling anstyle v1.0.4
[INFO] [stderr]    Compiling jobserver v0.1.27
[INFO] [stderr]    Compiling terminal_size v0.1.17
[INFO] [stderr]    Compiling ryu v1.0.15
[INFO] [stderr]    Compiling colorchoice v1.0.0
[INFO] [stderr]    Compiling itoa v1.0.9
[INFO] [stderr]    Compiling cc v1.0.83
[INFO] [stderr]    Compiling is-terminal v0.4.9
[INFO] [stderr]    Compiling equivalent v1.0.1
[INFO] [stderr]    Compiling anstream v0.6.4
[INFO] [stderr]    Compiling crossbeam-deque v0.8.3
[INFO] [stderr]    Compiling heck v0.4.1
[INFO] [stderr]    Compiling clap_lex v0.6.0
[INFO] [stderr]    Compiling idna v0.5.0
[INFO] [stderr]    Compiling supports-unicode v2.0.0
[INFO] [stderr]    Compiling supports-color v2.1.0
[INFO] [stderr]    Compiling supports-hyperlinks v2.1.0
[INFO] [stderr]    Compiling openssl-probe v0.1.5
[INFO] [stderr]    Compiling strsim v0.10.0
[INFO] [stderr]    Compiling log v0.4.20
[INFO] [stderr]    Compiling either v1.9.0
[INFO] [stderr]    Compiling clap_builder v4.4.11
[INFO] [stderr]    Compiling url v2.5.0
[INFO] [stderr]    Compiling rayon v1.8.0
[INFO] [stderr]    Compiling openssl-sys v0.9.97
[INFO] [stderr]    Compiling libz-sys v1.1.12
[INFO] [stderr]    Compiling backtrace v0.3.69
[INFO] [stderr]    Compiling libssh2-sys v0.3.0
[INFO] [stderr]    Compiling libgit2-sys v0.16.1+1.7.1
[INFO] [stderr]    Compiling addr2line v0.21.0
[INFO] [stderr]    Compiling serde_derive v1.0.193
[INFO] [stderr]    Compiling thiserror-impl v1.0.50
[INFO] [stderr]    Compiling miette-derive v5.10.0
[INFO] [stderr]    Compiling backtrace-ext v0.2.1
[INFO] [stderr]    Compiling clap_derive v4.4.7
[INFO] [stderr]    Compiling miette v5.10.0
[INFO] [stderr]    Compiling clap v4.4.11
[INFO] [stderr]    Compiling git2 v0.18.1
[INFO] [stderr]    Compiling indexmap v2.1.0
[INFO] [stderr]    Compiling laws-schema v0.1.0 (/opt/rustwide/workdir/crates/schema)
[INFO] [stderr]    Compiling laws-fetch-models v0.1.0 (/opt/rustwide/workdir/crates/fetch-models)
[INFO] [stderr]    Compiling laws-write-ts v0.1.0 (/opt/rustwide/workdir/crates/write-ts)
[INFO] [stderr]    Compiling laws-gen v0.1.0 (/opt/rustwide/workdir/crates/gen)
[INFO] [stderr]     Finished dev [unoptimized + debuginfo] target(s) in 24.23s
[INFO] running `Command { std: "docker" "inspect" "d7cd5e1300999895d889c742124d286537b9533650d78fb38911eaac28b5ed58", kill_on_drop: false }`
[INFO] running `Command { std: "docker" "rm" "-f" "d7cd5e1300999895d889c742124d286537b9533650d78fb38911eaac28b5ed58", kill_on_drop: false }`
[INFO] [stdout] d7cd5e1300999895d889c742124d286537b9533650d78fb38911eaac28b5ed58
[INFO] running `Command { std: "docker" "create" "-v" "/var/lib/crater-agent-workspace/builds/worker-0-tc1/target:/opt/rustwide/target:rw,Z" "-v" "/var/lib/crater-agent-workspace/builds/worker-0-tc1/source:/opt/rustwide/workdir:ro,Z" "-v" "/var/lib/crater-agent-workspace/cargo-home:/opt/rustwide/cargo-home:ro,Z" "-v" "/var/lib/crater-agent-workspace/rustup-home:/opt/rustwide/rustup-home:ro,Z" "-e" "SOURCE_DIR=/opt/rustwide/workdir" "-e" "CARGO_TARGET_DIR=/opt/rustwide/target" "-e" "CARGO_INCREMENTAL=0" "-e" "RUST_BACKTRACE=full" "-e" "RUSTFLAGS=--cap-lints=warn" "-e" "RUSTDOCFLAGS=--cap-lints=warn" "-e" "CARGO_HOME=/opt/rustwide/cargo-home" "-e" "RUSTUP_HOME=/opt/rustwide/rustup-home" "-w" "/opt/rustwide/workdir" "-m" "1610612736" "--user" "0:0" "--network" "none" "ghcr.io/rust-lang/crates-build-env/linux@sha256:2788e3201cd34a07e3172128adcd8b3090168a8e3bcc40d7c032b9dda1df7d1c" "/opt/rustwide/cargo-home/bin/cargo" "+1.75.0" "test" "--frozen" "--no-run" "--message-format=json", kill_on_drop: false }`
[INFO] [stdout] 07583aeaec51531b000589c8fcba2dbb7452a7ceafafb9d878705b0f027820b4
[INFO] running `Command { std: "docker" "start" "-a" "07583aeaec51531b000589c8fcba2dbb7452a7ceafafb9d878705b0f027820b4", kill_on_drop: false }`
[INFO] [stderr]    Compiling laws-schema v0.1.0 (/opt/rustwide/workdir/crates/schema)
[INFO] [stderr]    Compiling laws-write-ts v0.1.0 (/opt/rustwide/workdir/crates/write-ts)
[INFO] [stderr]    Compiling laws-fetch-models v0.1.0 (/opt/rustwide/workdir/crates/fetch-models)
[INFO] [stderr]    Compiling laws-gen v0.1.0 (/opt/rustwide/workdir/crates/gen)
[INFO] [stderr]     Finished test [unoptimized + debuginfo] target(s) in 2.35s
[INFO] running `Command { std: "docker" "inspect" "07583aeaec51531b000589c8fcba2dbb7452a7ceafafb9d878705b0f027820b4", kill_on_drop: false }`
[INFO] running `Command { std: "docker" "rm" "-f" "07583aeaec51531b000589c8fcba2dbb7452a7ceafafb9d878705b0f027820b4", kill_on_drop: false }`
[INFO] [stdout] 07583aeaec51531b000589c8fcba2dbb7452a7ceafafb9d878705b0f027820b4
[INFO] running `Command { std: "docker" "create" "-v" "/var/lib/crater-agent-workspace/builds/worker-0-tc1/target:/opt/rustwide/target:rw,Z" "-v" "/var/lib/crater-agent-workspace/builds/worker-0-tc1/source:/opt/rustwide/workdir:ro,Z" "-v" "/var/lib/crater-agent-workspace/cargo-home:/opt/rustwide/cargo-home:ro,Z" "-v" "/var/lib/crater-agent-workspace/rustup-home:/opt/rustwide/rustup-home:ro,Z" "-e" "SOURCE_DIR=/opt/rustwide/workdir" "-e" "CARGO_TARGET_DIR=/opt/rustwide/target" "-e" "CARGO_INCREMENTAL=0" "-e" "RUST_BACKTRACE=full" "-e" "RUSTFLAGS=--cap-lints=warn" "-e" "RUSTDOCFLAGS=--cap-lints=warn" "-e" "CARGO_HOME=/opt/rustwide/cargo-home" "-e" "RUSTUP_HOME=/opt/rustwide/rustup-home" "-w" "/opt/rustwide/workdir" "-m" "1610612736" "--user" "0:0" "--network" "none" "ghcr.io/rust-lang/crates-build-env/linux@sha256:2788e3201cd34a07e3172128adcd8b3090168a8e3bcc40d7c032b9dda1df7d1c" "/opt/rustwide/cargo-home/bin/cargo" "+1.75.0" "test" "--frozen", kill_on_drop: false }`
[INFO] [stdout] 2c49afc774701be2a86d7740bdd4825fadc572a5798afd1744aab5b358be6a76
[INFO] running `Command { std: "docker" "start" "-a" "2c49afc774701be2a86d7740bdd4825fadc572a5798afd1744aab5b358be6a76", kill_on_drop: false }`
[INFO] [stderr]     Finished test [unoptimized + debuginfo] target(s) in 0.05s
[INFO] [stderr]      Running unittests src/lib.rs (/opt/rustwide/target/debug/deps/laws_fetch_models-2de425eed1e3900e)
[INFO] [stdout] 
[INFO] [stdout] running 0 tests
[INFO] [stdout] 
[INFO] [stdout] test result: ok. 0 passed; 0 failed; 0 ignored; 0 measured; 0 filtered out; finished in 0.00s
[INFO] [stdout] 
[INFO] [stderr]      Running unittests src/main.rs (/opt/rustwide/target/debug/deps/laws_gen-8abce22433f7e481)
[INFO] [stdout] 
[INFO] [stdout] running 0 tests
[INFO] [stdout] 
[INFO] [stdout] test result: ok. 0 passed; 0 failed; 0 ignored; 0 measured; 0 filtered out; finished in 0.00s
[INFO] [stdout] 
[INFO] [stderr]      Running unittests src/lib.rs (/opt/rustwide/target/debug/deps/laws_schema-d2bd1c6a1eb56424)
[INFO] [stdout] 
[INFO] [stdout] running 5 tests
[INFO] [stdout] test endpoint_rules::tests::expr_is_set ... ok
[INFO] [stdout] test endpoint_rules::tests::expr_get_attr ... ok
[INFO] [stdout] test endpoint_rules::tests::rule_endpoint ... FAILED
[INFO] [stdout] test endpoint_rules::tests::rule_conditions_boolean_equals ... ok
[INFO] [stdout] test endpoint_rules::tests::rule_tree ... ok
[INFO] [stdout] 
[INFO] [stdout] failures:
[INFO] [stdout] 
[INFO] [stdout] ---- endpoint_rules::tests::rule_endpoint stdout ----
[INFO] [stdout] Error: Error("invalid type: string \"bar\", expected a sequence", line: 0, column: 0)
[INFO] [stdout] 
[INFO] [stdout] 
[INFO] [stdout] failures:
[INFO] [stdout]     endpoint_rules::tests::rule_endpoint
[INFO] [stdout] 
[INFO] [stdout] test result: FAILED. 4 passed; 1 failed; 0 ignored; 0 measured; 0 filtered out; finished in 0.00s
[INFO] [stdout] 
[INFO] [stderr] error: test failed, to rerun pass `-p laws-schema --lib`
[INFO] running `Command { std: "docker" "inspect" "2c49afc774701be2a86d7740bdd4825fadc572a5798afd1744aab5b358be6a76", kill_on_drop: false }`
[INFO] running `Command { std: "docker" "rm" "-f" "2c49afc774701be2a86d7740bdd4825fadc572a5798afd1744aab5b358be6a76", kill_on_drop: false }`
[INFO] [stdout] 2c49afc774701be2a86d7740bdd4825fadc572a5798afd1744aab5b358be6a76
[INFO] testing simonbuchan/laws against beta-2023-12-22 for beta-1.76-1
[INFO] running `Command { std: "git" "clone" "/workspace/cache/git-repos/https%3A%2F%2Fgithub.com%2Fsimonbuchan%2Flaws" "/workspace/builds/worker-0-tc2/source", kill_on_drop: false }`
[INFO] [stderr] Cloning into '/workspace/builds/worker-0-tc2/source'...
[INFO] [stderr] done.
[INFO] validating manifest of git repo https://github.com/simonbuchan/laws on toolchain beta-2023-12-22
[INFO] running `Command { std: CARGO_HOME="/workspace/cargo-home" RUSTUP_HOME="/workspace/rustup-home" "/workspace/cargo-home/bin/cargo" "+beta-2023-12-22" "metadata" "--manifest-path" "Cargo.toml" "--no-deps", kill_on_drop: false }`
[INFO] started tweaking git repo https://github.com/simonbuchan/laws
[INFO] finished tweaking git repo https://github.com/simonbuchan/laws
[INFO] tweaked toml for git repo https://github.com/simonbuchan/laws written to /workspace/builds/worker-0-tc2/source/Cargo.toml
[INFO] crate git repo https://github.com/simonbuchan/laws already has a lockfile, it will not be regenerated
[INFO] running `Command { std: CARGO_HOME="/workspace/cargo-home" RUSTUP_HOME="/workspace/rustup-home" "/workspace/cargo-home/bin/cargo" "+beta-2023-12-22" "fetch" "--manifest-path" "Cargo.toml", kill_on_drop: false }`
[INFO] [stderr]     Blocking waiting for file lock on package cache
[INFO] running `Command { std: "docker" "create" "-v" "/var/lib/crater-agent-workspace/builds/worker-0-tc2/target:/opt/rustwide/target:rw,Z" "-v" "/var/lib/crater-agent-workspace/builds/worker-0-tc2/source:/opt/rustwide/workdir:ro,Z" "-v" "/var/lib/crater-agent-workspace/cargo-home:/opt/rustwide/cargo-home:ro,Z" "-v" "/var/lib/crater-agent-workspace/rustup-home:/opt/rustwide/rustup-home:ro,Z" "-e" "SOURCE_DIR=/opt/rustwide/workdir" "-e" "CARGO_TARGET_DIR=/opt/rustwide/target" "-e" "CARGO_HOME=/opt/rustwide/cargo-home" "-e" "RUSTUP_HOME=/opt/rustwide/rustup-home" "-w" "/opt/rustwide/workdir" "-m" "1610612736" "--user" "0:0" "--network" "none" "ghcr.io/rust-lang/crates-build-env/linux@sha256:2788e3201cd34a07e3172128adcd8b3090168a8e3bcc40d7c032b9dda1df7d1c" "/opt/rustwide/cargo-home/bin/cargo" "+beta-2023-12-22" "metadata" "--no-deps" "--format-version=1", kill_on_drop: false }`
[INFO] [stdout] 953b1d3f62054e9aef645de102c90c4e69ab9e062757602ddbc0c95593ec4b8b
[INFO] running `Command { std: "docker" "start" "-a" "953b1d3f62054e9aef645de102c90c4e69ab9e062757602ddbc0c95593ec4b8b", kill_on_drop: false }`
[INFO] running `Command { std: "docker" "inspect" "953b1d3f62054e9aef645de102c90c4e69ab9e062757602ddbc0c95593ec4b8b", kill_on_drop: false }`
[INFO] running `Command { std: "docker" "rm" "-f" "953b1d3f62054e9aef645de102c90c4e69ab9e062757602ddbc0c95593ec4b8b", kill_on_drop: false }`
[INFO] [stdout] 953b1d3f62054e9aef645de102c90c4e69ab9e062757602ddbc0c95593ec4b8b
[INFO] running `Command { std: "docker" "create" "-v" "/var/lib/crater-agent-workspace/builds/worker-0-tc2/target:/opt/rustwide/target:rw,Z" "-v" "/var/lib/crater-agent-workspace/builds/worker-0-tc2/source:/opt/rustwide/workdir:ro,Z" "-v" "/var/lib/crater-agent-workspace/cargo-home:/opt/rustwide/cargo-home:ro,Z" "-v" "/var/lib/crater-agent-workspace/rustup-home:/opt/rustwide/rustup-home:ro,Z" "-e" "SOURCE_DIR=/opt/rustwide/workdir" "-e" "CARGO_TARGET_DIR=/opt/rustwide/target" "-e" "CARGO_INCREMENTAL=0" "-e" "RUST_BACKTRACE=full" "-e" "RUSTFLAGS=--cap-lints=warn" "-e" "RUSTDOCFLAGS=--cap-lints=warn" "-e" "CARGO_HOME=/opt/rustwide/cargo-home" "-e" "RUSTUP_HOME=/opt/rustwide/rustup-home" "-w" "/opt/rustwide/workdir" "-m" "1610612736" "--user" "0:0" "--network" "none" "ghcr.io/rust-lang/crates-build-env/linux@sha256:2788e3201cd34a07e3172128adcd8b3090168a8e3bcc40d7c032b9dda1df7d1c" "/opt/rustwide/cargo-home/bin/cargo" "+beta-2023-12-22" "build" "--frozen" "--message-format=json", kill_on_drop: false }`
[INFO] [stdout] b5968d28fb5cd77be140384f59720e803941d10cd8c658528ae1f7e6e6b1b082
[INFO] running `Command { std: "docker" "start" "-a" "b5968d28fb5cd77be140384f59720e803941d10cd8c658528ae1f7e6e6b1b082", kill_on_drop: false }`
[INFO] [stderr]    Compiling libc v0.2.150
[INFO] [stderr]    Compiling proc-macro2 v1.0.70
[INFO] [stderr]    Compiling unicode-ident v1.0.12
[INFO] [stderr]    Compiling pkg-config v0.3.27
[INFO] [stderr]    Compiling vcpkg v0.2.15
[INFO] [stderr]    Compiling cfg-if v1.0.0
[INFO] [stderr]    Compiling bitflags v2.4.1
[INFO] [stderr]    Compiling rustix v0.38.25
[INFO] [stderr]    Compiling autocfg v1.1.0
[INFO] [stderr]    Compiling linux-raw-sys v0.4.12
[INFO] [stderr]    Compiling serde v1.0.193
[INFO] [stderr]    Compiling gimli v0.28.1
[INFO] [stderr]    Compiling crossbeam-utils v0.8.16
[INFO] [stderr]    Compiling memchr v2.6.4
[INFO] [stderr]    Compiling tinyvec_macros v0.1.1
[INFO] [stderr]    Compiling adler v1.0.2
[INFO] [stderr]    Compiling thiserror v1.0.50
[INFO] [stderr]    Compiling tinyvec v1.6.0
[INFO] [stderr]    Compiling miniz_oxide v0.7.1
[INFO] [stderr]    Compiling rustc-demangle v0.1.23
[INFO] [stderr]    Compiling unicode-bidi v0.3.13
[INFO] [stderr]    Compiling scopeguard v1.2.0
[INFO] [stderr]    Compiling is_ci v1.1.1
[INFO] [stderr]    Compiling memoffset v0.9.0
[INFO] [stderr]    Compiling crossbeam-epoch v0.9.15
[INFO] [stderr]    Compiling smawk v0.3.2
[INFO] [stderr]    Compiling object v0.32.1
[INFO] [stderr]    Compiling utf8parse v0.2.1
[INFO] [stderr]    Compiling unicode-width v0.1.11
[INFO] [stderr]    Compiling serde_json v1.0.108
[INFO] [stderr]    Compiling unicode-linebreak v0.1.5
[INFO] [stderr]    Compiling percent-encoding v2.3.1
[INFO] [stderr]    Compiling anstyle-parse v0.2.3
[INFO] [stderr]    Compiling anstyle v1.0.4
[INFO] [stderr]    Compiling quote v1.0.33
[INFO] [stderr]    Compiling form_urlencoded v1.2.1
[INFO] [stderr]    Compiling anstyle-query v1.0.1
[INFO] [stderr]    Compiling unicode-normalization v0.1.22
[INFO] [stderr]    Compiling textwrap v0.15.2
[INFO] [stderr]    Compiling jobserver v0.1.27
[INFO] [stderr]    Compiling terminal_size v0.1.17
[INFO] [stderr]    Compiling once_cell v1.18.0
[INFO] [stderr]    Compiling syn v2.0.39
[INFO] [stderr]    Compiling owo-colors v3.5.0
[INFO] [stderr]    Compiling equivalent v1.0.1
[INFO] [stderr]    Compiling hashbrown v0.14.3
[INFO] [stderr]    Compiling cc v1.0.83
[INFO] [stderr]    Compiling ryu v1.0.15
[INFO] [stderr]    Compiling rayon-core v1.12.0
[INFO] [stderr]    Compiling colorchoice v1.0.0
[INFO] [stderr]    Compiling itoa v1.0.9
[INFO] [stderr]    Compiling is-terminal v0.4.9
[INFO] [stderr]    Compiling anstream v0.6.4
[INFO] [stderr]    Compiling supports-unicode v2.0.0
[INFO] [stderr]    Compiling supports-hyperlinks v2.1.0
[INFO] [stderr]    Compiling supports-color v2.1.0
[INFO] [stderr]    Compiling crossbeam-deque v0.8.3
[INFO] [stderr]    Compiling strsim v0.10.0
[INFO] [stderr]    Compiling idna v0.5.0
[INFO] [stderr]    Compiling clap_lex v0.6.0
[INFO] [stderr]    Compiling log v0.4.20
[INFO] [stderr]    Compiling heck v0.4.1
[INFO] [stderr]    Compiling openssl-probe v0.1.5
[INFO] [stderr]    Compiling either v1.9.0
[INFO] [stderr]    Compiling clap_builder v4.4.11
[INFO] [stderr]    Compiling url v2.5.0
[INFO] [stderr]    Compiling openssl-sys v0.9.97
[INFO] [stderr]    Compiling libz-sys v1.1.12
[INFO] [stderr]    Compiling libssh2-sys v0.3.0
[INFO] [stderr]    Compiling backtrace v0.3.69
[INFO] [stderr]    Compiling libgit2-sys v0.16.1+1.7.1
[INFO] [stderr]    Compiling rayon v1.8.0
[INFO] [stderr]    Compiling addr2line v0.21.0
[INFO] [stderr]    Compiling backtrace-ext v0.2.1
[INFO] [stderr]    Compiling serde_derive v1.0.193
[INFO] [stderr]    Compiling thiserror-impl v1.0.50
[INFO] [stderr]    Compiling miette-derive v5.10.0
[INFO] [stderr]    Compiling clap_derive v4.4.7
[INFO] [stderr]    Compiling miette v5.10.0
[INFO] [stderr]    Compiling clap v4.4.11
[INFO] [stderr]    Compiling git2 v0.18.1
[INFO] [stderr]    Compiling indexmap v2.1.0
[INFO] [stderr]    Compiling laws-schema v0.1.0 (/opt/rustwide/workdir/crates/schema)
[INFO] [stderr]    Compiling laws-fetch-models v0.1.0 (/opt/rustwide/workdir/crates/fetch-models)
[INFO] [stderr]    Compiling laws-write-ts v0.1.0 (/opt/rustwide/workdir/crates/write-ts)
[INFO] [stderr]    Compiling laws-gen v0.1.0 (/opt/rustwide/workdir/crates/gen)
[INFO] [stderr]     Finished dev [unoptimized + debuginfo] target(s) in 21.72s
[INFO] running `Command { std: "docker" "inspect" "b5968d28fb5cd77be140384f59720e803941d10cd8c658528ae1f7e6e6b1b082", kill_on_drop: false }`
[INFO] running `Command { std: "docker" "rm" "-f" "b5968d28fb5cd77be140384f59720e803941d10cd8c658528ae1f7e6e6b1b082", kill_on_drop: false }`
[INFO] [stdout] b5968d28fb5cd77be140384f59720e803941d10cd8c658528ae1f7e6e6b1b082
[INFO] running `Command { std: "docker" "create" "-v" "/var/lib/crater-agent-workspace/builds/worker-0-tc2/target:/opt/rustwide/target:rw,Z" "-v" "/var/lib/crater-agent-workspace/builds/worker-0-tc2/source:/opt/rustwide/workdir:ro,Z" "-v" "/var/lib/crater-agent-workspace/cargo-home:/opt/rustwide/cargo-home:ro,Z" "-v" "/var/lib/crater-agent-workspace/rustup-home:/opt/rustwide/rustup-home:ro,Z" "-e" "SOURCE_DIR=/opt/rustwide/workdir" "-e" "CARGO_TARGET_DIR=/opt/rustwide/target" "-e" "CARGO_INCREMENTAL=0" "-e" "RUST_BACKTRACE=full" "-e" "RUSTFLAGS=--cap-lints=warn" "-e" "RUSTDOCFLAGS=--cap-lints=warn" "-e" "CARGO_HOME=/opt/rustwide/cargo-home" "-e" "RUSTUP_HOME=/opt/rustwide/rustup-home" "-w" "/opt/rustwide/workdir" "-m" "1610612736" "--user" "0:0" "--network" "none" "ghcr.io/rust-lang/crates-build-env/linux@sha256:2788e3201cd34a07e3172128adcd8b3090168a8e3bcc40d7c032b9dda1df7d1c" "/opt/rustwide/cargo-home/bin/cargo" "+beta-2023-12-22" "test" "--frozen" "--no-run" "--message-format=json", kill_on_drop: false }`
[INFO] [stdout] 18a94dc54dfaac74c85fc8f66c249fb03b072fe5247b82a7b9b3f31026e1dbec
[INFO] running `Command { std: "docker" "start" "-a" "18a94dc54dfaac74c85fc8f66c249fb03b072fe5247b82a7b9b3f31026e1dbec", kill_on_drop: false }`
[INFO] [stderr]    Compiling laws-schema v0.1.0 (/opt/rustwide/workdir/crates/schema)
[INFO] [stderr]    Compiling laws-write-ts v0.1.0 (/opt/rustwide/workdir/crates/write-ts)
[INFO] [stderr]    Compiling laws-fetch-models v0.1.0 (/opt/rustwide/workdir/crates/fetch-models)
[INFO] [stderr]    Compiling laws-gen v0.1.0 (/opt/rustwide/workdir/crates/gen)
[INFO] [stderr]     Finished test [unoptimized + debuginfo] target(s) in 2.66s
[INFO] running `Command { std: "docker" "inspect" "18a94dc54dfaac74c85fc8f66c249fb03b072fe5247b82a7b9b3f31026e1dbec", kill_on_drop: false }`
[INFO] running `Command { std: "docker" "rm" "-f" "18a94dc54dfaac74c85fc8f66c249fb03b072fe5247b82a7b9b3f31026e1dbec", kill_on_drop: false }`
[INFO] [stdout] 18a94dc54dfaac74c85fc8f66c249fb03b072fe5247b82a7b9b3f31026e1dbec
[INFO] running `Command { std: "docker" "create" "-v" "/var/lib/crater-agent-workspace/builds/worker-0-tc2/target:/opt/rustwide/target:rw,Z" "-v" "/var/lib/crater-agent-workspace/builds/worker-0-tc2/source:/opt/rustwide/workdir:ro,Z" "-v" "/var/lib/crater-agent-workspace/cargo-home:/opt/rustwide/cargo-home:ro,Z" "-v" "/var/lib/crater-agent-workspace/rustup-home:/opt/rustwide/rustup-home:ro,Z" "-e" "SOURCE_DIR=/opt/rustwide/workdir" "-e" "CARGO_TARGET_DIR=/opt/rustwide/target" "-e" "CARGO_INCREMENTAL=0" "-e" "RUST_BACKTRACE=full" "-e" "RUSTFLAGS=--cap-lints=warn" "-e" "RUSTDOCFLAGS=--cap-lints=warn" "-e" "CARGO_HOME=/opt/rustwide/cargo-home" "-e" "RUSTUP_HOME=/opt/rustwide/rustup-home" "-w" "/opt/rustwide/workdir" "-m" "1610612736" "--user" "0:0" "--network" "none" "ghcr.io/rust-lang/crates-build-env/linux@sha256:2788e3201cd34a07e3172128adcd8b3090168a8e3bcc40d7c032b9dda1df7d1c" "/opt/rustwide/cargo-home/bin/cargo" "+beta-2023-12-22" "test" "--frozen", kill_on_drop: false }`
[INFO] [stdout] e30d84e643903e32d82d2aa74385168d292b6fd002043a4789868ac8748f7644
[INFO] running `Command { std: "docker" "start" "-a" "e30d84e643903e32d82d2aa74385168d292b6fd002043a4789868ac8748f7644", kill_on_drop: false }`
[INFO] [stderr]     Finished test [unoptimized + debuginfo] target(s) in 0.05s
[INFO] [stderr]      Running unittests src/lib.rs (/opt/rustwide/target/debug/deps/laws_fetch_models-62976eb85a6fff9c)
[INFO] [stdout] 
[INFO] [stdout] running 0 tests
[INFO] [stdout] 
[INFO] [stdout] test result: ok. 0 passed; 0 failed; 0 ignored; 0 measured; 0 filtered out; finished in 0.00s
[INFO] [stdout] 
[INFO] [stderr]      Running unittests src/main.rs (/opt/rustwide/target/debug/deps/laws_gen-99ca7e7ad84b5c8b)
[INFO] [stdout] 
[INFO] [stdout] running 0 tests
[INFO] [stdout] 
[INFO] [stdout] test result: ok. 0 passed; 0 failed; 0 ignored; 0 measured; 0 filtered out; finished in 0.00s
[INFO] [stdout] 
[INFO] [stderr]      Running unittests src/lib.rs (/opt/rustwide/target/debug/deps/laws_schema-9c5aed8a8fe90866)
[INFO] [stdout] 
[INFO] [stdout] running 5 tests
[INFO] [stdout] test endpoint_rules::tests::expr_get_attr ... ok
[INFO] [stdout] test endpoint_rules::tests::expr_is_set ... ok
[INFO] [stdout] test endpoint_rules::tests::rule_tree ... ok
[INFO] [stdout] test endpoint_rules::tests::rule_conditions_boolean_equals ... ok
[INFO] [stdout] test endpoint_rules::tests::rule_endpoint ... FAILED
[INFO] [stdout] 
[INFO] [stdout] failures:
[INFO] [stdout] 
[INFO] [stdout] ---- endpoint_rules::tests::rule_endpoint stdout ----
[INFO] [stdout] Error: Error("invalid type: string \"bar\", expected a sequence", line: 0, column: 0)
[INFO] [stdout] 
[INFO] [stdout] 
[INFO] [stdout] failures:
[INFO] [stdout]     endpoint_rules::tests::rule_endpoint
[INFO] [stdout] 
[INFO] [stdout] test result: FAILED. 4 passed; 1 failed; 0 ignored; 0 measured; 0 filtered out; finished in 0.00s
[INFO] [stdout] 
[INFO] [stderr] error: test failed, to rerun pass `-p laws-schema --lib`
[INFO] running `Command { std: "docker" "inspect" "e30d84e643903e32d82d2aa74385168d292b6fd002043a4789868ac8748f7644", kill_on_drop: false }`
[INFO] running `Command { std: "docker" "rm" "-f" "e30d84e643903e32d82d2aa74385168d292b6fd002043a4789868ac8748f7644", kill_on_drop: false }`
[INFO] [stdout] e30d84e643903e32d82d2aa74385168d292b6fd002043a4789868ac8748f7644
