[INFO] cloning repository https://github.com/sigmages/pipoco
[INFO] running `Command { std: "git" "-c" "credential.helper=" "-c" "credential.helper=/workspace/cargo-home/bin/git-credential-null" "clone" "--bare" "https://github.com/sigmages/pipoco" "/workspace/cache/git-repos/https%3A%2F%2Fgithub.com%2Fsigmages%2Fpipoco", kill_on_drop: false }`
[INFO] [stderr] Cloning into bare repository '/workspace/cache/git-repos/https%3A%2F%2Fgithub.com%2Fsigmages%2Fpipoco'...
[INFO] running `Command { std: "git" "rev-parse" "HEAD", kill_on_drop: false }`
[INFO] [stdout] 349144dde46318a2bd11aacb5b5648d3d2c04419
[INFO] testing sigmages/pipoco against 1.75.0 for beta-1.76-1
[INFO] running `Command { std: "git" "clone" "/workspace/cache/git-repos/https%3A%2F%2Fgithub.com%2Fsigmages%2Fpipoco" "/workspace/builds/worker-0-tc1/source", kill_on_drop: false }`
[INFO] [stderr] Cloning into '/workspace/builds/worker-0-tc1/source'...
[INFO] [stderr] done.
[INFO] validating manifest of git repo https://github.com/sigmages/pipoco on toolchain 1.75.0
[INFO] running `Command { std: CARGO_HOME="/workspace/cargo-home" RUSTUP_HOME="/workspace/rustup-home" "/workspace/cargo-home/bin/cargo" "+1.75.0" "metadata" "--manifest-path" "Cargo.toml" "--no-deps", kill_on_drop: false }`
[INFO] started tweaking git repo https://github.com/sigmages/pipoco
[INFO] finished tweaking git repo https://github.com/sigmages/pipoco
[INFO] tweaked toml for git repo https://github.com/sigmages/pipoco written to /workspace/builds/worker-0-tc1/source/Cargo.toml
[INFO] crate git repo https://github.com/sigmages/pipoco already has a lockfile, it will not be regenerated
[INFO] running `Command { std: CARGO_HOME="/workspace/cargo-home" RUSTUP_HOME="/workspace/rustup-home" "/workspace/cargo-home/bin/cargo" "+1.75.0" "fetch" "--manifest-path" "Cargo.toml", kill_on_drop: false }`
[INFO] [stderr]  Downloading crates ...
[INFO] [stderr]   Downloaded frankenstein v0.21.0
[INFO] running `Command { std: "docker" "create" "-v" "/var/lib/crater-agent-workspace/builds/worker-0-tc1/target:/opt/rustwide/target:rw,Z" "-v" "/var/lib/crater-agent-workspace/builds/worker-0-tc1/source:/opt/rustwide/workdir:ro,Z" "-v" "/var/lib/crater-agent-workspace/cargo-home:/opt/rustwide/cargo-home:ro,Z" "-v" "/var/lib/crater-agent-workspace/rustup-home:/opt/rustwide/rustup-home:ro,Z" "-e" "SOURCE_DIR=/opt/rustwide/workdir" "-e" "CARGO_TARGET_DIR=/opt/rustwide/target" "-e" "CARGO_HOME=/opt/rustwide/cargo-home" "-e" "RUSTUP_HOME=/opt/rustwide/rustup-home" "-w" "/opt/rustwide/workdir" "-m" "1610612736" "--user" "0:0" "--network" "none" "ghcr.io/rust-lang/crates-build-env/linux@sha256:2788e3201cd34a07e3172128adcd8b3090168a8e3bcc40d7c032b9dda1df7d1c" "/opt/rustwide/cargo-home/bin/cargo" "+1.75.0" "metadata" "--no-deps" "--format-version=1", kill_on_drop: false }`
[INFO] [stdout] 369ea613b0cdc35b9d8b76492d7f36afddf8a1eefd230894f762683946083cfc
[INFO] running `Command { std: "docker" "start" "-a" "369ea613b0cdc35b9d8b76492d7f36afddf8a1eefd230894f762683946083cfc", kill_on_drop: false }`
[INFO] running `Command { std: "docker" "inspect" "369ea613b0cdc35b9d8b76492d7f36afddf8a1eefd230894f762683946083cfc", kill_on_drop: false }`
[INFO] running `Command { std: "docker" "rm" "-f" "369ea613b0cdc35b9d8b76492d7f36afddf8a1eefd230894f762683946083cfc", kill_on_drop: false }`
[INFO] [stdout] 369ea613b0cdc35b9d8b76492d7f36afddf8a1eefd230894f762683946083cfc
[INFO] running `Command { std: "docker" "create" "-v" "/var/lib/crater-agent-workspace/builds/worker-0-tc1/target:/opt/rustwide/target:rw,Z" "-v" "/var/lib/crater-agent-workspace/builds/worker-0-tc1/source:/opt/rustwide/workdir:ro,Z" "-v" "/var/lib/crater-agent-workspace/cargo-home:/opt/rustwide/cargo-home:ro,Z" "-v" "/var/lib/crater-agent-workspace/rustup-home:/opt/rustwide/rustup-home:ro,Z" "-e" "SOURCE_DIR=/opt/rustwide/workdir" "-e" "CARGO_TARGET_DIR=/opt/rustwide/target" "-e" "CARGO_INCREMENTAL=0" "-e" "RUST_BACKTRACE=full" "-e" "RUSTFLAGS=--cap-lints=warn" "-e" "RUSTDOCFLAGS=--cap-lints=warn" "-e" "CARGO_HOME=/opt/rustwide/cargo-home" "-e" "RUSTUP_HOME=/opt/rustwide/rustup-home" "-w" "/opt/rustwide/workdir" "-m" "1610612736" "--user" "0:0" "--network" "none" "ghcr.io/rust-lang/crates-build-env/linux@sha256:2788e3201cd34a07e3172128adcd8b3090168a8e3bcc40d7c032b9dda1df7d1c" "/opt/rustwide/cargo-home/bin/cargo" "+1.75.0" "build" "--frozen" "--message-format=json", kill_on_drop: false }`
[INFO] [stdout] e2d05a0d4bb0591aceb52510f32aca0a1bcb50e4b39c662d3829d9dcea9ff732
[INFO] running `Command { std: "docker" "start" "-a" "e2d05a0d4bb0591aceb52510f32aca0a1bcb50e4b39c662d3829d9dcea9ff732", kill_on_drop: false }`
[INFO] [stderr]    Compiling autocfg v1.1.0
[INFO] [stderr]    Compiling libc v0.2.138
[INFO] [stderr]    Compiling cfg-if v1.0.0
[INFO] [stderr]    Compiling proc-macro2 v1.0.47
[INFO] [stderr]    Compiling quote v1.0.21
[INFO] [stderr]    Compiling unicode-ident v1.0.5
[INFO] [stderr]    Compiling syn v1.0.105
[INFO] [stderr]    Compiling once_cell v1.16.0
[INFO] [stderr]    Compiling cc v1.0.77
[INFO] [stderr]    Compiling log v0.4.17
[INFO] [stderr]    Compiling scopeguard v1.1.0
[INFO] [stderr]    Compiling futures-core v0.3.25
[INFO] [stderr]    Compiling target-lexicon v0.12.5
[INFO] [stderr]    Compiling pin-project-lite v0.2.9
[INFO] [stderr]    Compiling crossbeam-utils v0.8.14
[INFO] [stderr]    Compiling pkg-config v0.3.26
[INFO] [stderr]    Compiling memchr v2.5.0
[INFO] [stderr]    Compiling itoa v1.0.4
[INFO] [stderr]    Compiling bytes v1.3.0
[INFO] [stderr]    Compiling adler v1.0.2
[INFO] [stderr]    Compiling futures-sink v0.3.25
[INFO] [stderr]    Compiling crc32fast v1.3.2
[INFO] [stderr]    Compiling version_check v0.9.4
[INFO] [stderr]    Compiling miniz_oxide v0.6.2
[INFO] [stderr]    Compiling serde_derive v1.0.152
[INFO] [stderr]    Compiling spin v0.5.2
[INFO] [stderr]    Compiling memoffset v0.7.1
[INFO] [stderr]    Compiling tokio v1.23.0
[INFO] [stderr]    Compiling crossbeam-epoch v0.9.13
[INFO] [stderr]    Compiling lock_api v0.4.9
[INFO] [stderr]    Compiling bitflags v1.3.2
[INFO] [stderr]    Compiling untrusted v0.7.1
[INFO] [stderr]    Compiling futures-task v0.3.25
[INFO] [stderr]    Compiling tinyvec_macros v0.1.0
[INFO] [stderr]    Compiling tinyvec v1.6.0
[INFO] [stderr]    Compiling unicase v2.6.0
[INFO] [stderr]    Compiling slab v0.4.7
[INFO] [stderr]    Compiling pyo3-build-config v0.16.6
[INFO] [stderr]    Compiling indexmap v1.9.2
[INFO] [stderr]    Compiling tracing-core v0.1.30
[INFO] [stderr]    Compiling futures-util v0.3.25
[INFO] [stderr]    Compiling percent-encoding v2.2.0
[INFO] [stderr]    Compiling fnv v1.0.7
[INFO] [stderr]    Compiling foreign-types-shared v0.1.1
[INFO] [stderr]    Compiling rayon-core v1.10.1
[INFO] [stderr]    Compiling serde v1.0.152
[INFO] [stderr]    Compiling openssl v0.10.45
[INFO] [stderr]    Compiling num_cpus v1.14.0
[INFO] [stderr]    Compiling openssl-sys v0.9.80
[INFO] [stderr]    Compiling ring v0.16.20
[INFO] [stderr]    Compiling getrandom v0.2.8
[INFO] [stderr]    Compiling socket2 v0.4.7
[INFO] [stderr]    Compiling mio v0.8.5
[INFO] [stderr]    Compiling signal-hook-registry v1.4.0
[INFO] [stderr]    Compiling unicode-normalization v0.1.22
[INFO] [stderr]    Compiling crossbeam-deque v0.8.2
[INFO] [stderr]    Compiling tracing v0.1.37
[INFO] [stderr]    Compiling form_urlencoded v1.1.0
[INFO] [stderr]    Compiling foreign-types v0.3.2
[INFO] [stderr]    Compiling http v0.2.8
[INFO] [stderr]    Compiling flate2 v1.0.25
[INFO] [stderr]    Compiling crossbeam-channel v0.5.6
[INFO] [stderr]    Compiling num-traits v0.2.15
[INFO] [stderr]    Compiling unicode-bidi v0.3.8
[INFO] [stderr]    Compiling native-tls v0.2.11
[INFO] [stderr]    Compiling httparse v1.8.0
[INFO] [stderr]    Compiling pin-utils v0.1.0
[INFO] [stderr]    Compiling futures-channel v0.3.25
[INFO] [stderr]    Compiling hashbrown v0.12.3
[INFO] [stderr]    Compiling smallvec v1.10.0
[INFO] [stderr]    Compiling idna v0.3.0
[INFO] [stderr]    Compiling mime_guess v2.0.4
[INFO] [stderr]    Compiling rand_core v0.6.4
[INFO] [stderr]    Compiling num-integer v0.1.45
[INFO] [stderr]    Compiling ppv-lite86 v0.2.17
[INFO] [stderr]    Compiling openssl-probe v0.1.5
[INFO] [stderr]    Compiling ryu v1.0.11
[INFO] [stderr]    Compiling mime v0.3.16
[INFO] [stderr]    Compiling serde_json v1.0.91
[INFO] [stderr]    Compiling try-lock v0.2.4
[INFO] [stderr]    Compiling either v1.8.0
[INFO] [stderr]    Compiling rustls v0.20.7
[INFO] [stderr]    Compiling parking_lot_core v0.9.5
[INFO] [stderr]    Compiling rayon v1.6.1
[INFO] [stderr]    Compiling http-body v0.4.5
[INFO] [stderr]    Compiling want v0.3.0
[INFO] [stderr]    Compiling rand_chacha v0.3.1
[INFO] [stderr]    Compiling url v2.3.1
[INFO] [stderr]    Compiling nanorand v0.7.0
[INFO] [stderr]    Compiling spin v0.9.4
[INFO] [stderr]    Compiling num-rational v0.4.1
[INFO] [stderr]    Compiling thiserror v1.0.38
[INFO] [stderr]    Compiling tower-service v0.3.2
[INFO] [stderr]    Compiling weezl v0.1.7
[INFO] [stderr]    Compiling encoding_rs v0.8.31
[INFO] [stderr]    Compiling remove_dir_all v0.5.3
[INFO] [stderr]    Compiling base64 v0.13.1
[INFO] [stderr]    Compiling httpdate v1.0.2
[INFO] [stderr]    Compiling fastrand v1.8.0
[INFO] [stderr]    Compiling pyo3-ffi v0.16.6
[INFO] [stderr]    Compiling pyo3 v0.16.6
[INFO] [stderr]    Compiling rand v0.8.5
[INFO] [stderr]    Compiling threadpool v1.8.1
[INFO] [stderr]    Compiling tempfile v3.3.0
[INFO] [stderr]    Compiling lebe v0.5.2
[INFO] [stderr]    Compiling anyhow v1.0.68
[INFO] [stderr]    Compiling half v2.2.1
[INFO] [stderr]    Compiling bit_field v0.10.1
[INFO] [stderr]    Compiling chunked_transfer v1.4.0
[INFO] [stderr]    Compiling color_quant v1.1.0
[INFO] [stderr]    Compiling gif v0.11.4
[INFO] [stderr]    Compiling parking_lot v0.12.1
[INFO] [stderr]    Compiling png v0.17.7
[INFO] [stderr]    Compiling indoc v1.0.8
[INFO] [stderr]    Compiling scoped_threadpool v0.1.9
[INFO] [stderr]    Compiling unicode-segmentation v1.10.0
[INFO] [stderr]    Compiling ipnet v2.7.0
[INFO] [stderr]    Compiling unindent v0.1.11
[INFO] [stderr]    Compiling multipart v0.18.0
[INFO] [stderr]    Compiling byteorder v1.4.3
[INFO] [stderr]    Compiling bytemuck v1.12.3
[INFO] [stderr]    Compiling convert_case v0.6.0
[INFO] [stderr]    Compiling base64 v0.21.0
[INFO] [stderr]    Compiling jpeg-decoder v0.3.0
[INFO] [stderr]    Compiling pyo3-macros-backend v0.16.6
[INFO] [stderr]    Compiling webpki v0.22.0
[INFO] [stderr]    Compiling sct v0.7.0
[INFO] [stderr]    Compiling tiff v0.8.1
[INFO] [stderr]    Compiling webpki-roots v0.22.5
[INFO] [stderr]    Compiling tokio-macros v1.8.2
[INFO] [stderr]    Compiling openssl-macros v0.1.0
[INFO] [stderr]    Compiling pin-project-internal v1.0.12
[INFO] [stderr]    Compiling thiserror-impl v1.0.38
[INFO] [stderr]    Compiling typed-builder v0.11.0
[INFO] [stderr]    Compiling pin-project v1.0.12
[INFO] [stderr]    Compiling flume v0.10.14
[INFO] [stderr]    Compiling pyo3-macros v0.16.6
[INFO] [stderr]    Compiling exr v1.5.2
[INFO] [stderr]    Compiling ureq v2.5.0
[INFO] [stderr]    Compiling image v0.24.5
[INFO] [stderr]    Compiling tokio-util v0.7.4
[INFO] [stderr]    Compiling tokio-native-tls v0.3.0
[INFO] [stderr]    Compiling h2 v0.3.15
[INFO] [stderr]    Compiling serde_urlencoded v0.7.1
[INFO] [stderr]    Compiling frankenstein v0.21.0
[INFO] [stderr]    Compiling hyper v0.14.23
[INFO] [stderr]    Compiling hyper-tls v0.5.0
[INFO] [stderr]    Compiling reqwest v0.11.13
[INFO] [stderr]    Compiling rojaumbot v0.1.0 (/opt/rustwide/workdir)
[INFO] [stdout] warning: unused import: `crate::commands::dollar`
[INFO] [stdout]  --> src/commands/dollar.rs:5:5
[INFO] [stdout]   |
[INFO] [stdout] 5 | use crate::commands::dollar;
[INFO] [stdout]   |     ^^^^^^^^^^^^^^^^^^^^^^^
[INFO] [stdout]   |
[INFO] [stdout]   = note: `#[warn(unused_imports)]` on by default
[INFO] [stdout] 
[INFO] [stdout] 
[INFO] [stdout] warning: unused import: `sync::Arc`
[INFO] [stdout]  --> src/commands/ai.rs:1:30
[INFO] [stdout]   |
[INFO] [stdout] 1 | use std::{fs, path::PathBuf, sync::Arc};
[INFO] [stdout]   |                              ^^^^^^^^^
[INFO] [stdout] 
[INFO] [stdout] 
[INFO] [stdout] warning: unused imports: `File`, `io`
[INFO] [stdout]  --> src/commands/dalle.rs:2:16
[INFO] [stdout]   |
[INFO] [stdout] 2 |     fs::{self, File},
[INFO] [stdout]   |                ^^^^
[INFO] [stdout] 3 |     io,
[INFO] [stdout]   |     ^^
[INFO] [stdout] 
[INFO] [stdout] 
[INFO] [stdout] warning: unused import: `std::os`
[INFO] [stdout]  --> src/main.rs:5:5
[INFO] [stdout]   |
[INFO] [stdout] 5 | use std::os;
[INFO] [stdout]   |     ^^^^^^^
[INFO] [stdout] 
[INFO] [stdout] 
[INFO] [stdout] warning: unused imports: `SignalKind`, `Signal`
[INFO] [stdout]   --> src/main.rs:29:27
[INFO] [stdout]    |
[INFO] [stdout] 29 | use tokio::signal::unix::{Signal, SignalKind};
[INFO] [stdout]    |                           ^^^^^^  ^^^^^^^^^^
[INFO] [stdout] 
[INFO] [stdout] 
[INFO] [stdout] warning: field `error_messages` is never read
[INFO] [stdout]   --> src/commands/ai.rs:27:5
[INFO] [stdout]    |
[INFO] [stdout] 23 | pub struct AiCommand {
[INFO] [stdout]    |            --------- field in this struct
[INFO] [stdout] ...
[INFO] [stdout] 27 |     error_messages: Vec<SendMessageParams>,
[INFO] [stdout]    |     ^^^^^^^^^^^^^^
[INFO] [stdout]    |
[INFO] [stdout]    = note: `#[warn(dead_code)]` on by default
[INFO] [stdout] 
[INFO] [stdout] 
[INFO] [stdout] warning: function `split_prompts` is never used
[INFO] [stdout]   --> src/commands/ai.rs:56:4
[INFO] [stdout]    |
[INFO] [stdout] 56 | fn split_prompts(text: &str) -> (String, String) {
[INFO] [stdout]    |    ^^^^^^^^^^^^^
[INFO] [stdout] 
[INFO] [stdout] 
[INFO] [stdout] warning: constant `CHATGPT_KEY` is never used
[INFO] [stdout]  --> src/constants.rs:3:11
[INFO] [stdout]   |
[INFO] [stdout] 3 | pub const CHATGPT_KEY: &str = "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";
[INFO] [stdout]   |           ^^^^^^^^^^^
[INFO] [stdout] 
[INFO] [stdout] 
[INFO] [stdout] warning: 8 warnings emitted
[INFO] [stdout] 
[INFO] [stdout] 
[INFO] [stderr]     Finished dev [unoptimized + debuginfo] target(s) in 47.28s
[INFO] running `Command { std: "docker" "inspect" "e2d05a0d4bb0591aceb52510f32aca0a1bcb50e4b39c662d3829d9dcea9ff732", kill_on_drop: false }`
[INFO] running `Command { std: "docker" "rm" "-f" "e2d05a0d4bb0591aceb52510f32aca0a1bcb50e4b39c662d3829d9dcea9ff732", kill_on_drop: false }`
[INFO] [stdout] e2d05a0d4bb0591aceb52510f32aca0a1bcb50e4b39c662d3829d9dcea9ff732
[INFO] running `Command { std: "docker" "create" "-v" "/var/lib/crater-agent-workspace/builds/worker-0-tc1/target:/opt/rustwide/target:rw,Z" "-v" "/var/lib/crater-agent-workspace/builds/worker-0-tc1/source:/opt/rustwide/workdir:ro,Z" "-v" "/var/lib/crater-agent-workspace/cargo-home:/opt/rustwide/cargo-home:ro,Z" "-v" "/var/lib/crater-agent-workspace/rustup-home:/opt/rustwide/rustup-home:ro,Z" "-e" "SOURCE_DIR=/opt/rustwide/workdir" "-e" "CARGO_TARGET_DIR=/opt/rustwide/target" "-e" "CARGO_INCREMENTAL=0" "-e" "RUST_BACKTRACE=full" "-e" "RUSTFLAGS=--cap-lints=warn" "-e" "RUSTDOCFLAGS=--cap-lints=warn" "-e" "CARGO_HOME=/opt/rustwide/cargo-home" "-e" "RUSTUP_HOME=/opt/rustwide/rustup-home" "-w" "/opt/rustwide/workdir" "-m" "1610612736" "--user" "0:0" "--network" "none" "ghcr.io/rust-lang/crates-build-env/linux@sha256:2788e3201cd34a07e3172128adcd8b3090168a8e3bcc40d7c032b9dda1df7d1c" "/opt/rustwide/cargo-home/bin/cargo" "+1.75.0" "test" "--frozen" "--no-run" "--message-format=json", kill_on_drop: false }`
[INFO] [stdout] 1e367136265cf3e1d470dc0cd56172cbcef71c97282d3faca722edd687c52953
[INFO] running `Command { std: "docker" "start" "-a" "1e367136265cf3e1d470dc0cd56172cbcef71c97282d3faca722edd687c52953", kill_on_drop: false }`
[INFO] [stderr]    Compiling rojaumbot v0.1.0 (/opt/rustwide/workdir)
[INFO] [stdout] warning: unused import: `crate::commands::dollar`
[INFO] [stdout]  --> src/commands/dollar.rs:5:5
[INFO] [stdout]   |
[INFO] [stdout] 5 | use crate::commands::dollar;
[INFO] [stdout]   |     ^^^^^^^^^^^^^^^^^^^^^^^
[INFO] [stdout]   |
[INFO] [stdout]   = note: `#[warn(unused_imports)]` on by default
[INFO] [stdout] 
[INFO] [stdout] 
[INFO] [stdout] warning: unused import: `sync::Arc`
[INFO] [stdout]  --> src/commands/ai.rs:1:30
[INFO] [stdout]   |
[INFO] [stdout] 1 | use std::{fs, path::PathBuf, sync::Arc};
[INFO] [stdout]   |                              ^^^^^^^^^
[INFO] [stdout] 
[INFO] [stdout] 
[INFO] [stdout] warning: unused imports: `File`, `io`
[INFO] [stdout]  --> src/commands/dalle.rs:2:16
[INFO] [stdout]   |
[INFO] [stdout] 2 |     fs::{self, File},
[INFO] [stdout]   |                ^^^^
[INFO] [stdout] 3 |     io,
[INFO] [stdout]   |     ^^
[INFO] [stdout] 
[INFO] [stdout] 
[INFO] [stdout] warning: unused import: `std::os`
[INFO] [stdout]  --> src/main.rs:5:5
[INFO] [stdout]   |
[INFO] [stdout] 5 | use std::os;
[INFO] [stdout]   |     ^^^^^^^
[INFO] [stdout] 
[INFO] [stdout] 
[INFO] [stdout] warning: unused imports: `SignalKind`, `Signal`
[INFO] [stdout]   --> src/main.rs:29:27
[INFO] [stdout]    |
[INFO] [stdout] 29 | use tokio::signal::unix::{Signal, SignalKind};
[INFO] [stdout]    |                           ^^^^^^  ^^^^^^^^^^
[INFO] [stdout] 
[INFO] [stdout] 
[INFO] [stdout] warning: field `error_messages` is never read
[INFO] [stdout]   --> src/commands/ai.rs:27:5
[INFO] [stdout]    |
[INFO] [stdout] 23 | pub struct AiCommand {
[INFO] [stdout]    |            --------- field in this struct
[INFO] [stdout] ...
[INFO] [stdout] 27 |     error_messages: Vec<SendMessageParams>,
[INFO] [stdout]    |     ^^^^^^^^^^^^^^
[INFO] [stdout]    |
[INFO] [stdout]    = note: `#[warn(dead_code)]` on by default
[INFO] [stdout] 
[INFO] [stdout] 
[INFO] [stdout] warning: function `split_prompts` is never used
[INFO] [stdout]   --> src/commands/ai.rs:56:4
[INFO] [stdout]    |
[INFO] [stdout] 56 | fn split_prompts(text: &str) -> (String, String) {
[INFO] [stdout]    |    ^^^^^^^^^^^^^
[INFO] [stdout] 
[INFO] [stdout] 
[INFO] [stdout] warning: constant `CHATGPT_KEY` is never used
[INFO] [stdout]  --> src/constants.rs:3:11
[INFO] [stdout]   |
[INFO] [stdout] 3 | pub const CHATGPT_KEY: &str = "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";
[INFO] [stdout]   |           ^^^^^^^^^^^
[INFO] [stdout] 
[INFO] [stdout] 
[INFO] [stdout] warning: 8 warnings emitted
[INFO] [stdout] 
[INFO] [stdout] 
[INFO] [stderr]     Finished test [unoptimized + debuginfo] target(s) in 2.11s
[INFO] running `Command { std: "docker" "inspect" "1e367136265cf3e1d470dc0cd56172cbcef71c97282d3faca722edd687c52953", kill_on_drop: false }`
[INFO] running `Command { std: "docker" "rm" "-f" "1e367136265cf3e1d470dc0cd56172cbcef71c97282d3faca722edd687c52953", kill_on_drop: false }`
[INFO] [stdout] 1e367136265cf3e1d470dc0cd56172cbcef71c97282d3faca722edd687c52953
[INFO] running `Command { std: "docker" "create" "-v" "/var/lib/crater-agent-workspace/builds/worker-0-tc1/target:/opt/rustwide/target:rw,Z" "-v" "/var/lib/crater-agent-workspace/builds/worker-0-tc1/source:/opt/rustwide/workdir:ro,Z" "-v" "/var/lib/crater-agent-workspace/cargo-home:/opt/rustwide/cargo-home:ro,Z" "-v" "/var/lib/crater-agent-workspace/rustup-home:/opt/rustwide/rustup-home:ro,Z" "-e" "SOURCE_DIR=/opt/rustwide/workdir" "-e" "CARGO_TARGET_DIR=/opt/rustwide/target" "-e" "CARGO_INCREMENTAL=0" "-e" "RUST_BACKTRACE=full" "-e" "RUSTFLAGS=--cap-lints=warn" "-e" "RUSTDOCFLAGS=--cap-lints=warn" "-e" "CARGO_HOME=/opt/rustwide/cargo-home" "-e" "RUSTUP_HOME=/opt/rustwide/rustup-home" "-w" "/opt/rustwide/workdir" "-m" "1610612736" "--user" "0:0" "--network" "none" "ghcr.io/rust-lang/crates-build-env/linux@sha256:2788e3201cd34a07e3172128adcd8b3090168a8e3bcc40d7c032b9dda1df7d1c" "/opt/rustwide/cargo-home/bin/cargo" "+1.75.0" "test" "--frozen", kill_on_drop: false }`
[INFO] [stdout] 52e3b28968075a1aa1e69c6648b67578fd44d799ea9e230b3c7878d447092624
[INFO] running `Command { std: "docker" "start" "-a" "52e3b28968075a1aa1e69c6648b67578fd44d799ea9e230b3c7878d447092624", kill_on_drop: false }`
[INFO] [stderr] warning: unused import: `crate::commands::dollar`
[INFO] [stderr]  --> src/commands/dollar.rs:5:5
[INFO] [stderr]   |
[INFO] [stderr] 5 | use crate::commands::dollar;
[INFO] [stderr]   |     ^^^^^^^^^^^^^^^^^^^^^^^
[INFO] [stderr]   |
[INFO] [stderr]   = note: `#[warn(unused_imports)]` on by default
[INFO] [stderr] 
[INFO] [stderr] warning: unused import: `sync::Arc`
[INFO] [stderr]  --> src/commands/ai.rs:1:30
[INFO] [stderr]   |
[INFO] [stderr] 1 | use std::{fs, path::PathBuf, sync::Arc};
[INFO] [stderr]   |                              ^^^^^^^^^
[INFO] [stderr] 
[INFO] [stderr] warning: unused imports: `File`, `io`
[INFO] [stderr]  --> src/commands/dalle.rs:2:16
[INFO] [stderr]   |
[INFO] [stderr] 2 |     fs::{self, File},
[INFO] [stderr]   |                ^^^^
[INFO] [stderr] 3 |     io,
[INFO] [stderr]   |     ^^
[INFO] [stderr] 
[INFO] [stderr] warning: unused import: `std::os`
[INFO] [stderr]  --> src/main.rs:5:5
[INFO] [stderr]   |
[INFO] [stderr] 5 | use std::os;
[INFO] [stderr]   |     ^^^^^^^
[INFO] [stderr] 
[INFO] [stderr] warning: unused imports: `SignalKind`, `Signal`
[INFO] [stderr]   --> src/main.rs:29:27
[INFO] [stderr]    |
[INFO] [stderr] 29 | use tokio::signal::unix::{Signal, SignalKind};
[INFO] [stderr]    |                           ^^^^^^  ^^^^^^^^^^
[INFO] [stderr] 
[INFO] [stderr] warning: field `error_messages` is never read
[INFO] [stderr]   --> src/commands/ai.rs:27:5
[INFO] [stderr]    |
[INFO] [stderr] 23 | pub struct AiCommand {
[INFO] [stderr]    |            --------- field in this struct
[INFO] [stderr] ...
[INFO] [stderr] 27 |     error_messages: Vec<SendMessageParams>,
[INFO] [stderr]    |     ^^^^^^^^^^^^^^
[INFO] [stderr]    |
[INFO] [stderr]    = note: `#[warn(dead_code)]` on by default
[INFO] [stderr] 
[INFO] [stderr] warning: function `split_prompts` is never used
[INFO] [stderr]   --> src/commands/ai.rs:56:4
[INFO] [stderr]    |
[INFO] [stderr] 56 | fn split_prompts(text: &str) -> (String, String) {
[INFO] [stderr]    |    ^^^^^^^^^^^^^
[INFO] [stderr] 
[INFO] [stderr] warning: constant `CHATGPT_KEY` is never used
[INFO] [stderr]  --> src/constants.rs:3:11
[INFO] [stderr]   |
[INFO] [stderr] 3 | pub const CHATGPT_KEY: &str = "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";
[INFO] [stderr]   |           ^^^^^^^^^^^
[INFO] [stderr] 
[INFO] [stderr] warning: `rojaumbot` (bin "rojaumbot" test) generated 8 warnings (run `cargo fix --bin "rojaumbot" --tests` to apply 5 suggestions)
[INFO] [stderr]     Finished test [unoptimized + debuginfo] target(s) in 0.10s
[INFO] [stderr]      Running unittests src/main.rs (/opt/rustwide/target/debug/deps/rojaumbot-640d599eb4ccd225)
[INFO] [stdout] 
[INFO] [stdout] running 8 tests
[INFO] [stdout] test algorithm::algorithm::tests::assert_find_winner_has_no_winner ... ok
[INFO] [stdout] test algorithm::algorithm::tests::assert_find_winner_success_col ... ok
[INFO] [stdout] test algorithm::algorithm::tests::assert_find_winner_success ... ok
[INFO] [stdout] test algorithm::algorithm::tests::assert_find_winner_success_left_right ... ok
[INFO] [stdout] test algorithm::algorithm::tests::assert_find_winner_success_right_left ... ok
[INFO] [stdout] test algorithm::algorithm::tests::assert_find_winner_success_row ... ok
[INFO] [stdout] test algorithm::algorithm::tests::assert_render_board ... ok
[INFO] [stdout] test commands::ai::test::test_decode_file ... FAILED
[INFO] [stdout] 
[INFO] [stdout] failures:
[INFO] [stdout] 
[INFO] [stdout] ---- commands::ai::test::test_decode_file stdout ----
[INFO] [stdout] thread 'commands::ai::test::test_decode_file' panicked at src/commands/ai.rs:140:37:
[INFO] [stdout] called `Result::unwrap()` on an `Err` value: Os { code: 30, kind: ReadOnlyFilesystem, message: "Read-only file system" }
[INFO] [stdout] stack backtrace:
[INFO] [stdout]    0:     0x56018b4e63dc - std::backtrace_rs::backtrace::libunwind::trace::ha637c64ce894333a
[INFO] [stdout]                                at /rustc/82e1608dfa6e0b5569232559e3d385fea5a93112/library/std/src/../../backtrace/src/backtrace/libunwind.rs:104:5
[INFO] [stdout]    1:     0x56018b4e63dc - std::backtrace_rs::backtrace::trace_unsynchronized::h47f62dea28e0c88d
[INFO] [stdout]                                at /rustc/82e1608dfa6e0b5569232559e3d385fea5a93112/library/std/src/../../backtrace/src/backtrace/mod.rs:66:5
[INFO] [stdout]    2:     0x56018b4e63dc - std::sys_common::backtrace::_print_fmt::h9eef0abe20ede486
[INFO] [stdout]                                at /rustc/82e1608dfa6e0b5569232559e3d385fea5a93112/library/std/src/sys_common/backtrace.rs:67:5
[INFO] [stdout]    3:     0x56018b4e63dc - <std::sys_common::backtrace::_print::DisplayBacktrace as core::fmt::Display>::fmt::hed7f999df88cc644
[INFO] [stdout]                                at /rustc/82e1608dfa6e0b5569232559e3d385fea5a93112/library/std/src/sys_common/backtrace.rs:44:22
[INFO] [stdout]    4:     0x56018b50ff20 - core::fmt::rt::Argument::fmt::h1539a9308b8d058d
[INFO] [stdout]                                at /rustc/82e1608dfa6e0b5569232559e3d385fea5a93112/library/core/src/fmt/rt.rs:142:9
[INFO] [stdout]    5:     0x56018b50ff20 - core::fmt::write::h3a39390d8560d9c9
[INFO] [stdout]                                at /rustc/82e1608dfa6e0b5569232559e3d385fea5a93112/library/core/src/fmt/mod.rs:1120:17
[INFO] [stdout]    6:     0x56018b4e3d8f - std::io::Write::write_fmt::h040b369f3a0f9cbc
[INFO] [stdout]                                at /rustc/82e1608dfa6e0b5569232559e3d385fea5a93112/library/std/src/io/mod.rs:1762:15
[INFO] [stdout]    7:     0x56018b4e61c4 - std::sys_common::backtrace::_print::h894006fb5c6f3d45
[INFO] [stdout]                                at /rustc/82e1608dfa6e0b5569232559e3d385fea5a93112/library/std/src/sys_common/backtrace.rs:47:5
[INFO] [stdout]    8:     0x56018b4e61c4 - std::sys_common::backtrace::print::h23a2d212c6fff936
[INFO] [stdout]                                at /rustc/82e1608dfa6e0b5569232559e3d385fea5a93112/library/std/src/sys_common/backtrace.rs:34:9
[INFO] [stdout]    9:     0x56018b4e7e87 - std::panicking::default_hook::{{closure}}::h8a1d2ee00185001a
[INFO] [stdout]   10:     0x56018b4e7b73 - std::panicking::default_hook::h6038f2eba384e475
[INFO] [stdout]                                at /rustc/82e1608dfa6e0b5569232559e3d385fea5a93112/library/std/src/panicking.rs:289:9
[INFO] [stdout]   11:     0x56018b496927 - <alloc::boxed::Box<F,A> as core::ops::function::Fn<Args>>::call::h0ad024c9bdc6d768
[INFO] [stdout]                                at /rustc/82e1608dfa6e0b5569232559e3d385fea5a93112/library/alloc/src/boxed.rs:2021:9
[INFO] [stdout]   12:     0x56018b496927 - test::test_main::{{closure}}::h7500b54257359db6
[INFO] [stdout]                                at /rustc/82e1608dfa6e0b5569232559e3d385fea5a93112/library/test/src/lib.rs:138:21
[INFO] [stdout]   13:     0x56018b4e8498 - <alloc::boxed::Box<F,A> as core::ops::function::Fn<Args>>::call::h1f8f335eaa9cfaee
[INFO] [stdout]                                at /rustc/82e1608dfa6e0b5569232559e3d385fea5a93112/library/alloc/src/boxed.rs:2021:9
[INFO] [stdout]   14:     0x56018b4e8498 - std::panicking::rust_panic_with_hook::h2b5517d590cab22e
[INFO] [stdout]                                at /rustc/82e1608dfa6e0b5569232559e3d385fea5a93112/library/std/src/panicking.rs:783:13
[INFO] [stdout]   15:     0x56018b4e81ee - std::panicking::begin_panic_handler::{{closure}}::h233112c06e0ef43e
[INFO] [stdout]                                at /rustc/82e1608dfa6e0b5569232559e3d385fea5a93112/library/std/src/panicking.rs:657:13
[INFO] [stdout]   16:     0x56018b4e68a6 - std::sys_common::backtrace::__rust_end_short_backtrace::h6e893f24d7ebbff8
[INFO] [stdout]                                at /rustc/82e1608dfa6e0b5569232559e3d385fea5a93112/library/std/src/sys_common/backtrace.rs:170:18
[INFO] [stdout]   17:     0x56018b4e7f52 - rust_begin_unwind
[INFO] [stdout]                                at /rustc/82e1608dfa6e0b5569232559e3d385fea5a93112/library/std/src/panicking.rs:645:5
[INFO] [stdout]   18:     0x56018b454d75 - core::panicking::panic_fmt::hbf0e066aabfa482c
[INFO] [stdout]                                at /rustc/82e1608dfa6e0b5569232559e3d385fea5a93112/library/core/src/panicking.rs:72:14
[INFO] [stdout]   19:     0x56018b455303 - core::result::unwrap_failed::hddb4fea594200c52
[INFO] [stdout]                                at /rustc/82e1608dfa6e0b5569232559e3d385fea5a93112/library/core/src/result.rs:1653:5
[INFO] [stdout]   20:     0x56018b462c4d - core::result::Result<T,E>::unwrap::h27190fa19edbe7f9
[INFO] [stdout]                                at /rustc/82e1608dfa6e0b5569232559e3d385fea5a93112/library/core/src/result.rs:1077:23
[INFO] [stdout]   21:     0x56018b45bbd0 - rojaumbot::commands::ai::test::test_decode_file::h514fe4ff9c3b5c8e
[INFO] [stdout]                                at /opt/rustwide/workdir/src/commands/ai.rs:140:9
[INFO] [stdout]   22:     0x56018b45b9d7 - rojaumbot::commands::ai::test::test_decode_file::{{closure}}::h786781b2d3be9c33
[INFO] [stdout]                                at /opt/rustwide/workdir/src/commands/ai.rs:131:26
[INFO] [stdout]   23:     0x56018b458606 - core::ops::function::FnOnce::call_once::h000009926e49c65c
[INFO] [stdout]                                at /rustc/82e1608dfa6e0b5569232559e3d385fea5a93112/library/core/src/ops/function.rs:250:5
[INFO] [stdout]   24:     0x56018b49bf7f - core::ops::function::FnOnce::call_once::h2b5d431d5046312d
[INFO] [stdout]                                at /rustc/82e1608dfa6e0b5569232559e3d385fea5a93112/library/core/src/ops/function.rs:250:5
[INFO] [stdout]   25:     0x56018b49bf7f - test::__rust_begin_short_backtrace::h7714669af176e207
[INFO] [stdout]                                at /rustc/82e1608dfa6e0b5569232559e3d385fea5a93112/library/test/src/lib.rs:628:18
[INFO] [stdout]   26:     0x56018b49af95 - test::run_test_in_process::{{closure}}::h85218797dcbcec12
[INFO] [stdout]                                at /rustc/82e1608dfa6e0b5569232559e3d385fea5a93112/library/test/src/lib.rs:651:60
[INFO] [stdout]   27:     0x56018b49af95 - <core::panic::unwind_safe::AssertUnwindSafe<F> as core::ops::function::FnOnce<()>>::call_once::h76c106ea31c14d7b
[INFO] [stdout]                                at /rustc/82e1608dfa6e0b5569232559e3d385fea5a93112/library/core/src/panic/unwind_safe.rs:272:9
[INFO] [stdout]   28:     0x56018b49af95 - std::panicking::try::do_call::h3bd5d0f6620ee946
[INFO] [stdout]                                at /rustc/82e1608dfa6e0b5569232559e3d385fea5a93112/library/std/src/panicking.rs:552:40
[INFO] [stdout]   29:     0x56018b49af95 - std::panicking::try::h232e535e4744fe31
[INFO] [stdout]                                at /rustc/82e1608dfa6e0b5569232559e3d385fea5a93112/library/std/src/panicking.rs:516:19
[INFO] [stdout]   30:     0x56018b49af95 - std::panic::catch_unwind::h3ce3bd6ca8dbac68
[INFO] [stdout]                                at /rustc/82e1608dfa6e0b5569232559e3d385fea5a93112/library/std/src/panic.rs:142:14
[INFO] [stdout]   31:     0x56018b49af95 - test::run_test_in_process::hc97b257c9621286a
[INFO] [stdout]                                at /rustc/82e1608dfa6e0b5569232559e3d385fea5a93112/library/test/src/lib.rs:651:27
[INFO] [stdout]   32:     0x56018b49af95 - test::run_test::{{closure}}::h2aa798823a438d38
[INFO] [stdout]                                at /rustc/82e1608dfa6e0b5569232559e3d385fea5a93112/library/test/src/lib.rs:574:43
[INFO] [stdout]   33:     0x56018b463256 - test::run_test::{{closure}}::h87d231c78fb59832
[INFO] [stdout]                                at /rustc/82e1608dfa6e0b5569232559e3d385fea5a93112/library/test/src/lib.rs:602:41
[INFO] [stdout]   34:     0x56018b463256 - std::sys_common::backtrace::__rust_begin_short_backtrace::he6df152596625789
[INFO] [stdout]                                at /rustc/82e1608dfa6e0b5569232559e3d385fea5a93112/library/std/src/sys_common/backtrace.rs:154:18
[INFO] [stdout]   35:     0x56018b468307 - std::thread::Builder::spawn_unchecked_::{{closure}}::{{closure}}::ha94be15d1e0acf36
[INFO] [stdout]                                at /rustc/82e1608dfa6e0b5569232559e3d385fea5a93112/library/std/src/thread/mod.rs:529:17
[INFO] [stdout]   36:     0x56018b468307 - <core::panic::unwind_safe::AssertUnwindSafe<F> as core::ops::function::FnOnce<()>>::call_once::h9dc6bd6372f16606
[INFO] [stdout]                                at /rustc/82e1608dfa6e0b5569232559e3d385fea5a93112/library/core/src/panic/unwind_safe.rs:272:9
[INFO] [stdout]   37:     0x56018b468307 - std::panicking::try::do_call::h9057517f80303cd4
[INFO] [stdout]                                at /rustc/82e1608dfa6e0b5569232559e3d385fea5a93112/library/std/src/panicking.rs:552:40
[INFO] [stdout]   38:     0x56018b468307 - std::panicking::try::he3a30b11ee45340c
[INFO] [stdout]                                at /rustc/82e1608dfa6e0b5569232559e3d385fea5a93112/library/std/src/panicking.rs:516:19
[INFO] [stdout]   39:     0x56018b468307 - std::panic::catch_unwind::h410458cfd3528b8b
[INFO] [stdout]                                at /rustc/82e1608dfa6e0b5569232559e3d385fea5a93112/library/std/src/panic.rs:142:14
[INFO] [stdout]   40:     0x56018b468307 - std::thread::Builder::spawn_unchecked_::{{closure}}::h72ac3bdb567b737b
[INFO] [stdout]                                at /rustc/82e1608dfa6e0b5569232559e3d385fea5a93112/library/std/src/thread/mod.rs:528:30
[INFO] [stdout]   41:     0x56018b468307 - core::ops::function::FnOnce::call_once{{vtable.shim}}::h38f34da3654a8344
[INFO] [stdout]                                at /rustc/82e1608dfa6e0b5569232559e3d385fea5a93112/library/core/src/ops/function.rs:250:5
[INFO] [stdout]   42:     0x56018b4ecf25 - <alloc::boxed::Box<F,A> as core::ops::function::FnOnce<Args>>::call_once::hc7eafaff61e32df9
[INFO] [stdout]                                at /rustc/82e1608dfa6e0b5569232559e3d385fea5a93112/library/alloc/src/boxed.rs:2007:9
[INFO] [stdout]   43:     0x56018b4ecf25 - <alloc::boxed::Box<F,A> as core::ops::function::FnOnce<Args>>::call_once::h6ba4a5de48dd2304
[INFO] [stdout]                                at /rustc/82e1608dfa6e0b5569232559e3d385fea5a93112/library/alloc/src/boxed.rs:2007:9
[INFO] [stdout]   44:     0x56018b4ecf25 - std::sys::unix::thread::Thread::new::thread_start::he469335aef763e45
[INFO] [stdout]                                at /rustc/82e1608dfa6e0b5569232559e3d385fea5a93112/library/std/src/sys/unix/thread.rs:108:17
[INFO] [stdout]   45:     0x7f28ce832ac3 - <unknown>
[INFO] [stdout]   46:     0x7f28ce8c3bf4 - __clone
[INFO] [stdout]   47:                0x0 - <unknown>
[INFO] [stdout] 
[INFO] [stdout] 
[INFO] [stdout] failures:
[INFO] [stdout]     commands::ai::test::test_decode_file
[INFO] [stdout] 
[INFO] [stdout] test result: FAILED. 7 passed; 1 failed; 0 ignored; 0 measured; 0 filtered out; finished in 0.09s
[INFO] [stdout] 
[INFO] [stderr] error: test failed, to rerun pass `--bin rojaumbot`
[INFO] running `Command { std: "docker" "inspect" "52e3b28968075a1aa1e69c6648b67578fd44d799ea9e230b3c7878d447092624", kill_on_drop: false }`
[INFO] running `Command { std: "docker" "rm" "-f" "52e3b28968075a1aa1e69c6648b67578fd44d799ea9e230b3c7878d447092624", kill_on_drop: false }`
[INFO] [stdout] 52e3b28968075a1aa1e69c6648b67578fd44d799ea9e230b3c7878d447092624
[INFO] testing sigmages/pipoco against beta-2023-12-22 for beta-1.76-1
[INFO] running `Command { std: "git" "clone" "/workspace/cache/git-repos/https%3A%2F%2Fgithub.com%2Fsigmages%2Fpipoco" "/workspace/builds/worker-0-tc2/source", kill_on_drop: false }`
[INFO] [stderr] Cloning into '/workspace/builds/worker-0-tc2/source'...
[INFO] [stderr] done.
[INFO] validating manifest of git repo https://github.com/sigmages/pipoco on toolchain beta-2023-12-22
[INFO] running `Command { std: CARGO_HOME="/workspace/cargo-home" RUSTUP_HOME="/workspace/rustup-home" "/workspace/cargo-home/bin/cargo" "+beta-2023-12-22" "metadata" "--manifest-path" "Cargo.toml" "--no-deps", kill_on_drop: false }`
[INFO] started tweaking git repo https://github.com/sigmages/pipoco
[INFO] finished tweaking git repo https://github.com/sigmages/pipoco
[INFO] tweaked toml for git repo https://github.com/sigmages/pipoco written to /workspace/builds/worker-0-tc2/source/Cargo.toml
[INFO] crate git repo https://github.com/sigmages/pipoco already has a lockfile, it will not be regenerated
[INFO] running `Command { std: CARGO_HOME="/workspace/cargo-home" RUSTUP_HOME="/workspace/rustup-home" "/workspace/cargo-home/bin/cargo" "+beta-2023-12-22" "fetch" "--manifest-path" "Cargo.toml", kill_on_drop: false }`
[INFO] running `Command { std: "docker" "create" "-v" "/var/lib/crater-agent-workspace/builds/worker-0-tc2/target:/opt/rustwide/target:rw,Z" "-v" "/var/lib/crater-agent-workspace/builds/worker-0-tc2/source:/opt/rustwide/workdir:ro,Z" "-v" "/var/lib/crater-agent-workspace/cargo-home:/opt/rustwide/cargo-home:ro,Z" "-v" "/var/lib/crater-agent-workspace/rustup-home:/opt/rustwide/rustup-home:ro,Z" "-e" "SOURCE_DIR=/opt/rustwide/workdir" "-e" "CARGO_TARGET_DIR=/opt/rustwide/target" "-e" "CARGO_HOME=/opt/rustwide/cargo-home" "-e" "RUSTUP_HOME=/opt/rustwide/rustup-home" "-w" "/opt/rustwide/workdir" "-m" "1610612736" "--user" "0:0" "--network" "none" "ghcr.io/rust-lang/crates-build-env/linux@sha256:2788e3201cd34a07e3172128adcd8b3090168a8e3bcc40d7c032b9dda1df7d1c" "/opt/rustwide/cargo-home/bin/cargo" "+beta-2023-12-22" "metadata" "--no-deps" "--format-version=1", kill_on_drop: false }`
[INFO] [stdout] 01ed3ef579903b52909d16eedfe04843dd9becbc6ce70aaf8dab6c9b0589e899
[INFO] running `Command { std: "docker" "start" "-a" "01ed3ef579903b52909d16eedfe04843dd9becbc6ce70aaf8dab6c9b0589e899", kill_on_drop: false }`
[INFO] running `Command { std: "docker" "inspect" "01ed3ef579903b52909d16eedfe04843dd9becbc6ce70aaf8dab6c9b0589e899", kill_on_drop: false }`
[INFO] running `Command { std: "docker" "rm" "-f" "01ed3ef579903b52909d16eedfe04843dd9becbc6ce70aaf8dab6c9b0589e899", kill_on_drop: false }`
[INFO] [stdout] 01ed3ef579903b52909d16eedfe04843dd9becbc6ce70aaf8dab6c9b0589e899
[INFO] running `Command { std: "docker" "create" "-v" "/var/lib/crater-agent-workspace/builds/worker-0-tc2/target:/opt/rustwide/target:rw,Z" "-v" "/var/lib/crater-agent-workspace/builds/worker-0-tc2/source:/opt/rustwide/workdir:ro,Z" "-v" "/var/lib/crater-agent-workspace/cargo-home:/opt/rustwide/cargo-home:ro,Z" "-v" "/var/lib/crater-agent-workspace/rustup-home:/opt/rustwide/rustup-home:ro,Z" "-e" "SOURCE_DIR=/opt/rustwide/workdir" "-e" "CARGO_TARGET_DIR=/opt/rustwide/target" "-e" "CARGO_INCREMENTAL=0" "-e" "RUST_BACKTRACE=full" "-e" "RUSTFLAGS=--cap-lints=warn" "-e" "RUSTDOCFLAGS=--cap-lints=warn" "-e" "CARGO_HOME=/opt/rustwide/cargo-home" "-e" "RUSTUP_HOME=/opt/rustwide/rustup-home" "-w" "/opt/rustwide/workdir" "-m" "1610612736" "--user" "0:0" "--network" "none" "ghcr.io/rust-lang/crates-build-env/linux@sha256:2788e3201cd34a07e3172128adcd8b3090168a8e3bcc40d7c032b9dda1df7d1c" "/opt/rustwide/cargo-home/bin/cargo" "+beta-2023-12-22" "build" "--frozen" "--message-format=json", kill_on_drop: false }`
[INFO] [stdout] 93911b8f90e21a77a0280884a210b1ed18112fc6d98915eca0ebf293250615ed
[INFO] running `Command { std: "docker" "start" "-a" "93911b8f90e21a77a0280884a210b1ed18112fc6d98915eca0ebf293250615ed", kill_on_drop: false }`
[INFO] [stderr]    Compiling autocfg v1.1.0
[INFO] [stderr]    Compiling libc v0.2.138
[INFO] [stderr]    Compiling cfg-if v1.0.0
[INFO] [stderr]    Compiling proc-macro2 v1.0.47
[INFO] [stderr]    Compiling unicode-ident v1.0.5
[INFO] [stderr]    Compiling quote v1.0.21
[INFO] [stderr]    Compiling syn v1.0.105
[INFO] [stderr]    Compiling once_cell v1.16.0
[INFO] [stderr]    Compiling cc v1.0.77
[INFO] [stderr]    Compiling log v0.4.17
[INFO] [stderr]    Compiling scopeguard v1.1.0
[INFO] [stderr]    Compiling futures-core v0.3.25
[INFO] [stderr]    Compiling target-lexicon v0.12.5
[INFO] [stderr]    Compiling crossbeam-utils v0.8.14
[INFO] [stderr]    Compiling pin-project-lite v0.2.9
[INFO] [stderr]    Compiling pkg-config v0.3.26
[INFO] [stderr]    Compiling memchr v2.5.0
[INFO] [stderr]    Compiling itoa v1.0.4
[INFO] [stderr]    Compiling bytes v1.3.0
[INFO] [stderr]    Compiling adler v1.0.2
[INFO] [stderr]    Compiling futures-sink v0.3.25
[INFO] [stderr]    Compiling crc32fast v1.3.2
[INFO] [stderr]    Compiling version_check v0.9.4
[INFO] [stderr]    Compiling miniz_oxide v0.6.2
[INFO] [stderr]    Compiling memoffset v0.7.1
[INFO] [stderr]    Compiling tokio v1.23.0
[INFO] [stderr]    Compiling lock_api v0.4.9
[INFO] [stderr]    Compiling crossbeam-epoch v0.9.13
[INFO] [stderr]    Compiling spin v0.5.2
[INFO] [stderr]    Compiling serde_derive v1.0.152
[INFO] [stderr]    Compiling bitflags v1.3.2
[INFO] [stderr]    Compiling unicase v2.6.0
[INFO] [stderr]    Compiling untrusted v0.7.1
[INFO] [stderr]    Compiling tinyvec_macros v0.1.0
[INFO] [stderr]    Compiling futures-task v0.3.25
[INFO] [stderr]    Compiling tinyvec v1.6.0
[INFO] [stderr]    Compiling indexmap v1.9.2
[INFO] [stderr]    Compiling slab v0.4.7
[INFO] [stderr]    Compiling num_cpus v1.14.0
[INFO] [stderr]    Compiling getrandom v0.2.8
[INFO] [stderr]    Compiling socket2 v0.4.7
[INFO] [stderr]    Compiling mio v0.8.5
[INFO] [stderr]    Compiling signal-hook-registry v1.4.0
[INFO] [stderr]    Compiling pyo3-build-config v0.16.6
[INFO] [stderr]    Compiling tracing-core v0.1.30
[INFO] [stderr]    Compiling openssl v0.10.45
[INFO] [stderr]    Compiling serde v1.0.152
[INFO] [stderr]    Compiling percent-encoding v2.2.0
[INFO] [stderr]    Compiling futures-util v0.3.25
[INFO] [stderr]    Compiling foreign-types-shared v0.1.1
[INFO] [stderr]    Compiling ring v0.16.20
[INFO] [stderr]    Compiling openssl-sys v0.9.80
[INFO] [stderr]    Compiling fnv v1.0.7
[INFO] [stderr]    Compiling rayon-core v1.10.1
[INFO] [stderr]    Compiling form_urlencoded v1.1.0
[INFO] [stderr]    Compiling tracing v0.1.37
[INFO] [stderr]    Compiling foreign-types v0.3.2
[INFO] [stderr]    Compiling http v0.2.8
[INFO] [stderr]    Compiling crossbeam-deque v0.8.2
[INFO] [stderr]    Compiling flate2 v1.0.25
[INFO] [stderr]    Compiling unicode-normalization v0.1.22
[INFO] [stderr]    Compiling crossbeam-channel v0.5.6
[INFO] [stderr]    Compiling num-traits v0.2.15
[INFO] [stderr]    Compiling native-tls v0.2.11
[INFO] [stderr]    Compiling httparse v1.8.0
[INFO] [stderr]    Compiling futures-channel v0.3.25
[INFO] [stderr]    Compiling pin-utils v0.1.0
[INFO] [stderr]    Compiling hashbrown v0.12.3
[INFO] [stderr]    Compiling smallvec v1.10.0
[INFO] [stderr]    Compiling unicode-bidi v0.3.8
[INFO] [stderr]    Compiling mime_guess v2.0.4
[INFO] [stderr]    Compiling rand_core v0.6.4
[INFO] [stderr]    Compiling num-integer v0.1.45
[INFO] [stderr]    Compiling idna v0.3.0
[INFO] [stderr]    Compiling serde_json v1.0.91
[INFO] [stderr]    Compiling ryu v1.0.11
[INFO] [stderr]    Compiling rustls v0.20.7
[INFO] [stderr]    Compiling ppv-lite86 v0.2.17
[INFO] [stderr]    Compiling openssl-probe v0.1.5
[INFO] [stderr]    Compiling parking_lot_core v0.9.5
[INFO] [stderr]    Compiling either v1.8.0
[INFO] [stderr]    Compiling try-lock v0.2.4
[INFO] [stderr]    Compiling mime v0.3.16
[INFO] [stderr]    Compiling want v0.3.0
[INFO] [stderr]    Compiling rayon v1.6.1
[INFO] [stderr]    Compiling rand_chacha v0.3.1
[INFO] [stderr]    Compiling url v2.3.1
[INFO] [stderr]    Compiling http-body v0.4.5
[INFO] [stderr]    Compiling nanorand v0.7.0
[INFO] [stderr]    Compiling spin v0.9.4
[INFO] [stderr]    Compiling num-rational v0.4.1
[INFO] [stderr]    Compiling base64 v0.13.1
[INFO] [stderr]    Compiling thiserror v1.0.38
[INFO] [stderr]    Compiling encoding_rs v0.8.31
[INFO] [stderr]    Compiling weezl v0.1.7
[INFO] [stderr]    Compiling tower-service v0.3.2
[INFO] [stderr]    Compiling remove_dir_all v0.5.3
[INFO] [stderr]    Compiling httpdate v1.0.2
[INFO] [stderr]    Compiling fastrand v1.8.0
[INFO] [stderr]    Compiling rand v0.8.5
[INFO] [stderr]    Compiling pyo3-ffi v0.16.6
[INFO] [stderr]    Compiling pyo3 v0.16.6
[INFO] [stderr]    Compiling threadpool v1.8.1
[INFO] [stderr]    Compiling tempfile v3.3.0
[INFO] [stderr]    Compiling lebe v0.5.2
[INFO] [stderr]    Compiling chunked_transfer v1.4.0
[INFO] [stderr]    Compiling anyhow v1.0.68
[INFO] [stderr]    Compiling half v2.2.1
[INFO] [stderr]    Compiling bit_field v0.10.1
[INFO] [stderr]    Compiling color_quant v1.1.0
[INFO] [stderr]    Compiling gif v0.11.4
[INFO] [stderr]    Compiling parking_lot v0.12.1
[INFO] [stderr]    Compiling png v0.17.7
[INFO] [stderr]    Compiling byteorder v1.4.3
[INFO] [stderr]    Compiling unindent v0.1.11
[INFO] [stderr]    Compiling unicode-segmentation v1.10.0
[INFO] [stderr]    Compiling scoped_threadpool v0.1.9
[INFO] [stderr]    Compiling indoc v1.0.8
[INFO] [stderr]    Compiling ipnet v2.7.0
[INFO] [stderr]    Compiling bytemuck v1.12.3
[INFO] [stderr]    Compiling pyo3-macros-backend v0.16.6
[INFO] [stderr]    Compiling multipart v0.18.0
[INFO] [stderr]    Compiling convert_case v0.6.0
[INFO] [stderr]    Compiling base64 v0.21.0
[INFO] [stderr]    Compiling jpeg-decoder v0.3.0
[INFO] [stderr]    Compiling tiff v0.8.1
[INFO] [stderr]    Compiling tokio-macros v1.8.2
[INFO] [stderr]    Compiling openssl-macros v0.1.0
[INFO] [stderr]    Compiling pin-project-internal v1.0.12
[INFO] [stderr]    Compiling thiserror-impl v1.0.38
[INFO] [stderr]    Compiling typed-builder v0.11.0
[INFO] [stderr]    Compiling webpki v0.22.0
[INFO] [stderr]    Compiling sct v0.7.0
[INFO] [stderr]    Compiling webpki-roots v0.22.5
[INFO] [stderr]    Compiling pyo3-macros v0.16.6
[INFO] [stderr]    Compiling pin-project v1.0.12
[INFO] [stderr]    Compiling flume v0.10.14
[INFO] [stderr]    Compiling exr v1.5.2
[INFO] [stderr]    Compiling ureq v2.5.0
[INFO] [stderr]    Compiling image v0.24.5
[INFO] [stderr]    Compiling tokio-util v0.7.4
[INFO] [stderr]    Compiling tokio-native-tls v0.3.0
[INFO] [stderr]    Compiling h2 v0.3.15
[INFO] [stderr]    Compiling serde_urlencoded v0.7.1
[INFO] [stderr]    Compiling hyper v0.14.23
[INFO] [stderr]    Compiling frankenstein v0.21.0
[INFO] [stderr]    Compiling hyper-tls v0.5.0
[INFO] [stderr]    Compiling reqwest v0.11.13
[INFO] [stderr]    Compiling rojaumbot v0.1.0 (/opt/rustwide/workdir)
[INFO] [stdout] warning: unused import: `crate::commands::dollar`
[INFO] [stdout]  --> src/commands/dollar.rs:5:5
[INFO] [stdout]   |
[INFO] [stdout] 5 | use crate::commands::dollar;
[INFO] [stdout]   |     ^^^^^^^^^^^^^^^^^^^^^^^
[INFO] [stdout]   |
[INFO] [stdout]   = note: `#[warn(unused_imports)]` on by default
[INFO] [stdout] 
[INFO] [stdout] 
[INFO] [stdout] warning: unused import: `sync::Arc`
[INFO] [stdout]  --> src/commands/ai.rs:1:30
[INFO] [stdout]   |
[INFO] [stdout] 1 | use std::{fs, path::PathBuf, sync::Arc};
[INFO] [stdout]   |                              ^^^^^^^^^
[INFO] [stdout] 
[INFO] [stdout] 
[INFO] [stdout] warning: unused imports: `File`, `io`
[INFO] [stdout]  --> src/commands/dalle.rs:2:16
[INFO] [stdout]   |
[INFO] [stdout] 2 |     fs::{self, File},
[INFO] [stdout]   |                ^^^^
[INFO] [stdout] 3 |     io,
[INFO] [stdout]   |     ^^
[INFO] [stdout] 
[INFO] [stdout] 
[INFO] [stdout] warning: unused import: `std::os`
[INFO] [stdout]  --> src/main.rs:5:5
[INFO] [stdout]   |
[INFO] [stdout] 5 | use std::os;
[INFO] [stdout]   |     ^^^^^^^
[INFO] [stdout] 
[INFO] [stdout] 
[INFO] [stdout] warning: unused imports: `SignalKind`, `Signal`
[INFO] [stdout]   --> src/main.rs:29:27
[INFO] [stdout]    |
[INFO] [stdout] 29 | use tokio::signal::unix::{Signal, SignalKind};
[INFO] [stdout]    |                           ^^^^^^  ^^^^^^^^^^
[INFO] [stdout] 
[INFO] [stdout] 
[INFO] [stdout] warning: field `error_messages` is never read
[INFO] [stdout]   --> src/commands/ai.rs:27:5
[INFO] [stdout]    |
[INFO] [stdout] 23 | pub struct AiCommand {
[INFO] [stdout]    |            --------- field in this struct
[INFO] [stdout] ...
[INFO] [stdout] 27 |     error_messages: Vec<SendMessageParams>,
[INFO] [stdout]    |     ^^^^^^^^^^^^^^
[INFO] [stdout]    |
[INFO] [stdout]    = note: `#[warn(dead_code)]` on by default
[INFO] [stdout] 
[INFO] [stdout] 
[INFO] [stdout] warning: function `split_prompts` is never used
[INFO] [stdout]   --> src/commands/ai.rs:56:4
[INFO] [stdout]    |
[INFO] [stdout] 56 | fn split_prompts(text: &str) -> (String, String) {
[INFO] [stdout]    |    ^^^^^^^^^^^^^
[INFO] [stdout] 
[INFO] [stdout] 
[INFO] [stdout] warning: constant `CHATGPT_KEY` is never used
[INFO] [stdout]  --> src/constants.rs:3:11
[INFO] [stdout]   |
[INFO] [stdout] 3 | pub const CHATGPT_KEY: &str = "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";
[INFO] [stdout]   |           ^^^^^^^^^^^
[INFO] [stdout] 
[INFO] [stdout] 
[INFO] [stdout] warning: 8 warnings emitted
[INFO] [stdout] 
[INFO] [stdout] 
[INFO] [stderr]     Finished dev [unoptimized + debuginfo] target(s) in 40.67s
[INFO] running `Command { std: "docker" "inspect" "93911b8f90e21a77a0280884a210b1ed18112fc6d98915eca0ebf293250615ed", kill_on_drop: false }`
[INFO] running `Command { std: "docker" "rm" "-f" "93911b8f90e21a77a0280884a210b1ed18112fc6d98915eca0ebf293250615ed", kill_on_drop: false }`
[INFO] [stdout] 93911b8f90e21a77a0280884a210b1ed18112fc6d98915eca0ebf293250615ed
[INFO] running `Command { std: "docker" "create" "-v" "/var/lib/crater-agent-workspace/builds/worker-0-tc2/target:/opt/rustwide/target:rw,Z" "-v" "/var/lib/crater-agent-workspace/builds/worker-0-tc2/source:/opt/rustwide/workdir:ro,Z" "-v" "/var/lib/crater-agent-workspace/cargo-home:/opt/rustwide/cargo-home:ro,Z" "-v" "/var/lib/crater-agent-workspace/rustup-home:/opt/rustwide/rustup-home:ro,Z" "-e" "SOURCE_DIR=/opt/rustwide/workdir" "-e" "CARGO_TARGET_DIR=/opt/rustwide/target" "-e" "CARGO_INCREMENTAL=0" "-e" "RUST_BACKTRACE=full" "-e" "RUSTFLAGS=--cap-lints=warn" "-e" "RUSTDOCFLAGS=--cap-lints=warn" "-e" "CARGO_HOME=/opt/rustwide/cargo-home" "-e" "RUSTUP_HOME=/opt/rustwide/rustup-home" "-w" "/opt/rustwide/workdir" "-m" "1610612736" "--user" "0:0" "--network" "none" "ghcr.io/rust-lang/crates-build-env/linux@sha256:2788e3201cd34a07e3172128adcd8b3090168a8e3bcc40d7c032b9dda1df7d1c" "/opt/rustwide/cargo-home/bin/cargo" "+beta-2023-12-22" "test" "--frozen" "--no-run" "--message-format=json", kill_on_drop: false }`
[INFO] [stdout] 1bb69d5812635cd06813423f4512b2e40e2598f950b164fd1d31d025a092c13e
[INFO] running `Command { std: "docker" "start" "-a" "1bb69d5812635cd06813423f4512b2e40e2598f950b164fd1d31d025a092c13e", kill_on_drop: false }`
[INFO] [stderr]    Compiling rojaumbot v0.1.0 (/opt/rustwide/workdir)
[INFO] [stdout] warning: unused import: `crate::commands::dollar`
[INFO] [stdout]  --> src/commands/dollar.rs:5:5
[INFO] [stdout]   |
[INFO] [stdout] 5 | use crate::commands::dollar;
[INFO] [stdout]   |     ^^^^^^^^^^^^^^^^^^^^^^^
[INFO] [stdout]   |
[INFO] [stdout]   = note: `#[warn(unused_imports)]` on by default
[INFO] [stdout] 
[INFO] [stdout] 
[INFO] [stdout] warning: unused import: `sync::Arc`
[INFO] [stdout]  --> src/commands/ai.rs:1:30
[INFO] [stdout]   |
[INFO] [stdout] 1 | use std::{fs, path::PathBuf, sync::Arc};
[INFO] [stdout]   |                              ^^^^^^^^^
[INFO] [stdout] 
[INFO] [stdout] 
[INFO] [stdout] warning: unused imports: `File`, `io`
[INFO] [stdout]  --> src/commands/dalle.rs:2:16
[INFO] [stdout]   |
[INFO] [stdout] 2 |     fs::{self, File},
[INFO] [stdout]   |                ^^^^
[INFO] [stdout] 3 |     io,
[INFO] [stdout]   |     ^^
[INFO] [stdout] 
[INFO] [stdout] 
[INFO] [stdout] warning: unused import: `std::os`
[INFO] [stdout]  --> src/main.rs:5:5
[INFO] [stdout]   |
[INFO] [stdout] 5 | use std::os;
[INFO] [stdout]   |     ^^^^^^^
[INFO] [stdout] 
[INFO] [stdout] 
[INFO] [stdout] warning: unused imports: `SignalKind`, `Signal`
[INFO] [stdout]   --> src/main.rs:29:27
[INFO] [stdout]    |
[INFO] [stdout] 29 | use tokio::signal::unix::{Signal, SignalKind};
[INFO] [stdout]    |                           ^^^^^^  ^^^^^^^^^^
[INFO] [stdout] 
[INFO] [stdout] 
[INFO] [stdout] warning: field `error_messages` is never read
[INFO] [stdout]   --> src/commands/ai.rs:27:5
[INFO] [stdout]    |
[INFO] [stdout] 23 | pub struct AiCommand {
[INFO] [stdout]    |            --------- field in this struct
[INFO] [stdout] ...
[INFO] [stdout] 27 |     error_messages: Vec<SendMessageParams>,
[INFO] [stdout]    |     ^^^^^^^^^^^^^^
[INFO] [stdout]    |
[INFO] [stdout]    = note: `#[warn(dead_code)]` on by default
[INFO] [stdout] 
[INFO] [stdout] 
[INFO] [stdout] warning: function `split_prompts` is never used
[INFO] [stdout]   --> src/commands/ai.rs:56:4
[INFO] [stdout]    |
[INFO] [stdout] 56 | fn split_prompts(text: &str) -> (String, String) {
[INFO] [stdout]    |    ^^^^^^^^^^^^^
[INFO] [stdout] 
[INFO] [stdout] 
[INFO] [stdout] warning: constant `CHATGPT_KEY` is never used
[INFO] [stdout]  --> src/constants.rs:3:11
[INFO] [stdout]   |
[INFO] [stdout] 3 | pub const CHATGPT_KEY: &str = "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";
[INFO] [stdout]   |           ^^^^^^^^^^^
[INFO] [stdout] 
[INFO] [stdout] 
[INFO] [stdout] warning: 8 warnings emitted
[INFO] [stdout] 
[INFO] [stdout] 
[INFO] [stderr]     Finished test [unoptimized + debuginfo] target(s) in 3.11s
[INFO] running `Command { std: "docker" "inspect" "1bb69d5812635cd06813423f4512b2e40e2598f950b164fd1d31d025a092c13e", kill_on_drop: false }`
[INFO] running `Command { std: "docker" "rm" "-f" "1bb69d5812635cd06813423f4512b2e40e2598f950b164fd1d31d025a092c13e", kill_on_drop: false }`
[INFO] [stdout] 1bb69d5812635cd06813423f4512b2e40e2598f950b164fd1d31d025a092c13e
[INFO] running `Command { std: "docker" "create" "-v" "/var/lib/crater-agent-workspace/builds/worker-0-tc2/target:/opt/rustwide/target:rw,Z" "-v" "/var/lib/crater-agent-workspace/builds/worker-0-tc2/source:/opt/rustwide/workdir:ro,Z" "-v" "/var/lib/crater-agent-workspace/cargo-home:/opt/rustwide/cargo-home:ro,Z" "-v" "/var/lib/crater-agent-workspace/rustup-home:/opt/rustwide/rustup-home:ro,Z" "-e" "SOURCE_DIR=/opt/rustwide/workdir" "-e" "CARGO_TARGET_DIR=/opt/rustwide/target" "-e" "CARGO_INCREMENTAL=0" "-e" "RUST_BACKTRACE=full" "-e" "RUSTFLAGS=--cap-lints=warn" "-e" "RUSTDOCFLAGS=--cap-lints=warn" "-e" "CARGO_HOME=/opt/rustwide/cargo-home" "-e" "RUSTUP_HOME=/opt/rustwide/rustup-home" "-w" "/opt/rustwide/workdir" "-m" "1610612736" "--user" "0:0" "--network" "none" "ghcr.io/rust-lang/crates-build-env/linux@sha256:2788e3201cd34a07e3172128adcd8b3090168a8e3bcc40d7c032b9dda1df7d1c" "/opt/rustwide/cargo-home/bin/cargo" "+beta-2023-12-22" "test" "--frozen", kill_on_drop: false }`
[INFO] [stdout] 61fac1e9903f4820f6437724a88692d1f07659b4f2c0274edd08f5d7fb76dbd2
[INFO] running `Command { std: "docker" "start" "-a" "61fac1e9903f4820f6437724a88692d1f07659b4f2c0274edd08f5d7fb76dbd2", kill_on_drop: false }`
[INFO] [stderr] warning: unused import: `crate::commands::dollar`
[INFO] [stderr]  --> src/commands/dollar.rs:5:5
[INFO] [stderr]   |
[INFO] [stderr] 5 | use crate::commands::dollar;
[INFO] [stderr]   |     ^^^^^^^^^^^^^^^^^^^^^^^
[INFO] [stderr]   |
[INFO] [stderr]   = note: `#[warn(unused_imports)]` on by default
[INFO] [stderr] 
[INFO] [stderr] warning: unused import: `sync::Arc`
[INFO] [stderr]  --> src/commands/ai.rs:1:30
[INFO] [stderr]   |
[INFO] [stderr] 1 | use std::{fs, path::PathBuf, sync::Arc};
[INFO] [stderr]   |                              ^^^^^^^^^
[INFO] [stderr] 
[INFO] [stderr] warning: unused imports: `File`, `io`
[INFO] [stderr]  --> src/commands/dalle.rs:2:16
[INFO] [stderr]   |
[INFO] [stderr] 2 |     fs::{self, File},
[INFO] [stderr]   |                ^^^^
[INFO] [stderr] 3 |     io,
[INFO] [stderr]   |     ^^
[INFO] [stderr] 
[INFO] [stderr] warning: unused import: `std::os`
[INFO] [stderr]  --> src/main.rs:5:5
[INFO] [stderr]   |
[INFO] [stderr] 5 | use std::os;
[INFO] [stderr]   |     ^^^^^^^
[INFO] [stderr] 
[INFO] [stderr] warning: unused imports: `SignalKind`, `Signal`
[INFO] [stderr]   --> src/main.rs:29:27
[INFO] [stderr]    |
[INFO] [stderr] 29 | use tokio::signal::unix::{Signal, SignalKind};
[INFO] [stderr]    |                           ^^^^^^  ^^^^^^^^^^
[INFO] [stderr] 
[INFO] [stderr] warning: field `error_messages` is never read
[INFO] [stderr]   --> src/commands/ai.rs:27:5
[INFO] [stderr]    |
[INFO] [stderr] 23 | pub struct AiCommand {
[INFO] [stderr]    |            --------- field in this struct
[INFO] [stderr] ...
[INFO] [stderr] 27 |     error_messages: Vec<SendMessageParams>,
[INFO] [stderr]    |     ^^^^^^^^^^^^^^
[INFO] [stderr]    |
[INFO] [stderr]    = note: `#[warn(dead_code)]` on by default
[INFO] [stderr] 
[INFO] [stderr] warning: function `split_prompts` is never used
[INFO] [stderr]   --> src/commands/ai.rs:56:4
[INFO] [stderr]    |
[INFO] [stderr] 56 | fn split_prompts(text: &str) -> (String, String) {
[INFO] [stderr]    |    ^^^^^^^^^^^^^
[INFO] [stderr] 
[INFO] [stderr] warning: constant `CHATGPT_KEY` is never used
[INFO] [stderr]  --> src/constants.rs:3:11
[INFO] [stderr]   |
[INFO] [stderr] 3 | pub const CHATGPT_KEY: &str = "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";
[INFO] [stderr]   |           ^^^^^^^^^^^
[INFO] [stderr] 
[INFO] [stderr] warning: `rojaumbot` (bin "rojaumbot" test) generated 8 warnings (run `cargo fix --bin "rojaumbot" --tests` to apply 5 suggestions)
[INFO] [stderr]     Finished test [unoptimized + debuginfo] target(s) in 0.10s
[INFO] [stderr]      Running unittests src/main.rs (/opt/rustwide/target/debug/deps/rojaumbot-14b12c0004fc5f52)
[INFO] [stdout] 
[INFO] [stdout] running 8 tests
[INFO] [stdout] test algorithm::algorithm::tests::assert_find_winner_success_col ... ok
[INFO] [stdout] test algorithm::algorithm::tests::assert_find_winner_has_no_winner ... ok
[INFO] [stdout] test algorithm::algorithm::tests::assert_find_winner_success_left_right ... ok
[INFO] [stdout] test algorithm::algorithm::tests::assert_find_winner_success ... ok
[INFO] [stdout] test algorithm::algorithm::tests::assert_find_winner_success_right_left ... ok
[INFO] [stdout] test algorithm::algorithm::tests::assert_find_winner_success_row ... ok
[INFO] [stdout] test algorithm::algorithm::tests::assert_render_board ... ok
[INFO] [stdout] test commands::ai::test::test_decode_file ... FAILED
[INFO] [stdout] 
[INFO] [stdout] failures:
[INFO] [stdout] 
[INFO] [stdout] ---- commands::ai::test::test_decode_file stdout ----
[INFO] [stdout] thread 'commands::ai::test::test_decode_file' panicked at src/commands/ai.rs:140:37:
[INFO] [stdout] called `Result::unwrap()` on an `Err` value: Os { code: 30, kind: ReadOnlyFilesystem, message: "Read-only file system" }
[INFO] [stdout] stack backtrace:
[INFO] [stdout]    0:     0x55b7d753d286 - std::backtrace_rs::backtrace::libunwind::trace::h261606ad26a499c1
[INFO] [stdout]                                at /rustc/0e09125c6c3c2fd70d7de961bcf0e51575235fad/library/std/src/../../backtrace/src/backtrace/libunwind.rs:104:5
[INFO] [stdout]    1:     0x55b7d753d286 - std::backtrace_rs::backtrace::trace_unsynchronized::hd183f0625477fb28
[INFO] [stdout]                                at /rustc/0e09125c6c3c2fd70d7de961bcf0e51575235fad/library/std/src/../../backtrace/src/backtrace/mod.rs:66:5
[INFO] [stdout]    2:     0x55b7d753d286 - std::sys_common::backtrace::_print_fmt::hd7f8fef21b4eda67
[INFO] [stdout]                                at /rustc/0e09125c6c3c2fd70d7de961bcf0e51575235fad/library/std/src/sys_common/backtrace.rs:68:5
[INFO] [stdout]    3:     0x55b7d753d286 - <std::sys_common::backtrace::_print::DisplayBacktrace as core::fmt::Display>::fmt::h623d9b51f2f453f1
[INFO] [stdout]                                at /rustc/0e09125c6c3c2fd70d7de961bcf0e51575235fad/library/std/src/sys_common/backtrace.rs:44:22
[INFO] [stdout]    4:     0x55b7d75660d0 - core::fmt::rt::Argument::fmt::h9f417ac76a86f368
[INFO] [stdout]                                at /rustc/0e09125c6c3c2fd70d7de961bcf0e51575235fad/library/core/src/fmt/rt.rs:142:9
[INFO] [stdout]    5:     0x55b7d75660d0 - core::fmt::write::hc9b6faf4ac2aeff7
[INFO] [stdout]                                at /rustc/0e09125c6c3c2fd70d7de961bcf0e51575235fad/library/core/src/fmt/mod.rs:1120:17
[INFO] [stdout]    6:     0x55b7d753acef - std::io::Write::write_fmt::he04625a3a989fec3
[INFO] [stdout]                                at /rustc/0e09125c6c3c2fd70d7de961bcf0e51575235fad/library/std/src/io/mod.rs:1810:15
[INFO] [stdout]    7:     0x55b7d753d064 - std::sys_common::backtrace::_print::hd5d66399c7df88a2
[INFO] [stdout]                                at /rustc/0e09125c6c3c2fd70d7de961bcf0e51575235fad/library/std/src/sys_common/backtrace.rs:47:5
[INFO] [stdout]    8:     0x55b7d753d064 - std::sys_common::backtrace::print::he81ed2da642d37e5
[INFO] [stdout]                                at /rustc/0e09125c6c3c2fd70d7de961bcf0e51575235fad/library/std/src/sys_common/backtrace.rs:34:9
[INFO] [stdout]    9:     0x55b7d753edd7 - std::panicking::default_hook::{{closure}}::h85773f4fa117163d
[INFO] [stdout]   10:     0x55b7d753eabd - std::panicking::default_hook::h6a1694a91d09b278
[INFO] [stdout]                                at /rustc/0e09125c6c3c2fd70d7de961bcf0e51575235fad/library/std/src/panicking.rs:289:9
[INFO] [stdout]   11:     0x55b7d74ed0c7 - <alloc::boxed::Box<F,A> as core::ops::function::Fn<Args>>::call::h616ac37fa3cd6c8f
[INFO] [stdout]                                at /rustc/0e09125c6c3c2fd70d7de961bcf0e51575235fad/library/alloc/src/boxed.rs:2029:9
[INFO] [stdout]   12:     0x55b7d74ed0c7 - test::test_main::{{closure}}::h00d84697cefdcbb6
[INFO] [stdout]                                at /rustc/0e09125c6c3c2fd70d7de961bcf0e51575235fad/library/test/src/lib.rs:138:21
[INFO] [stdout]   13:     0x55b7d753f3f6 - <alloc::boxed::Box<F,A> as core::ops::function::Fn<Args>>::call::hcb3fe3b9bb537ba8
[INFO] [stdout]                                at /rustc/0e09125c6c3c2fd70d7de961bcf0e51575235fad/library/alloc/src/boxed.rs:2029:9
[INFO] [stdout]   14:     0x55b7d753f3f6 - std::panicking::rust_panic_with_hook::h0a7ad96e90f7145b
[INFO] [stdout]                                at /rustc/0e09125c6c3c2fd70d7de961bcf0e51575235fad/library/std/src/panicking.rs:783:13
[INFO] [stdout]   15:     0x55b7d753f142 - std::panicking::begin_panic_handler::{{closure}}::h7919090525c6485e
[INFO] [stdout]                                at /rustc/0e09125c6c3c2fd70d7de961bcf0e51575235fad/library/std/src/panicking.rs:657:13
[INFO] [stdout]   16:     0x55b7d753d786 - std::sys_common::backtrace::__rust_end_short_backtrace::hf3289479464f7dfe
[INFO] [stdout]                                at /rustc/0e09125c6c3c2fd70d7de961bcf0e51575235fad/library/std/src/sys_common/backtrace.rs:171:18
[INFO] [stdout]   17:     0x55b7d753eea0 - rust_begin_unwind
[INFO] [stdout]                                at /rustc/0e09125c6c3c2fd70d7de961bcf0e51575235fad/library/std/src/panicking.rs:645:5
[INFO] [stdout]   18:     0x55b7d74a7d55 - core::panicking::panic_fmt::hcc9f77c5c132af55
[INFO] [stdout]                                at /rustc/0e09125c6c3c2fd70d7de961bcf0e51575235fad/library/core/src/panicking.rs:72:14
[INFO] [stdout]   19:     0x55b7d74a82f3 - core::result::unwrap_failed::hbe14f498be1452f9
[INFO] [stdout]                                at /rustc/0e09125c6c3c2fd70d7de961bcf0e51575235fad/library/core/src/result.rs:1649:5
[INFO] [stdout]   20:     0x55b7d75179ed - core::result::Result<T,E>::unwrap::h9a9530b4e0860133
[INFO] [stdout]                                at /rustc/0e09125c6c3c2fd70d7de961bcf0e51575235fad/library/core/src/result.rs:1073:23
[INFO] [stdout]   21:     0x55b7d74aeb60 - rojaumbot::commands::ai::test::test_decode_file::hf62cb69cbe1cc1ef
[INFO] [stdout]                                at /opt/rustwide/workdir/src/commands/ai.rs:140:9
[INFO] [stdout]   22:     0x55b7d74ae967 - rojaumbot::commands::ai::test::test_decode_file::{{closure}}::ha1b98131ef8e5a0f
[INFO] [stdout]                                at /opt/rustwide/workdir/src/commands/ai.rs:131:26
[INFO] [stdout]   23:     0x55b7d74ab686 - core::ops::function::FnOnce::call_once::h83ec05c2f3663760
[INFO] [stdout]                                at /rustc/0e09125c6c3c2fd70d7de961bcf0e51575235fad/library/core/src/ops/function.rs:250:5
[INFO] [stdout]   24:     0x55b7d74f299f - core::ops::function::FnOnce::call_once::hd64d26f405258157
[INFO] [stdout]                                at /rustc/0e09125c6c3c2fd70d7de961bcf0e51575235fad/library/core/src/ops/function.rs:250:5
[INFO] [stdout]   25:     0x55b7d74f299f - test::__rust_begin_short_backtrace::he21b0b7a6d731bf9
[INFO] [stdout]                                at /rustc/0e09125c6c3c2fd70d7de961bcf0e51575235fad/library/test/src/lib.rs:627:18
[INFO] [stdout]   26:     0x55b7d74f1721 - test::run_test_in_process::{{closure}}::hf5c73986d7bdfde2
[INFO] [stdout]                                at /rustc/0e09125c6c3c2fd70d7de961bcf0e51575235fad/library/test/src/lib.rs:650:60
[INFO] [stdout]   27:     0x55b7d74f1721 - <core::panic::unwind_safe::AssertUnwindSafe<F> as core::ops::function::FnOnce<()>>::call_once::h330011ad032aadc0
[INFO] [stdout]                                at /rustc/0e09125c6c3c2fd70d7de961bcf0e51575235fad/library/core/src/panic/unwind_safe.rs:272:9
[INFO] [stdout]   28:     0x55b7d74f1721 - std::panicking::try::do_call::he61b0a958b795a41
[INFO] [stdout]                                at /rustc/0e09125c6c3c2fd70d7de961bcf0e51575235fad/library/std/src/panicking.rs:552:40
[INFO] [stdout]   29:     0x55b7d74f1721 - std::panicking::try::h7309da130f906eb7
[INFO] [stdout]                                at /rustc/0e09125c6c3c2fd70d7de961bcf0e51575235fad/library/std/src/panicking.rs:516:19
[INFO] [stdout]   30:     0x55b7d74f1721 - std::panic::catch_unwind::hc5c3a06fdaf0a92a
[INFO] [stdout]                                at /rustc/0e09125c6c3c2fd70d7de961bcf0e51575235fad/library/std/src/panic.rs:142:14
[INFO] [stdout]   31:     0x55b7d74f1721 - test::run_test_in_process::h7e7b7c71c3324e0f
[INFO] [stdout]                                at /rustc/0e09125c6c3c2fd70d7de961bcf0e51575235fad/library/test/src/lib.rs:650:27
[INFO] [stdout]   32:     0x55b7d74f1721 - test::run_test::{{closure}}::h1f509f28f5cf20b1
[INFO] [stdout]                                at /rustc/0e09125c6c3c2fd70d7de961bcf0e51575235fad/library/test/src/lib.rs:573:43
[INFO] [stdout]   33:     0x55b7d74b8a56 - test::run_test::{{closure}}::h1754218abf443f6d
[INFO] [stdout]                                at /rustc/0e09125c6c3c2fd70d7de961bcf0e51575235fad/library/test/src/lib.rs:601:41
[INFO] [stdout]   34:     0x55b7d74b8a56 - std::sys_common::backtrace::__rust_begin_short_backtrace::h2ee174b9d5954948
[INFO] [stdout]                                at /rustc/0e09125c6c3c2fd70d7de961bcf0e51575235fad/library/std/src/sys_common/backtrace.rs:155:18
[INFO] [stdout]   35:     0x55b7d74bdab7 - std::thread::Builder::spawn_unchecked_::{{closure}}::{{closure}}::hf60bee9c1a17ef09
[INFO] [stdout]                                at /rustc/0e09125c6c3c2fd70d7de961bcf0e51575235fad/library/std/src/thread/mod.rs:529:17
[INFO] [stdout]   36:     0x55b7d74bdab7 - <core::panic::unwind_safe::AssertUnwindSafe<F> as core::ops::function::FnOnce<()>>::call_once::h33d0dddec5216160
[INFO] [stdout]                                at /rustc/0e09125c6c3c2fd70d7de961bcf0e51575235fad/library/core/src/panic/unwind_safe.rs:272:9
[INFO] [stdout]   37:     0x55b7d74bdab7 - std::panicking::try::do_call::h144b3048b546f835
[INFO] [stdout]                                at /rustc/0e09125c6c3c2fd70d7de961bcf0e51575235fad/library/std/src/panicking.rs:552:40
[INFO] [stdout]   38:     0x55b7d74bdab7 - std::panicking::try::h978244d04646189f
[INFO] [stdout]                                at /rustc/0e09125c6c3c2fd70d7de961bcf0e51575235fad/library/std/src/panicking.rs:516:19
[INFO] [stdout]   39:     0x55b7d74bdab7 - std::panic::catch_unwind::hdf436369d188fe86
[INFO] [stdout]                                at /rustc/0e09125c6c3c2fd70d7de961bcf0e51575235fad/library/std/src/panic.rs:142:14
[INFO] [stdout]   40:     0x55b7d74bdab7 - std::thread::Builder::spawn_unchecked_::{{closure}}::h87329cbdd33c79ec
[INFO] [stdout]                                at /rustc/0e09125c6c3c2fd70d7de961bcf0e51575235fad/library/std/src/thread/mod.rs:528:30
[INFO] [stdout]   41:     0x55b7d74bdab7 - core::ops::function::FnOnce::call_once{{vtable.shim}}::h401abbe67897d450
[INFO] [stdout]                                at /rustc/0e09125c6c3c2fd70d7de961bcf0e51575235fad/library/core/src/ops/function.rs:250:5
[INFO] [stdout]   42:     0x55b7d7543ea5 - <alloc::boxed::Box<F,A> as core::ops::function::FnOnce<Args>>::call_once::h5d7c8f150ab9c84c
[INFO] [stdout]                                at /rustc/0e09125c6c3c2fd70d7de961bcf0e51575235fad/library/alloc/src/boxed.rs:2015:9
[INFO] [stdout]   43:     0x55b7d7543ea5 - <alloc::boxed::Box<F,A> as core::ops::function::FnOnce<Args>>::call_once::h570d5b005c242c15
[INFO] [stdout]                                at /rustc/0e09125c6c3c2fd70d7de961bcf0e51575235fad/library/alloc/src/boxed.rs:2015:9
[INFO] [stdout]   44:     0x55b7d7543ea5 - std::sys::unix::thread::Thread::new::thread_start::h36b0a20c0b2361ad
[INFO] [stdout]                                at /rustc/0e09125c6c3c2fd70d7de961bcf0e51575235fad/library/std/src/sys/unix/thread.rs:108:17
[INFO] [stdout]   45:     0x7f828c884ac3 - <unknown>
[INFO] [stdout]   46:     0x7f828c915bf4 - __clone
[INFO] [stdout]   47:                0x0 - <unknown>
[INFO] [stdout] 
[INFO] [stdout] 
[INFO] [stdout] failures:
[INFO] [stdout]     commands::ai::test::test_decode_file
[INFO] [stdout] 
[INFO] [stdout] test result: FAILED. 7 passed; 1 failed; 0 ignored; 0 measured; 0 filtered out; finished in 0.13s
[INFO] [stdout] 
[INFO] [stderr] error: test failed, to rerun pass `--bin rojaumbot`
[INFO] running `Command { std: "docker" "inspect" "61fac1e9903f4820f6437724a88692d1f07659b4f2c0274edd08f5d7fb76dbd2", kill_on_drop: false }`
[INFO] running `Command { std: "docker" "rm" "-f" "61fac1e9903f4820f6437724a88692d1f07659b4f2c0274edd08f5d7fb76dbd2", kill_on_drop: false }`
[INFO] [stdout] 61fac1e9903f4820f6437724a88692d1f07659b4f2c0274edd08f5d7fb76dbd2
