[INFO] cloning repository https://github.com/sighphyre/ratatosk
[INFO] running `Command { std: "git" "-c" "credential.helper=" "-c" "credential.helper=/workspace/cargo-home/bin/git-credential-null" "clone" "--bare" "https://github.com/sighphyre/ratatosk" "/workspace/cache/git-repos/https%3A%2F%2Fgithub.com%2Fsighphyre%2Fratatosk", kill_on_drop: false }`
[INFO] [stderr] Cloning into bare repository '/workspace/cache/git-repos/https%3A%2F%2Fgithub.com%2Fsighphyre%2Fratatosk'...
[INFO] running `Command { std: "git" "rev-parse" "HEAD", kill_on_drop: false }`
[INFO] [stdout] 7b59d34a0100295b9f1354b3ac4883441abf1123
[INFO] testing sighphyre/ratatosk against 1.75.0 for beta-1.76-1
[INFO] running `Command { std: "git" "clone" "/workspace/cache/git-repos/https%3A%2F%2Fgithub.com%2Fsighphyre%2Fratatosk" "/workspace/builds/worker-4-tc1/source", kill_on_drop: false }`
[INFO] [stderr] Cloning into '/workspace/builds/worker-4-tc1/source'...
[INFO] [stderr] done.
[INFO] validating manifest of git repo https://github.com/sighphyre/ratatosk on toolchain 1.75.0
[INFO] running `Command { std: CARGO_HOME="/workspace/cargo-home" RUSTUP_HOME="/workspace/rustup-home" "/workspace/cargo-home/bin/cargo" "+1.75.0" "metadata" "--manifest-path" "Cargo.toml" "--no-deps", kill_on_drop: false }`
[INFO] started tweaking git repo https://github.com/sighphyre/ratatosk
[INFO] finished tweaking git repo https://github.com/sighphyre/ratatosk
[INFO] tweaked toml for git repo https://github.com/sighphyre/ratatosk written to /workspace/builds/worker-4-tc1/source/Cargo.toml
[INFO] crate git repo https://github.com/sighphyre/ratatosk already has a lockfile, it will not be regenerated
[INFO] running `Command { std: CARGO_HOME="/workspace/cargo-home" RUSTUP_HOME="/workspace/rustup-home" "/workspace/cargo-home/bin/cargo" "+1.75.0" "fetch" "--manifest-path" "Cargo.toml", kill_on_drop: false }`
[INFO] [stderr]     Updating crates.io index
[INFO] [stderr]  Downloading crates ...
[INFO] [stderr]   Downloaded murmur3 v0.5.2
[INFO] [stderr]   Downloaded unleash-yggdrasil v0.7.0
[INFO] [stderr]   Downloaded unleash-types v0.10.5
[INFO] running `Command { std: "docker" "create" "-v" "/var/lib/crater-agent-workspace/builds/worker-4-tc1/target:/opt/rustwide/target:rw,Z" "-v" "/var/lib/crater-agent-workspace/builds/worker-4-tc1/source:/opt/rustwide/workdir:ro,Z" "-v" "/var/lib/crater-agent-workspace/cargo-home:/opt/rustwide/cargo-home:ro,Z" "-v" "/var/lib/crater-agent-workspace/rustup-home:/opt/rustwide/rustup-home:ro,Z" "-e" "SOURCE_DIR=/opt/rustwide/workdir" "-e" "CARGO_TARGET_DIR=/opt/rustwide/target" "-e" "CARGO_HOME=/opt/rustwide/cargo-home" "-e" "RUSTUP_HOME=/opt/rustwide/rustup-home" "-w" "/opt/rustwide/workdir" "-m" "1610612736" "--user" "0:0" "--network" "none" "ghcr.io/rust-lang/crates-build-env/linux@sha256:2788e3201cd34a07e3172128adcd8b3090168a8e3bcc40d7c032b9dda1df7d1c" "/opt/rustwide/cargo-home/bin/cargo" "+1.75.0" "metadata" "--no-deps" "--format-version=1", kill_on_drop: false }`
[INFO] [stdout] df35d241e6b85a5d108dcd006322bffc63f974998a22ed5453b00b440e90dcc3
[INFO] running `Command { std: "docker" "start" "-a" "df35d241e6b85a5d108dcd006322bffc63f974998a22ed5453b00b440e90dcc3", kill_on_drop: false }`
[INFO] running `Command { std: "docker" "inspect" "df35d241e6b85a5d108dcd006322bffc63f974998a22ed5453b00b440e90dcc3", kill_on_drop: false }`
[INFO] running `Command { std: "docker" "rm" "-f" "df35d241e6b85a5d108dcd006322bffc63f974998a22ed5453b00b440e90dcc3", kill_on_drop: false }`
[INFO] [stdout] df35d241e6b85a5d108dcd006322bffc63f974998a22ed5453b00b440e90dcc3
[INFO] running `Command { std: "docker" "create" "-v" "/var/lib/crater-agent-workspace/builds/worker-4-tc1/target:/opt/rustwide/target:rw,Z" "-v" "/var/lib/crater-agent-workspace/builds/worker-4-tc1/source:/opt/rustwide/workdir:ro,Z" "-v" "/var/lib/crater-agent-workspace/cargo-home:/opt/rustwide/cargo-home:ro,Z" "-v" "/var/lib/crater-agent-workspace/rustup-home:/opt/rustwide/rustup-home:ro,Z" "-e" "SOURCE_DIR=/opt/rustwide/workdir" "-e" "CARGO_TARGET_DIR=/opt/rustwide/target" "-e" "CARGO_INCREMENTAL=0" "-e" "RUST_BACKTRACE=full" "-e" "RUSTFLAGS=--cap-lints=warn" "-e" "RUSTDOCFLAGS=--cap-lints=warn" "-e" "CARGO_HOME=/opt/rustwide/cargo-home" "-e" "RUSTUP_HOME=/opt/rustwide/rustup-home" "-w" "/opt/rustwide/workdir" "-m" "1610612736" "--user" "0:0" "--network" "none" "ghcr.io/rust-lang/crates-build-env/linux@sha256:2788e3201cd34a07e3172128adcd8b3090168a8e3bcc40d7c032b9dda1df7d1c" "/opt/rustwide/cargo-home/bin/cargo" "+1.75.0" "build" "--frozen" "--message-format=json", kill_on_drop: false }`
[INFO] [stdout] efbe61cd4a378db31ae9716a6861d13f0fdbdb559e169198767e900fc431a772
[INFO] running `Command { std: "docker" "start" "-a" "efbe61cd4a378db31ae9716a6861d13f0fdbdb559e169198767e900fc431a772", kill_on_drop: false }`
[INFO] [stderr]    Compiling proc-macro2 v1.0.69
[INFO] [stderr]    Compiling unicode-ident v1.0.12
[INFO] [stderr]    Compiling syn v1.0.109
[INFO] [stderr]    Compiling libc v0.2.149
[INFO] [stderr]    Compiling fnv v1.0.7
[INFO] [stderr]    Compiling ident_case v1.0.1
[INFO] [stderr]    Compiling thiserror v1.0.50
[INFO] [stderr]    Compiling serde v1.0.190
[INFO] [stderr]    Compiling once_cell v1.18.0
[INFO] [stderr]    Compiling ucd-trie v0.1.6
[INFO] [stderr]    Compiling memchr v2.6.4
[INFO] [stderr]    Compiling parking_lot_core v0.9.9
[INFO] [stderr]    Compiling serde_json v1.0.108
[INFO] [stderr]    Compiling num-traits v0.2.17
[INFO] [stderr]    Compiling lock_api v0.4.11
[INFO] [stderr]    Compiling utf8parse v0.2.1
[INFO] [stderr]    Compiling anstyle-parse v0.2.2
[INFO] [stderr]    Compiling anstyle v1.0.4
[INFO] [stderr]    Compiling ppv-lite86 v0.2.17
[INFO] [stderr]    Compiling iana-time-zone v0.1.58
[INFO] [stderr]    Compiling semver v1.0.20
[INFO] [stderr]    Compiling colorchoice v1.0.0
[INFO] [stderr]    Compiling smallvec v1.11.1
[INFO] [stderr]    Compiling itoa v1.0.9
[INFO] [stderr]    Compiling ryu v1.0.15
[INFO] [stderr]    Compiling scopeguard v1.2.0
[INFO] [stderr]    Compiling anstyle-query v1.0.0
[INFO] [stderr]    Compiling hashbrown v0.14.2
[INFO] [stderr]    Compiling clap_lex v0.6.0
[INFO] [stderr]    Compiling anstream v0.6.4
[INFO] [stderr]    Compiling unicode-segmentation v1.10.1
[INFO] [stderr]    Compiling heck v0.4.1
[INFO] [stderr]    Compiling ipnet v2.9.0
[INFO] [stderr]    Compiling murmur3 v0.5.2
[INFO] [stderr]    Compiling clap_builder v4.4.7
[INFO] [stderr]    Compiling quote v1.0.33
[INFO] [stderr]    Compiling convert_case v0.6.0
[INFO] [stderr]    Compiling syn v2.0.38
[INFO] [stderr]    Compiling getrandom v0.2.10
[INFO] [stderr]    Compiling rand_core v0.6.4
[INFO] [stderr]    Compiling dashmap v5.5.3
[INFO] [stderr]    Compiling rand_chacha v0.3.1
[INFO] [stderr]    Compiling rand v0.8.5
[INFO] [stderr]    Compiling thiserror-impl v1.0.50
[INFO] [stderr]    Compiling serde_derive v1.0.190
[INFO] [stderr]    Compiling clap_derive v4.4.7
[INFO] [stderr]    Compiling darling_core v0.14.4
[INFO] [stderr]    Compiling pest v2.7.5
[INFO] [stderr]    Compiling darling_macro v0.14.4
[INFO] [stderr]    Compiling clap v4.4.7
[INFO] [stderr]    Compiling pest_meta v2.7.5
[INFO] [stderr]    Compiling darling v0.14.4
[INFO] [stderr]    Compiling derive_builder_core v0.12.0
[INFO] [stderr]    Compiling pest_generator v2.7.5
[INFO] [stderr]    Compiling derive_builder_macro v0.12.0
[INFO] [stderr]    Compiling pest_derive v2.7.5
[INFO] [stderr]    Compiling derive_builder v0.12.0
[INFO] [stderr]    Compiling chrono v0.4.31
[INFO] [stderr]    Compiling unleash-types v0.10.5
[INFO] [stderr]    Compiling unleash-yggdrasil v0.7.0
[INFO] [stderr]    Compiling ratatosk v0.1.0 (/opt/rustwide/workdir)
[INFO] [stdout] warning: unused imports: `ClientFeature`, `Constraint`, `Strategy`
[INFO] [stdout]   --> src/main.rs:12:5
[INFO] [stdout]    |
[INFO] [stdout] 12 |     ClientFeature, ClientFeatures, Constraint, Segment, Strategy,
[INFO] [stdout]    |     ^^^^^^^^^^^^^                  ^^^^^^^^^^           ^^^^^^^^
[INFO] [stdout]    |
[INFO] [stdout]    = note: `#[warn(unused_imports)]` on by default
[INFO] [stdout] 
[INFO] [stdout] 
[INFO] [stdout] warning: unused imports: `RuleFragment`, `compile_rule`, `state::EnrichedContext`
[INFO] [stdout]   --> src/main.rs:15:5
[INFO] [stdout]    |
[INFO] [stdout] 15 |     state::EnrichedContext,
[INFO] [stdout]    |     ^^^^^^^^^^^^^^^^^^^^^^
[INFO] [stdout] 16 |     strategy_parsing::{compile_rule, RuleFragment},
[INFO] [stdout]    |                        ^^^^^^^^^^^^  ^^^^^^^^^^^^
[INFO] [stdout] 
[INFO] [stdout] 
[INFO] [stdout] warning: unused variable: `strategy_without_constraints`
[INFO] [stdout]    --> src/compile.rs:110:9
[INFO] [stdout]     |
[INFO] [stdout] 110 |     let strategy_without_constraints = Strategy {
[INFO] [stdout]     |         ^^^^^^^^^^^^^^^^^^^^^^^^^^^^ help: if this is intentional, prefix it with an underscore: `_strategy_without_constraints`
[INFO] [stdout]     |
[INFO] [stdout]     = note: `#[warn(unused_variables)]` on by default
[INFO] [stdout] 
[INFO] [stdout] 
[INFO] [stdout] warning: unused variable: `segment_map`
[INFO] [stdout]    --> src/compile.rs:109:39
[INFO] [stdout]     |
[INFO] [stdout] 109 | fn strategy_node(strategy: &Strategy, segment_map: &HashMap<i32, Segment>) -> ExecutionNode {
[INFO] [stdout]     |                                       ^^^^^^^^^^^ help: if this is intentional, prefix it with an underscore: `_segment_map`
[INFO] [stdout] 
[INFO] [stdout] 
[INFO] [stdout] warning: unused variable: `explanation`
[INFO] [stdout]   --> src/main.rs:43:9
[INFO] [stdout]    |
[INFO] [stdout] 43 |     let explanation = build_execution_tree(&feature, &segment_map);
[INFO] [stdout]    |         ^^^^^^^^^^^ help: if this is intentional, prefix it with an underscore: `_explanation`
[INFO] [stdout] 
[INFO] [stdout] 
[INFO] [stdout] warning: fields `children_result`, `node_type`, `node_name`, and `rule` are never read
[INFO] [stdout]   --> src/explain.rs:58:5
[INFO] [stdout]    |
[INFO] [stdout] 55 | pub(crate) struct ExecutionResult {
[INFO] [stdout]    |                   --------------- fields in this struct
[INFO] [stdout] ...
[INFO] [stdout] 58 |     children_result: Vec<ExecutionResult>,
[INFO] [stdout]    |     ^^^^^^^^^^^^^^^
[INFO] [stdout] 59 |     node_type: NodeType,
[INFO] [stdout]    |     ^^^^^^^^^
[INFO] [stdout] 60 |     node_name: String,
[INFO] [stdout]    |     ^^^^^^^^^
[INFO] [stdout] 61 |     rule: String,
[INFO] [stdout]    |     ^^^^
[INFO] [stdout]    |
[INFO] [stdout]    = note: `ExecutionResult` has a derived impl for the trait `Debug`, but this is intentionally ignored during dead code analysis
[INFO] [stdout]    = note: `#[warn(dead_code)]` on by default
[INFO] [stdout] 
[INFO] [stdout] 
[INFO] [stdout] warning: 6 warnings emitted
[INFO] [stdout] 
[INFO] [stdout] 
[INFO] [stderr]     Finished dev [unoptimized + debuginfo] target(s) in 11.77s
[INFO] running `Command { std: "docker" "inspect" "efbe61cd4a378db31ae9716a6861d13f0fdbdb559e169198767e900fc431a772", kill_on_drop: false }`
[INFO] running `Command { std: "docker" "rm" "-f" "efbe61cd4a378db31ae9716a6861d13f0fdbdb559e169198767e900fc431a772", kill_on_drop: false }`
[INFO] [stdout] efbe61cd4a378db31ae9716a6861d13f0fdbdb559e169198767e900fc431a772
[INFO] running `Command { std: "docker" "create" "-v" "/var/lib/crater-agent-workspace/builds/worker-4-tc1/target:/opt/rustwide/target:rw,Z" "-v" "/var/lib/crater-agent-workspace/builds/worker-4-tc1/source:/opt/rustwide/workdir:ro,Z" "-v" "/var/lib/crater-agent-workspace/cargo-home:/opt/rustwide/cargo-home:ro,Z" "-v" "/var/lib/crater-agent-workspace/rustup-home:/opt/rustwide/rustup-home:ro,Z" "-e" "SOURCE_DIR=/opt/rustwide/workdir" "-e" "CARGO_TARGET_DIR=/opt/rustwide/target" "-e" "CARGO_INCREMENTAL=0" "-e" "RUST_BACKTRACE=full" "-e" "RUSTFLAGS=--cap-lints=warn" "-e" "RUSTDOCFLAGS=--cap-lints=warn" "-e" "CARGO_HOME=/opt/rustwide/cargo-home" "-e" "RUSTUP_HOME=/opt/rustwide/rustup-home" "-w" "/opt/rustwide/workdir" "-m" "1610612736" "--user" "0:0" "--network" "none" "ghcr.io/rust-lang/crates-build-env/linux@sha256:2788e3201cd34a07e3172128adcd8b3090168a8e3bcc40d7c032b9dda1df7d1c" "/opt/rustwide/cargo-home/bin/cargo" "+1.75.0" "test" "--frozen" "--no-run" "--message-format=json", kill_on_drop: false }`
[INFO] [stdout] 6a90f9ea4f939e3070dfe6dd907aea446383a781ed0683882e8d173737c564a2
[INFO] running `Command { std: "docker" "start" "-a" "6a90f9ea4f939e3070dfe6dd907aea446383a781ed0683882e8d173737c564a2", kill_on_drop: false }`
[INFO] [stderr]    Compiling ratatosk v0.1.0 (/opt/rustwide/workdir)
[INFO] [stdout] warning: unused imports: `ClientFeature`, `Constraint`, `Strategy`
[INFO] [stdout]   --> src/main.rs:12:5
[INFO] [stdout]    |
[INFO] [stdout] 12 |     ClientFeature, ClientFeatures, Constraint, Segment, Strategy,
[INFO] [stdout]    |     ^^^^^^^^^^^^^                  ^^^^^^^^^^           ^^^^^^^^
[INFO] [stdout]    |
[INFO] [stdout]    = note: `#[warn(unused_imports)]` on by default
[INFO] [stdout] 
[INFO] [stdout] 
[INFO] [stdout] warning: unused imports: `RuleFragment`, `compile_rule`, `state::EnrichedContext`
[INFO] [stdout]   --> src/main.rs:15:5
[INFO] [stdout]    |
[INFO] [stdout] 15 |     state::EnrichedContext,
[INFO] [stdout]    |     ^^^^^^^^^^^^^^^^^^^^^^
[INFO] [stdout] 16 |     strategy_parsing::{compile_rule, RuleFragment},
[INFO] [stdout]    |                        ^^^^^^^^^^^^  ^^^^^^^^^^^^
[INFO] [stdout] 
[INFO] [stdout] 
[INFO] [stdout] warning: unused import: `Strategy`
[INFO] [stdout]   --> src/main.rs:50:82
[INFO] [stdout]    |
[INFO] [stdout] 50 |     use unleash_types::client_features::{ClientFeature, ClientFeatures, Segment, Strategy};
[INFO] [stdout]    |                                                                                  ^^^^^^^^
[INFO] [stdout] 
[INFO] [stdout] 
[INFO] [stdout] warning: unused import: `pest::error::Error`
[INFO] [stdout]   --> src/main.rs:55:9
[INFO] [stdout]    |
[INFO] [stdout] 55 |     use pest::error::Error;
[INFO] [stdout]    |         ^^^^^^^^^^^^^^^^^^
[INFO] [stdout] 
[INFO] [stdout] 
[INFO] [stdout] warning: unused imports: `Pair`, `Pairs`
[INFO] [stdout]   --> src/main.rs:56:27
[INFO] [stdout]    |
[INFO] [stdout] 56 |     use pest::iterators::{Pair, Pairs};
[INFO] [stdout]    |                           ^^^^  ^^^^^
[INFO] [stdout] 
[INFO] [stdout] 
[INFO] [stdout] warning: unused imports: `Assoc`, `Op`, `PrattParser`
[INFO] [stdout]   --> src/main.rs:57:30
[INFO] [stdout]    |
[INFO] [stdout] 57 |     use pest::pratt_parser::{Assoc, Op, PrattParser};
[INFO] [stdout]    |                              ^^^^^  ^^  ^^^^^^^^^^^
[INFO] [stdout] 
[INFO] [stdout] 
[INFO] [stdout] warning: unused import: `pest::Parser`
[INFO] [stdout]   --> src/main.rs:58:9
[INFO] [stdout]    |
[INFO] [stdout] 58 |     use pest::Parser;
[INFO] [stdout]    |         ^^^^^^^^^^^^
[INFO] [stdout] 
[INFO] [stdout] 
[INFO] [stdout] warning: unused variable: `strategy_without_constraints`
[INFO] [stdout]    --> src/compile.rs:110:9
[INFO] [stdout]     |
[INFO] [stdout] 110 |     let strategy_without_constraints = Strategy {
[INFO] [stdout]     |         ^^^^^^^^^^^^^^^^^^^^^^^^^^^^ help: if this is intentional, prefix it with an underscore: `_strategy_without_constraints`
[INFO] [stdout]     |
[INFO] [stdout]     = note: `#[warn(unused_variables)]` on by default
[INFO] [stdout] 
[INFO] [stdout] 
[INFO] [stdout] warning: unused variable: `segment_map`
[INFO] [stdout]    --> src/compile.rs:109:39
[INFO] [stdout]     |
[INFO] [stdout] 109 | fn strategy_node(strategy: &Strategy, segment_map: &HashMap<i32, Segment>) -> ExecutionNode {
[INFO] [stdout]     |                                       ^^^^^^^^^^^ help: if this is intentional, prefix it with an underscore: `_segment_map`
[INFO] [stdout] 
[INFO] [stdout] 
[INFO] [stdout] warning: unused variable: `explanation`
[INFO] [stdout]   --> src/main.rs:43:9
[INFO] [stdout]    |
[INFO] [stdout] 43 |     let explanation = build_execution_tree(&feature, &segment_map);
[INFO] [stdout]    |         ^^^^^^^^^^^ help: if this is intentional, prefix it with an underscore: `_explanation`
[INFO] [stdout] 
[INFO] [stdout] 
[INFO] [stdout] warning: unused variable: `rule`
[INFO] [stdout]   --> src/main.rs:86:13
[INFO] [stdout]    |
[INFO] [stdout] 86 |         let rule = "user_id == 7 and session_id == 6";
[INFO] [stdout]    |             ^^^^ help: if this is intentional, prefix it with an underscore: `_rule`
[INFO] [stdout] 
[INFO] [stdout] 
[INFO] [stdout] warning: fields `children_result`, `node_type`, `node_name`, and `rule` are never read
[INFO] [stdout]   --> src/explain.rs:58:5
[INFO] [stdout]    |
[INFO] [stdout] 55 | pub(crate) struct ExecutionResult {
[INFO] [stdout]    |                   --------------- fields in this struct
[INFO] [stdout] ...
[INFO] [stdout] 58 |     children_result: Vec<ExecutionResult>,
[INFO] [stdout]    |     ^^^^^^^^^^^^^^^
[INFO] [stdout] 59 |     node_type: NodeType,
[INFO] [stdout]    |     ^^^^^^^^^
[INFO] [stdout] 60 |     node_name: String,
[INFO] [stdout]    |     ^^^^^^^^^
[INFO] [stdout] 61 |     rule: String,
[INFO] [stdout]    |     ^^^^
[INFO] [stdout]    |
[INFO] [stdout]    = note: `ExecutionResult` has a derived impl for the trait `Debug`, but this is intentionally ignored during dead code analysis
[INFO] [stdout]    = note: `#[warn(dead_code)]` on by default
[INFO] [stdout] 
[INFO] [stdout] 
[INFO] [stdout] warning: 12 warnings emitted
[INFO] [stdout] 
[INFO] [stdout] 
[INFO] [stderr]     Finished test [unoptimized + debuginfo] target(s) in 1.04s
[INFO] running `Command { std: "docker" "inspect" "6a90f9ea4f939e3070dfe6dd907aea446383a781ed0683882e8d173737c564a2", kill_on_drop: false }`
[INFO] running `Command { std: "docker" "rm" "-f" "6a90f9ea4f939e3070dfe6dd907aea446383a781ed0683882e8d173737c564a2", kill_on_drop: false }`
[INFO] [stdout] 6a90f9ea4f939e3070dfe6dd907aea446383a781ed0683882e8d173737c564a2
[INFO] running `Command { std: "docker" "create" "-v" "/var/lib/crater-agent-workspace/builds/worker-4-tc1/target:/opt/rustwide/target:rw,Z" "-v" "/var/lib/crater-agent-workspace/builds/worker-4-tc1/source:/opt/rustwide/workdir:ro,Z" "-v" "/var/lib/crater-agent-workspace/cargo-home:/opt/rustwide/cargo-home:ro,Z" "-v" "/var/lib/crater-agent-workspace/rustup-home:/opt/rustwide/rustup-home:ro,Z" "-e" "SOURCE_DIR=/opt/rustwide/workdir" "-e" "CARGO_TARGET_DIR=/opt/rustwide/target" "-e" "CARGO_INCREMENTAL=0" "-e" "RUST_BACKTRACE=full" "-e" "RUSTFLAGS=--cap-lints=warn" "-e" "RUSTDOCFLAGS=--cap-lints=warn" "-e" "CARGO_HOME=/opt/rustwide/cargo-home" "-e" "RUSTUP_HOME=/opt/rustwide/rustup-home" "-w" "/opt/rustwide/workdir" "-m" "1610612736" "--user" "0:0" "--network" "none" "ghcr.io/rust-lang/crates-build-env/linux@sha256:2788e3201cd34a07e3172128adcd8b3090168a8e3bcc40d7c032b9dda1df7d1c" "/opt/rustwide/cargo-home/bin/cargo" "+1.75.0" "test" "--frozen", kill_on_drop: false }`
[INFO] [stdout] 20bea4dc7de99aa9687e5956a9a328a38f31c2d7abb77d505c965c9c7077d4c3
[INFO] running `Command { std: "docker" "start" "-a" "20bea4dc7de99aa9687e5956a9a328a38f31c2d7abb77d505c965c9c7077d4c3", kill_on_drop: false }`
[INFO] [stderr] warning: unused imports: `ClientFeature`, `Constraint`, `Strategy`
[INFO] [stderr]   --> src/main.rs:12:5
[INFO] [stderr]    |
[INFO] [stderr] 12 |     ClientFeature, ClientFeatures, Constraint, Segment, Strategy,
[INFO] [stderr]    |     ^^^^^^^^^^^^^                  ^^^^^^^^^^           ^^^^^^^^
[INFO] [stderr]    |
[INFO] [stderr]    = note: `#[warn(unused_imports)]` on by default
[INFO] [stderr] 
[INFO] [stderr] warning: unused imports: `RuleFragment`, `compile_rule`, `state::EnrichedContext`
[INFO] [stderr]   --> src/main.rs:15:5
[INFO] [stderr]    |
[INFO] [stderr] 15 |     state::EnrichedContext,
[INFO] [stderr]    |     ^^^^^^^^^^^^^^^^^^^^^^
[INFO] [stderr] 16 |     strategy_parsing::{compile_rule, RuleFragment},
[INFO] [stderr]    |                        ^^^^^^^^^^^^  ^^^^^^^^^^^^
[INFO] [stderr] 
[INFO] [stderr] warning: unused import: `Strategy`
[INFO] [stderr]   --> src/main.rs:50:82
[INFO] [stderr]    |
[INFO] [stderr] 50 |     use unleash_types::client_features::{ClientFeature, ClientFeatures, Segment, Strategy};
[INFO] [stderr]    |                                                                                  ^^^^^^^^
[INFO] [stderr] 
[INFO] [stderr] warning: unused import: `pest::error::Error`
[INFO] [stderr]   --> src/main.rs:55:9
[INFO] [stderr]    |
[INFO] [stderr] 55 |     use pest::error::Error;
[INFO] [stderr]    |         ^^^^^^^^^^^^^^^^^^
[INFO] [stderr] 
[INFO] [stderr] warning: unused imports: `Pair`, `Pairs`
[INFO] [stderr]   --> src/main.rs:56:27
[INFO] [stderr]    |
[INFO] [stderr] 56 |     use pest::iterators::{Pair, Pairs};
[INFO] [stderr]    |                           ^^^^  ^^^^^
[INFO] [stderr] 
[INFO] [stderr] warning: unused imports: `Assoc`, `Op`, `PrattParser`
[INFO] [stderr]   --> src/main.rs:57:30
[INFO] [stderr]    |
[INFO] [stderr] 57 |     use pest::pratt_parser::{Assoc, Op, PrattParser};
[INFO] [stderr]    |                              ^^^^^  ^^  ^^^^^^^^^^^
[INFO] [stderr] 
[INFO] [stderr] warning: unused import: `pest::Parser`
[INFO] [stderr]   --> src/main.rs:58:9
[INFO] [stderr]    |
[INFO] [stderr] 58 |     use pest::Parser;
[INFO] [stderr]    |         ^^^^^^^^^^^^
[INFO] [stderr] 
[INFO] [stderr] warning: unused variable: `strategy_without_constraints`
[INFO] [stderr]    --> src/compile.rs:110:9
[INFO] [stderr]     |
[INFO] [stderr] 110 |     let strategy_without_constraints = Strategy {
[INFO] [stderr]     |         ^^^^^^^^^^^^^^^^^^^^^^^^^^^^ help: if this is intentional, prefix it with an underscore: `_strategy_without_constraints`
[INFO] [stderr]     |
[INFO] [stderr]     = note: `#[warn(unused_variables)]` on by default
[INFO] [stderr] 
[INFO] [stderr] warning: unused variable: `segment_map`
[INFO] [stderr]    --> src/compile.rs:109:39
[INFO] [stderr]     |
[INFO] [stderr] 109 | fn strategy_node(strategy: &Strategy, segment_map: &HashMap<i32, Segment>) -> ExecutionNode {
[INFO] [stderr]     |                                       ^^^^^^^^^^^ help: if this is intentional, prefix it with an underscore: `_segment_map`
[INFO] [stderr] 
[INFO] [stderr] warning: unused variable: `explanation`
[INFO] [stderr]   --> src/main.rs:43:9
[INFO] [stderr]    |
[INFO] [stderr] 43 |     let explanation = build_execution_tree(&feature, &segment_map);
[INFO] [stderr]    |         ^^^^^^^^^^^ help: if this is intentional, prefix it with an underscore: `_explanation`
[INFO] [stderr] 
[INFO] [stderr] warning: unused variable: `rule`
[INFO] [stderr]   --> src/main.rs:86:13
[INFO] [stderr]    |
[INFO] [stderr] 86 |         let rule = "user_id == 7 and session_id == 6";
[INFO] [stderr]    |             ^^^^ help: if this is intentional, prefix it with an underscore: `_rule`
[INFO] [stderr] 
[INFO] [stderr] warning: fields `children_result`, `node_type`, `node_name`, and `rule` are never read
[INFO] [stderr]   --> src/explain.rs:58:5
[INFO] [stderr]    |
[INFO] [stderr] 55 | pub(crate) struct ExecutionResult {
[INFO] [stderr]    |                   --------------- fields in this struct
[INFO] [stderr] ...
[INFO] [stderr] 58 |     children_result: Vec<ExecutionResult>,
[INFO] [stderr]    |     ^^^^^^^^^^^^^^^
[INFO] [stderr] 59 |     node_type: NodeType,
[INFO] [stderr]    |     ^^^^^^^^^
[INFO] [stderr] 60 |     node_name: String,
[INFO] [stderr]    |     ^^^^^^^^^
[INFO] [stderr] 61 |     rule: String,
[INFO] [stderr]    |     ^^^^
[INFO] [stderr]    |
[INFO] [stderr]    = note: `ExecutionResult` has a derived impl for the trait `Debug`, but this is intentionally ignored during dead code analysis
[INFO] [stderr]    = note: `#[warn(dead_code)]` on by default
[INFO] [stderr] 
[INFO] [stderr] warning: `ratatosk` (bin "ratatosk" test) generated 12 warnings (run `cargo fix --bin "ratatosk" --tests` to apply 11 suggestions)
[INFO] [stderr]     Finished test [unoptimized + debuginfo] target(s) in 0.04s
[INFO] [stderr]      Running unittests src/main.rs (/opt/rustwide/target/debug/deps/ratatosk-62db0f460a708583)
[INFO] [stdout] 
[INFO] [stdout] running 1 test
[INFO] [stdout] test test::does_the_thing ... FAILED
[INFO] [stdout] 
[INFO] [stdout] failures:
[INFO] [stdout] 
[INFO] [stdout] ---- test::does_the_thing stdout ----
[INFO] [stdout] thread 'test::does_the_thing' panicked at src/compile.rs:117:53:
[INFO] [stdout] Failed to compile rule: Error { variant: ParsingError { positives: [constraint], negatives: [] }, location: Pos(0), line_col: Pos((1, 1)), path: None, line: "this wont work", continued_line: None }
[INFO] [stdout] stack backtrace:
[INFO] [stdout]    0:     0x563f9ae499bc - std::backtrace_rs::backtrace::libunwind::trace::ha637c64ce894333a
[INFO] [stdout]                                at /rustc/82e1608dfa6e0b5569232559e3d385fea5a93112/library/std/src/../../backtrace/src/backtrace/libunwind.rs:104:5
[INFO] [stdout]    1:     0x563f9ae499bc - std::backtrace_rs::backtrace::trace_unsynchronized::h47f62dea28e0c88d
[INFO] [stdout]                                at /rustc/82e1608dfa6e0b5569232559e3d385fea5a93112/library/std/src/../../backtrace/src/backtrace/mod.rs:66:5
[INFO] [stdout]    2:     0x563f9ae499bc - std::sys_common::backtrace::_print_fmt::h9eef0abe20ede486
[INFO] [stdout]                                at /rustc/82e1608dfa6e0b5569232559e3d385fea5a93112/library/std/src/sys_common/backtrace.rs:67:5
[INFO] [stdout]    3:     0x563f9ae499bc - <std::sys_common::backtrace::_print::DisplayBacktrace as core::fmt::Display>::fmt::hed7f999df88cc644
[INFO] [stdout]                                at /rustc/82e1608dfa6e0b5569232559e3d385fea5a93112/library/std/src/sys_common/backtrace.rs:44:22
[INFO] [stdout]    4:     0x563f9ae74c10 - core::fmt::rt::Argument::fmt::h1539a9308b8d058d
[INFO] [stdout]                                at /rustc/82e1608dfa6e0b5569232559e3d385fea5a93112/library/core/src/fmt/rt.rs:142:9
[INFO] [stdout]    5:     0x563f9ae74c10 - core::fmt::write::h3a39390d8560d9c9
[INFO] [stdout]                                at /rustc/82e1608dfa6e0b5569232559e3d385fea5a93112/library/core/src/fmt/mod.rs:1120:17
[INFO] [stdout]    6:     0x563f9ae4736f - std::io::Write::write_fmt::h040b369f3a0f9cbc
[INFO] [stdout]                                at /rustc/82e1608dfa6e0b5569232559e3d385fea5a93112/library/std/src/io/mod.rs:1762:15
[INFO] [stdout]    7:     0x563f9ae497a4 - std::sys_common::backtrace::_print::h894006fb5c6f3d45
[INFO] [stdout]                                at /rustc/82e1608dfa6e0b5569232559e3d385fea5a93112/library/std/src/sys_common/backtrace.rs:47:5
[INFO] [stdout]    8:     0x563f9ae497a4 - std::sys_common::backtrace::print::h23a2d212c6fff936
[INFO] [stdout]                                at /rustc/82e1608dfa6e0b5569232559e3d385fea5a93112/library/std/src/sys_common/backtrace.rs:34:9
[INFO] [stdout]    9:     0x563f9ae4b467 - std::panicking::default_hook::{{closure}}::h8a1d2ee00185001a
[INFO] [stdout]   10:     0x563f9ae4b153 - std::panicking::default_hook::h6038f2eba384e475
[INFO] [stdout]                                at /rustc/82e1608dfa6e0b5569232559e3d385fea5a93112/library/std/src/panicking.rs:289:9
[INFO] [stdout]   11:     0x563f9ad12ab7 - <alloc::boxed::Box<F,A> as core::ops::function::Fn<Args>>::call::h0ad024c9bdc6d768
[INFO] [stdout]                                at /rustc/82e1608dfa6e0b5569232559e3d385fea5a93112/library/alloc/src/boxed.rs:2021:9
[INFO] [stdout]   12:     0x563f9ad12ab7 - test::test_main::{{closure}}::h7500b54257359db6
[INFO] [stdout]                                at /rustc/82e1608dfa6e0b5569232559e3d385fea5a93112/library/test/src/lib.rs:138:21
[INFO] [stdout]   13:     0x563f9ae4ba78 - <alloc::boxed::Box<F,A> as core::ops::function::Fn<Args>>::call::h1f8f335eaa9cfaee
[INFO] [stdout]                                at /rustc/82e1608dfa6e0b5569232559e3d385fea5a93112/library/alloc/src/boxed.rs:2021:9
[INFO] [stdout]   14:     0x563f9ae4ba78 - std::panicking::rust_panic_with_hook::h2b5517d590cab22e
[INFO] [stdout]                                at /rustc/82e1608dfa6e0b5569232559e3d385fea5a93112/library/std/src/panicking.rs:783:13
[INFO] [stdout]   15:     0x563f9ae4b7ce - std::panicking::begin_panic_handler::{{closure}}::h233112c06e0ef43e
[INFO] [stdout]                                at /rustc/82e1608dfa6e0b5569232559e3d385fea5a93112/library/std/src/panicking.rs:657:13
[INFO] [stdout]   16:     0x563f9ae49e86 - std::sys_common::backtrace::__rust_end_short_backtrace::h6e893f24d7ebbff8
[INFO] [stdout]                                at /rustc/82e1608dfa6e0b5569232559e3d385fea5a93112/library/std/src/sys_common/backtrace.rs:170:18
[INFO] [stdout]   17:     0x563f9ae4b532 - rust_begin_unwind
[INFO] [stdout]                                at /rustc/82e1608dfa6e0b5569232559e3d385fea5a93112/library/std/src/panicking.rs:645:5
[INFO] [stdout]   18:     0x563f9ac81155 - core::panicking::panic_fmt::hbf0e066aabfa482c
[INFO] [stdout]                                at /rustc/82e1608dfa6e0b5569232559e3d385fea5a93112/library/core/src/panicking.rs:72:14
[INFO] [stdout]   19:     0x563f9ac81723 - core::result::unwrap_failed::hddb4fea594200c52
[INFO] [stdout]                                at /rustc/82e1608dfa6e0b5569232559e3d385fea5a93112/library/core/src/result.rs:1653:5
[INFO] [stdout]   20:     0x563f9acc1246 - core::result::Result<T,E>::expect::hca2e078adaf2f872
[INFO] [stdout]                                at /rustc/82e1608dfa6e0b5569232559e3d385fea5a93112/library/core/src/result.rs:1034:23
[INFO] [stdout]   21:     0x563f9acd01b3 - ratatosk::compile::strategy_node::h58f5c8658ce11e25
[INFO] [stdout]                                at /opt/rustwide/workdir/src/compile.rs:117:25
[INFO] [stdout]   22:     0x563f9acd0b5b - ratatosk::compile::toggle_node::{{closure}}::h1c899bc56296448a
[INFO] [stdout]                                at /opt/rustwide/workdir/src/compile.rs:150:25
[INFO] [stdout]   23:     0x563f9accb548 - core::iter::adapters::map::map_fold::{{closure}}::h53550e50b5c7a877
[INFO] [stdout]                                at /rustc/82e1608dfa6e0b5569232559e3d385fea5a93112/library/core/src/iter/adapters/map.rs:84:28
[INFO] [stdout]   24:     0x563f9acccbe6 - <core::slice::iter::Iter<T> as core::iter::traits::iterator::Iterator>::fold::h2c56516144e50df2
[INFO] [stdout]                                at /rustc/82e1608dfa6e0b5569232559e3d385fea5a93112/library/core/src/slice/iter/macros.rs:232:27
[INFO] [stdout]   25:     0x563f9acc8f37 - <core::iter::adapters::map::Map<I,F> as core::iter::traits::iterator::Iterator>::fold::h0c03cf0d76f23033
[INFO] [stdout]                                at /rustc/82e1608dfa6e0b5569232559e3d385fea5a93112/library/core/src/iter/adapters/map.rs:124:9
[INFO] [stdout]   26:     0x563f9accb072 - core::iter::traits::iterator::Iterator::for_each::h1a55cfd51c3e13dd
[INFO] [stdout]                                at /rustc/82e1608dfa6e0b5569232559e3d385fea5a93112/library/core/src/iter/traits/iterator.rs:858:9
[INFO] [stdout]   27:     0x563f9acb7bca - alloc::vec::Vec<T,A>::extend_trusted::h512fb4674890db9d
[INFO] [stdout]                                at /rustc/82e1608dfa6e0b5569232559e3d385fea5a93112/library/alloc/src/vec/mod.rs:2885:17
[INFO] [stdout]   28:     0x563f9acb977a - <alloc::vec::Vec<T,A> as alloc::vec::spec_extend::SpecExtend<T,I>>::spec_extend::hfd2a5312e5c29974
[INFO] [stdout]                                at /rustc/82e1608dfa6e0b5569232559e3d385fea5a93112/library/alloc/src/vec/spec_extend.rs:26:9
[INFO] [stdout]   29:     0x563f9acb71c6 - <alloc::vec::Vec<T> as alloc::vec::spec_from_iter_nested::SpecFromIterNested<T,I>>::from_iter::hd24d47a09b23ad28
[INFO] [stdout]                                at /rustc/82e1608dfa6e0b5569232559e3d385fea5a93112/library/alloc/src/vec/spec_from_iter_nested.rs:62:9
[INFO] [stdout]   30:     0x563f9acb97dd - <alloc::vec::Vec<T> as alloc::vec::spec_from_iter::SpecFromIter<T,I>>::from_iter::hfd0cef6c4eb3dc7d
[INFO] [stdout]                                at /rustc/82e1608dfa6e0b5569232559e3d385fea5a93112/library/alloc/src/vec/spec_from_iter.rs:33:9
[INFO] [stdout]   31:     0x563f9acb96b5 - <alloc::vec::Vec<T> as core::iter::traits::collect::FromIterator<T>>::from_iter::ha8ceeb3177b75350
[INFO] [stdout]                                at /rustc/82e1608dfa6e0b5569232559e3d385fea5a93112/library/alloc/src/vec/mod.rs:2753:9
[INFO] [stdout]   32:     0x563f9accaf5d - core::iter::traits::iterator::Iterator::collect::h096833de9862b2ed
[INFO] [stdout]                                at /rustc/82e1608dfa6e0b5569232559e3d385fea5a93112/library/core/src/iter/traits/iterator.rs:2054:9
[INFO] [stdout]   33:     0x563f9acd082f - ratatosk::compile::toggle_node::hd4aa32fb37be8a86
[INFO] [stdout]                                at /opt/rustwide/workdir/src/compile.rs:145:40
[INFO] [stdout]   34:     0x563f9acd0b8a - ratatosk::compile::build_execution_tree::h8fb8ff0bb010ff52
[INFO] [stdout]                                at /opt/rustwide/workdir/src/compile.rs:165:5
[INFO] [stdout]   35:     0x563f9acd18de - ratatosk::test::does_the_thing::hefcbfc4853fcc17c
[INFO] [stdout]                                at /opt/rustwide/workdir/src/main.rs:93:20
[INFO] [stdout]   36:     0x563f9acd1747 - ratatosk::test::does_the_thing::{{closure}}::h446e475764f2c2c9
[INFO] [stdout]                                at /opt/rustwide/workdir/src/main.rs:85:24
[INFO] [stdout]   37:     0x563f9acc9496 - core::ops::function::FnOnce::call_once::h2cb5266fef7aae4f
[INFO] [stdout]                                at /rustc/82e1608dfa6e0b5569232559e3d385fea5a93112/library/core/src/ops/function.rs:250:5
[INFO] [stdout]   38:     0x563f9ad1810f - core::ops::function::FnOnce::call_once::h2b5d431d5046312d
[INFO] [stdout]                                at /rustc/82e1608dfa6e0b5569232559e3d385fea5a93112/library/core/src/ops/function.rs:250:5
[INFO] [stdout]   39:     0x563f9ad1810f - test::__rust_begin_short_backtrace::h7714669af176e207
[INFO] [stdout]                                at /rustc/82e1608dfa6e0b5569232559e3d385fea5a93112/library/test/src/lib.rs:628:18
[INFO] [stdout]   40:     0x563f9ad17125 - test::run_test_in_process::{{closure}}::h85218797dcbcec12
[INFO] [stdout]                                at /rustc/82e1608dfa6e0b5569232559e3d385fea5a93112/library/test/src/lib.rs:651:60
[INFO] [stdout]   41:     0x563f9ad17125 - <core::panic::unwind_safe::AssertUnwindSafe<F> as core::ops::function::FnOnce<()>>::call_once::h76c106ea31c14d7b
[INFO] [stdout]                                at /rustc/82e1608dfa6e0b5569232559e3d385fea5a93112/library/core/src/panic/unwind_safe.rs:272:9
[INFO] [stdout]   42:     0x563f9ad17125 - std::panicking::try::do_call::h3bd5d0f6620ee946
[INFO] [stdout]                                at /rustc/82e1608dfa6e0b5569232559e3d385fea5a93112/library/std/src/panicking.rs:552:40
[INFO] [stdout]   43:     0x563f9ad17125 - std::panicking::try::h232e535e4744fe31
[INFO] [stdout]                                at /rustc/82e1608dfa6e0b5569232559e3d385fea5a93112/library/std/src/panicking.rs:516:19
[INFO] [stdout]   44:     0x563f9ad17125 - std::panic::catch_unwind::h3ce3bd6ca8dbac68
[INFO] [stdout]                                at /rustc/82e1608dfa6e0b5569232559e3d385fea5a93112/library/std/src/panic.rs:142:14
[INFO] [stdout]   45:     0x563f9ad17125 - test::run_test_in_process::hc97b257c9621286a
[INFO] [stdout]                                at /rustc/82e1608dfa6e0b5569232559e3d385fea5a93112/library/test/src/lib.rs:651:27
[INFO] [stdout]   46:     0x563f9ad17125 - test::run_test::{{closure}}::h2aa798823a438d38
[INFO] [stdout]                                at /rustc/82e1608dfa6e0b5569232559e3d385fea5a93112/library/test/src/lib.rs:574:43
[INFO] [stdout]   47:     0x563f9acdf3e6 - test::run_test::{{closure}}::h87d231c78fb59832
[INFO] [stdout]                                at /rustc/82e1608dfa6e0b5569232559e3d385fea5a93112/library/test/src/lib.rs:602:41
[INFO] [stdout]   48:     0x563f9acdf3e6 - std::sys_common::backtrace::__rust_begin_short_backtrace::he6df152596625789
[INFO] [stdout]                                at /rustc/82e1608dfa6e0b5569232559e3d385fea5a93112/library/std/src/sys_common/backtrace.rs:154:18
[INFO] [stdout]   49:     0x563f9ace4497 - std::thread::Builder::spawn_unchecked_::{{closure}}::{{closure}}::ha94be15d1e0acf36
[INFO] [stdout]                                at /rustc/82e1608dfa6e0b5569232559e3d385fea5a93112/library/std/src/thread/mod.rs:529:17
[INFO] [stdout]   50:     0x563f9ace4497 - <core::panic::unwind_safe::AssertUnwindSafe<F> as core::ops::function::FnOnce<()>>::call_once::h9dc6bd6372f16606
[INFO] [stdout]                                at /rustc/82e1608dfa6e0b5569232559e3d385fea5a93112/library/core/src/panic/unwind_safe.rs:272:9
[INFO] [stdout]   51:     0x563f9ace4497 - std::panicking::try::do_call::h9057517f80303cd4
[INFO] [stdout]                                at /rustc/82e1608dfa6e0b5569232559e3d385fea5a93112/library/std/src/panicking.rs:552:40
[INFO] [stdout]   52:     0x563f9ace4497 - std::panicking::try::he3a30b11ee45340c
[INFO] [stdout]                                at /rustc/82e1608dfa6e0b5569232559e3d385fea5a93112/library/std/src/panicking.rs:516:19
[INFO] [stdout]   53:     0x563f9ace4497 - std::panic::catch_unwind::h410458cfd3528b8b
[INFO] [stdout]                                at /rustc/82e1608dfa6e0b5569232559e3d385fea5a93112/library/std/src/panic.rs:142:14
[INFO] [stdout]   54:     0x563f9ace4497 - std::thread::Builder::spawn_unchecked_::{{closure}}::h72ac3bdb567b737b
[INFO] [stdout]                                at /rustc/82e1608dfa6e0b5569232559e3d385fea5a93112/library/std/src/thread/mod.rs:528:30
[INFO] [stdout]   55:     0x563f9ace4497 - core::ops::function::FnOnce::call_once{{vtable.shim}}::h38f34da3654a8344
[INFO] [stdout]                                at /rustc/82e1608dfa6e0b5569232559e3d385fea5a93112/library/core/src/ops/function.rs:250:5
[INFO] [stdout]   56:     0x563f9ae50505 - <alloc::boxed::Box<F,A> as core::ops::function::FnOnce<Args>>::call_once::hc7eafaff61e32df9
[INFO] [stdout]                                at /rustc/82e1608dfa6e0b5569232559e3d385fea5a93112/library/alloc/src/boxed.rs:2007:9
[INFO] [stdout]   57:     0x563f9ae50505 - <alloc::boxed::Box<F,A> as core::ops::function::FnOnce<Args>>::call_once::h6ba4a5de48dd2304
[INFO] [stdout]                                at /rustc/82e1608dfa6e0b5569232559e3d385fea5a93112/library/alloc/src/boxed.rs:2007:9
[INFO] [stdout]   58:     0x563f9ae50505 - std::sys::unix::thread::Thread::new::thread_start::he469335aef763e45
[INFO] [stdout]                                at /rustc/82e1608dfa6e0b5569232559e3d385fea5a93112/library/std/src/sys/unix/thread.rs:108:17
[INFO] [stdout]   59:     0x7f2fb3ccaac3 - <unknown>
[INFO] [stdout]   60:     0x7f2fb3d5bbf4 - __clone
[INFO] [stdout]   61:                0x0 - <unknown>
[INFO] [stdout] 
[INFO] [stdout] 
[INFO] [stdout] failures:
[INFO] [stdout]     test::does_the_thing
[INFO] [stdout] 
[INFO] [stdout] test result: FAILED. 0 passed; 1 failed; 0 ignored; 0 measured; 0 filtered out; finished in 0.02s
[INFO] [stdout] 
[INFO] [stderr] error: test failed, to rerun pass `--bin ratatosk`
[INFO] running `Command { std: "docker" "inspect" "20bea4dc7de99aa9687e5956a9a328a38f31c2d7abb77d505c965c9c7077d4c3", kill_on_drop: false }`
[INFO] running `Command { std: "docker" "rm" "-f" "20bea4dc7de99aa9687e5956a9a328a38f31c2d7abb77d505c965c9c7077d4c3", kill_on_drop: false }`
[INFO] [stdout] 20bea4dc7de99aa9687e5956a9a328a38f31c2d7abb77d505c965c9c7077d4c3
