[INFO] cloning repository https://github.com/shuntaroy/NLP100Ex2020r2
[INFO] running `Command { std: "git" "-c" "credential.helper=" "-c" "credential.helper=/workspace/cargo-home/bin/git-credential-null" "clone" "--bare" "https://github.com/shuntaroy/NLP100Ex2020r2" "/workspace/cache/git-repos/https%3A%2F%2Fgithub.com%2Fshuntaroy%2FNLP100Ex2020r2", kill_on_drop: false }`
[INFO] [stderr] Cloning into bare repository '/workspace/cache/git-repos/https%3A%2F%2Fgithub.com%2Fshuntaroy%2FNLP100Ex2020r2'...
[INFO] running `Command { std: "git" "rev-parse" "HEAD", kill_on_drop: false }`
[INFO] [stdout] 16201ed1d4c8acfe02d5153c8b635bafa900dc17
[INFO] testing shuntaroy/NLP100Ex2020r2 against 1.75.0 for beta-1.76-1
[INFO] running `Command { std: "git" "clone" "/workspace/cache/git-repos/https%3A%2F%2Fgithub.com%2Fshuntaroy%2FNLP100Ex2020r2" "/workspace/builds/worker-2-tc1/source", kill_on_drop: false }`
[INFO] [stderr] Cloning into '/workspace/builds/worker-2-tc1/source'...
[INFO] [stderr] done.
[INFO] validating manifest of git repo https://github.com/shuntaroy/NLP100Ex2020r2 on toolchain 1.75.0
[INFO] running `Command { std: CARGO_HOME="/workspace/cargo-home" RUSTUP_HOME="/workspace/rustup-home" "/workspace/cargo-home/bin/cargo" "+1.75.0" "metadata" "--manifest-path" "Cargo.toml" "--no-deps", kill_on_drop: false }`
[INFO] started tweaking git repo https://github.com/shuntaroy/NLP100Ex2020r2
[INFO] finished tweaking git repo https://github.com/shuntaroy/NLP100Ex2020r2
[INFO] tweaked toml for git repo https://github.com/shuntaroy/NLP100Ex2020r2 written to /workspace/builds/worker-2-tc1/source/Cargo.toml
[INFO] crate git repo https://github.com/shuntaroy/NLP100Ex2020r2 already has a lockfile, it will not be regenerated
[INFO] running `Command { std: CARGO_HOME="/workspace/cargo-home" RUSTUP_HOME="/workspace/rustup-home" "/workspace/cargo-home/bin/cargo" "+1.75.0" "fetch" "--manifest-path" "Cargo.toml", kill_on_drop: false }`
[INFO] running `Command { std: "docker" "create" "-v" "/var/lib/crater-agent-workspace/builds/worker-2-tc1/target:/opt/rustwide/target:rw,Z" "-v" "/var/lib/crater-agent-workspace/builds/worker-2-tc1/source:/opt/rustwide/workdir:ro,Z" "-v" "/var/lib/crater-agent-workspace/cargo-home:/opt/rustwide/cargo-home:ro,Z" "-v" "/var/lib/crater-agent-workspace/rustup-home:/opt/rustwide/rustup-home:ro,Z" "-e" "SOURCE_DIR=/opt/rustwide/workdir" "-e" "CARGO_TARGET_DIR=/opt/rustwide/target" "-e" "CARGO_HOME=/opt/rustwide/cargo-home" "-e" "RUSTUP_HOME=/opt/rustwide/rustup-home" "-w" "/opt/rustwide/workdir" "-m" "1610612736" "--user" "0:0" "--network" "none" "ghcr.io/rust-lang/crates-build-env/linux@sha256:2788e3201cd34a07e3172128adcd8b3090168a8e3bcc40d7c032b9dda1df7d1c" "/opt/rustwide/cargo-home/bin/cargo" "+1.75.0" "metadata" "--no-deps" "--format-version=1", kill_on_drop: false }`
[INFO] [stdout] fc8715e7999e86b47882b18af22c7baa4fffbff748838dc811130b6eef2b9ca8
[INFO] running `Command { std: "docker" "start" "-a" "fc8715e7999e86b47882b18af22c7baa4fffbff748838dc811130b6eef2b9ca8", kill_on_drop: false }`
[INFO] running `Command { std: "docker" "inspect" "fc8715e7999e86b47882b18af22c7baa4fffbff748838dc811130b6eef2b9ca8", kill_on_drop: false }`
[INFO] running `Command { std: "docker" "rm" "-f" "fc8715e7999e86b47882b18af22c7baa4fffbff748838dc811130b6eef2b9ca8", kill_on_drop: false }`
[INFO] [stdout] fc8715e7999e86b47882b18af22c7baa4fffbff748838dc811130b6eef2b9ca8
[INFO] running `Command { std: "docker" "create" "-v" "/var/lib/crater-agent-workspace/builds/worker-2-tc1/target:/opt/rustwide/target:rw,Z" "-v" "/var/lib/crater-agent-workspace/builds/worker-2-tc1/source:/opt/rustwide/workdir:ro,Z" "-v" "/var/lib/crater-agent-workspace/cargo-home:/opt/rustwide/cargo-home:ro,Z" "-v" "/var/lib/crater-agent-workspace/rustup-home:/opt/rustwide/rustup-home:ro,Z" "-e" "SOURCE_DIR=/opt/rustwide/workdir" "-e" "CARGO_TARGET_DIR=/opt/rustwide/target" "-e" "CARGO_INCREMENTAL=0" "-e" "RUST_BACKTRACE=full" "-e" "RUSTFLAGS=--cap-lints=warn" "-e" "RUSTDOCFLAGS=--cap-lints=warn" "-e" "CARGO_HOME=/opt/rustwide/cargo-home" "-e" "RUSTUP_HOME=/opt/rustwide/rustup-home" "-w" "/opt/rustwide/workdir" "-m" "1610612736" "--user" "0:0" "--network" "none" "ghcr.io/rust-lang/crates-build-env/linux@sha256:2788e3201cd34a07e3172128adcd8b3090168a8e3bcc40d7c032b9dda1df7d1c" "/opt/rustwide/cargo-home/bin/cargo" "+1.75.0" "build" "--frozen" "--message-format=json", kill_on_drop: false }`
[INFO] [stdout] 537d902a6956b7f95bfc641bd503b3dfc91a7b98ad19f87ec84e5f4dca092f31
[INFO] running `Command { std: "docker" "start" "-a" "537d902a6956b7f95bfc641bd503b3dfc91a7b98ad19f87ec84e5f4dca092f31", kill_on_drop: false }`
[INFO] [stderr]    Compiling nlp100ex2020r2 v0.1.0 (/opt/rustwide/workdir)
[INFO] [stderr]     Finished dev [unoptimized + debuginfo] target(s) in 0.28s
[INFO] running `Command { std: "docker" "inspect" "537d902a6956b7f95bfc641bd503b3dfc91a7b98ad19f87ec84e5f4dca092f31", kill_on_drop: false }`
[INFO] running `Command { std: "docker" "rm" "-f" "537d902a6956b7f95bfc641bd503b3dfc91a7b98ad19f87ec84e5f4dca092f31", kill_on_drop: false }`
[INFO] [stdout] 537d902a6956b7f95bfc641bd503b3dfc91a7b98ad19f87ec84e5f4dca092f31
[INFO] running `Command { std: "docker" "create" "-v" "/var/lib/crater-agent-workspace/builds/worker-2-tc1/target:/opt/rustwide/target:rw,Z" "-v" "/var/lib/crater-agent-workspace/builds/worker-2-tc1/source:/opt/rustwide/workdir:ro,Z" "-v" "/var/lib/crater-agent-workspace/cargo-home:/opt/rustwide/cargo-home:ro,Z" "-v" "/var/lib/crater-agent-workspace/rustup-home:/opt/rustwide/rustup-home:ro,Z" "-e" "SOURCE_DIR=/opt/rustwide/workdir" "-e" "CARGO_TARGET_DIR=/opt/rustwide/target" "-e" "CARGO_INCREMENTAL=0" "-e" "RUST_BACKTRACE=full" "-e" "RUSTFLAGS=--cap-lints=warn" "-e" "RUSTDOCFLAGS=--cap-lints=warn" "-e" "CARGO_HOME=/opt/rustwide/cargo-home" "-e" "RUSTUP_HOME=/opt/rustwide/rustup-home" "-w" "/opt/rustwide/workdir" "-m" "1610612736" "--user" "0:0" "--network" "none" "ghcr.io/rust-lang/crates-build-env/linux@sha256:2788e3201cd34a07e3172128adcd8b3090168a8e3bcc40d7c032b9dda1df7d1c" "/opt/rustwide/cargo-home/bin/cargo" "+1.75.0" "test" "--frozen" "--no-run" "--message-format=json", kill_on_drop: false }`
[INFO] [stdout] 6614029c0364f5e305634be2769287c228c40dd369617c1aedbe7db59d8221ab
[INFO] running `Command { std: "docker" "start" "-a" "6614029c0364f5e305634be2769287c228c40dd369617c1aedbe7db59d8221ab", kill_on_drop: false }`
[INFO] [stderr]    Compiling nlp100ex2020r2 v0.1.0 (/opt/rustwide/workdir)
[INFO] [stderr]     Finished test [unoptimized + debuginfo] target(s) in 0.19s
[INFO] running `Command { std: "docker" "inspect" "6614029c0364f5e305634be2769287c228c40dd369617c1aedbe7db59d8221ab", kill_on_drop: false }`
[INFO] running `Command { std: "docker" "rm" "-f" "6614029c0364f5e305634be2769287c228c40dd369617c1aedbe7db59d8221ab", kill_on_drop: false }`
[INFO] [stdout] 6614029c0364f5e305634be2769287c228c40dd369617c1aedbe7db59d8221ab
[INFO] running `Command { std: "docker" "create" "-v" "/var/lib/crater-agent-workspace/builds/worker-2-tc1/target:/opt/rustwide/target:rw,Z" "-v" "/var/lib/crater-agent-workspace/builds/worker-2-tc1/source:/opt/rustwide/workdir:ro,Z" "-v" "/var/lib/crater-agent-workspace/cargo-home:/opt/rustwide/cargo-home:ro,Z" "-v" "/var/lib/crater-agent-workspace/rustup-home:/opt/rustwide/rustup-home:ro,Z" "-e" "SOURCE_DIR=/opt/rustwide/workdir" "-e" "CARGO_TARGET_DIR=/opt/rustwide/target" "-e" "CARGO_INCREMENTAL=0" "-e" "RUST_BACKTRACE=full" "-e" "RUSTFLAGS=--cap-lints=warn" "-e" "RUSTDOCFLAGS=--cap-lints=warn" "-e" "CARGO_HOME=/opt/rustwide/cargo-home" "-e" "RUSTUP_HOME=/opt/rustwide/rustup-home" "-w" "/opt/rustwide/workdir" "-m" "1610612736" "--user" "0:0" "--network" "none" "ghcr.io/rust-lang/crates-build-env/linux@sha256:2788e3201cd34a07e3172128adcd8b3090168a8e3bcc40d7c032b9dda1df7d1c" "/opt/rustwide/cargo-home/bin/cargo" "+1.75.0" "test" "--frozen", kill_on_drop: false }`
[INFO] [stdout] 25c26b6542421795ebeda9a76b68c2f0d395c1dd2c7cb7441af90d63fcb4cb21
[INFO] running `Command { std: "docker" "start" "-a" "25c26b6542421795ebeda9a76b68c2f0d395c1dd2c7cb7441af90d63fcb4cb21", kill_on_drop: false }`
[INFO] [stderr]     Finished test [unoptimized + debuginfo] target(s) in 0.00s
[INFO] [stderr]      Running unittests src/lib.rs (/opt/rustwide/target/debug/deps/nlp100ex2020r2-1fc51e55f0447071)
[INFO] [stdout] 
[INFO] [stdout] running 0 tests
[INFO] [stdout] 
[INFO] [stdout] test result: ok. 0 passed; 0 failed; 0 ignored; 0 measured; 0 filtered out; finished in 0.00s
[INFO] [stdout] 
[INFO] [stderr]      Running unittests src/main.rs (/opt/rustwide/target/debug/deps/nlp100ex2020r2-6053278401e6f5ba)
[INFO] [stdout] 
[INFO] [stdout] running 0 tests
[INFO] [stdout] 
[INFO] [stdout] test result: ok. 0 passed; 0 failed; 0 ignored; 0 measured; 0 filtered out; finished in 0.00s
[INFO] [stdout] 
[INFO] [stderr]    Doc-tests nlp100ex2020r2
[INFO] [stdout] 
[INFO] [stdout] running 4 tests
[INFO] [stdout] test src/chapter1.rs - chapter1::ex01 (line 25) ... FAILED
[INFO] [stdout] test src/chapter1.rs - chapter1::ex02 (line 42) ... FAILED
[INFO] [stdout] test src/chapter1.rs - chapter1::ex00 (line 8) ... FAILED
[INFO] [stdout] test src/chapter1.rs - chapter1::ex03 (line 59) ... FAILED
[INFO] [stdout] 
[INFO] [stdout] failures:
[INFO] [stdout] 
[INFO] [stdout] ---- src/chapter1.rs - chapter1::ex01 (line 25) stdout ----
[INFO] [stdout] error[E0433]: failed to resolve: use of undeclared crate or module `chapter1`
[INFO] [stdout]  --> src/chapter1.rs:27:11
[INFO] [stdout]   |
[INFO] [stdout] 4 | let res = chapter1::ex01(&s);
[INFO] [stdout]   |           ^^^^^^^^ use of undeclared crate or module `chapter1`
[INFO] [stdout]   |
[INFO] [stdout] help: consider importing this module
[INFO] [stdout]   |
[INFO] [stdout] 2 + use nlp100ex2020r2::chapter1;
[INFO] [stdout]   |
[INFO] [stdout] 
[INFO] [stdout] error: aborting due to previous error
[INFO] [stdout] 
[INFO] [stdout] For more information about this error, try `rustc --explain E0433`.
[INFO] [stdout] Couldn't compile the test.
[INFO] [stdout] ---- src/chapter1.rs - chapter1::ex02 (line 42) stdout ----
[INFO] [stdout] error[E0433]: failed to resolve: use of undeclared crate or module `chapter1`
[INFO] [stdout]  --> src/chapter1.rs:45:11
[INFO] [stdout]   |
[INFO] [stdout] 5 | let res = chapter1::ex02(patoka, takusi);
[INFO] [stdout]   |           ^^^^^^^^ use of undeclared crate or module `chapter1`
[INFO] [stdout]   |
[INFO] [stdout] help: consider importing this module
[INFO] [stdout]   |
[INFO] [stdout] 2 + use nlp100ex2020r2::chapter1;
[INFO] [stdout]   |
[INFO] [stdout] 
[INFO] [stdout] error: aborting due to previous error
[INFO] [stdout] 
[INFO] [stdout] For more information about this error, try `rustc --explain E0433`.
[INFO] [stdout] Couldn't compile the test.
[INFO] [stdout] ---- src/chapter1.rs - chapter1::ex00 (line 8) stdout ----
[INFO] [stdout] error[E0433]: failed to resolve: use of undeclared crate or module `chapter1`
[INFO] [stdout]  --> src/chapter1.rs:10:11
[INFO] [stdout]   |
[INFO] [stdout] 4 | let res = chapter1::ex00(&s);
[INFO] [stdout]   |           ^^^^^^^^ use of undeclared crate or module `chapter1`
[INFO] [stdout]   |
[INFO] [stdout] help: consider importing this module
[INFO] [stdout]   |
[INFO] [stdout] 2 + use nlp100ex2020r2::chapter1;
[INFO] [stdout]   |
[INFO] [stdout] 
[INFO] [stdout] error: aborting due to previous error
[INFO] [stdout] 
[INFO] [stdout] For more information about this error, try `rustc --explain E0433`.
[INFO] [stdout] Couldn't compile the test.
[INFO] [stdout] ---- src/chapter1.rs - chapter1::ex03 (line 59) stdout ----
[INFO] [stdout] error[E0433]: failed to resolve: use of undeclared crate or module `chapter1`
[INFO] [stdout]  --> src/chapter1.rs:61:11
[INFO] [stdout]   |
[INFO] [stdout] 4 | let res = chapter1::ex03(s);
[INFO] [stdout]   |           ^^^^^^^^ use of undeclared crate or module `chapter1`
[INFO] [stdout]   |
[INFO] [stdout] help: consider importing this module
[INFO] [stdout]   |
[INFO] [stdout] 2 + use nlp100ex2020r2::chapter1;
[INFO] [stdout]   |
[INFO] [stdout] 
[INFO] [stdout] error: aborting due to previous error
[INFO] [stdout] 
[INFO] [stdout] For more information about this error, try `rustc --explain E0433`.
[INFO] [stdout] Couldn't compile the test.
[INFO] [stdout] 
[INFO] [stdout] failures:
[INFO] [stdout]     src/chapter1.rs - chapter1::ex00 (line 8)
[INFO] [stdout]     src/chapter1.rs - chapter1::ex01 (line 25)
[INFO] [stdout]     src/chapter1.rs - chapter1::ex02 (line 42)
[INFO] [stdout]     src/chapter1.rs - chapter1::ex03 (line 59)
[INFO] [stdout] 
[INFO] [stdout] test result: FAILED. 0 passed; 4 failed; 0 ignored; 0 measured; 0 filtered out; finished in 0.04s
[INFO] [stdout] 
[INFO] [stderr] error: doctest failed, to rerun pass `--doc`
[INFO] running `Command { std: "docker" "inspect" "25c26b6542421795ebeda9a76b68c2f0d395c1dd2c7cb7441af90d63fcb4cb21", kill_on_drop: false }`
[INFO] running `Command { std: "docker" "rm" "-f" "25c26b6542421795ebeda9a76b68c2f0d395c1dd2c7cb7441af90d63fcb4cb21", kill_on_drop: false }`
[INFO] [stdout] 25c26b6542421795ebeda9a76b68c2f0d395c1dd2c7cb7441af90d63fcb4cb21
